859
CDUS42 KTAE 070638
CLIMAI


CLIMATE REPORT
NATIONAL WEATHER SERVICE TALLAHASSEE FL
138 AM EST SUN FEB 7 2016


...................................

...THE MARIANNA CLIMATE SUMMARY FOR FEBRUARY 6 2016...

CLIMATE NORMAL PERIOD 1981 TO 2010
CLIMATE RECORD PERIOD 1950 TO 2016


WEATHER ITEM   OBSERVED NORMAL DEPARTURE LAST
                VALUE   VALUE  FROM      YEAR
                               NORMAL
...............................................
TEMPERATURE (F)
 YESTERDAY
  MAXIMUM         55     64     -9       59
  MINIMUM         31     42    -11       31
  AVERAGE         43     53    -10       45

PRECIPITATION (IN)
  YESTERDAY        0.00   0.17  -0.17     0.00
  MONTH TO DATE    2.17   1.00   1.17     1.55
  SINCE DEC 1     16.07   9.95   6.12    10.36
  SINCE JAN 1      6.94   6.04   0.90     4.99

DEGREE DAYS
 HEATING
  YESTERDAY       22            10
  MONTH TO DATE   58           -19
  SINCE DEC 1    690          -249
  SINCE JUL 1    794          -383

 COOLING
  YESTERDAY        0             0
  MONTH TO DATE    0             0
  SINCE DEC 1     74            58
  SINCE JAN 1      0            -4
...............................................


WIND (MPH)
  HIGHEST WIND SPEED    15   HIGHEST WIND DIRECTION    NE (50)
  HIGHEST GUST SPEED    19   HIGHEST GUST DIRECTION    NE (60)
  AVERAGE WIND SPEED     3.4




RELATIVE HUMIDITY (PERCENT)
 HIGHEST    96
 LOWEST     35
 AVERAGE    66

..........................................................




SUNRISE AND SUNSET
FEBRUARY  7 2016......SUNRISE   629 AM CST   SUNSET   521 PM CST
FEBRUARY  8 2016......SUNRISE   628 AM CST   SUNSET   522 PM CST


-  INDICATES NEGATIVE NUMBERS.
R  INDICATES RECORD WAS SET OR TIED.
MM INDICATES DATA IS MISSING.
T  INDICATES TRACE AMOUNT.




$$
