000
CDUS42 KTAE 250632
CLIMAI


CLIMATE REPORT
NATIONAL WEATHER SERVICE TALLAHASSEE FL
131 AM EST SUN JAN 25 2015


...................................

...THE MARIANNA CLIMATE SUMMARY FOR JANUARY 24 2015...

CLIMATE NORMAL PERIOD 1981 TO 2010
CLIMATE RECORD PERIOD 1950 TO 2015


WEATHER ITEM   OBSERVED NORMAL DEPARTURE LAST
                VALUE   VALUE  FROM      YEAR
                               NORMAL
...............................................
TEMPERATURE (F)
 YESTERDAY
  MAXIMUM         57     62     -5       41
  MINIMUM         36     40     -4       30
  AVERAGE         47     51     -4       36

PRECIPITATION (IN)
  YESTERDAY        T      0.20  -0.20      T
  MONTH TO DATE    3.44   3.72  -0.28     2.09
  SINCE DEC 1      8.81   7.63   1.18     6.54
  SINCE JAN 1      3.44   3.72  -0.28     2.09

DEGREE DAYS
 HEATING
  YESTERDAY       18             4
  MONTH TO DATE  348           -15
  SINCE DEC 1    638          -126
  SINCE JUL 1   1018            16

 COOLING
  YESTERDAY        0             0
  MONTH TO DATE    4             4
  SINCE DEC 1     13             1
  SINCE JAN 1      4             4
...............................................


WIND (MPH)
  HIGHEST WIND SPEED    20   HIGHEST WIND DIRECTION    NW (300)
  HIGHEST GUST SPEED    29   HIGHEST GUST DIRECTION    NW (320)
  AVERAGE WIND SPEED    10.0




RELATIVE HUMIDITY (PERCENT)
 HIGHEST   100
 LOWEST     38
 AVERAGE    69

..........................................................




SUNRISE AND SUNSET
JANUARY 25 2015.......SUNRISE   636 AM CST   SUNSET   510 PM CST
JANUARY 26 2015.......SUNRISE   636 AM CST   SUNSET   511 PM CST


-  INDICATES NEGATIVE NUMBERS.
R  INDICATES RECORD WAS SET OR TIED.
MM INDICATES DATA IS MISSING.
T  INDICATES TRACE AMOUNT.




$$
