000
CDUS42 KTAE 010631
CLIMAI


CLIMATE REPORT
NATIONAL WEATHER SERVICE TALLAHASSEE FL
130 AM EST WED MAR 1 2017


...................................

...THE MARIANNA CLIMATE SUMMARY FOR FEBRUARY 28 2017...

CLIMATE NORMAL PERIOD 1981 TO 2010
CLIMATE RECORD PERIOD 1950 TO 2017


WEATHER ITEM   OBSERVED NORMAL DEPARTURE LAST
                VALUE   VALUE  FROM      YEAR
                               NORMAL
...............................................
TEMPERATURE (F)
 YESTERDAY
  MAXIMUM         85     69     16       72
  MINIMUM         54     45      9       35
  AVERAGE         70     57     13       54

PRECIPITATION (IN)
  YESTERDAY        0.00   0.18  -0.18     0.00
  MONTH TO DATE    3.72   4.94  -1.22     3.67
  SINCE DEC 1     22.17  13.89   8.28    17.57
  SINCE JAN 1     10.40   9.98   0.42     8.44

DEGREE DAYS
 HEATING
  YESTERDAY        0            -8
  MONTH TO DATE  100          -204
  SINCE DEC 1    557          -610
  SINCE JUL 1    689          -716

 COOLING
  YESTERDAY        5             4
  MONTH TO DATE   30            19
  SINCE DEC 1     84            57
  SINCE JAN 1     57            42
...............................................


WIND (MPH)
  HIGHEST WIND SPEED    21   HIGHEST WIND DIRECTION     S (200)
  HIGHEST GUST SPEED    26   HIGHEST GUST DIRECTION     S (200)
  AVERAGE WIND SPEED     6.3




RELATIVE HUMIDITY (PERCENT)
 HIGHEST   100
 LOWEST     47
 AVERAGE    74

..........................................................




SUNRISE AND SUNSET
MARCH  1 2017.........SUNRISE   607 AM CST   SUNSET   539 PM CST
MARCH  2 2017.........SUNRISE   606 AM CST   SUNSET   540 PM CST


-  INDICATES NEGATIVE NUMBERS.
R  INDICATES RECORD WAS SET OR TIED.
MM INDICATES DATA IS MISSING.
T  INDICATES TRACE AMOUNT.




$$
