000
CDUS42 KTAE 290641
CLIMAI


CLIMATE REPORT
NATIONAL WEATHER SERVICE TALLAHASSEE FL
235 AM EDT SUN MAR 29 2015


...................................

...THE MARIANNA CLIMATE SUMMARY FOR MARCH 28 2015...

CLIMATE NORMAL PERIOD 1981 TO 2010
CLIMATE RECORD PERIOD 1950 TO 2015


WEATHER ITEM   OBSERVED NORMAL DEPARTURE LAST
                VALUE   VALUE  FROM      YEAR
                               NORMAL
...............................................
TEMPERATURE (F)
 YESTERDAY
  MAXIMUM         63     75    -12       64
  MINIMUM         38     50    -12       59
  AVERAGE         51     62    -11       62

PRECIPITATION (IN)
  YESTERDAY        0.00   0.22  -0.22     1.49
  MONTH TO DATE    2.19   4.86  -2.67     7.32
  SINCE MAR 1      2.19   4.86  -2.67     7.32
  SINCE JAN 1      9.37  14.84  -5.47    14.65

DEGREE DAYS
 HEATING
  YESTERDAY       14            10
  MONTH TO DATE   96           -72
  SINCE MAR 1     96           -72
  SINCE JUL 1   1674           101

 COOLING
  YESTERDAY        0            -1
  MONTH TO DATE   91            63
  SINCE MAR 1     91            63
  SINCE JAN 1     97            54
...............................................


WIND (MPH)
  HIGHEST WIND SPEED    22   HIGHEST WIND DIRECTION    NW (320)
  HIGHEST GUST SPEED    31   HIGHEST GUST DIRECTION    NW (310)
  AVERAGE WIND SPEED     7.0




RELATIVE HUMIDITY (PERCENT)
 HIGHEST   100
 LOWEST     25
 AVERAGE    63

..........................................................




SUNRISE AND SUNSET
MARCH 29 2015.........SUNRISE   634 AM CDT   SUNSET   658 PM CDT
MARCH 30 2015.........SUNRISE   632 AM CDT   SUNSET   658 PM CDT


-  INDICATES NEGATIVE NUMBERS.
R  INDICATES RECORD WAS SET OR TIED.
MM INDICATES DATA IS MISSING.
T  INDICATES TRACE AMOUNT.




$$
