000
CDUS42 KTAE 010634
CLIMAI


CLIMATE REPORT
NATIONAL WEATHER SERVICE TALLAHASSEE FL
233 AM EDT WED JUL 1 2015


...................................

...THE MARIANNA CLIMATE SUMMARY FOR JUNE 30 2015...

CLIMATE NORMAL PERIOD 1981 TO 2010
CLIMATE RECORD PERIOD 1950 TO 2015


WEATHER ITEM   OBSERVED NORMAL DEPARTURE LAST
                VALUE   VALUE  FROM      YEAR
                               NORMAL
...............................................
TEMPERATURE (F)
 YESTERDAY
  MAXIMUM         88     92     -4       96
  MINIMUM         68     71     -3       75
  AVERAGE         78     82     -4       86

PRECIPITATION (IN)
  YESTERDAY        1.16   0.18   0.98     0.00
  MONTH TO DATE    3.92   5.57  -1.65     2.67
  SINCE JUN 1      3.92   5.57  -1.65     2.67
  SINCE JAN 1     29.49  27.79   1.70    34.39

DEGREE DAYS
 HEATING
  YESTERDAY        0             0
  MONTH TO DATE    0             0
  SINCE JUN 1      0             0
  SINCE JUL 1   1685            36

 COOLING
  YESTERDAY       13            -4
  MONTH TO DATE  486            27
  SINCE JUN 1    486            27
  SINCE JAN 1   1166           237
...............................................


WIND (MPH)
  HIGHEST WIND SPEED    41   HIGHEST WIND DIRECTION     W (280)
  HIGHEST GUST SPEED    53   HIGHEST GUST DIRECTION     W (280)
  AVERAGE WIND SPEED     8.9




RELATIVE HUMIDITY (PERCENT)
 HIGHEST   100
 LOWEST     72
 AVERAGE    86

..........................................................




SUNRISE AND SUNSET
JULY  1 2015..........SUNRISE   541 AM CDT   SUNSET   748 PM CDT
JULY  2 2015..........SUNRISE   542 AM CDT   SUNSET   748 PM CDT


-  INDICATES NEGATIVE NUMBERS.
R  INDICATES RECORD WAS SET OR TIED.
MM INDICATES DATA IS MISSING.
T  INDICATES TRACE AMOUNT.




$$
