000
CDUS42 KTAE 050631
CLIMAI


CLIMATE REPORT
NATIONAL WEATHER SERVICE TALLAHASSEE FL
131 AM EST THU MAR 5 2015


...................................

...THE MARIANNA CLIMATE SUMMARY FOR MARCH 4 2015...

CLIMATE NORMAL PERIOD 1981 TO 2010
CLIMATE RECORD PERIOD 1950 TO 2015


WEATHER ITEM   OBSERVED NORMAL DEPARTURE LAST
                VALUE   VALUE  FROM      YEAR
                               NORMAL
...............................................
TEMPERATURE (F)
 YESTERDAY
  MAXIMUM         83     70     13       48
  MINIMUM         61     46     15       40
  AVERAGE         72     58     14       44

PRECIPITATION (IN)
  YESTERDAY        0.00   0.15  -0.15     0.01
  MONTH TO DATE    T      0.57  -0.57     0.01
  SINCE MAR 1      T      0.57  -0.57     0.01
  SINCE JAN 1      7.18  10.55  -3.37     7.34

DEGREE DAYS
 HEATING
  YESTERDAY        0            -8
  MONTH TO DATE   17           -15
  SINCE MAR 1     17           -15
  SINCE JUL 1   1595           158

 COOLING
  YESTERDAY        7             6
  MONTH TO DATE   10             6
  SINCE MAR 1     10             6
  SINCE JAN 1     16            -3
...............................................


WIND (MPH)
  HIGHEST WIND SPEED    22   HIGHEST WIND DIRECTION     S (200)
  HIGHEST GUST SPEED    27   HIGHEST GUST DIRECTION    SW (220)
  AVERAGE WIND SPEED     9.9




RELATIVE HUMIDITY (PERCENT)
 HIGHEST   100
 LOWEST     51
 AVERAGE    76

..........................................................




SUNRISE AND SUNSET
MARCH  5 2015.........SUNRISE   603 AM CST   SUNSET   542 PM CST
MARCH  6 2015.........SUNRISE   602 AM CST   SUNSET   543 PM CST


-  INDICATES NEGATIVE NUMBERS.
R  INDICATES RECORD WAS SET OR TIED.
MM INDICATES DATA IS MISSING.
T  INDICATES TRACE AMOUNT.




$$
