000
CDUS42 KTAE 280631
CLIMAI


CLIMATE REPORT
NATIONAL WEATHER SERVICE TALLAHASSEE FL
230 AM EDT FRI APR 28 2017


...................................

...THE MARIANNA CLIMATE SUMMARY FOR APRIL 27 2017...

CLIMATE NORMAL PERIOD 1981 TO 2010
CLIMATE RECORD PERIOD 1950 TO 2017


WEATHER ITEM   OBSERVED NORMAL DEPARTURE LAST
                VALUE   VALUE  FROM      YEAR
                               NORMAL
...............................................
TEMPERATURE (F)
 YESTERDAY
  MAXIMUM         84     83      1       84
  MINIMUM         71     57     14       66
  AVERAGE         78     70      8       75

PRECIPITATION (IN)
  YESTERDAY        0.01   0.06  -0.05     0.19
  MONTH TO DATE    2.04   3.55  -1.51     4.85
  SINCE MAR 1      4.12   9.09  -4.97    11.93
  SINCE JAN 1     14.52  19.07  -4.55    20.37

DEGREE DAYS
 HEATING
  YESTERDAY        0            -1
  MONTH TO DATE   19           -42
  SINCE MAR 1    147           -94
  SINCE JUL 1    836          -810

 COOLING
  YESTERDAY       13             8
  MONTH TO DATE  162            69
  SINCE MAR 1    261           136
  SINCE JAN 1    318           178
...............................................


WIND (MPH)
  HIGHEST WIND SPEED    24   HIGHEST WIND DIRECTION     S (200)
  HIGHEST GUST SPEED    33   HIGHEST GUST DIRECTION     S (190)
  AVERAGE WIND SPEED    10.2




RELATIVE HUMIDITY (PERCENT)
 HIGHEST   100
 LOWEST     65
 AVERAGE    83

..........................................................




SUNRISE AND SUNSET
APRIL 28 2017.........SUNRISE   559 AM CDT   SUNSET   718 PM CDT
APRIL 29 2017.........SUNRISE   558 AM CDT   SUNSET   718 PM CDT


-  INDICATES NEGATIVE NUMBERS.
R  INDICATES RECORD WAS SET OR TIED.
MM INDICATES DATA IS MISSING.
T  INDICATES TRACE AMOUNT.




$$
