000
CDUS43 KABR 191042
CLIMBG


CLIMATE REPORT
NATIONAL WEATHER SERVICE ABERDEEN SD
542 AM CDT SAT APR 19 2014


...................................

...THE MOBRIDGE SD CLIMATE SUMMARY FOR APRIL 18 2014...

CLIMATE NORMAL PERIOD 1981 TO 2010
CLIMATE RECORD PERIOD 1911 TO 2014


WEATHER ITEM   OBSERVED TIME   RECORD YEAR NORMAL DEPARTURE LAST
                VALUE   (LST)  VALUE       VALUE  FROM      YEAR
                                                  NORMAL
..................................................................
TEMPERATURE (F)
 YESTERDAY
  MAXIMUM         73    554 PM  93    1915  60     13       34
  MINIMUM         33    636 AM  13    1953  33      0       21
  AVERAGE         53                        46      7       28

PRECIPITATION (IN)
  YESTERDAY        0.00          1.83 1957   0.05  -0.05     0.00
  MONTH TO DATE    0.31                      0.70  -0.39     1.48
  SINCE MAR 1      0.82                      1.60  -0.78     1.86
  SINCE JAN 1      1.43                      2.33  -0.90     2.82

SNOWFALL (IN)
  YESTERDAY        0.0
  MONTH TO DATE    3.5
  SINCE OCT 1     44.3
  SINCE JUL 1     44.3
  SNOW DEPTH       0

DEGREE DAYS
 HEATING
  YESTERDAY       12                        19     -7       37
  MONTH TO DATE  488                       401     87      589
  SINCE MAR 1   1632                      1428    204     1797
  SINCE JUL 1   8172                      7403    769     7613

 COOLING
  YESTERDAY        0                         0      0        0
  MONTH TO DATE    0                         0      0        0
  SINCE MAR 1      0                         0      0        0
  SINCE JAN 1      0                         0      0        0
..................................................................


WIND (MPH)
  HIGHEST WIND SPEED    29   HIGHEST WIND DIRECTION     S (170)
  HIGHEST GUST SPEED    39   HIGHEST GUST DIRECTION     S (170)
  AVERAGE WIND SPEED    20.5


SKY COVER
  POSSIBLE SUNSHINE  MM
  AVERAGE SKY COVER 0.2


WEATHER CONDITIONS
 THE FOLLOWING WEATHER WAS RECORDED YESTERDAY.
  NO SIGNIFICANT WEATHER WAS OBSERVED.


RELATIVE HUMIDITY (PERCENT)
 HIGHEST    70           700 AM
 LOWEST     27           600 PM
 AVERAGE    49

..........................................................


THE MOBRIDGE SD CLIMATE NORMALS FOR TODAY
                         NORMAL    RECORD    YEAR
 MAXIMUM TEMPERATURE (F)   60        89      1961
 MINIMUM TEMPERATURE (F)   34        14      1928


SUNRISE AND SUNSET
APRIL 19 2014.........SUNRISE   649 AM CDT   SUNSET   833 PM CDT
APRIL 20 2014.........SUNRISE   647 AM CDT   SUNSET   834 PM CDT


-  INDICATES NEGATIVE NUMBERS.
R  INDICATES RECORD WAS SET OR TIED.
MM INDICATES DATA IS MISSING.
T  INDICATES TRACE AMOUNT.




$$
