000
CDUS43 KABR 202232
CLIMBG


CLIMATE REPORT
NATIONAL WEATHER SERVICE ABERDEEN SD
531 PM CDT SUN AUG 20 2017


...................................

...THE MOBRIDGE SD CLIMATE SUMMARY FOR AUGUST 20 2017...
VALID TODAY AS OF 0500 PM LOCAL TIME.

CLIMATE NORMAL PERIOD 1981 TO 2010
CLIMATE RECORD PERIOD 1911 TO 2017


WEATHER ITEM   OBSERVED TIME   RECORD YEAR NORMAL DEPARTURE LAST
                VALUE   (LST)  VALUE       VALUE  FROM      YEAR
                                                  NORMAL
..................................................................
TEMPERATURE (F)
 TODAY
  MAXIMUM         76    258 PM 102    1955  84     -8       76
  MINIMUM         60    735 AM  40    1950  58      2       51
  AVERAGE         68                        71     -3       64

PRECIPITATION (IN)
  TODAY            0.01          1.65 1979   0.06  -0.05     0.00
  MONTH TO DATE    5.49                      1.38   4.11     1.70
  SINCE JUN 1      9.96                      7.24   2.72     6.44
  SINCE JAN 1     12.49                     13.26  -0.77    16.82

DEGREE DAYS
 HEATING
  TODAY            0                         1     -1        1
  MONTH TO DATE    5                         3      2        2
  SINCE JUN 1     34                        90    -56       15
  SINCE JUL 1      5                        15    -10        3

 COOLING
  TODAY            3                         7     -4        0
  MONTH TO DATE   63                       159    -96      216
  SINCE JUN 1    635                       507    128      785
  SINCE JAN 1    655                       523    132      801
..................................................................


WIND (MPH)
  HIGHEST WIND SPEED    21   HIGHEST WIND DIRECTION    NE (50)
  HIGHEST GUST SPEED    27   HIGHEST GUST DIRECTION     N (10)
  AVERAGE WIND SPEED    10.7


SKY COVER
  POSSIBLE SUNSHINE  MM
  AVERAGE SKY COVER 0.1


WEATHER CONDITIONS
 THE FOLLOWING WEATHER WAS RECORDED TODAY.
  THUNDERSTORM
  LIGHT RAIN


RELATIVE HUMIDITY (PERCENT)
 HIGHEST    78           500 AM
 LOWEST     41           300 PM
 AVERAGE    60

..........................................................


THE MOBRIDGE SD CLIMATE NORMALS FOR TOMORROW
                         NORMAL    RECORD    YEAR
 MAXIMUM TEMPERATURE (F)   84       105      1947
 MINIMUM TEMPERATURE (F)   57        44      1920


SUNRISE AND SUNSET
AUGUST 20 2017........SUNRISE   649 AM CDT   SUNSET   840 PM CDT
AUGUST 21 2017........SUNRISE   650 AM CDT   SUNSET   839 PM CDT


-  INDICATES NEGATIVE NUMBERS.
R  INDICATES RECORD WAS SET OR TIED.
MM INDICATES DATA IS MISSING.
T  INDICATES TRACE AMOUNT.




$$
