000
CDUS43 KABR 270908
CLIMBG


CLIMATE REPORT
NATIONAL WEATHER SERVICE ABERDEEN SD
406 AM CDT TUE JUN 27 2017


...................................

...THE MOBRIDGE SD CLIMATE SUMMARY FOR JUNE 26 2017...

CLIMATE NORMAL PERIOD 1981 TO 2010
CLIMATE RECORD PERIOD 1911 TO 2017


WEATHER ITEM   OBSERVED TIME   RECORD YEAR NORMAL DEPARTURE LAST
                VALUE   (LST)  VALUE       VALUE  FROM      YEAR
                                                  NORMAL
..................................................................
TEMPERATURE (F)
 YESTERDAY
  MAXIMUM         77    455 PM 102    1936  82     -5       91
  MINIMUM         42R   504 AM  42    1958  57    -15       60
  AVERAGE         60                        69     -9       76

PRECIPITATION (IN)
  YESTERDAY        0.00          1.60 1914   0.07  -0.07     0.00
  MONTH TO DATE    1.45                      2.85  -1.40     2.38
  SINCE JUN 1      1.45                      2.85  -1.40     2.38
  SINCE JAN 1      3.98                      8.87  -4.89    12.76

DEGREE DAYS
 HEATING
  YESTERDAY        5                         1      4        0
  MONTH TO DATE   27                        71    -44       12
  SINCE JUN 1     27                        71    -44       12
  SINCE JUL 1   7153                      7955   -802     6315

 COOLING
  YESTERDAY        0                         5     -5       11
  MONTH TO DATE  158                        75     83      196
  SINCE JUN 1    158                        75     83      196
  SINCE JAN 1    178                        91     87      212
..................................................................


WIND (MPH)
  HIGHEST WIND SPEED    21   HIGHEST WIND DIRECTION    SE (150)
  HIGHEST GUST SPEED    25   HIGHEST GUST DIRECTION    SE (150)
  AVERAGE WIND SPEED     7.4


SKY COVER
  POSSIBLE SUNSHINE  MM
  AVERAGE SKY COVER 0.0


WEATHER CONDITIONS
 THE FOLLOWING WEATHER WAS RECORDED YESTERDAY.
  NO SIGNIFICANT WEATHER WAS OBSERVED.


RELATIVE HUMIDITY (PERCENT)
 HIGHEST    89           500 AM
 LOWEST     23           600 PM
 AVERAGE    56

..........................................................


THE MOBRIDGE SD CLIMATE NORMALS FOR TODAY
                         NORMAL    RECORD    YEAR
 MAXIMUM TEMPERATURE (F)   82       106      1936
 MINIMUM TEMPERATURE (F)   57        46      2000


SUNRISE AND SUNSET
JUNE 27 2017..........SUNRISE   555 AM CDT   SUNSET   935 PM CDT
JUNE 28 2017..........SUNRISE   555 AM CDT   SUNSET   935 PM CDT


-  INDICATES NEGATIVE NUMBERS.
R  INDICATES RECORD WAS SET OR TIED.
MM INDICATES DATA IS MISSING.
T  INDICATES TRACE AMOUNT.




$$
