000
CDUS43 KABR 301031
CLIMBG


CLIMATE REPORT
NATIONAL WEATHER SERVICE ABERDEEN SD
530 AM CDT TUE AUG 30 2016


...................................

...THE MOBRIDGE SD CLIMATE SUMMARY FOR AUGUST 29 2016...

CLIMATE NORMAL PERIOD 1981 TO 2010
CLIMATE RECORD PERIOD 1911 TO 2016


WEATHER ITEM   OBSERVED TIME   RECORD YEAR NORMAL DEPARTURE LAST
                VALUE   (LST)  VALUE       VALUE  FROM      YEAR
                                                  NORMAL
..................................................................
TEMPERATURE (F)
 YESTERDAY
  MAXIMUM         88    418 PM 106    2012  82      6       90
  MINIMUM         62    414 AM  36    1946  55      7       59
  AVERAGE         75                        68      7       75

PRECIPITATION (IN)
  YESTERDAY        0.00          1.90 1912   0.06  -0.06     0.00
  MONTH TO DATE    1.85                      1.91  -0.06     3.80
  SINCE JUN 1      6.59                      7.77  -1.18     9.63
  SINCE JAN 1     16.97                     13.79   3.18    20.42

DEGREE DAYS
 HEATING
  YESTERDAY        0                         2     -2        0
  MONTH TO DATE   13                        13      0       22
  SINCE JUN 1     26                       100    -74       40
  SINCE JUL 1     14                        25    -11       22

 COOLING
  YESTERDAY       10                         5      5       10
  MONTH TO DATE  272                       209     63      205
  SINCE JUN 1    841                       557    284      674
  SINCE JAN 1    857                       573    284      690
..................................................................


WIND (MPH)
  HIGHEST WIND SPEED    21   HIGHEST WIND DIRECTION     N (10)
  HIGHEST GUST SPEED    28   HIGHEST GUST DIRECTION     N (20)
  AVERAGE WIND SPEED    12.0


SKY COVER
  POSSIBLE SUNSHINE  MM
  AVERAGE SKY COVER 0.0


WEATHER CONDITIONS
 THE FOLLOWING WEATHER WAS RECORDED YESTERDAY.
  NO SIGNIFICANT WEATHER WAS OBSERVED.


RELATIVE HUMIDITY (PERCENT)
 HIGHEST    84           400 AM
 LOWEST     28           400 PM
 AVERAGE    56

..........................................................


THE MOBRIDGE SD CLIMATE NORMALS FOR TODAY
                         NORMAL    RECORD    YEAR
 MAXIMUM TEMPERATURE (F)   81       101      1961
 MINIMUM TEMPERATURE (F)   55        32      1935


SUNRISE AND SUNSET
AUGUST 30 2016........SUNRISE   701 AM CDT   SUNSET   822 PM CDT
AUGUST 31 2016........SUNRISE   702 AM CDT   SUNSET   820 PM CDT


-  INDICATES NEGATIVE NUMBERS.
R  INDICATES RECORD WAS SET OR TIED.
MM INDICATES DATA IS MISSING.
T  INDICATES TRACE AMOUNT.




$$
