000
CDUS43 KABR 252232
CLIMBG


CLIMATE REPORT
NATIONAL WEATHER SERVICE ABERDEEN SD
530 PM CDT SAT OCT 25 2014


...................................

...THE MOBRIDGE SD CLIMATE SUMMARY FOR OCTOBER 25 2014...
VALID TODAY AS OF 0500 PM LOCAL TIME.

CLIMATE NORMAL PERIOD 1981 TO 2010
CLIMATE RECORD PERIOD 1911 TO 2014


WEATHER ITEM   OBSERVED TIME   RECORD YEAR NORMAL DEPARTURE LAST
                VALUE   (LST)  VALUE       VALUE  FROM      YEAR
                                                  NORMAL
..................................................................
TEMPERATURE (F)
 TODAY
  MAXIMUM         67    359 PM  82    1989  56     11       67
                                      1955
  MINIMUM         39    552 AM  10    1942  32      7       28
  AVERAGE         53                        44      9       48

PRECIPITATION (IN)
  TODAY            0.00          0.73 1954   0.04  -0.04     0.00
  MONTH TO DATE    0.56                      1.29  -0.73     5.58
  SINCE SEP 1      1.27                      2.83  -1.56     8.95
  SINCE JAN 1     20.59                     16.74   3.85    22.77

SNOWFALL (IN)
  TODAY            0.0
  MONTH TO DATE    0.0
  SINCE OCT 1      0.0
  SINCE JUL 1      0.0
  SNOW DEPTH       0

DEGREE DAYS
 HEATING
  TODAY           12                        22    -10       17
  MONTH TO DATE  302                       416   -114      501
  SINCE SEP 1    457                       603   -146      571
  SINCE JUL 1    504                       636   -132      584

 COOLING
  TODAY            0                         0      0        0
  MONTH TO DATE    5                         0      5        0
  SINCE SEP 1     68                        60      8      116
  SINCE JAN 1    471                       641   -170      700
..................................................................


WIND (MPH)
  HIGHEST WIND SPEED     9   HIGHEST WIND DIRECTION    SE (150)
  HIGHEST GUST SPEED    13   HIGHEST GUST DIRECTION    SE (130)
  AVERAGE WIND SPEED     4.1


SKY COVER
  POSSIBLE SUNSHINE  MM
  AVERAGE SKY COVER 0.0


WEATHER CONDITIONS
 THE FOLLOWING WEATHER WAS RECORDED TODAY.
  NO SIGNIFICANT WEATHER WAS OBSERVED.


RELATIVE HUMIDITY (PERCENT)
 HIGHEST    79           600 AM
 LOWEST     22           300 PM
 AVERAGE    51

..........................................................


THE MOBRIDGE SD CLIMATE NORMALS FOR TOMORROW
                         NORMAL    RECORD    YEAR
 MAXIMUM TEMPERATURE (F)   55        79      1990
 MINIMUM TEMPERATURE (F)   31        10      1942


SUNRISE AND SUNSET
OCTOBER 25 2014.......SUNRISE   812 AM CDT   SUNSET   639 PM CDT
OCTOBER 26 2014.......SUNRISE   813 AM CDT   SUNSET   638 PM CDT


-  INDICATES NEGATIVE NUMBERS.
R  INDICATES RECORD WAS SET OR TIED.
MM INDICATES DATA IS MISSING.
T  INDICATES TRACE AMOUNT.




$$
