000
CDUS43 KABR 210915
CLIMBG


CLIMATE REPORT
NATIONAL WEATHER SERVICE ABERDEEN SD
414 AM CDT THU AUG 21 2014


...................................

...THE MOBRIDGE SD CLIMATE SUMMARY FOR AUGUST 20 2014...

CLIMATE NORMAL PERIOD 1981 TO 2010
CLIMATE RECORD PERIOD 1911 TO 2014


WEATHER ITEM   OBSERVED TIME   RECORD YEAR NORMAL DEPARTURE LAST
                VALUE   (LST)  VALUE       VALUE  FROM      YEAR
                                                  NORMAL
..................................................................
TEMPERATURE (F)
 YESTERDAY
  MAXIMUM         82    446 PM 102    1955  84     -2      101
  MINIMUM         62    605 AM  40    1950  58      4       62
  AVERAGE         72                        71      1       82

PRECIPITATION (IN)
  YESTERDAY       MM             1.65 1979   0.06  MM        0.00
  MONTH TO DATE    1.25                      1.38  -0.13     1.51
  SINCE JUN 1      9.69                      7.24   2.45     5.39
  SINCE JAN 1     15.81                     13.26   2.55    13.07

DEGREE DAYS
 HEATING
  YESTERDAY        0                         1     -1        0
  MONTH TO DATE    2                         3     -1        2
  SINCE JUN 1    100                        90     10       81
  SINCE JUL 1     25                        15     10       13

 COOLING
  YESTERDAY        7                         7      0       17
  MONTH TO DATE  118                       159    -41       87
  SINCE JUN 1    333                       507   -174      413
  SINCE JAN 1    383                       523   -140      428
..................................................................


WIND (MPH)
  HIGHEST WIND SPEED    40   HIGHEST WIND DIRECTION    NW (310)
  HIGHEST GUST SPEED    59   HIGHEST GUST DIRECTION    NW (300)
  AVERAGE WIND SPEED    10.8


SKY COVER
  POSSIBLE SUNSHINE  MM
  AVERAGE SKY COVER 0.1


WEATHER CONDITIONS
 THE FOLLOWING WEATHER WAS RECORDED YESTERDAY.
  THUNDERSTORM
  LIGHT RAIN
  FOG


RELATIVE HUMIDITY (PERCENT)
 HIGHEST   100           600 AM
 LOWEST     62          1100 AM
 AVERAGE    81

..........................................................


THE MOBRIDGE SD CLIMATE NORMALS FOR TODAY
                         NORMAL    RECORD    YEAR
 MAXIMUM TEMPERATURE (F)   84       105      1947
 MINIMUM TEMPERATURE (F)   57        44      1920


SUNRISE AND SUNSET
AUGUST 21 2014........SUNRISE   650 AM CDT   SUNSET   839 PM CDT
AUGUST 22 2014........SUNRISE   651 AM CDT   SUNSET   837 PM CDT


-  INDICATES NEGATIVE NUMBERS.
R  INDICATES RECORD WAS SET OR TIED.
MM INDICATES DATA IS MISSING.
T  INDICATES TRACE AMOUNT.




$$
