000
CDUS43 KABR 022234
CLIMBG


CLIMATE REPORT
NATIONAL WEATHER SERVICE ABERDEEN SD
534 PM CDT THU JUL 2 2015


...................................

...THE MOBRIDGE SD CLIMATE SUMMARY FOR JULY 2 2015...
VALID TODAY AS OF 0500 PM LOCAL TIME.

CLIMATE NORMAL PERIOD 1981 TO 2010
CLIMATE RECORD PERIOD 1911 TO 2015


WEATHER ITEM   OBSERVED TIME   RECORD YEAR NORMAL DEPARTURE LAST
                VALUE   (LST)  VALUE       VALUE  FROM      YEAR
                                                  NORMAL
..................................................................
TEMPERATURE (F)
 TODAY
  MAXIMUM         80    346 PM 105    1949  83     -3       74
  MINIMUM         64    721 AM  40    1945  58      6       45
  AVERAGE         72                        71      1       60

PRECIPITATION (IN)
  TODAY            0.75          1.24 1981   0.08   0.67     0.00
  MONTH TO DATE    1.21                      0.16   1.05     0.01
  SINCE JUN 1      4.76                      3.32   1.44     7.92
  SINCE JAN 1     15.55                      9.34   6.21    14.04

DEGREE DAYS
 HEATING
  TODAY            0                         1     -1        5
  MONTH TO DATE    0                         2     -2       10
  SINCE JUN 1     18                        77    -59       85
  SINCE JUL 1      0                         2     -2       10

 COOLING
  TODAY            7                         6      1        0
  MONTH TO DATE   15                        12      3        0
  SINCE JUN 1    164                       111     53       45
  SINCE JAN 1    180                       127     53       95
..................................................................


WIND (MPH)
  HIGHEST WIND SPEED    14   HIGHEST WIND DIRECTION     N (20)
  HIGHEST GUST SPEED    18   HIGHEST GUST DIRECTION     N (10)
  AVERAGE WIND SPEED     5.8


SKY COVER
  POSSIBLE SUNSHINE  MM
  AVERAGE SKY COVER 0.6


WEATHER CONDITIONS
 THE FOLLOWING WEATHER WAS RECORDED TODAY.
  THUNDERSTORM
  HEAVY RAIN
  RAIN
  LIGHT RAIN
  FOG
  HAZE


RELATIVE HUMIDITY (PERCENT)
 HIGHEST   100           100 AM
 LOWEST     62           300 PM
 AVERAGE    81

..........................................................


THE MOBRIDGE SD CLIMATE NORMALS FOR TOMORROW
                         NORMAL    RECORD    YEAR
 MAXIMUM TEMPERATURE (F)   84       110      1949
 MINIMUM TEMPERATURE (F)   58        42      1967


SUNRISE AND SUNSET
JULY  2 2015..........SUNRISE   557 AM CDT   SUNSET   934 PM CDT
JULY  3 2015..........SUNRISE   558 AM CDT   SUNSET   934 PM CDT


-  INDICATES NEGATIVE NUMBERS.
R  INDICATES RECORD WAS SET OR TIED.
MM INDICATES DATA IS MISSING.
T  INDICATES TRACE AMOUNT.




$$
