000
CDUS43 KABR 181033
CLIMBG


CLIMATE REPORT
NATIONAL WEATHER SERVICE ABERDEEN SD
532 AM CDT WED OCT 18 2017


...................................

...THE MOBRIDGE SD CLIMATE SUMMARY FOR OCTOBER 17 2017...

CLIMATE NORMAL PERIOD 1981 TO 2010
CLIMATE RECORD PERIOD 1911 TO 2017


WEATHER ITEM   OBSERVED TIME   RECORD YEAR NORMAL DEPARTURE LAST
                VALUE   (LST)  VALUE       VALUE  FROM      YEAR
                                                  NORMAL
..................................................................
TEMPERATURE (F)
 YESTERDAY
  MAXIMUM         83    248 PM  85    1914  60     23       58
  MINIMUM         35    526 AM  12    1948  34      1       45
  AVERAGE         59                        47     12       52

PRECIPITATION (IN)
  YESTERDAY        0.00          0.62 1994   0.06  -0.06     0.02
  MONTH TO DATE    0.18                      0.89  -0.71     0.17
  SINCE SEP 1      2.12                      2.43  -0.31     0.77
  SINCE JAN 1     14.82                     16.34  -1.52    17.74

SNOWFALL (IN)
  YESTERDAY        0.0
  MONTH TO DATE    0.0
  SINCE OCT 1      0.0
  SINCE JUL 1      0.0
  SNOW DEPTH       0

DEGREE DAYS
 HEATING
  YESTERDAY        6                        18    -12       13
  MONTH TO DATE  213                       255    -42      201
  SINCE SEP 1    352                       442    -90      300
  SINCE JUL 1    358                       475   -117      314

 COOLING
  YESTERDAY        0                         0      0        0
  MONTH TO DATE    0                         0      0       17
  SINCE SEP 1     78                        60     18       83
  SINCE JAN 1    789                       641    148      961
..................................................................


WIND (MPH)
  HIGHEST WIND SPEED    16   HIGHEST WIND DIRECTION    SW (220)
  HIGHEST GUST SPEED    22   HIGHEST GUST DIRECTION    SW (230)
  AVERAGE WIND SPEED     8.0


SKY COVER
  POSSIBLE SUNSHINE  MM
  AVERAGE SKY COVER 0.0


WEATHER CONDITIONS
 THE FOLLOWING WEATHER WAS RECORDED YESTERDAY.
  NO SIGNIFICANT WEATHER WAS OBSERVED.


RELATIVE HUMIDITY (PERCENT)
 HIGHEST    85           100 AM
 LOWEST     14           300 PM
 AVERAGE    50

..........................................................


THE MOBRIDGE SD CLIMATE NORMALS FOR TODAY
                         NORMAL    RECORD    YEAR
 MAXIMUM TEMPERATURE (F)   59        86      1914
 MINIMUM TEMPERATURE (F)   34        13      1930


SUNRISE AND SUNSET
OCTOBER 18 2017.......SUNRISE   802 AM CDT   SUNSET   650 PM CDT
OCTOBER 19 2017.......SUNRISE   804 AM CDT   SUNSET   649 PM CDT


-  INDICATES NEGATIVE NUMBERS.
R  INDICATES RECORD WAS SET OR TIED.
MM INDICATES DATA IS MISSING.
T  INDICATES TRACE AMOUNT.




$$
