000
CDUS43 KDTX 250542
CLIMBS


CLIMATE REPORT
NATIONAL WEATHER SERVICE DETROIT/PONTIAC MI
1242 AM EST SUN FEB 25 2018


...................................

...THE TRI CITIES MI CLIMATE SUMMARY FOR FEBRUARY 24 2018...

CLIMATE NORMAL PERIOD 1981 TO 2010
CLIMATE RECORD PERIOD 1898 TO 2018


WEATHER ITEM   OBSERVED TIME   NORMAL DEPARTURE LAST
                VALUE   (LST)  VALUE  FROM      YEAR
                                      NORMAL
......................................................
TEMPERATURE (F)
 YESTERDAY
  MAXIMUM         37    436 PM  34      3       40
  MINIMUM         32   1026 PM  19     13       32
  AVERAGE         35            27      8

PRECIPITATION (IN)
  YESTERDAY        0.00          0.07  -0.07
  MONTH TO DATE    2.63          1.32   1.31
  SINCE DEC 1      4.90          4.89   0.01
  SINCE JAN 1      3.87          3.03   0.84

SNOWFALL (IN)
  YESTERDAY        0.0
  MONTH TO DATE   13.5
  SINCE DEC 1     31.1
  SINCE JUL 1     31.1
  SNOW DEPTH       0

DEGREE DAYS
 HEATING
  YESTERDAY       30                   -8
  MONTH TO DATE  968                  -15
  SINCE DEC 1   3542                   67
  SINCE JUL 1   4773                 -175

 COOLING
  YESTERDAY        0                    0
  MONTH TO DATE    0                    0
  SINCE DEC 1      0                    0
  SINCE JAN 1      0                    0
......................................................


WIND (MPH)
  HIGHEST WIND SPEED    17   HIGHEST WIND DIRECTION     E (90)
  HIGHEST GUST SPEED    21   HIGHEST GUST DIRECTION     E (90)
  AVERAGE WIND SPEED    10.3



WEATHER CONDITIONS
 THE FOLLOWING WEATHER WAS RECORDED YESTERDAY.
  NO SIGNIFICANT WEATHER WAS OBSERVED.


RELATIVE HUMIDITY (PERCENT)
 HIGHEST    89
 LOWEST     70
 AVERAGE    80

..........................................................


THE TRI CITIES MI CLIMATE NORMALS FOR TODAY
                         NORMAL
 MAXIMUM TEMPERATURE (F)   35
 MINIMUM TEMPERATURE (F)   19


SUNRISE AND SUNSET
FEBRUARY 25 2018......SUNRISE   719 AM EST   SUNSET   620 PM EST
FEBRUARY 26 2018......SUNRISE   718 AM EST   SUNSET   621 PM EST


-  INDICATES NEGATIVE NUMBERS.
R  INDICATES RECORD WAS SET OR TIED.
MM INDICATES DATA IS MISSING.
T  INDICATES TRACE AMOUNT.




$$
