000
CDUS43 KDTX 250555
CLIMBS


CLIMATE REPORT
NATIONAL WEATHER SERVICE DETROIT/PONTIAC MI
155 AM EDT TUE APR 25 2017


...................................

...THE TRI CITIES MI CLIMATE SUMMARY FOR APRIL 24 2017...

CLIMATE NORMAL PERIOD 1981 TO 2010
CLIMATE RECORD PERIOD 1898 TO 2017


WEATHER ITEM   OBSERVED TIME   NORMAL DEPARTURE LAST
                VALUE   (LST)  VALUE  FROM      YEAR
                                      NORMAL
......................................................
TEMPERATURE (F)
 YESTERDAY
  MAXIMUM         63    152 PM  60      3       62
  MINIMUM         39    607 AM  39      0       37
  AVERAGE         51            50      1

PRECIPITATION (IN)
  YESTERDAY        0.00          0.09  -0.09
  MONTH TO DATE    4.84          2.28   2.56
  SINCE MAR 1      7.64          4.34   3.30
  SINCE JAN 1     12.15          7.66   4.49

SNOWFALL (IN)
  YESTERDAY        0.0
  MONTH TO DATE    T
  SINCE MAR 1      7.5
  SINCE JUL 1     37.4
  SNOW DEPTH       0

DEGREE DAYS
 HEATING
  YESTERDAY       14                   -2
  MONTH TO DATE  363                 -123
  SINCE MAR 1   1353                 -102
  SINCE JUL 1   5522                -1032

 COOLING
  YESTERDAY        0                    0
  MONTH TO DATE    0                    0
  SINCE MAR 1      0                    0
  SINCE JAN 1      0                    0
......................................................


WIND (MPH)
  HIGHEST WIND SPEED    20   HIGHEST WIND DIRECTION    NE (40)
  HIGHEST GUST SPEED    23   HIGHEST GUST DIRECTION    NE (50)
  AVERAGE WIND SPEED     9.5



WEATHER CONDITIONS
 THE FOLLOWING WEATHER WAS RECORDED YESTERDAY.
  NO SIGNIFICANT WEATHER WAS OBSERVED.


RELATIVE HUMIDITY (PERCENT)
 HIGHEST    93
 LOWEST     55
 AVERAGE    74

..........................................................


THE TRI CITIES MI CLIMATE NORMALS FOR TODAY
                         NORMAL
 MAXIMUM TEMPERATURE (F)   60
 MINIMUM TEMPERATURE (F)   39


SUNRISE AND SUNSET
APRIL 25 2017.........SUNRISE   637 AM EDT   SUNSET   832 PM EDT
APRIL 26 2017.........SUNRISE   636 AM EDT   SUNSET   833 PM EDT


-  INDICATES NEGATIVE NUMBERS.
R  INDICATES RECORD WAS SET OR TIED.
MM INDICATES DATA IS MISSING.
T  INDICATES TRACE AMOUNT.




$$
