000
CDUS43 KDTX 310537
CLIMBS


CLIMATE REPORT
NATIONAL WEATHER SERVICE DETROIT/PONTIAC MI
137 AM EDT SUN AUG 31 2014


...................................

...THE  TRI CITIES MI CLIMATE SUMMARY FOR AUGUST 30 2014...

CLIMATE NORMAL PERIOD 1981 TO 2010
CLIMATE RECORD PERIOD 1898 TO 2014


WEATHER ITEM   OBSERVED TIME   NORMAL DEPARTURE
                VALUE   (LST)  VALUE  FROM
                                      NORMAL
...................................................
TEMPERATURE (F)
 YESTERDAY
  MAXIMUM         83    251 PM  78      5
  MINIMUM         69    608 AM  56     13
  AVERAGE         76            67      9

PRECIPITATION (IN)
  YESTERDAY        0.44          0.11   0.33
  MONTH TO DATE    4.69          3.19   1.50
  SINCE JUN 1     10.52          8.75   1.77
  SINCE JAN 1     22.11         20.40   1.71

SNOWFALL (IN)
  YESTERDAY        0.0
  MONTH TO DATE    0.0
  SINCE JUN 1      0.0
  SINCE JUL 1      0.0
  SNOW DEPTH       0

DEGREE DAYS
 HEATING
  YESTERDAY        0                   -2
  MONTH TO DATE   11                  -18
  SINCE JUN 1     40                  -61
  SINCE JUL 1     26                  -16

 COOLING
  YESTERDAY       11                    8
  MONTH TO DATE  145                    1
  SINCE JUN 1    432                  -34
  SINCE JAN 1    476                  -26
...................................................


WIND (MPH)
  HIGHEST WIND SPEED    22   HIGHEST WIND DIRECTION    SW (220)
  HIGHEST GUST SPEED    34   HIGHEST GUST DIRECTION    SW (210)
  AVERAGE WIND SPEED     9.9




RELATIVE HUMIDITY (PERCENT)
 HIGHEST    87
 LOWEST     61
 AVERAGE    74

..........................................................


THE  TRI CITIES MI CLIMATE NORMALS FOR TODAY
                         NORMAL
 MAXIMUM TEMPERATURE (F)   77
 MINIMUM TEMPERATURE (F)   56


SUNRISE AND SUNSET
AUGUST 31 2014........SUNRISE   659 AM EDT   SUNSET   813 PM EDT
SEPTEMBER  1 2014.....SUNRISE   700 AM EDT   SUNSET   812 PM EDT


-  INDICATES NEGATIVE NUMBERS.
R  INDICATES RECORD WAS SET OR TIED.
MM INDICATES DATA IS MISSING.
T  INDICATES TRACE AMOUNT.




$$
