244
CDUS43 KDTX 290607
CLIMBS


CLIMATE REPORT
NATIONAL WEATHER SERVICE DETROIT/PONTIAC MI
147 AM EDT SUN MAY 29 2016


...................................

...THE TRI CITIES MI CLIMATE SUMMARY FOR MAY 28 2016...

CLIMATE NORMAL PERIOD 1981 TO 2010
CLIMATE RECORD PERIOD 1898 TO 2016


WEATHER ITEM   OBSERVED TIME   NORMAL DEPARTURE LAST
                VALUE   (LST)  VALUE  FROM      YEAR
                                      NORMAL
......................................................
TEMPERATURE (F)
 YESTERDAY
  MAXIMUM         87    451 PM  72     15       83
  MINIMUM         71    929 PM  51     20       57
  AVERAGE         79            61     18

PRECIPITATION (IN)
  YESTERDAY        0.35          0.10   0.25
  MONTH TO DATE    2.11          3.07  -0.96
  SINCE MAR 1      7.92          8.02  -0.10
  SINCE JAN 1     11.84         11.34   0.50

SNOWFALL (IN)
  YESTERDAY        0.0
  MONTH TO DATE    0.0
  SINCE MAR 1     16.5
  SINCE JUL 1     50.2
  SNOW DEPTH       0

DEGREE DAYS
 HEATING
  YESTERDAY        0                   -5
  MONTH TO DATE  214                  -44
  SINCE MAR 1   1634                 -165
  SINCE JUL 1   5647                -1251

 COOLING
  YESTERDAY       14                   12
  MONTH TO DATE   54                   29
  SINCE MAR 1     55                   26
  SINCE JAN 1     55                   26
......................................................


WIND (MPH)
  HIGHEST WIND SPEED    30   HIGHEST WIND DIRECTION    SW (230)
  HIGHEST GUST SPEED    39   HIGHEST GUST DIRECTION    SW (230)
  AVERAGE WIND SPEED    10.2



WEATHER CONDITIONS
 THE FOLLOWING WEATHER WAS RECORDED YESTERDAY.
  THUNDERSTORM
  HEAVY RAIN
  LIGHT RAIN
  HAZE


RELATIVE HUMIDITY (PERCENT)
 HIGHEST    79
 LOWEST     44
 AVERAGE    62

..........................................................


THE TRI CITIES MI CLIMATE NORMALS FOR TODAY
                         NORMAL
 MAXIMUM TEMPERATURE (F)   72
 MINIMUM TEMPERATURE (F)   51


SUNRISE AND SUNSET
MAY 29 2016...........SUNRISE   600 AM EDT   SUNSET   909 PM EDT
MAY 30 2016...........SUNRISE   559 AM EDT   SUNSET   909 PM EDT


-  INDICATES NEGATIVE NUMBERS.
R  INDICATES RECORD WAS SET OR TIED.
MM INDICATES DATA IS MISSING.
T  INDICATES TRACE AMOUNT.




$$
