000
CDUS43 KDTX 260536
CLIMBS


CLIMATE REPORT
NATIONAL WEATHER SERVICE DETROIT/PONTIAC MI
136 AM EDT SAT JUL 26 2014


...................................

...THE  TRI CITIES MI CLIMATE SUMMARY FOR JULY 25 2014...

CLIMATE NORMAL PERIOD 1981 TO 2010
CLIMATE RECORD PERIOD 1898 TO 2014


WEATHER ITEM   OBSERVED TIME   NORMAL DEPARTURE
                VALUE   (LST)  VALUE  FROM
                                      NORMAL
...................................................
TEMPERATURE (F)
 YESTERDAY
  MAXIMUM         77    319 PM  82     -5
  MINIMUM         55    604 AM  60     -5
  AVERAGE         66            71     -5

PRECIPITATION (IN)
  YESTERDAY        0.00          0.09  -0.09
  MONTH TO DATE    2.96          2.06   0.90
  SINCE JUN 1      5.33          5.04   0.29
  SINCE JAN 1     16.92         16.69   0.23

SNOWFALL (IN)
  YESTERDAY        0.0
  MONTH TO DATE    0.0
  SINCE JUN 1      0.0
  SINCE JUL 1      0.0
  SNOW DEPTH       0

DEGREE DAYS
 HEATING
  YESTERDAY        0                    0
  MONTH TO DATE   10                    8
  SINCE JUN 1     24                  -37
  SINCE JUL 1     10                    8

 COOLING
  YESTERDAY        1                   -5
  MONTH TO DATE  109                  -55
  SINCE JUN 1    270                  -18
  SINCE JAN 1    314                  -10
...................................................


WIND (MPH)
  HIGHEST WIND SPEED    13   HIGHEST WIND DIRECTION    SW (230)
  HIGHEST GUST SPEED    17   HIGHEST GUST DIRECTION     W (270)
  AVERAGE WIND SPEED     7.2




RELATIVE HUMIDITY (PERCENT)
 HIGHEST    86
 LOWEST     46
 AVERAGE    66

..........................................................


THE  TRI CITIES MI CLIMATE NORMALS FOR TODAY
                         NORMAL
 MAXIMUM TEMPERATURE (F)   81
 MINIMUM TEMPERATURE (F)   60


SUNRISE AND SUNSET
JULY 26 2014..........SUNRISE   619 AM EDT   SUNSET   906 PM EDT
JULY 27 2014..........SUNRISE   620 AM EDT   SUNSET   905 PM EDT


-  INDICATES NEGATIVE NUMBERS.
R  INDICATES RECORD WAS SET OR TIED.
MM INDICATES DATA IS MISSING.
T  INDICATES TRACE AMOUNT.




$$
