485
CDUS43 KDTX 230545
CLIMBS


CLIMATE REPORT
NATIONAL WEATHER SERVICE DETROIT/PONTIAC MI
1245 AM EST MON JAN 23 2017


...................................

...THE TRI CITIES MI CLIMATE SUMMARY FOR JANUARY 22 2017...

CLIMATE NORMAL PERIOD 1981 TO 2010
CLIMATE RECORD PERIOD 1898 TO 2017


WEATHER ITEM   OBSERVED TIME   NORMAL DEPARTURE LAST
                VALUE   (LST)  VALUE  FROM      YEAR
                                      NORMAL
......................................................
TEMPERATURE (F)
 YESTERDAY
  MAXIMUM         43   1231 AM  29     14       30
  MINIMUM         35    452 AM  15     20       21
  AVERAGE         39            22     17

PRECIPITATION (IN)
  YESTERDAY        0.00          0.05  -0.05
  MONTH TO DATE    1.99          1.29   0.70
  SINCE DEC 1      3.36          3.15   0.21
  SINCE JAN 1      1.99          1.29   0.70

SNOWFALL (IN)
  YESTERDAY        0.0
  MONTH TO DATE    7.4
  SINCE DEC 1     24.0
  SINCE JUL 1     25.6
  SNOW DEPTH       0

DEGREE DAYS
 HEATING
  YESTERDAY       26                  -17
  MONTH TO DATE  829                 -108
  SINCE DEC 1   1996                 -108
  SINCE JUL 1   2984                 -593

 COOLING
  YESTERDAY        0                    0
  MONTH TO DATE    0                    0
  SINCE DEC 1      0                    0
  SINCE JAN 1      0                    0
......................................................


WIND (MPH)
  HIGHEST WIND SPEED     9   HIGHEST WIND DIRECTION     N (350)
  HIGHEST GUST SPEED    11   HIGHEST GUST DIRECTION     N (350)
  AVERAGE WIND SPEED     4.1



WEATHER CONDITIONS
 THE FOLLOWING WEATHER WAS RECORDED YESTERDAY.
  FOG
  FOG W/VISIBILITY <= 1/4 MILE


RELATIVE HUMIDITY (PERCENT)
 HIGHEST   100
 LOWEST    100
 AVERAGE   100

..........................................................


THE TRI CITIES MI CLIMATE NORMALS FOR TODAY
                         NORMAL
 MAXIMUM TEMPERATURE (F)   29
 MINIMUM TEMPERATURE (F)   15


SUNRISE AND SUNSET
JANUARY 23 2017.......SUNRISE   801 AM EST   SUNSET   536 PM EST
JANUARY 24 2017.......SUNRISE   800 AM EST   SUNSET   537 PM EST


-  INDICATES NEGATIVE NUMBERS.
R  INDICATES RECORD WAS SET OR TIED.
MM INDICATES DATA IS MISSING.
T  INDICATES TRACE AMOUNT.




$$
