000
CDUS46 KHNX 030023
CLIMCE


CLIMATE REPORT
NATIONAL WEATHER SERVICE SAN JOAQUIN VALLEY, CA
522 PM PDT WED SEP 2 2015


...................................

...THE MERCED  CA CLIMATE SUMMARY FOR SEPTEMBER 2 2015...
VALID AS OF 0500 PM LOCAL TIME.

CLIMATE NORMAL PERIOD 1981 TO 2010
CLIMATE RECORD PERIOD 1998 TO 2015


WEATHER ITEM   OBSERVED TIME   RECORD YEAR NORMAL DEPARTURE LAST
                VALUE   (LST)  VALUE       VALUE  FROM      YEAR
                                                  NORMAL
..................................................................
TEMPERATURE (F)
 TODAY
  MAXIMUM         90    331 PM 102    2003  91     -1      101
  MINIMUM         60    550 AM  52    1999  58      2       64
  AVERAGE         75                        74      1       83

PRECIPITATION (IN)
  TODAY            0.00          0.01 2000   0.01  -0.01     0.00
  MONTH TO DATE    0.00                      0.01  -0.01     0.00
  SINCE OCT 1      7.84                     12.22  -4.38     4.97
  SINCE JAN 1      3.09                      8.71  -5.62     3.96

SNOWFALL (IN)
  TODAY            0.0
  MONTH TO DATE    0.0
  SINCE SEP 1      0.0
  SINCE JUL 1      0.0
  SNOW DEPTH       0

DEGREE DAYS
 HEATING
  TODAY            0                                         0
  MONTH TO DATE    0                                         0
  SINCE SEP 1      0                                         0
  SINCE JUL 1      0                                         0

 COOLING
  TODAY           10                                        18
  MONTH TO DATE   21                                        33
  SINCE SEP 1     21                                        33
  SINCE JAN 1   1375                                      1681
..................................................................


WIND (MPH)
  HIGHEST WIND SPEED    13   HIGHEST WIND DIRECTION     W (280)
  HIGHEST GUST SPEED    17   HIGHEST GUST DIRECTION     W (260)
  AVERAGE WIND SPEED     6.4




RELATIVE HUMIDITY (PERCENT)
 HIGHEST    78
 LOWEST     21
 AVERAGE    50

..........................................................


THE MERCED  CA CLIMATE NORMALS FOR TOMORROW
                         NORMAL    RECORD    YEAR
 MAXIMUM TEMPERATURE (F)   91       104      1998
 MINIMUM TEMPERATURE (F)   58        53      1999


SUNRISE AND SUNSET
SEPTEMBER  2 2015.....SUNRISE   634 AM PDT   SUNSET   730 PM PDT
SEPTEMBER  3 2015.....SUNRISE   634 AM PDT   SUNSET   728 PM PDT


-  INDICATES NEGATIVE NUMBERS.
R  INDICATES RECORD WAS SET OR TIED.
MM INDICATES DATA IS MISSING.
T  INDICATES TRACE AMOUNT.




$$
