000
CDUS46 KHNX 260825
CLIMCE


CLIMATE REPORT
NATIONAL WEATHER SERVICE SAN JOAQUIN VALLEY, CA
1225 AM PST MON JAN 26 2015


...................................

...THE MERCED  CA CLIMATE SUMMARY FOR JANUARY 25 2015...

CLIMATE NORMAL PERIOD 1981 TO 2010
CLIMATE RECORD PERIOD 1998 TO 2015


WEATHER ITEM   OBSERVED TIME   RECORD YEAR NORMAL DEPARTURE
                VALUE   (LST)  VALUE       VALUE  FROM
                                                  NORMAL
...............................................................
TEMPERATURE (F)
 YESTERDAY
  MAXIMUM         46    439 PM  72    2014  55     -9
  MINIMUM         36   1159 PM  28    2007  37     -1
  AVERAGE         41                        46     -5

PRECIPITATION (IN)
  YESTERDAY        0.00          0.40 2001   0.05  -0.05
  MONTH TO DATE    T                         2.31  -2.31
  SINCE OCT 1      4.75                      5.82  -1.07
  SINCE JAN 1      T                         2.31  -2.31

SNOWFALL (IN)
  YESTERDAY       MM
  MONTH TO DATE    0.0
  SINCE DEC 1      0.0
  SINCE JUL 1      0.0
  SNOW DEPTH       0

DEGREE DAYS
 HEATING
  YESTERDAY       24
  MONTH TO DATE  445
  SINCE DEC 1    830
  SINCE JUL 1   1115

 COOLING
  YESTERDAY        0
  MONTH TO DATE    0
  SINCE DEC 1      0
  SINCE JAN 1      0
...............................................................


WIND (MPH)
  HIGHEST WIND SPEED    10   HIGHEST WIND DIRECTION    SE (130)
  HIGHEST GUST SPEED    12   HIGHEST GUST DIRECTION     S (160)
  AVERAGE WIND SPEED     2.7




RELATIVE HUMIDITY (PERCENT)
 HIGHEST   100
 LOWEST     82
 AVERAGE    91

..........................................................


THE MERCED  CA CLIMATE NORMALS FOR TODAY
                         NORMAL    RECORD    YEAR
 MAXIMUM TEMPERATURE (F)   55        65      2012
 MINIMUM TEMPERATURE (F)   37        30      2007


SUNRISE AND SUNSET
JANUARY 26 2015.......SUNRISE   710 AM PST   SUNSET   520 PM PST
JANUARY 27 2015.......SUNRISE   709 AM PST   SUNSET   521 PM PST


-  INDICATES NEGATIVE NUMBERS.
R  INDICATES RECORD WAS SET OR TIED.
MM INDICATES DATA IS MISSING.
T  INDICATES TRACE AMOUNT.




$$
