000
CDUS46 KHNX 300023
CLIMCE


CLIMATE REPORT
NATIONAL WEATHER SERVICE SAN JOAQUIN VALLEY, CA
522 PM PDT MON AUG 29 2016


...................................

...THE MERCED  CA CLIMATE SUMMARY FOR AUGUST 29 2016...
VALID AS OF 0400 PM LOCAL TIME.

CLIMATE NORMAL PERIOD 1981 TO 2010
CLIMATE RECORD PERIOD 1998 TO 2016


WEATHER ITEM   OBSERVED TIME   RECORD YEAR NORMAL DEPARTURE LAST
                VALUE   (LST)  VALUE       VALUE  FROM      YEAR
                                                  NORMAL
..................................................................
TEMPERATURE (F)
 TODAY
  MAXIMUM         92    339 PM 107    2008  92      0       91
  MINIMUM         58    459 AM  50    2010  58      0       68
  AVERAGE         75                        75      0       80

PRECIPITATION (IN)
  TODAY            0.00          T    2000   0.00   0.00     0.00
  MONTH TO DATE    0.00                      0.00   0.00      T
  SINCE OCT 1     14.66                     12.20   2.46     7.84
  SINCE JAN 1     10.94                      8.69   2.25     3.09

SNOWFALL (IN)
  TODAY            0.0
  MONTH TO DATE    0.0
  SINCE JUN 1      0.0
  SINCE JUL 1      0.0
  SNOW DEPTH       0

DEGREE DAYS
 HEATING
  TODAY            0                                         0
  MONTH TO DATE    0                                         0
  SINCE JUN 1      2                                         0
  SINCE JUL 1      0                                         0

 COOLING
  TODAY           10                                        15
  MONTH TO DATE  386                                       388
  SINCE JUN 1   1200                                      1212
  SINCE JAN 1   1369                                      1334
..................................................................


WIND (MPH)
  HIGHEST WIND SPEED    14   HIGHEST WIND DIRECTION    NW (320)
  HIGHEST GUST SPEED    17   HIGHEST GUST DIRECTION    NW (320)
  AVERAGE WIND SPEED     7.5




RELATIVE HUMIDITY (PERCENT)
 HIGHEST    86
 LOWEST     32
 AVERAGE    59

..........................................................


THE MERCED  CA CLIMATE NORMALS FOR TOMORROW
                         NORMAL    RECORD    YEAR
 MAXIMUM TEMPERATURE (F)   91       103      2009
                                             2008
 MINIMUM TEMPERATURE (F)   58        51      2010


SUNRISE AND SUNSET
AUGUST 29 2016........SUNRISE   631 AM PDT   SUNSET   735 PM PDT
AUGUST 30 2016........SUNRISE   632 AM PDT   SUNSET   733 PM PDT


-  INDICATES NEGATIVE NUMBERS.
R  INDICATES RECORD WAS SET OR TIED.
MM INDICATES DATA IS MISSING.
T  INDICATES TRACE AMOUNT.




$$
