000
CDUS46 KHNX 200826
CLIMCE


CLIMATE REPORT
NATIONAL WEATHER SERVICE SAN JOAQUIN VALLEY, CA
125 AM PDT SUN APR 20 2014


...................................

...THE MERCED  CA CLIMATE SUMMARY FOR APRIL 19 2014...

CLIMATE NORMAL PERIOD 1981 TO 2010
CLIMATE RECORD PERIOD 1998 TO 2014


WEATHER ITEM   OBSERVED TIME   RECORD YEAR NORMAL DEPARTURE
                VALUE   (LST)  VALUE       VALUE  FROM
                                                  NORMAL
...............................................................
TEMPERATURE (F)
 YESTERDAY
  MAXIMUM         82    351 PM  92    2009  74      8
  MINIMUM         53    610 AM  35    2007  46      7
  AVERAGE         68                        60      8

PRECIPITATION (IN)
  YESTERDAY        0.00          T    2004   0.04  -0.04
  MONTH TO DATE    0.29                      0.63  -0.34
  SINCE JUL 1      4.67                     11.47  -6.80
  SINCE JAN 1      3.66                      7.65  -3.99

SNOWFALL (IN)
  YESTERDAY        0.0
  MONTH TO DATE    0.0
  SINCE MAR 1      0.0
  SINCE JUL 1      0.0
  SNOW DEPTH       0

DEGREE DAYS
 HEATING
  YESTERDAY        0
  MONTH TO DATE   60
  SINCE MAR 1    219
  SINCE JUL 1   2088

 COOLING
  YESTERDAY        3
  MONTH TO DATE   48
  SINCE MAR 1     48
  SINCE JAN 1     48
...............................................................


WIND (MPH)
  HIGHEST WIND SPEED    20   HIGHEST WIND DIRECTION    NW (330)
  HIGHEST GUST SPEED    24   HIGHEST GUST DIRECTION    NW (330)
  AVERAGE WIND SPEED     9.5




RELATIVE HUMIDITY (PERCENT)
 HIGHEST    72
 LOWEST     15
 AVERAGE    44

..........................................................


THE MERCED  CA CLIMATE NORMALS FOR TODAY
                         NORMAL    RECORD    YEAR
 MAXIMUM TEMPERATURE (F)   75        94      2009
 MINIMUM TEMPERATURE (F)   46        37      2002


SUNRISE AND SUNSET
APRIL 20 2014.........SUNRISE   621 AM PDT   SUNSET   742 PM PDT
APRIL 21 2014.........SUNRISE   620 AM PDT   SUNSET   743 PM PDT


-  INDICATES NEGATIVE NUMBERS.
R  INDICATES RECORD WAS SET OR TIED.
MM INDICATES DATA IS MISSING.
T  INDICATES TRACE AMOUNT.




$$
