663
CDUS46 KHNX 180825
CLIMCE


CLIMATE REPORT
NATIONAL WEATHER SERVICE SAN JOAQUIN VALLEY, CA
1225 AM PST THU JAN 18 2018


...................................

...THE MERCED  CA CLIMATE SUMMARY FOR JANUARY 17 2018...

CLIMATE NORMAL PERIOD 1981 TO 2010
CLIMATE RECORD PERIOD 1998 TO 2018


WEATHER ITEM   OBSERVED TIME   RECORD YEAR NORMAL DEPARTURE
                VALUE   (LST)  VALUE       VALUE  FROM
                                                  NORMAL
...............................................................
TEMPERATURE (F)
 YESTERDAY
  MAXIMUM         55    314 PM  68    2014  53      2
  MINIMUM         42   1043 PM  21    2012  37      5
  AVERAGE         49                        45      4

PRECIPITATION (IN)
  YESTERDAY        0.00          0.51 2010   0.08  -0.08
  MONTH TO DATE    0.88                      1.73  -0.85
  SINCE OCT 1      1.99                      5.24  -3.25
  SINCE JAN 1      0.88                      1.73  -0.85

SNOWFALL (IN)
  YESTERDAY        0.0
  MONTH TO DATE    0.0
  SINCE DEC 1      0.0
  SINCE JUL 1      0.0
  SNOW DEPTH       0

DEGREE DAYS
 HEATING
  YESTERDAY       16
  MONTH TO DATE  219
  SINCE DEC 1    772
  SINCE JUL 1   1126

 COOLING
  YESTERDAY        0
  MONTH TO DATE    0
  SINCE DEC 1      0
  SINCE JAN 1      0
...............................................................


WIND (MPH)
  HIGHEST WIND SPEED    12   HIGHEST WIND DIRECTION     S (190)
  HIGHEST GUST SPEED    15   HIGHEST GUST DIRECTION    SE (130)
  AVERAGE WIND SPEED     3.1




RELATIVE HUMIDITY (PERCENT)
 HIGHEST   100
 LOWEST     83
 AVERAGE    92

..........................................................


THE MERCED  CA CLIMATE NORMALS FOR TODAY
                         NORMAL    RECORD    YEAR
 MAXIMUM TEMPERATURE (F)   53        70      2014
                                             2000
 MINIMUM TEMPERATURE (F)   37        23      2007


SUNRISE AND SUNSET
JANUARY 18 2018.......SUNRISE   714 AM PST   SUNSET   512 PM PST
JANUARY 19 2018.......SUNRISE   714 AM PST   SUNSET   513 PM PST


-  INDICATES NEGATIVE NUMBERS.
R  INDICATES RECORD WAS SET OR TIED.
MM INDICATES DATA IS MISSING.
T  INDICATES TRACE AMOUNT.




$$
