000
CDUS46 KHNX 040822
CLIMCE


CLIMATE REPORT
NATIONAL WEATHER SERVICE SAN JOAQUIN VALLEY, CA
121 AM PDT TUE AUG 4 2015


...................................

...THE MERCED  CA CLIMATE SUMMARY FOR AUGUST 3 2015...

CLIMATE NORMAL PERIOD 1981 TO 2010
CLIMATE RECORD PERIOD 1998 TO 2015


WEATHER ITEM   OBSERVED TIME   RECORD YEAR NORMAL DEPARTURE
                VALUE   (LST)  VALUE       VALUE  FROM
                                                  NORMAL
...............................................................
TEMPERATURE (F)
 YESTERDAY
  MAXIMUM         91    416 PM 101    2007  95     -4
  MINIMUM         63    538 AM  56    2004  60      3
  AVERAGE         77                        77      0

PRECIPITATION (IN)
  YESTERDAY        0.00          0.00   MM   0.00   0.00
  MONTH TO DATE    0.00                      0.00   0.00
  SINCE OCT 1      7.84                     12.20  -4.36
  SINCE JAN 1      3.09                      8.69  -5.60

SNOWFALL (IN)
  YESTERDAY        0.0
  MONTH TO DATE    0.0
  SINCE JUN 1      0.0
  SINCE JUL 1      0.0
  SNOW DEPTH       0

DEGREE DAYS
 HEATING
  YESTERDAY        0
  MONTH TO DATE    0
  SINCE JUN 1      0
  SINCE JUL 1      0

 COOLING
  YESTERDAY       12
  MONTH TO DATE   38
  SINCE JUN 1    862
  SINCE JAN 1    984
...............................................................


WIND (MPH)
  HIGHEST WIND SPEED    18   HIGHEST WIND DIRECTION    NW (320)
  HIGHEST GUST SPEED    23   HIGHEST GUST DIRECTION    NW (330)
  AVERAGE WIND SPEED    11.7




RELATIVE HUMIDITY (PERCENT)
 HIGHEST    73
 LOWEST     32
 AVERAGE    53

..........................................................


THE MERCED  CA CLIMATE NORMALS FOR TODAY
                         NORMAL    RECORD    YEAR
 MAXIMUM TEMPERATURE (F)   94       104      2007
 MINIMUM TEMPERATURE (F)   60        55      2002


SUNRISE AND SUNSET
AUGUST  4 2015........SUNRISE   609 AM PDT   SUNSET   807 PM PDT
AUGUST  5 2015........SUNRISE   610 AM PDT   SUNSET   806 PM PDT


-  INDICATES NEGATIVE NUMBERS.
R  INDICATES RECORD WAS SET OR TIED.
MM INDICATES DATA IS MISSING.
T  INDICATES TRACE AMOUNT.




$$
