000
CDUS46 KHNX 300823
CLIMCE


CLIMATE REPORT
NATIONAL WEATHER SERVICE SAN JOAQUIN VALLEY, CA
122 AM PDT SAT JUL 30 2016


...................................

...THE MERCED  CA CLIMATE SUMMARY FOR JULY 29 2016...

CLIMATE NORMAL PERIOD 1981 TO 2010
CLIMATE RECORD PERIOD 1998 TO 2016


WEATHER ITEM   OBSERVED TIME   RECORD YEAR NORMAL DEPARTURE
                VALUE   (LST)  VALUE       VALUE  FROM
                                                  NORMAL
...............................................................
TEMPERATURE (F)
 YESTERDAY
  MAXIMUM        106R   224 PM 104    2015  95     11
  MINIMUM         69    410 AM  56    2010  61      8
                                      1999
  AVERAGE         88                        78     10

PRECIPITATION (IN)
  YESTERDAY        0.00          T    2006   0.00   0.00
                                      2006
                                      2015
  MONTH TO DATE    0.00                      0.00   0.00
  SINCE OCT 1     14.66                     12.19   2.47
  SINCE JAN 1     10.94                      8.68   2.26

SNOWFALL (IN)
  YESTERDAY        0.0
  MONTH TO DATE    0.0
  SINCE JUN 1      0.0
  SINCE JUL 1      0.0
  SNOW DEPTH       0

DEGREE DAYS
 HEATING
  YESTERDAY        0
  MONTH TO DATE    0
  SINCE JUN 1      2
  SINCE JUL 1      0

 COOLING
  YESTERDAY       23
  MONTH TO DATE  402
  SINCE JUN 1    774
  SINCE JAN 1    943
...............................................................


WIND (MPH)
  HIGHEST WIND SPEED    14   HIGHEST WIND DIRECTION    NW (330)
  HIGHEST GUST SPEED    25   HIGHEST GUST DIRECTION    NW (330)
  AVERAGE WIND SPEED     5.9




RELATIVE HUMIDITY (PERCENT)
 HIGHEST    64
 LOWEST     12
 AVERAGE    38

..........................................................


THE MERCED  CA CLIMATE NORMALS FOR TODAY
                         NORMAL    RECORD    YEAR
 MAXIMUM TEMPERATURE (F)   95       106      2014
 MINIMUM TEMPERATURE (F)   60        56      2001


SUNRISE AND SUNSET
JULY 30 2016..........SUNRISE   606 AM PDT   SUNSET   811 PM PDT
JULY 31 2016..........SUNRISE   607 AM PDT   SUNSET   810 PM PDT


-  INDICATES NEGATIVE NUMBERS.
R  INDICATES RECORD WAS SET OR TIED.
MM INDICATES DATA IS MISSING.
T  INDICATES TRACE AMOUNT.




$$
