121
CDAK49 PAFG 201005
CLIMCG

CLIMATE REPORT
NATIONAL WEATHER SERVICE FAIRBANKS AK
205 AM AKDT THU JUL 20 2017


...................................

...THE MCGRATH AK CLIMATE SUMMARY FOR JULY 19 2017...

CLIMATE NORMAL PERIOD 1981 TO 2010
CLIMATE RECORD PERIOD 1946 TO 2017


WEATHER ITEM   OBSERVED TIME   RECORD YEAR NORMAL DEPARTURE LAST
                VALUE   (LST)  VALUE       VALUE  FROM      YEAR
                                                  NORMAL
..................................................................
TEMPERATURE (F)
 YESTERDAY
  MAXIMUM         75    557 PM  85    1993  69      6       MM
                                      1985
  MINIMUM         54    621 AM  35    1966  51      3       MM
  AVERAGE         65                        60      5       MM

PRECIPITATION (IN)
  YESTERDAY        0.03          0.73 1967   0.08  -0.05     0.31
  MONTH TO DATE    1.30                      1.37  -0.07     1.91
  SINCE JUN 1      2.53                      2.89  -0.36     4.31
  SINCE JAN 1      5.52                      7.56  -2.04     6.96

SNOWFALL (IN)
  YESTERDAY        0.0           0.0    MM   0.0    0.0     MM
  MONTH TO DATE    0.0                       0.0    0.0      0.0
  SINCE JUN 1      T                         0.0    0.0      0.0
  SINCE JUL 1      0.0                       0.0    0.0      0.0
  SNOW DEPTH       0

DEGREE DAYS
 HEATING
  YESTERDAY        0                         5     -5       MM
  MONTH TO DATE   34                        95    -61       38
  SINCE JUN 1    193                       329   -136      228
  SINCE JUL 1     34                        95    -61       38

 COOLING
  YESTERDAY        0                         0      0       MM
  MONTH TO DATE   23                        11     12       23
  SINCE JUN 1     24                        17      7       29
  SINCE JAN 1     24                        17      7       29
..................................................................


WIND (MPH)
  HIGHEST GUST SPEED    25   HIGHEST GUST DIRECTION    NE (60)


SKY COVER
  AVERAGE SKY COVER 0.5


WEATHER CONDITIONS
 THE FOLLOWING WEATHER WAS RECORDED YESTERDAY.
  LIGHT RAIN
  FOG


RELATIVE HUMIDITY (PERCENT)
 HIGHEST   100
 LOWEST     35
 AVERAGE    68

..........................................................


THE MCGRATH AK CLIMATE NORMALS FOR TODAY
                         NORMAL    RECORD    YEAR
 MAXIMUM TEMPERATURE (F)   69        88      1962
 MINIMUM TEMPERATURE (F)   51        35      1965


SUNRISE AND SUNSET
JULY 20 2017..........SUNRISE   508 AM AKDT  SUNSET  1148 PM AKDT
JULY 21 2017..........SUNRISE   511 AM AKDT  SUNSET  1145 PM AKDT

-  INDICATES NEGATIVE NUMBERS.
R  INDICATES RECORD WAS SET OR TIED.
MM INDICATES DATA IS MISSING.
T  INDICATES TRACE AMOUNT.

&&

SNOW DEPTH IS MEASURED AT 3AM AKST/4AM AKDT.

----------------------------
AVAILABLE DAYLIGHT

AMOUNT OF DAYLIGHT TODAY  (HOUR:MIN)........18:40
GAIN/LOSS SINCE YESTERDAY (HOUR:MIN:SEC)....-0:05:21

$$
DJH JUL 17
