181
CDAK49 PAFG 240043
CLIMCG

CLIMATE REPORT
NATIONAL WEATHER SERVICE FAIRBANKS AK
443 PM AKDT SAT SEP 23 2017


...................................

...THE MCGRATH AK CLIMATE SUMMARY FOR SEPTEMBER 23 2017...
VALID TODAY AS OF 0400 PM LOCAL TIME.

CLIMATE NORMAL PERIOD 1981 TO 2010
CLIMATE RECORD PERIOD 1946 TO 2017


WEATHER ITEM   OBSERVED TIME   RECORD YEAR NORMAL DEPARTURE LAST
                VALUE   (LST)  VALUE       VALUE  FROM      YEAR
                                                  NORMAL
..................................................................
TEMPERATURE (F)
 TODAY
  MAXIMUM         53    259 PM  63    1942  49      4       48
  MINIMUM         42    909 AM   9    1992  33      9       40
  AVERAGE         48                        41      7       44

PRECIPITATION (IN)
  TODAY            0.05          0.55 2008   0.07  -0.02     0.16
  MONTH TO DATE    1.65                      1.94  -0.29     5.08
  SINCE SEP 1      1.65                      1.94  -0.29     5.08
  SINCE JAN 1     12.02                     13.31  -1.29    17.91

SNOWFALL (IN)
  TODAY            0.0           0.7  1960   0.1   -0.1      0.0
  MONTH TO DATE    0.0                       0.7   -0.7      0.0
  SINCE SEP 1      0.0                       0.7   -0.7      0.0
  SINCE JUL 1      0.0                       0.7   -0.7      0.0
  SNOW DEPTH       0

DEGREE DAYS
 HEATING
  TODAY           17                        24     -7       21
  MONTH TO DATE  363                       429    -66      371
  SINCE SEP 1    363                       429    -66      371
  SINCE JUL 1    716                       920   -204      647

 COOLING
  TODAY            0                         0      0        0
  MONTH TO DATE    0                         0      0        0
  SINCE SEP 1      0                         0      0        0
  SINCE JAN 1     37                        20     17       29
..................................................................


WIND (MPH)
  HIGHEST GUST SPEED    18   HIGHEST GUST DIRECTION     E (80)


SKY COVER
  AVERAGE SKY COVER 0.8


WEATHER CONDITIONS
 THE FOLLOWING WEATHER WAS RECORDED TODAY.
  LIGHT RAIN


RELATIVE HUMIDITY (PERCENT)
 HIGHEST    92
 LOWEST     66
 AVERAGE    79

..........................................................


THE MCGRATH AK CLIMATE NORMALS FOR TOMORROW
                         NORMAL    RECORD    YEAR
 MAXIMUM TEMPERATURE (F)   49        66      1997
 MINIMUM TEMPERATURE (F)   33         2      1992


SUNRISE AND SUNSET
SEPTEMBER 23 2017.....SUNRISE   810 AM AKDT  SUNSET   818 PM AKDT
SEPTEMBER 24 2017.....SUNRISE   813 AM AKDT  SUNSET   815 PM AKDT

-  INDICATES NEGATIVE NUMBERS.
R  INDICATES RECORD WAS SET OR TIED.
MM INDICATES DATA IS MISSING.
T  INDICATES TRACE AMOUNT.

&&

SNOW DEPTH IS MEASURED AT 3AM AKST/4AM AKDT.

----------------------------
AVAILABLE DAYLIGHT

AMOUNT OF DAYLIGHT TODAY  (HOUR:MIN)........12:08
GAIN/LOSS SINCE YESTERDAY (HOUR:MIN:SEC)....-0:06:05

$$
SEP 17
