000
CDAK49 PAMC 231111
CLIMCG

CLIMATE REPORT
NATIONAL WEATHER SERVICE MCGRATH, AK
311 AM AKDT WED JUL 23 2014

...................................
...THE MCGRATH AIRPORT CLIMATE SUMMARY FOR JULY 22 2014...

CLIMATE NORMAL PERIOD  1981 TO  2010
CLIMATE RECORD PERIOD  1940 TO  2014

WEATHER ITEM   OBSERVED TIME    RECORD YEAR NORMAL DEPARTURE LAST
               VALUE    (LST)   VALUE       VALUE  FROM      YEAR
                                                   NORMAL
...................................................................
TEMPERATURE
YESTERDAY
 MAXIMUM            61  1207 AM    86  1955     68      -7     77
 MINIMUM            54  0653 AM    37  1999     51       3     47
 AVERAGE            58                          60      -2     62

PRECIPITATION
(INCHES)
 YESTERDAY        0.38           0.95  1995   0.08    0.30   0.00
 MONTH TO DATE    1.59                        1.61   -0.02   1.90
 SINCE JUN 1      3.11                        3.13   -0.02   2.76
 SINCE JAN 1      5.84                        7.80   -1.96   6.62

SNOWFALL
(INCHES)
 YESTERDAY         0.0            0.0  2014    0.0     0.0    0.0
 MONTH TO DATE     0.0                         0.0     0.0    0.0
 SINCE JUN 1       0.0                         0.0     0.0    0.0
 SINCE JUL 1       0.0                         0.0     0.0    0.0
 SNOW DEPTH (IN)     0                                          0

DEGREE DAYS
 HEATING
  YESTERDAY          7                           6       1      3
  MONTH TO DATE    103                         113     -10    157
  SINCE JUN 1      408                         347      61    292
  SINCE JUL 1      103                         113     -10    157

 COOLING
  YESTERDAY          0                           0       0      0
  MONTH TO DATE     11                          11       0      4
  SINCE JUN 1       11                          16      -5     55
  SINCE JAN 1       11                          16      -5     64
...................................................................

WIND (MPH)
 HIGHEST WIND SPEED    12     HIGHEST WIND DIRECTION    190
 HIGHEST GUST SPEED    16     HIGHEST GUST DIRECTION    250
 AVERAGE WIND SPEED   3.2

WEATHER CONDITIONS
 THE FOLLOWING WEATHER WAS RECORDED YESTERDAY.
 FOG
 RAIN
...................................................................

THE MCGRATH CLIMATE NORMALS FOR TODAY
                           NORMAL    RECORD   YEAR
 MAXIMUM TEMPERATURE (F)     68        86     1968
 MINIMUM TEMPERATURE (F)     50        41     1956

SUNRISE AND SUNSET
 JUL 23 2014..........SUNRISE  5:16 AM      SUNSET 11:41 PM
 JUL 24 2014..........SUNRISE  5:19 AM      SUNSET 11:38 PM

-  INDICATES NEGATIVE NUMBERS.
R  INDICATES RECORD HAS BEEN SET OR TIED.
MM INDICATES DATA IS MISSING.
T  INDICATES TRACE OF PRECIPITATION.

&&
-------------------------------------------------------------------

AMOUNT OF DAYLIGHT TODAY  (HOUR:MIN)........18 HOURS 25 MINUTES
LOSS SINCE YESTERDAY (HOUR:MIN:SEC)....-0:05:32

$$
ADJ JUL 14
