558
CDAK49 PAMC 101209
CLIMCG

CLIMATE REPORT
NATIONAL WEATHER SERVICE MCGRATH, AK
309 AM AKST WED FEB 10 2016

...................................
...THE MCGRATH AIRPORT CLIMATE SUMMARY FOR FEBRUARY 9 2016...

CLIMATE NORMAL PERIOD  1981 TO  2010
CLIMATE RECORD PERIOD  1940 TO  2016

WEATHER ITEM   OBSERVED TIME    RECORD YEAR NORMAL DEPARTURE LAST
               VALUE    (LST)   VALUE       VALUE  FROM      YEAR
                                                   NORMAL
...................................................................
TEMPERATURE
YESTERDAY
 MAXIMUM            13  0448 PM    43  2012     10       3      0
 MINIMUM            -7  1137 PM   -52  1999    -11       4    -28
 AVERAGE             3                          -1       4    -14

PRECIPITATION
(INCHES)
 YESTERDAY        0.00           0.31  2003   0.03   -0.03   0.00
 MONTH TO DATE    0.06                        0.29   -0.23   0.00
 SINCE DEC 1      0.61                        2.67   -2.06   1.67
 SINCE JAN 1      0.14                        1.38   -1.24   0.27

SNOWFALL
(INCHES)
 YESTERDAY         0.0            4.8  2005    0.5    -0.5    0.0
 MONTH TO DATE     1.6                         4.1    -2.5    0.0
 SINCE DEC 1      15.6                        40.0   -24.4   21.6
 SINCE JUL 1      62.6                        71.0    -8.4   31.3
 SNOW DEPTH (IN)    19                                         13

DEGREE DAYS
 HEATING
  YESTERDAY         62                          66      -4     79
  MONTH TO DATE    552                         604     -52    702
  SINCE DEC 1     4263                        4931    -668   4544
  SINCE JUL 1     8413                        9063    -650   8203

 COOLING
  YESTERDAY          0                           0       0      0
  MONTH TO DATE      0                           0       0      0
  SINCE DEC 1        0                           0       0      0
  SINCE JAN 1        0                           0       0      0
...................................................................

WIND (MPH)
 HIGHEST WIND SPEED     5     HIGHEST WIND DIRECTION    360
 HIGHEST GUST SPEED     6     HIGHEST GUST DIRECTION    350
 AVERAGE WIND SPEED   0.4

WEATHER CONDITIONS
 THE FOLLOWING WEATHER WAS RECORDED YESTERDAY...HAZE...FOG...
...................................................................

THE MCGRATH CLIMATE NORMALS FOR TODAY
                           NORMAL    RECORD   YEAR
 MAXIMUM TEMPERATURE (F)     10        48     1986
 MINIMUM TEMPERATURE (F)    -11       -52     1976

SUNRISE AND SUNSET
 FEB 10 2016..........SUNRISE  9:29 AM      SUNSET  5:47 PM
 FEB 11 2016..........SUNRISE  9:26 AM      SUNSET  5:50 PM

-  INDICATES NEGATIVE NUMBERS.
R  INDICATES RECORD HAS BEEN SET OR TIED.
MM INDICATES DATA IS MISSING.
T  INDICATES TRACE OF PRECIPITATION.

&&
-------------------------------------------------------------------

AMOUNT OF DAYLIGHT TODAY  (HOUR:MIN)........8 HOURS 18 MINUTES
GAIN SINCE YESTERDAY (HOUR:MIN:SEC)....+0:06:06

$$
JMM FEB 16
