000
CDAK49 PAFG 030944
CLIMCG

CLIMATE REPORT
NATIONAL WEATHER SERVICE FAIRBANKS AK
1244 AM AKST SAT DEC 3 2016


...................................

...THE MCGRATH AK CLIMATE SUMMARY FOR DECEMBER 2 2016...

CLIMATE NORMAL PERIOD 1981 TO 2010
CLIMATE RECORD PERIOD 1946 TO 2016


WEATHER ITEM   OBSERVED TIME   RECORD YEAR NORMAL DEPARTURE LAST
                VALUE   (LST)  VALUE       VALUE  FROM      YEAR
                                                  NORMAL
..................................................................
TEMPERATURE (F)
 YESTERDAY
  MAXIMUM        -21   1256 AM  37    1992   8    -29       MM
  MINIMUM        -32    958 AM -49    1948  -9    -23       MM
  AVERAGE        -26                         0    -26       MM

PRECIPITATION (IN)
  YESTERDAY        0.00          0.29 1994   0.04  -0.04    MM
  MONTH TO DATE    T                         0.08  -0.08    MM
  SINCE DEC 1      T                         0.08  -0.08    MM
  SINCE JAN 1     18.53                     16.79   1.74    MM

SNOWFALL (IN)
  YESTERDAY        0.0           4.1  1994   0.6   -0.6     MM
  MONTH TO DATE    0.1                       1.2   -1.1     MM
  SINCE DEC 1      0.1                       1.2   -1.1     MM
  SINCE JUL 1      8.4                      32.2  -23.8     MM
  SNOW DEPTH       5

DEGREE DAYS
 HEATING
  YESTERDAY       91                        65     26       MM
  MONTH TO DATE  170                       130     40       MM
  SINCE DEC 1    170                       130     40       MM
  SINCE JUL 1   3916                      4253   -337       MM

 COOLING
  YESTERDAY        0                         0      0       MM
  MONTH TO DATE    0                         0      0       MM
  SINCE DEC 1      0                         0      0       MM
  SINCE JAN 1     29                        20      9       MM
..................................................................


WIND (MPH)
  HIGHEST GUST SPEED     9   HIGHEST GUST DIRECTION     N (350)


SKY COVER
  AVERAGE SKY COVER 0.0


WEATHER CONDITIONS
 THE FOLLOWING WEATHER WAS RECORDED YESTERDAY.
  HAZE


RELATIVE HUMIDITY (PERCENT)
 HIGHEST    77
 LOWEST     61
 AVERAGE    69

..........................................................


THE MCGRATH AK CLIMATE NORMALS FOR TODAY
                         NORMAL    RECORD    YEAR
 MAXIMUM TEMPERATURE (F)    8        45      2002
 MINIMUM TEMPERATURE (F)   -9       -50      1970


SUNRISE AND SUNSET
DECEMBER 03 2016......SUNRISE  1033 AM AKST  SUNSET   353 PM AKST
DECEMBER 04 2016......SUNRISE  1035 AM AKST  SUNSET   351 PM AKST

-  INDICATES NEGATIVE NUMBERS.
R  INDICATES RECORD WAS SET OR TIED.
MM INDICATES DATA IS MISSING.
T  INDICATES TRACE AMOUNT.

&&

SNOW DEPTH IS MEASURED AT 3AM AKST/4AM AKDT.

----------------------------
AVAILABLE DAYLIGHT

AMOUNT OF DAYLIGHT TODAY  (HOUR:MIN)........5:20
GAIN/LOSS SINCE YESTERDAY (HOUR:MIN:SEC)....-0:03:51

$$
DEC 16
