000
CDAK49 PAMC 221009
CLIMCG

CLIMATE REPORT
NATIONAL WEATHER SERVICE MCGRATH, AK
209 AM AKDT WED OCT 22 2014

...................................
...THE MCGRATH AIRPORT CLIMATE SUMMARY FOR OCTOBER 21 2014...

CLIMATE NORMAL PERIOD  1981 TO  2010
CLIMATE RECORD PERIOD  1940 TO  2014

WEATHER ITEM   OBSERVED TIME    RECORD YEAR NORMAL DEPARTURE LAST
               VALUE    (LST)   VALUE       VALUE  FROM      YEAR
                                                   NORMAL
...................................................................
TEMPERATURE
YESTERDAY
 MAXIMUM            36  0433 PM    46  1980     28       8     42
 MINIMUM            19  1159 PM    -8  1965     15       4     33
 AVERAGE            28                          21       7     38

PRECIPITATION
(INCHES)
 YESTERDAY        0.00           0.38  1981   0.04   -0.04      T
 MONTH TO DATE    0.05                        1.07   -1.02   3.95
 SINCE SEP 1      0.97                        3.56   -2.59   8.10
 SINCE JAN 1      9.54                       14.93   -5.39  17.33

SNOWFALL
(INCHES)
 YESTERDAY         0.0            5.2  2002    0.4    -0.4    0.0
 MONTH TO DATE     0.5                         5.7    -5.2      T
 SINCE SEP 1       0.5                         7.2    -6.7    0.7
 SINCE JUL 1       0.5                         7.2    -6.7    0.7
 SNOW DEPTH (IN)     T                                          0

DEGREE DAYS
 HEATING
  YESTERDAY         37                          44      -7     27
  MONTH TO DATE    735                         760     -25    504
  SINCE SEP 1     1303                        1373     -70   1178
  SINCE JUL 1     1726                        1870    -144   1596

 COOLING
  YESTERDAY          0                           0       0      0
  MONTH TO DATE      0                           0       0      0
  SINCE SEP 1        0                           0       0      0
  SINCE JAN 1       11                          16      -5     78
...................................................................

WIND (MPH)
 HIGHEST WIND SPEED    10     HIGHEST WIND DIRECTION     10
 HIGHEST GUST SPEED    14     HIGHEST GUST DIRECTION     10
 AVERAGE WIND SPEED   2.8

WEATHER CONDITIONS
 THE FOLLOWING WEATHER WAS RECORDED YESTERDAY.
 NO SIGNIFICANT WEATHER WAS OBSERVED.
...................................................................

THE MCGRATH CLIMATE NORMALS FOR TODAY
                           NORMAL    RECORD   YEAR
 MAXIMUM TEMPERATURE (F)     27        54     1980
 MINIMUM TEMPERATURE (F)     14       -13     2008

SUNRISE AND SUNSET
 OCT 22 2014..........SUNRISE  9:31 AM      SUNSET  6:43 PM
 OCT 23 2014..........SUNRISE  9:34 AM      SUNSET  6:40 PM

-  INDICATES NEGATIVE NUMBERS.
R  INDICATES RECORD HAS BEEN SET OR TIED.
MM INDICATES DATA IS MISSING.
T  INDICATES TRACE OF PRECIPITATION.

&&
-------------------------------------------------------------------

AMOUNT OF DAYLIGHT TODAY  (HOUR:MIN)........9 HOURS 12 MINUTES
LOSS SINCE YESTERDAY (HOUR:MIN:SEC)....-0:06:06

$$
ADJ OCT 14
