000
CDAK49 PAMC 230904
CLIMCG

CLIMATE REPORT
NATIONAL WEATHER SERVICE MCGRATH, AK
104 AM AKDT SAT MAY 23 2015

...................................
...THE MCGRATH AIRPORT CLIMATE SUMMARY FOR MAY 22 2015...

CLIMATE NORMAL PERIOD  1981 TO  2015
CLIMATE RECORD PERIOD  1939 TO  2015

WEATHER ITEM   OBSERVED TIME    RECORD YEAR NORMAL DEPARTURE LAST
               VALUE    (LST)   VALUE       VALUE  FROM      YEAR
                                                   NORMAL
...................................................................
TEMPERATURE
YESTERDAY
 MAXIMUM            71  0350 PM    78  2002     60      11     66
 MINIMUM            45  0559 AM    28  1950     38       7     45
 AVERAGE            58                          49       9     56

PRECIPITATION
(INCHES)
 YESTERDAY        0.00           0.95  1960   0.04   -0.04   0.00
 MONTH TO DATE    0.24                        0.73   -0.49   0.30
 SINCE MAR 1      0.76                        2.28   -1.52   0.42
 SINCE JAN 1      1.20                        4.31   -3.11   2.11

SNOWFALL
(INCHES)
 YESTERDAY         0.0            0.3  1964    0.0     0.0    0.0
 MONTH TO DATE     0.0                         0.8    -0.8      T
 SINCE MAR 1       8.5                        17.2    -8.7    1.1
 SINCE JUL 1      41.6                        97.2   -55.6   47.1
 SNOW DEPTH (IN)     0                                          0

DEGREE DAYS
 HEATING
  YESTERDAY          7                          16      -9      9
  MONTH TO DATE    309                         441    -132    366
  SINCE MAR 1     2643                        3157    -514   2947
  SINCE JUL 1    11709                       13395   -1686  11774

 COOLING
  YESTERDAY          0                           0       0      0
  MONTH TO DATE      0                           0       0      0
  SINCE MAR 1        0                           0       0      0
  SINCE JAN 1        0                           0       0      0
...................................................................

WIND (MPH)
 HIGHEST WIND SPEED    16     HIGHEST WIND DIRECTION     90
 HIGHEST GUST SPEED    24     HIGHEST GUST DIRECTION     80
 AVERAGE WIND SPEED   3.6

WEATHER CONDITIONS
 THE FOLLOWING WEATHER WAS RECORDED YESTERDAY.
  NO SIGNIFICANT WEATHER WAS OBSERVED.

...................................................................

THE MCGRATH CLIMATE NORMALS FOR TODAY
                           NORMAL    RECORD   YEAR
 MAXIMUM TEMPERATURE (F)     60        71     2009
 MINIMUM TEMPERATURE (F)     39        25     1964

SUNRISE AND SUNSET
 MAY 23 2015..........SUNRISE  4:58 AM      SUNSET 11:43 PM
 MAY 24 2015..........SUNRISE  4:56 AM      SUNSET 11:46 PM

-  INDICATES NEGATIVE NUMBERS.
R  INDICATES RECORD HAS BEEN SET OR TIED.
MM INDICATES DATA IS MISSING.
T  INDICATES TRACE OF PRECIPITATION.

&&
-------------------------------------------------------------------

AMOUNT OF DAYLIGHT TODAY  (HOUR:MIN)........18 HOURS 45 MINUTES
GAIN/LOSS SINCE YESTERDAY (HOUR:MIN:SEC)....+0:05:24

$$
TR MAY 15
