000
CDAK49 PAMC 210908
CLIMCG

CLIMATE REPORT
NATIONAL WEATHER SERVICE MCGRATH, AK
1208 AM AKST SUN DEC 21 2014

...................................
...THE MCGRATH AIRPORT CLIMATE SUMMARY FOR DECEMBER 20 2014...

CLIMATE NORMAL PERIOD  1981 TO  2010
CLIMATE RECORD PERIOD  1940 TO  2014

WEATHER ITEM   OBSERVED TIME    RECORD YEAR NORMAL DEPARTURE LAST
               VALUE    (LST)   VALUE       VALUE  FROM      YEAR
                                                   NORMAL
...................................................................
TEMPERATURE
YESTERDAY
 MAXIMUM             4  1114 PM    42  1970      5      -1     15
 MINIMUM            -7  0543 AM   -53  1957    -13       6     10
 AVERAGE            -2                          -4       2     13

PRECIPITATION
(INCHES)
 YESTERDAY        0.00           0.63  2013   0.04   -0.04   0.63
 MONTH TO DATE    0.50                        0.81   -0.31   0.94
 SINCE DEC 1      0.50                        0.81   -0.31   0.94
 SINCE JAN 1     10.91                       17.52   -6.61  20.38

SNOWFALL
(INCHES)
 YESTERDAY         0.0            6.5  2013    0.7    -0.7    6.5
 MONTH TO DATE     6.6                        13.1    -6.5   10.4
 SINCE DEC 1       6.6                        13.1    -6.5   10.4
 SINCE JUL 1      16.3                        44.1   -27.8   23.3
 SNOW DEPTH (IN)     8                                          7

DEGREE DAYS
 HEATING
  YESTERDAY         67                          69      -2     52
  MONTH TO DATE   1142                        1341    -199   1208
  SINCE DEC 1     1140                        1341    -201   1203
  SINCE JUL 1     4785                        5473    -688   4662

 COOLING
  YESTERDAY          0                           0       0      0
  MONTH TO DATE      0                           0       0      0
  SINCE DEC 1        0                           0       0      0
  SINCE JAN 1       11                          16      -5     78
...................................................................

WIND (MPH)
 HIGHEST WIND SPEED     6     HIGHEST WIND DIRECTION    280
 HIGHEST GUST SPEED     7     HIGHEST GUST DIRECTION    290
 AVERAGE WIND SPEED   2.7

WEATHER CONDITIONS
 THE FOLLOWING WEATHER WAS RECORDED YESTERDAY.
 NO SIGNIFICANT WEATHER WAS OBSERVED.

...................................................................

THE MCGRATH CLIMATE NORMALS FOR TODAY
                           NORMAL    RECORD   YEAR
 MAXIMUM TEMPERATURE (F)      4        43     2009
 MINIMUM TEMPERATURE (F)    -13       -51     1961

SUNRISE AND SUNSET
 DEC 21 2014..........SUNRISE 11:00 AM      SUNSET  3:43 PM
 DEC 22 2014..........SUNRISE 11:00 AM      SUNSET  3:44 PM

-  INDICATES NEGATIVE NUMBERS.
R  INDICATES RECORD HAS BEEN SET OR TIED.
MM INDICATES DATA IS MISSING.
T  INDICATES TRACE OF PRECIPITATION.

&&
-------------------------------------------------------------------

AMOUNT OF DAYLIGHT TODAY  (HOUR:MIN)........4 HOURS 43 MINUTES
LOSS SINCE YESTERDAY (HOUR:MIN:SEC)....-0:00:07

$$
JMC DEC 14
