000
CDAK49 PAFG 170045
CLIMCG

CLIMATE REPORT
NATIONAL WEATHER SERVICE FAIRBANKS AK
345 PM AKST TUE JAN 16 2018


...................................

...THE MCGRATH AK CLIMATE SUMMARY FOR JANUARY 16 2018...
VALID TODAY AS OF 0300 PM LOCAL TIME.

CLIMATE NORMAL PERIOD 1981 TO 2010
CLIMATE RECORD PERIOD 1946 TO 2018


WEATHER ITEM   OBSERVED TIME   RECORD YEAR NORMAL DEPARTURE LAST
                VALUE   (LST)  VALUE       VALUE  FROM      YEAR
                                                  NORMAL
..................................................................
TEMPERATURE (F)
 TODAY
  MAXIMUM         19    259 PM  50    2009   1     18      -24
  MINIMUM         -4    629 AM -60    1947 -16     12      -44
  AVERAGE          8                        -7     15      -34

PRECIPITATION (IN)
  TODAY            0.00          0.54 2014   0.03  -0.03     0.00
  MONTH TO DATE    0.09                      0.60  -0.51     0.36
  SINCE DEC 1      1.22                      1.89  -0.67     1.33
  SINCE JAN 1      0.09                      0.60  -0.51     0.36

SNOWFALL (IN)
  TODAY            0.0           5.4  2014   0.5   -0.5      0.0
  MONTH TO DATE    1.1                       8.6   -7.5      6.4
  SINCE DEC 1     10.0                      28.8  -18.8     20.3
  SINCE JUL 1     36.8                      59.8  -23.0     28.6
  SNOW DEPTH      14

DEGREE DAYS
 HEATING
  TODAY           57                        72    -15       99
  MONTH TO DATE  997                      1151   -154     1101
  SINCE DEC 1   2406                      3265   -859     3123
  SINCE JUL 1   5831                      7388  -1557     6869

 COOLING
  TODAY            0                         0      0        0
  MONTH TO DATE    0                         0      0        0
  SINCE DEC 1      0                         0      0        0
  SINCE JAN 1      0                         0      0        0
..................................................................


WIND (MPH)
  HIGHEST GUST SPEED     7   HIGHEST GUST DIRECTION    SE (140)


SKY COVER
  AVERAGE SKY COVER 0.5


WEATHER CONDITIONS
 THE FOLLOWING WEATHER WAS RECORDED TODAY.
  NO SIGNIFICANT WEATHER WAS OBSERVED.


RELATIVE HUMIDITY (PERCENT)
 HIGHEST    83
 LOWEST     65
 AVERAGE    74

..........................................................


THE MCGRATH AK CLIMATE NORMALS FOR TOMORROW
                         NORMAL    RECORD    YEAR
 MAXIMUM TEMPERATURE (F)    2        49      2009
 MINIMUM TEMPERATURE (F)  -16       -63      1947


SUNRISE AND SUNSET
JANUARY 16 2018.......SUNRISE  1034 AM AKST  SUNSET   432 PM AKST
JANUARY 17 2018.......SUNRISE  1032 AM AKST  SUNSET   435 PM AKST

-  INDICATES NEGATIVE NUMBERS.
R  INDICATES RECORD WAS SET OR TIED.
MM INDICATES DATA IS MISSING.
T  INDICATES TRACE AMOUNT.

&&

SNOW DEPTH IS MEASURED AT 3AM AKST/4AM AKDT.

----------------------------
AVAILABLE DAYLIGHT

AMOUNT OF DAYLIGHT TODAY  (HOUR:MIN)........5:58
GAIN/LOSS SINCE YESTERDAY (HOUR:MIN:SEC)....+0:04:53

$$
JAN 18
