000
CDAK49 PAMC 070006
CLIMCG

CLIMATE REPORT
NATIONAL WEATHER SERVICE MCGRATH, AK
306 PM AKST FRI MAR 6 2015

...................................
...THE MCGRATH AIRPORT CLIMATE SUMMARY FOR MARCH 6 2015...
VALID TODAY AS OF 2:00 PM LOCAL TIME

CLIMATE NORMAL PERIOD  1981 TO  2010
CLIMATE RECORD PERIOD  1940 TO  2015

WEATHER ITEM   OBSERVED TIME    RECORD YEAR NORMAL DEPARTURE LAST
               VALUE    (LST)   VALUE       VALUE  FROM      YEAR
                                                   NORMAL
...................................................................
TEMPERATURE
TODAY
 MAXIMUM            34  0152 PM    43  1950     21      13     13
 MINIMUM            19  0150 AM   -49  1977     -5      24    -14
 AVERAGE            27                           8      19     -1

PRECIPITATION
(INCHES)
 TODAY               T           0.45  1955   0.03   -0.03   0.00
 MONTH TO DATE    0.06                        0.18   -0.12   0.01
 SINCE MAR 1      0.06                        0.18   -0.12   0.01
 SINCE JAN 1      0.50                        2.21   -1.71   1.70

SNOWFALL
(INCHES)
 TODAY               T            4.5  1967    0.5    -0.5    0.0
 MONTH TO DATE     1.4                         2.7    -1.3    0.1
 SINCE MAR 1       1.4                         2.7    -1.3    0.1
 SINCE JUL 1      34.5                        82.7   -48.2   46.1
 SNOW DEPTH (IN)    12                                         15

DEGREE DAYS
 HEATING
  TODAY             38                          57     -19     66
  MONTH TO DATE    243                         348    -105    324
  SINCE MAR 1      243                         348    -105    323
  SINCE JUL 1     9309                       10586   -1277   9149

 COOLING
  TODAY              0                           0       0      0
  MONTH TO DATE      0                           0       0      0
  SINCE MAR 1        0                           0       0      0
  SINCE JAN 1        0                           0       0      0
...................................................................

WIND (MPH)
 HIGHEST WIND SPEED    20     HIGHEST WIND DIRECTION    200
 HIGHEST GUST SPEED    29     HIGHEST GUST DIRECTION    190
 AVERAGE WIND SPEED   0.0

WEATHER CONDITIONS
 THE FOLLOWING WEATHER WAS RECORDED TODAY.
 RAIN
 SNOW

...................................................................

THE MCGRATH CLIMATE NORMALS FOR TOMORROW
                        NORMAL    RECORD   YEAR
 MAXIMUM TEMPERATURE      21        44     2013
 MINIMUM TEMPERATURE      -5       -39     1971

SUNRISE AND SUNSET
 MAR 6 2015..........SUNRISE  8:11 AM      SUNSET  6:59 PM
 MAR 7 2015..........SUNRISE  8:08 AM      SUNSET  7:02 PM

-  INDICATES NEGATIVE NUMBERS.
R  INDICATES RECORD HAS BEEN SET OR TIED.
MM INDICATES DATA IS MISSING.
T  INDICATES TRACE OF PRECIPITATION.

&&
-------------------------------------------------------------------

AMOUNT OF DAYLIGHT TODAY  (HOUR:MIN)........10 HOURS 48 MINUTES
GAIN SINCE YESTERDAY (HOUR:MIN:SEC)....+0:06:12

$$
JCD MAR 15
