000
CDAK49 PAMC 251031
CLIMCG

CLIMATE REPORT
NATIONAL WEATHER SERVICE MCGRATH, AK
131 AM AKST SUN JAN 25 2015

...................................
...THE MCGRATH AIRPORT CLIMATE SUMMARY FOR JANUARY 24 2015...

CLIMATE NORMAL PERIOD  1981 TO  2010
CLIMATE RECORD PERIOD  1940 TO  2015

WEATHER ITEM   OBSERVED TIME    RECORD YEAR NORMAL DEPARTURE LAST
               VALUE    (LST)   VALUE       VALUE  FROM      YEAR
                                                   NORMAL
...................................................................
TEMPERATURE
YESTERDAY
 MAXIMUM           -19  0421 PM    39  1961      3     -22     38
 MINIMUM           -38  1032 AM   -60  1989    -15     -23     23
 AVERAGE           -29                          -6     -23     31

PRECIPITATION
(INCHES)
 YESTERDAY        0.00           0.40  1976   0.03   -0.03   0.30
 MONTH TO DATE    0.27                        0.85   -0.58   1.55
 SINCE DEC 1      1.67                        2.14   -0.47   3.00
 SINCE JAN 1      0.27                        0.85   -0.58   1.55

SNOWFALL
(INCHES)
 YESTERDAY         0.0            4.8  2005    0.5    -0.5      T
 MONTH TO DATE     5.7                        12.3    -6.6   14.4
 SINCE DEC 1      21.4                        32.5   -11.1   31.8
 SINCE JUL 1      31.1                        63.5   -32.4   44.7
 SNOW DEPTH (IN)    14                                         17

DEGREE DAYS
 HEATING
  YESTERDAY         94                          71      23     34
  MONTH TO DATE   1536                        1724    -188   1297
  SINCE DEC 1     3204                        3838    -634   3334
  SINCE JUL 1     6849                        7970   -1121   6800

 COOLING
  YESTERDAY          0                           0       0      0
  MONTH TO DATE      0                           0       0      0
  SINCE DEC 1        0                           0       0      0
  SINCE JAN 1        0                           0       0      0
...................................................................

WIND (MPH)
 HIGHEST WIND SPEED     7     HIGHEST WIND DIRECTION    290
 HIGHEST GUST SPEED     9     HIGHEST GUST DIRECTION    320
 AVERAGE WIND SPEED   1.8

WEATHER CONDITIONS
 THE FOLLOWING WEATHER WAS RECORDED YESTERDAY.
 NO SIGNIFICANT WEATHER WAS OBSERVED.
...................................................................

THE MCGRATH CLIMATE NORMALS FOR TODAY
                           NORMAL    RECORD   YEAR
 MAXIMUM TEMPERATURE (F)      3        40     1981
 MINIMUM TEMPERATURE (F)    -15       -64     1947

SUNRISE AND SUNSET
 JAN 25 2015..........SUNRISE 10:14 AM      SUNSET  4:58 PM
 JAN 26 2015..........SUNRISE 10:11 AM      SUNSET  5:01 PM

-  INDICATES NEGATIVE NUMBERS.
R  INDICATES RECORD HAS BEEN SET OR TIED.
MM INDICATES DATA IS MISSING.
T  INDICATES TRACE OF PRECIPITATION.

&&
-------------------------------------------------------------------

AMOUNT OF DAYLIGHT TODAY  (HOUR:MIN)........6 HOURS 44 MINUTES
GAIN SINCE YESTERDAY (HOUR:MIN:SEC)....+0:05:35

$$
ADJ JAN 15
