000
CDAK49 PAMC 290901
CLIMCG

CLIMATE REPORT
NATIONAL WEATHER SERVICE MCGRATH, AK
102 AM AKDT SAT AUG 29 2015

...................................
...THE MCGRATH AIRPORT CLIMATE SUMMARY FOR AUGUST 28 2015...

CLIMATE NORMAL PERIOD  1981 TO  2015
CLIMATE RECORD PERIOD  1939 TO  2015

WEATHER ITEM   OBSERVED TIME    RECORD YEAR NORMAL DEPARTURE LAST
               VALUE    (LST)   VALUE       VALUE  FROM      YEAR
                                                   NORMAL
...................................................................
TEMPERATURE
YESTERDAY
 MAXIMUM            48  0636 PM    76  1981     61     -13     58
 MINIMUM            41  1243 AM    25  1984     43      -2     47
 AVERAGE            45                          52      -7     53

PRECIPITATION
(INCHES)
 YESTERDAY        0.05           0.52  2007   0.09   -0.04   0.08
 MONTH TO DATE    2.69                        2.54    0.15   1.74
 SINCE JUN 1      7.63                        6.44    1.19   5.84
 SINCE JAN 1      8.97                       11.11   -2.14   8.57

SNOWFALL
(INCHES)
 YESTERDAY         0.0            0.0  2015    0.0     0.0    0.0
 MONTH TO DATE     0.0                         0.0     0.0    0.0
 SINCE JUN 1       0.0                         0.0     0.0    0.0
 SINCE JUL 1       0.0                         0.0     0.0    0.0
 SNOW DEPTH (IN)     0                                          0

DEGREE DAYS
 HEATING
  YESTERDAY         20                          13       7     12
  MONTH TO DATE    260                         284     -24    174
  SINCE JUN 1     1223                         690     533    666
  SINCE JUL 1     1030                         456     574    361

 COOLING
  YESTERDAY          0                           0       0      0
  MONTH TO DATE      5                           0       5      0
  SINCE JUN 1       31                          16      15     11
  SINCE JAN 1       MM                          16      MM     11
...................................................................

WIND (MPH)
 HIGHEST WIND SPEED    14     HIGHEST WIND DIRECTION    250
 HIGHEST GUST SPEED    20     HIGHEST GUST DIRECTION    250
 AVERAGE WIND SPEED   6.6

SKY COVER
  POSSIBLE SUNSHINE    MM          AVERAGE SKY COVER     MM

WEATHER CONDITIONS
 THE FOLLOWING WEATHER WAS RECORDED YESTERDAY.
  RAIN


RELATIVE HUMIDITY
 HIGHEST RH     MM PERCENT       MM
 LOWEST  RH     MM PERCENT       MM
 AVERAGE RH     MM PERCENT       MM
...................................................................

THE MCGRATH CLIMATE NORMALS FOR TODAY
                           NORMAL    RECORD   YEAR
 MAXIMUM TEMPERATURE (F)     61        74     1971
 MINIMUM TEMPERATURE (F)     43        27     1994

SUNRISE AND SUNSET
 AUG 29 2015..........SUNRISE  7:01 AM      SUNSET  9:45 PM
 AUG 30 2015..........SUNRISE  7:04 AM      SUNSET  9:41 PM

-  INDICATES NEGATIVE NUMBERS.
R  INDICATES RECORD HAS BEEN SET OR TIED.
MM INDICATES DATA IS MISSING.
T  INDICATES TRACE OF PRECIPITATION.

&&
-------------------------------------------------------------------

AMOUNT OF DAYLIGHT TODAY  (HOUR:MIN)........14 HOURS 44 MINUTES
GAIN/LOSS SINCE YESTERDAY (HOUR:MIN:SEC)....-0:06:08

$$
TR AUG 15
