335
CDAK49 PAFG 200047
CLIMCG

CLIMATE REPORT
NATIONAL WEATHER SERVICE FAIRBANKS AK
347 PM AKST THU JAN 19 2017


...................................

...THE MCGRATH AK CLIMATE SUMMARY FOR JANUARY 19 2017...
VALID TODAY AS OF 0300 PM LOCAL TIME.

CLIMATE NORMAL PERIOD 1981 TO 2010
CLIMATE RECORD PERIOD 1946 TO 2017


WEATHER ITEM   OBSERVED TIME   RECORD YEAR NORMAL DEPARTURE LAST
                VALUE   (LST)  VALUE       VALUE  FROM      YEAR
                                                  NORMAL
..................................................................
TEMPERATURE (F)
 TODAY
  MAXIMUM        -27    259 PM  43    2008   2    -29       MM
  MINIMUM        -43    127 AM -57    1989 -16    -27       MM
                                      1973
                                      1947
  AVERAGE        -35                        -7    -28       MM

PRECIPITATION (IN)
  TODAY           MM             0.39 1949   0.03  MM       MM
  MONTH TO DATE    0.36                      0.69  -0.33    MM
  SINCE DEC 1      1.33                      1.98  -0.65    MM
  SINCE JAN 1      0.36                      0.69  -0.33    MM

SNOWFALL (IN)
  TODAY           MM             4.7  1949   0.5   MM       MM
  MONTH TO DATE    4.9                      10.0   -5.1     MM
  SINCE DEC 1     18.8                      30.2  -11.4     MM
  SINCE JUL 1     27.1                      61.2  -34.1     MM
  SNOW DEPTH      MM

DEGREE DAYS
 HEATING
  TODAY          100                        72     28       MM
  MONTH TO DATE 1419                      1367     52       MM
  SINCE DEC 1   3441                      3481    -40       MM
  SINCE JUL 1   7187                      7604   -417       MM

 COOLING
  TODAY            0                         0      0       MM
  MONTH TO DATE    0                         0      0       MM
  SINCE DEC 1      0                         0      0       MM
  SINCE JAN 1      0                         0      0       MM
..................................................................


WIND (MPH)
  HIGHEST GUST SPEED     5   HIGHEST GUST DIRECTION    NW (330)


SKY COVER
  AVERAGE SKY COVER 0.9


WEATHER CONDITIONS
 THE FOLLOWING WEATHER WAS RECORDED TODAY.
  LIGHT SNOW
  HAZE


RELATIVE HUMIDITY (PERCENT)
 HIGHEST    69
 LOWEST     69
 AVERAGE    69

..........................................................


THE MCGRATH AK CLIMATE NORMALS FOR TOMORROW
                         NORMAL    RECORD    YEAR
 MAXIMUM TEMPERATURE (F)    2        46      1961
 MINIMUM TEMPERATURE (F)  -16       -59      1989


SUNRISE AND SUNSET
JANUARY 19 2017.......SUNRISE  1027 AM AKST  SUNSET   442 PM AKST
JANUARY 20 2017.......SUNRISE  1024 AM AKST  SUNSET   444 PM AKST

-  INDICATES NEGATIVE NUMBERS.
R  INDICATES RECORD WAS SET OR TIED.
MM INDICATES DATA IS MISSING.
T  INDICATES TRACE AMOUNT.

&&

SNOW DEPTH IS MEASURED AT 3AM AKST/4AM AKDT.

----------------------------
AVAILABLE DAYLIGHT

AMOUNT OF DAYLIGHT TODAY  (HOUR:MIN)........6:15
GAIN/LOSS SINCE YESTERDAY (HOUR:MIN:SEC)....+0:05:11

$$
HFL JAN 17
