000
CDUS43 KEAX 072126
CLIMCI

CLIMATE REPORT
NATIONAL WEATHER SERVICE KANSAS CITY/PLEASANT HILL MO
425 PM CDT TUE JUL 7 2015


...................................

...THE KANSAS CITY INTERNATIONAL MO CLIMATE SUMMARY FOR JULY 7 2015...
VALID AS OF 0400 PM LOCAL TIME.

CLIMATE NORMAL PERIOD 1981 TO 2010
CLIMATE RECORD PERIOD 1888 TO 2015


WEATHER ITEM   OBSERVED TIME   RECORD YEAR NORMAL DEPARTURE LAST
                VALUE   (LST)  VALUE       VALUE  FROM      YEAR
                                                  NORMAL
..................................................................
TEMPERATURE (F)
 TODAY
  MAXIMUM         72    259 PM 105    2012  88    -16       91
                                      1939
  MINIMUM         61    454 AM  55    2004  68     -7       67
                                      1908
  AVERAGE         67                        78    -11       79

PRECIPITATION (IN)
  TODAY            0.93          2.95 1969   0.16   0.77     2.07
  MONTH TO DATE    2.93                      1.12   1.81     2.14
  SINCE JUN 1     10.51                      6.35   4.16     9.05
  SINCE JAN 1     27.11                     20.18   6.93    17.67

SNOWFALL (IN)
  TODAY            0.0           0.0    MM   0.0    0.0      0.0
  MONTH TO DATE    0.0                       0.0    0.0      0.0
  SINCE JUN 1      0.0                       0.0    0.0      0.0
  SINCE JUL 1      0.0                       0.0    0.0      0.0
  SNOW DEPTH       0

DEGREE DAYS
 HEATING
  TODAY            0                         0      0        0
  MONTH TO DATE    0                         0      0        1
  SINCE JUN 1      3                         9     -6        2
  SINCE JUL 1      0                         0      0        1

 COOLING
  TODAY            2                        13    -11       14
  MONTH TO DATE   58                        89    -31       58
  SINCE JUN 1    363                       355      8      335
  SINCE JAN 1    431                       471    -40      496
..................................................................


WIND (MPH)
  HIGHEST WIND SPEED    28   HIGHEST WIND DIRECTION    NE (30)
  HIGHEST GUST SPEED    33   HIGHEST GUST DIRECTION    NE (30)
  AVERAGE WIND SPEED    12.2


SKY COVER
  POSSIBLE SUNSHINE  MM
  AVERAGE SKY COVER 1.0


WEATHER CONDITIONS
 THE FOLLOWING WEATHER WAS RECORDED TODAY.
  HEAVY RAIN
  RAIN
  LIGHT RAIN
  FOG
  HAZE


RELATIVE HUMIDITY (PERCENT)
 HIGHEST   100          1200 AM
 LOWEST     66           200 PM
 AVERAGE    83

..........................................................


THE KANSAS CITY INTERNATIONAL MO CLIMATE NORMALS FOR TOMORROW
                         NORMAL    RECORD    YEAR
 MAXIMUM TEMPERATURE (F)   88       101      1980
 MINIMUM TEMPERATURE (F)   68        54      1891


SUNRISE AND SUNSET
JULY  7 2015..........SUNRISE   559 AM CDT   SUNSET   848 PM CDT
JULY  8 2015..........SUNRISE   600 AM CDT   SUNSET   848 PM CDT


-  INDICATES NEGATIVE NUMBERS.
R  INDICATES RECORD WAS SET OR TIED.
MM INDICATES DATA IS MISSING.
T  INDICATES TRACE AMOUNT.


&&

...MISCELLANEOUS CLIMATE DATA FROM TODAY...

LOCATION                HIGH    LOW      PRECIP
ST. JOSEPH               74      62       0.06
DOWNTOWN KANSAS CITY     76      62       0.45
OLATHE NEW CENTURY       73      60       0.72
OLATHE JO CO EXEC        74      60       0.50
LEES SUMMIT              75      61       0.65
KIRKSVILLE               74      62       0.10
CHILLICOTHE              76      63       0.31
SEDALIA                  73      64       0.11
NWS PLEASANT HILL MO     72      60       0.19


THIS PRODUCT...ALONG WITH OTHER WEATHER...HYDROLOGICAL AND CLIMATE
INFORMATION...IS AVAILABLE ON THE WEB AT HTTP://WWW.WEATHER.GOV/EAX
OR AT HTTP://WEATHER.GOV

$$

JW
