000
CDUS43 KEAX 190637
CLIMCI

CLIMATE REPORT
NATIONAL WEATHER SERVICE KANSAS CITY/PLEASANT HILL MO
133 AM CDT THU OCT 19 2017


...................................

...THE KANSAS CITY INTERNATIONAL MO CLIMATE SUMMARY FOR OCTOBER 18 2017...

CLIMATE NORMAL PERIOD 1981 TO 2010
CLIMATE RECORD PERIOD 1888 TO 2017


WEATHER ITEM   OBSERVED TIME   RECORD YEAR NORMAL DEPARTURE LAST
                VALUE   (LST)  VALUE       VALUE  FROM      YEAR
                                                  NORMAL
..................................................................
TEMPERATURE (F)
 YESTERDAY
  MAXIMUM         74    309 PM  87    1950  66      8       75
  MINIMUM         52    649 AM  28    1972  45      7       56
  AVERAGE         63                        56      7       66

PRECIPITATION (IN)
  YESTERDAY        0.00          1.15 1979   0.10  -0.10     0.00
  MONTH TO DATE    1.94                      1.98  -0.04     2.48
  SINCE SEP 1      4.74                      6.60  -1.86     7.42
  SINCE JAN 1     42.63                     34.00   8.63    46.85

SNOWFALL (IN)
  YESTERDAY        0.0           1.0  1898   0.0    0.0      0.0
  MONTH TO DATE    0.0                       0.1   -0.1      0.0
  SINCE SEP 1      0.0                       0.1   -0.1      0.0
  SINCE JUL 1      0.0                       0.1   -0.1      0.0
  SNOW DEPTH       0

DEGREE DAYS
 HEATING
  YESTERDAY        2                        10     -8        0
  MONTH TO DATE   70                       136    -66       74
  SINCE SEP 1     86                       201   -115       95
  SINCE JUL 1     90                       203   -113       95

 COOLING
  YESTERDAY        0                         1     -1        1
  MONTH TO DATE   42                        23     19       41
  SINCE SEP 1    247                       182     65      261
  SINCE JAN 1   1325                      1355    -30     1558
..................................................................


WIND (MPH)
  HIGHEST WIND SPEED    23   HIGHEST WIND DIRECTION     S (200)
  HIGHEST GUST SPEED    30   HIGHEST GUST DIRECTION     S (200)
  AVERAGE WIND SPEED    12.4


SKY COVER
  POSSIBLE SUNSHINE  MM
  AVERAGE SKY COVER 0.3


WEATHER CONDITIONS
 THE FOLLOWING WEATHER WAS RECORDED YESTERDAY.
  HAZE


RELATIVE HUMIDITY (PERCENT)
 HIGHEST    83           900 PM
 LOWEST     41           200 PM
 AVERAGE    62

..........................................................


THE KANSAS CITY INTERNATIONAL MO CLIMATE NORMALS FOR TODAY
                         NORMAL    RECORD    YEAR
 MAXIMUM TEMPERATURE (F)   66        87      1963
 MINIMUM TEMPERATURE (F)   45        21      1972


SUNRISE AND SUNSET
OCTOBER 19 2017.......SUNRISE   733 AM CDT   SUNSET   634 PM CDT
OCTOBER 20 2017.......SUNRISE   734 AM CDT   SUNSET   632 PM CDT


-  INDICATES NEGATIVE NUMBERS.
R  INDICATES RECORD WAS SET OR TIED.
MM INDICATES DATA IS MISSING.
T  INDICATES TRACE AMOUNT.


&&

...MISCELLANEOUS CLIMATE DATA FROM YESTERDAY...

LOCATION                HIGH    LOW      PRECIP
ST. JOSEPH               76      47       0.00
DOWNTOWN KANSAS CITY     76      52       0.00
OLATHE NEW CENTURY       74      48       0.00
OLATHE JO CO EXEC        73      48       0.00
LEES SUMMIT              74      50       0.00
KIRKSVILLE               73      45       0.00
CHILLICOTHE              74      47       0.00
SEDALIA                  76      47       0.00
NWS PLEASANT HILL MO     75      47       0.00


THIS PRODUCT...ALONG WITH OTHER WEATHER...HYDROLOGICAL AND CLIMATE
INFORMATION...IS AVAILABLE ON THE WEB AT HTTP://WWW.WEATHER.GOV/EAX
OR AT HTTP://WEATHER.GOV

$$
