000
CDUS43 KGLD 240815
CLIMCK

CLIMATE REPORT
NATIONAL WEATHER SERVICE GOODLAND
108 AM MST MON NOV 24 2014

...................................

...THE MCCOOK NE CLIMATE SUMMARY FOR NOVEMBER 23 2014...

CLIMATE NORMAL PERIOD 1981 TO 2010
CLIMATE RECORD PERIOD 1896 TO 2014


WEATHER ITEM   OBSERVED TIME   RECORD YEAR NORMAL DEPARTURE LAST
                VALUE   (LST)  VALUE       VALUE  FROM      YEAR
                                                  NORMAL
..................................................................
TEMPERATURE (F)
 YESTERDAY
  MAXIMUM         54    414 AM  72    2005  48      6       30
  MINIMUM         31   1154 PM   4    1975  21     10       16
  AVERAGE         43                        34      9       23

PRECIPITATION (IN)
  YESTERDAY        0.00                      0.03  -0.03     0.00
  MONTH TO DATE    T                         0.76  -0.76     0.48
  SINCE SEP 1      1.95                      3.99  -2.04     3.44
  SINCE JAN 1     22.90                     21.70   1.20    12.61

..................................................................

THE MCCOOK NE CLIMATE NORMALS FOR TODAY
                         NORMAL    RECORD    YEAR
 MAXIMUM TEMPERATURE (F)   48        72      1995
 MINIMUM TEMPERATURE (F)   20       -10      1950



-  INDICATES NEGATIVE NUMBERS.
R  INDICATES RECORD WAS SET OR TIED.
MM INDICATES DATA IS MISSING.
T  INDICATES TRACE AMOUNT.




$$
