000
CDUS43 KGLD 010748
CLIMCK

CLIMATE REPORT
NATIONAL WEATHER SERVICE GOODLAND
1238 AM MST SUN MAR 1 2015


...................................

...THE MCCOOK NE CLIMATE SUMMARY FOR FEBRUARY 28 2015...

CLIMATE NORMAL PERIOD 1981 TO 2010
CLIMATE RECORD PERIOD 1896 TO 2015


WEATHER ITEM   OBSERVED TIME   RECORD YEAR NORMAL DEPARTURE LAST
                VALUE   (LST)  VALUE       VALUE  FROM      YEAR
                                                  NORMAL
..................................................................
TEMPERATURE (F)
 YESTERDAY
  MAXIMUM         28    410 PM  82    2006  49    -21       35
  MINIMUM         13    304 AM -13    1960  20     -7       18
  AVERAGE         21                        34    -13       27

PRECIPITATION (IN)
  YESTERDAY        T                         0.03  -0.03     0.00
  MONTH TO DATE    0.22                      0.62  -0.40     0.29
  SINCE DEC 1      1.63                      1.77  -0.14     0.71
  SINCE JAN 1      0.34                      1.13  -0.79     0.49

..................................................................


THE MCCOOK NE CLIMATE NORMALS FOR TODAY
                         NORMAL    RECORD    YEAR
 MAXIMUM TEMPERATURE (F)   49        80      2008
 MINIMUM TEMPERATURE (F)   21        -8      1980


-  INDICATES NEGATIVE NUMBERS.
R  INDICATES RECORD WAS SET OR TIED.
MM INDICATES DATA IS MISSING.
T  INDICATES TRACE AMOUNT.

$$
