000
CDUS42 KFFC 200921
CLIMCN


CLIMATE REPORT
NATIONAL WEATHER SERVICE PEACHTREE CITY GA
420 AM EST TUE FEB 20 2018


...................................

...THE MACON CLIMATE SUMMARY FOR FEBRUARY 19 2018...

CLIMATE NORMAL PERIOD 1981 TO 2010
CLIMATE RECORD PERIOD 1899 TO 2018


WEATHER ITEM   OBSERVED TIME   RECORD YEAR NORMAL DEPARTURE LAST
                VALUE   (LST)  VALUE       VALUE  FROM      YEAR
                                                  NORMAL
..................................................................
TEMPERATURE (F)
 YESTERDAY
  MAXIMUM         80    349 PM  82    1956  63     17       75
  MINIMUM         61   1220 AM  17    1958  39     22       46
  AVERAGE         71                        51     20       61

PRECIPITATION (IN)
  YESTERDAY        0.00          2.22 1924   0.17  -0.17     0.00
  MONTH TO DATE    2.79                      2.96  -0.17     1.51
  SINCE DEC 1      8.19                     11.24  -3.05    18.72
  SINCE JAN 1      4.93                      7.20  -2.27    12.77

SNOWFALL (IN)
  YESTERDAY        0.0           0.0  2002   0.0    0.0      0.0
  MONTH TO DATE    0.0                       0.0    0.0      0.0
  SINCE DEC 1      1.0                       0.5    0.5      0.0
  SINCE JUL 1      1.0                       0.5    0.5      0.0
  SNOW DEPTH       0

DEGREE DAYS
 HEATING
  YESTERDAY        0                        14    -14        4
  MONTH TO DATE  162                       302   -140      172
  SINCE DEC 1   1280                      1412   -132      905
  SINCE JUL 1   1638                      1807   -169     1147

 COOLING
  YESTERDAY        6                         0      6        0
  MONTH TO DATE   18                         0     18        4
  SINCE DEC 1     20                         4     16       10
  SINCE JAN 1     18                         1     17        8
..................................................................


WIND (MPH)
  RESULTANT WIND SPEED   6   RESULTANT WIND DIRECTION   S (160)
  HIGHEST WIND SPEED    16   HIGHEST WIND DIRECTION     S (170)
  HIGHEST GUST SPEED    22   HIGHEST GUST DIRECTION     S (160)
  AVERAGE WIND SPEED     7.2


SKY COVER
  AVERAGE SKY COVER 0.6


WEATHER CONDITIONS
 THE FOLLOWING WEATHER WAS RECORDED YESTERDAY.
  NO SIGNIFICANT WEATHER WAS OBSERVED.


RELATIVE HUMIDITY (PERCENT)
 HIGHEST   100          1200 AM
 LOWEST     52           400 PM
 AVERAGE    76

..........................................................


THE MACON CLIMATE NORMALS FOR TODAY
                         NORMAL    RECORD    YEAR
 MAXIMUM TEMPERATURE (F)   63        80      1991
                                             1986
 MINIMUM TEMPERATURE (F)   39        18      2015


SUNRISE AND SUNSET
FEBRUARY 20 2018......SUNRISE   712 AM EST   SUNSET   625 PM EST
FEBRUARY 21 2018......SUNRISE   711 AM EST   SUNSET   625 PM EST


-  INDICATES NEGATIVE NUMBERS.
R  INDICATES RECORD WAS SET OR TIED.
MM INDICATES DATA IS MISSING.
T  INDICATES TRACE AMOUNT.




$$
