000
CDUS42 KFFC 290822
CLIMCN


CLIMATE REPORT
NATIONAL WEATHER SERVICE PEACHTREE CITY GA
421 AM EDT WED MAR 29 2017


...................................

...THE MACON CLIMATE SUMMARY FOR MARCH 28 2017...

CLIMATE NORMAL PERIOD 1981 TO 2010
CLIMATE RECORD PERIOD 1899 TO 2017


WEATHER ITEM   OBSERVED TIME   RECORD YEAR NORMAL DEPARTURE LAST
                VALUE   (LST)  VALUE       VALUE  FROM      YEAR
                                                  NORMAL
..................................................................
TEMPERATURE (F)
 YESTERDAY
  MAXIMUM         85    214 PM  89    1907  73     12       80
  MINIMUM         63   1159 PM  30    2013  46     17       53
                                      2001
  AVERAGE         74                        60     14       67

PRECIPITATION (IN)
  YESTERDAY        0.02          3.08 2009   0.14  -0.12     0.00
  MONTH TO DATE    1.29                      4.13  -2.84     2.59
  SINCE MAR 1      1.29                      4.13  -2.84     2.59
  SINCE JAN 1     14.49                     12.73   1.76     8.32

SNOWFALL (IN)
  YESTERDAY        0.0           0.0  2002   0.0    0.0      0.0
                                      2001
                                      2000
  MONTH TO DATE    0.0                       0.2   -0.2      0.0
  SINCE MAR 1      0.0                       0.2   -0.2      0.0
  SINCE JUL 1      0.0                       0.7   -0.7       T
  SNOW DEPTH       0

DEGREE DAYS
 HEATING
  YESTERDAY        0                         6     -6        0
  MONTH TO DATE  237                       254    -17      150
  SINCE MAR 1    237                       254    -17      150
  SINCE JUL 1   1424                      2179   -755     1680

 COOLING
  YESTERDAY        9                         1      8        2
  MONTH TO DATE   38                        17     21       46
  SINCE MAR 1     38                        17     21       46
  SINCE JAN 1     49                        20     29       47
..................................................................


WIND (MPH)
  RESULTANT WIND SPEED   6   RESULTANT WIND DIRECTION   W (250)
  HIGHEST WIND SPEED    21   HIGHEST WIND DIRECTION     W (270)
  HIGHEST GUST SPEED    26   HIGHEST GUST DIRECTION     W (280)
  AVERAGE WIND SPEED     6.6


SKY COVER
  AVERAGE SKY COVER 0.7


WEATHER CONDITIONS
 THE FOLLOWING WEATHER WAS RECORDED YESTERDAY.
  NO SIGNIFICANT WEATHER WAS OBSERVED.


RELATIVE HUMIDITY (PERCENT)
 HIGHEST    87           800 AM
 LOWEST     45           300 PM
 AVERAGE    66

..........................................................


THE MACON CLIMATE NORMALS FOR TODAY
                         NORMAL    RECORD    YEAR
 MAXIMUM TEMPERATURE (F)   73        87      1907
 MINIMUM TEMPERATURE (F)   47        27      2015


SUNRISE AND SUNSET
MARCH 29 2017.........SUNRISE   726 AM EDT   SUNSET   753 PM EDT
MARCH 30 2017.........SUNRISE   725 AM EDT   SUNSET   753 PM EDT


-  INDICATES NEGATIVE NUMBERS.
R  INDICATES RECORD WAS SET OR TIED.
MM INDICATES DATA IS MISSING.
T  INDICATES TRACE AMOUNT.




$$
