509
CDUS42 KFFC 230918
CLIMCN


CLIMATE REPORT
NATIONAL WEATHER SERVICE PEACHTREE CITY GA
418 AM EST THU NOV 23 2017


...................................

...THE MACON CLIMATE SUMMARY FOR NOVEMBER 22 2017...

CLIMATE NORMAL PERIOD 1981 TO 2010
CLIMATE RECORD PERIOD 1899 TO 2017


WEATHER ITEM   OBSERVED TIME   RECORD YEAR NORMAL DEPARTURE LAST
                VALUE   (LST)  VALUE       VALUE  FROM      YEAR
                                                  NORMAL
..................................................................
TEMPERATURE (F)
 YESTERDAY
  MAXIMUM         71    302 PM  80    1942  67      4       69
  MINIMUM         48    237 AM  20    2008  41      7       29
  AVERAGE         60                        54      6       49

PRECIPITATION (IN)
  YESTERDAY        0.00          1.27 1948   0.11  -0.11     0.00
  MONTH TO DATE    1.07                      2.31  -1.24     0.00
  SINCE SEP 1      7.88                      8.69  -0.81     2.38
  SINCE JAN 1     45.41                     40.63   4.78    26.60

SNOWFALL (IN)
  YESTERDAY        0.0           0.0  2001   0.0    0.0      0.0
  MONTH TO DATE    0.0                       0.0    0.0      0.0
  SINCE SEP 1      0.0                       0.0    0.0      0.0
  SINCE JUL 1      0.0                       0.0    0.0      0.0
  SNOW DEPTH       0

DEGREE DAYS
 HEATING
  YESTERDAY        5                        11     -6       16
  MONTH TO DATE  176                       190    -14      169
  SINCE SEP 1    271                       293    -22      194
  SINCE JUL 1    271                       293    -22      194

 COOLING
  YESTERDAY        0                         0      0        0
  MONTH TO DATE   28                        16     12       20
  SINCE SEP 1    508                       416     92      586
  SINCE JAN 1   2370                      2160    210     2613
..................................................................


WIND (MPH)
  RESULTANT WIND SPEED   3   RESULTANT WIND DIRECTION   N (340)
  HIGHEST WIND SPEED    13   HIGHEST WIND DIRECTION     N (360)
  HIGHEST GUST SPEED    20   HIGHEST GUST DIRECTION     E (70)
  AVERAGE WIND SPEED     4.1


SKY COVER
  AVERAGE SKY COVER 0.3


WEATHER CONDITIONS
 THE FOLLOWING WEATHER WAS RECORDED YESTERDAY.
  FOG


RELATIVE HUMIDITY (PERCENT)
 HIGHEST   100          1200 AM
 LOWEST     39           400 PM
 AVERAGE    70

..........................................................


THE MACON CLIMATE NORMALS FOR TODAY
                         NORMAL    RECORD    YEAR
 MAXIMUM TEMPERATURE (F)   66        82      1979
 MINIMUM TEMPERATURE (F)   41        24      1956


SUNRISE AND SUNSET
NOVEMBER 23 2017......SUNRISE   712 AM EST   SUNSET   530 PM EST
NOVEMBER 24 2017......SUNRISE   713 AM EST   SUNSET   530 PM EST


-  INDICATES NEGATIVE NUMBERS.
R  INDICATES RECORD WAS SET OR TIED.
MM INDICATES DATA IS MISSING.
T  INDICATES TRACE AMOUNT.




$$
