000
CDUS42 KFFC 100920
CLIMCN


CLIMATE REPORT
NATIONAL WEATHER SERVICE PEACHTREE CITY GA
419 AM EST WED FEB 10 2016


...................................

...THE MACON CLIMATE SUMMARY FOR FEBRUARY 9 2016...

CLIMATE NORMAL PERIOD 1981 TO 2010
CLIMATE RECORD PERIOD 1899 TO 2016


WEATHER ITEM   OBSERVED TIME   RECORD YEAR NORMAL DEPARTURE LAST
                VALUE   (LST)  VALUE       VALUE  FROM      YEAR
                                                  NORMAL
..................................................................
TEMPERATURE (F)
 YESTERDAY
  MAXIMUM         42    400 PM  82    1957  61    -19       68
  MINIMUM         27   1111 PM  13    1933  37    -10       50
  AVERAGE         35                        49    -14       59

PRECIPITATION (IN)
  YESTERDAY        T             3.67 1909   0.16  -0.16     0.38
  MONTH TO DATE    2.21                      1.38   0.83     0.74
  SINCE DEC 1     17.35                      9.66   7.69     9.07
  SINCE JAN 1      4.73                      5.62  -0.89     3.18

SNOWFALL (IN)
  YESTERDAY        T   R         0.0  2002   0.0    0.0      0.0
  MONTH TO DATE    T                         0.0    0.0      0.0
  SINCE DEC 1      T                         0.5   -0.5      0.0
  SINCE JUL 1      T                         0.5   -0.5      0.0
  SNOW DEPTH       0

DEGREE DAYS
 HEATING
  YESTERDAY       30                        16     14        6
  MONTH TO DATE  142                       151     -9      172
  SINCE DEC 1    989                      1261   -272     1236
  SINCE JUL 1   1261                      1656   -395     1796

 COOLING
  YESTERDAY        0                         0      0        0
  MONTH TO DATE    0                         0      0        0
  SINCE DEC 1     42                         4     38        0
  SINCE JAN 1      0                         1     -1        0
..................................................................


WIND (MPH)
  RESULTANT WIND SPEED  11   RESULTANT WIND DIRECTION   W (280)
  HIGHEST WIND SPEED    24   HIGHEST WIND DIRECTION     W (260)
  HIGHEST GUST SPEED    33   HIGHEST GUST DIRECTION     W (290)
  AVERAGE WIND SPEED    11.5


SKY COVER
  AVERAGE SKY COVER 0.7


WEATHER CONDITIONS
 THE FOLLOWING WEATHER WAS RECORDED YESTERDAY.
  LIGHT SNOW


RELATIVE HUMIDITY (PERCENT)
 HIGHEST    85          1000 PM
 LOWEST     40          1100 AM
 AVERAGE    63

..........................................................


THE MACON CLIMATE NORMALS FOR TODAY
                         NORMAL    RECORD    YEAR
 MAXIMUM TEMPERATURE (F)   61        81      1932
 MINIMUM TEMPERATURE (F)   37        16      1971


SUNRISE AND SUNSET
FEBRUARY 10 2016......SUNRISE   723 AM EST   SUNSET   615 PM EST
FEBRUARY 11 2016......SUNRISE   722 AM EST   SUNSET   616 PM EST


-  INDICATES NEGATIVE NUMBERS.
R  INDICATES RECORD WAS SET OR TIED.
MM INDICATES DATA IS MISSING.
T  INDICATES TRACE AMOUNT.




$$
