000
CDUS42 KMLB 290647
CLIMCO


CLIMATE REPORT
NATIONAL WEATHER SERVICE MELBOURNE FL
245 AM EDT FRI APR 29 2016


...................................

...THE ORLANDO  CLIMATE SUMMARY FOR APRIL 28 2016...

CLIMATE NORMAL PERIOD 1981 TO 2010
CLIMATE RECORD PERIOD 1892 TO 2016


WEATHER ITEM   OBSERVED TIME   RECORD YEAR NORMAL DEPARTURE LAST
                VALUE   (LST)  VALUE       VALUE  FROM      YEAR
                                                  NORMAL
..................................................................
TEMPERATURE (F)
 YESTERDAY
  MAXIMUM         89    220 PM  95    2011  85      4       82
  MINIMUM         65    419 AM  48    1977  62      3       70
  AVERAGE         77                        74      3       76

PRECIPITATION (IN)
  YESTERDAY        0.64          2.64 1928   0.08   0.56     0.33
  MONTH TO DATE    1.27                      2.54  -1.27     4.21
  SINCE MAR 1      6.58                      6.31   0.27     4.96
  SINCE JAN 1     13.92                     11.04   2.88    13.06

SNOWFALL (IN)
  YESTERDAY        0.0
  MONTH TO DATE    0.0
  SINCE MAR 1      0.0
  SINCE JUL 1      0.0

DEGREE DAYS
 HEATING
  YESTERDAY        0                         0      0        0
  MONTH TO DATE    0                        11    -11        0
  SINCE MAR 1     16                        70    -54       16
  SINCE JUL 1    370                       569   -199      486

 COOLING
  YESTERDAY       12                         9      3       11
  MONTH TO DATE  214                       182     32      361
  SINCE MAR 1    431                       300    131      629
  SINCE JAN 1    493                       404     89      703
..................................................................


WIND (MPH)
  HIGHEST WIND SPEED    24   HIGHEST WIND DIRECTION     N (20)
  HIGHEST GUST SPEED    28   HIGHEST GUST DIRECTION     N (360)
  AVERAGE WIND SPEED     5.4


SKY COVER
  AVERAGE SKY COVER 0.6


WEATHER CONDITIONS
 THE FOLLOWING WEATHER WAS RECORDED YESTERDAY.
  THUNDERSTORM
  HEAVY RAIN
  RAIN
  LIGHT RAIN
  FOG


RELATIVE HUMIDITY (PERCENT)
 HIGHEST    90           900 PM
 LOWEST     41           100 PM
 AVERAGE    66

..........................................................


THE ORLANDO  CLIMATE NORMALS FOR TODAY
                         NORMAL    RECORD    YEAR
 MAXIMUM TEMPERATURE (F)   85        96      1906
 MINIMUM TEMPERATURE (F)   62        42      1928


SUNRISE AND SUNSET
APRIL 29 2016.........SUNRISE   646 AM EDT   SUNSET   759 PM EDT
APRIL 30 2016.........SUNRISE   645 AM EDT   SUNSET   800 PM EDT


-  INDICATES NEGATIVE NUMBERS.
R  INDICATES RECORD WAS SET OR TIED.
MM INDICATES DATA IS MISSING.
T  INDICATES TRACE AMOUNT.




$$
