000
CDUS42 KMLB 240631
CLIMCO


CLIMATE REPORT
NATIONAL WEATHER SERVICE MELBOURNE FL
231 AM EDT TUE OCT 24 2017


...................................

...THE ORLANDO INTL CLIMATE SUMMARY FOR OCTOBER 23 2017...

CLIMATE NORMAL PERIOD 1981 TO 2010
CLIMATE RECORD PERIOD 1892 TO 2017


WEATHER ITEM   OBSERVED TIME   RECORD YEAR NORMAL DEPARTURE LAST
                VALUE   (LST)  VALUE       VALUE  FROM      YEAR
                                                  NORMAL
..................................................................
TEMPERATURE (F)
 YESTERDAY
  MAXIMUM         85    101 PM  93    1919  83      2       79
  MINIMUM         72   1159 PM  47    1937  64      8       54
  AVERAGE         79                        74      5       67

PRECIPITATION (IN)
  YESTERDAY        0.14          1.59 2002   0.09   0.05     0.00
  MONTH TO DATE    3.44                      2.71   0.73     2.77
  SINCE SEP 1     17.53                      8.77   8.76    10.03
  SINCE JAN 1     45.95                     45.38   0.57    51.72

SNOWFALL (IN)
  YESTERDAY        0.0
  MONTH TO DATE    0.0
  SINCE JUL 1      0.0

DEGREE DAYS
 HEATING
  YESTERDAY        0                         0      0        0
  MONTH TO DATE    0                         0      0        0
  SINCE SEP 1      0                         0      0        0
  SINCE JUL 1      0                         0      0        0

 COOLING
  YESTERDAY       14                         9      5        2
  MONTH TO DATE  339                       266     73      293
  SINCE SEP 1    828                       749     79      816
  SINCE JAN 1   3426                      3142    284     3489
..................................................................


WIND (MPH)
  HIGHEST WIND SPEED    20   HIGHEST WIND DIRECTION     S (160)
  HIGHEST GUST SPEED    25   HIGHEST GUST DIRECTION    SE (150)
  AVERAGE WIND SPEED     8.7


SKY COVER
  AVERAGE SKY COVER 0.9


WEATHER CONDITIONS
 THE FOLLOWING WEATHER WAS RECORDED YESTERDAY.
  RAIN
  LIGHT RAIN
  FOG


RELATIVE HUMIDITY (PERCENT)
 HIGHEST   100           500 AM
 LOWEST     69          1200 PM
 AVERAGE    85

..........................................................


THE ORLANDO INTL CLIMATE NORMALS FOR TODAY
                         NORMAL    RECORD    YEAR
 MAXIMUM TEMPERATURE (F)   83        94      1919
 MINIMUM TEMPERATURE (F)   64        38      1937


SUNRISE AND SUNSET
OCTOBER 24 2017.......SUNRISE   732 AM EDT   SUNSET   647 PM EDT
OCTOBER 25 2017.......SUNRISE   732 AM EDT   SUNSET   646 PM EDT


-  INDICATES NEGATIVE NUMBERS.
R  INDICATES RECORD WAS SET OR TIED.
MM INDICATES DATA IS MISSING.
T  INDICATES TRACE AMOUNT.




$$
