924
CDUS42 KMLB 190627
CLIMCO


CLIMATE REPORT
NATIONAL WEATHER SERVICE MELBOURNE FL
126 AM EST FRI JAN 19 2018


...................................

...THE ORLANDO INTL CLIMATE SUMMARY FOR JANUARY 18 2018...

CLIMATE NORMAL PERIOD 1981 TO 2010
CLIMATE RECORD PERIOD 1892 TO 2018


WEATHER ITEM   OBSERVED TIME   RECORD YEAR NORMAL DEPARTURE LAST
                VALUE   (LST)  VALUE       VALUE  FROM      YEAR
                                                  NORMAL
..................................................................
TEMPERATURE (F)
 YESTERDAY
  MAXIMUM         53    425 PM  86    1943  71    -18       81
  MINIMUM         27    734 AM  26    1977  49    -22       57
  AVERAGE         40                        60    -20       69

PRECIPITATION (IN)
  YESTERDAY        0.00          1.05 2004   0.06  -0.06     0.00
  MONTH TO DATE    1.29                      1.35  -0.06     1.14
  SINCE DEC 1      1.64                      3.93  -2.29     3.66
  SINCE JAN 1      1.29                      1.35  -0.06     1.14

SNOWFALL (IN)
  YESTERDAY        0.0
  MONTH TO DATE    0.0
  SINCE JUL 1      0.0

DEGREE DAYS
 HEATING
  YESTERDAY       25                         6     19        0
  MONTH TO DATE  201                       115     86       42
  SINCE DEC 1    302                       259     43       74
  SINCE JUL 1    326                       306     20       97

 COOLING
  YESTERDAY        0                         1     -1        4
  MONTH TO DATE   21                        21      0       54
  SINCE DEC 1    113                        91     22      213
  SINCE JAN 1     21                        21      0       54
..................................................................


WIND (MPH)
  HIGHEST WIND SPEED    17   HIGHEST WIND DIRECTION    NW (320)
  HIGHEST GUST SPEED    22   HIGHEST GUST DIRECTION    NW (330)
  AVERAGE WIND SPEED     9.7


SKY COVER
  AVERAGE SKY COVER 0.2


WEATHER CONDITIONS
 THE FOLLOWING WEATHER WAS RECORDED YESTERDAY.
  NO SIGNIFICANT WEATHER WAS OBSERVED.


RELATIVE HUMIDITY (PERCENT)
 HIGHEST    70          1100 PM
 LOWEST     26           300 PM
 AVERAGE    48

..........................................................


THE ORLANDO INTL CLIMATE NORMALS FOR TODAY
                         NORMAL    RECORD    YEAR
 MAXIMUM TEMPERATURE (F)   71        86      1925
 MINIMUM TEMPERATURE (F)   49        24      1977


SUNRISE AND SUNSET
JANUARY 19 2018.......SUNRISE   718 AM EST   SUNSET   554 PM EST
JANUARY 20 2018.......SUNRISE   718 AM EST   SUNSET   555 PM EST


-  INDICATES NEGATIVE NUMBERS.
R  INDICATES RECORD WAS SET OR TIED.
MM INDICATES DATA IS MISSING.
T  INDICATES TRACE AMOUNT.




$$
