000
CDUS42 KMLB 250659
CLIMCO


CLIMATE REPORT
NATIONAL WEATHER SERVICE MELBOURNE FL
158 AM EST SUN JAN 25 2015


...................................

...THE ORLANDO  CLIMATE SUMMARY FOR JANUARY 24 2015...

CLIMATE NORMAL PERIOD 1981 TO 2010
CLIMATE RECORD PERIOD 1892 TO 2015


WEATHER ITEM   OBSERVED TIME   RECORD YEAR NORMAL DEPARTURE LAST
                VALUE   (LST)  VALUE       VALUE  FROM      YEAR
                                                  NORMAL
..................................................................
TEMPERATURE (F)
 YESTERDAY
  MAXIMUM         71    712 AM  86    1971  72     -1       59
                                      1920
  MINIMUM         49   1159 PM  27    2003  49      0       43
  AVERAGE         60                        60      0       51

PRECIPITATION (IN)
  YESTERDAY        0.36          3.47 1914   0.08   0.28     0.00
  MONTH TO DATE    3.46                      1.81   1.65     1.25
  SINCE DEC 1      5.05                      4.39   0.66     1.52
  SINCE JAN 1      3.46                      1.81   1.65     1.25

SNOWFALL (IN)
  YESTERDAY       MM
  MONTH TO DATE    0.0
  SINCE DEC 1      0.0
  SINCE JUL 1      0.0

DEGREE DAYS
 HEATING
  YESTERDAY        5                         6     -1       14
  MONTH TO DATE   84                       151    -67      189
  SINCE DEC 1    178                       295   -117      223
  SINCE JUL 1    260                       342    -82      246

 COOLING
  YESTERDAY        0                         1     -1        0
  MONTH TO DATE   52                        27     25       40
  SINCE DEC 1    156                        97     59      173
  SINCE JAN 1     52                        27     25       40
..................................................................


WIND (MPH)
  HIGHEST WIND SPEED    28   HIGHEST WIND DIRECTION     W (270)
  HIGHEST GUST SPEED    37   HIGHEST GUST DIRECTION     W (280)
  AVERAGE WIND SPEED    16.0


SKY COVER
  AVERAGE SKY COVER 0.5


WEATHER CONDITIONS
 THE FOLLOWING WEATHER WAS RECORDED YESTERDAY.
  HEAVY RAIN
  RAIN
  LIGHT RAIN
  FOG


RELATIVE HUMIDITY (PERCENT)
 HIGHEST   100           500 AM
 LOWEST     56           200 PM
 AVERAGE    78

..........................................................


THE ORLANDO  CLIMATE NORMALS FOR TODAY
                         NORMAL    RECORD    YEAR
 MAXIMUM TEMPERATURE (F)   72        86      1920
 MINIMUM TEMPERATURE (F)   49        33      1955
                                             1908


SUNRISE AND SUNSET
JANUARY 25 2015.......SUNRISE   716 AM EST   SUNSET   559 PM EST
JANUARY 26 2015.......SUNRISE   716 AM EST   SUNSET   600 PM EST


-  INDICATES NEGATIVE NUMBERS.
R  INDICATES RECORD WAS SET OR TIED.
MM INDICATES DATA IS MISSING.
T  INDICATES TRACE AMOUNT.




$$
