000
CDUS42 KMLB 062117
CLIMCO


CLIMATE REPORT
NATIONAL WEATHER SERVICE MELBOURNE FL
416 PM EST FRI MAR 6 2015


...................................

...THE ORLANDO  CLIMATE SUMMARY FOR MARCH 6 2015...
VALID TODAY AS OF 0400 PM LOCAL TIME.

CLIMATE NORMAL PERIOD 1981 TO 2010
CLIMATE RECORD PERIOD 1892 TO 2015


WEATHER ITEM   OBSERVED TIME   RECORD YEAR NORMAL DEPARTURE LAST
                VALUE   (LST)  VALUE       VALUE  FROM      YEAR
                                                  NORMAL
..................................................................
TEMPERATURE (F)
 TODAY
  MAXIMUM         73   1212 AM  92    1945  77     -4       70
  MINIMUM         63    359 PM  33    1962  55      8       60
                                      1920
  AVERAGE         68                        66      2       65

PRECIPITATION (IN)
  TODAY            T             1.66 2008   0.11  -0.11     0.25
  MONTH TO DATE    0.35                      0.62  -0.27     0.36
  SINCE MAR 1      0.35                      0.62  -0.27     0.36
  SINCE JAN 1      8.45                      5.35   3.10     5.40

SNOWFALL (IN)
  TODAY            0.0
  MONTH TO DATE    0.0
  SINCE MAR 1      0.0
  SINCE JUL 1      0.0

DEGREE DAYS
 HEATING
  TODAY            0                         3     -3        0
  MONTH TO DATE    0                        18    -18        1
  SINCE MAR 1      0                        18    -18        1
  SINCE JUL 1    470                       517    -47      365

 COOLING
  TODAY            3                         3      0        0
  MONTH TO DATE   50                        18     32       15
  SINCE MAR 1     50                        18     32       15
  SINCE JAN 1    124                       122      2      165
..................................................................


WIND (MPH)
  HIGHEST WIND SPEED    16   HIGHEST WIND DIRECTION     N (10)
  HIGHEST GUST SPEED    20   HIGHEST GUST DIRECTION    NE (30)
  AVERAGE WIND SPEED     8.4


SKY COVER
  AVERAGE SKY COVER 0.8


WEATHER CONDITIONS
 THE FOLLOWING WEATHER WAS RECORDED TODAY.
  LIGHT RAIN
  FOG


RELATIVE HUMIDITY (PERCENT)
 HIGHEST    93          1200 AM
 LOWEST     73          1200 PM
 AVERAGE    83

..........................................................


THE ORLANDO  CLIMATE NORMALS FOR TOMORROW
                         NORMAL    RECORD    YEAR
 MAXIMUM TEMPERATURE (F)   77        90      1938
 MINIMUM TEMPERATURE (F)   55        29      1920


SUNRISE AND SUNSET
MARCH  6 2015.........SUNRISE   645 AM EST   SUNSET   628 PM EST
MARCH  7 2015.........SUNRISE   644 AM EST   SUNSET   629 PM EST


-  INDICATES NEGATIVE NUMBERS.
R  INDICATES RECORD WAS SET OR TIED.
MM INDICATES DATA IS MISSING.
T  INDICATES TRACE AMOUNT.




$$
