000
CDUS42 KMLB 250629
CLIMCO


CLIMATE REPORT
NATIONAL WEATHER SERVICE MELBOURNE FL
227 AM EDT MON MAY 25 2015


...................................

...THE ORLANDO  CLIMATE SUMMARY FOR MAY 24 2015...

CLIMATE NORMAL PERIOD 1981 TO 2010
CLIMATE RECORD PERIOD 1892 TO 2015


WEATHER ITEM   OBSERVED TIME   RECORD YEAR NORMAL DEPARTURE LAST
                VALUE   (LST)  VALUE       VALUE  FROM      YEAR
                                                  NORMAL
..................................................................
TEMPERATURE (F)
 YESTERDAY
  MAXIMUM         90   1251 PM  97    1956  89      1       96
                                      1953
                                      1938
  MINIMUM         75   1159 PM  56    1919  68      7       72
                                      1893
  AVERAGE         83                        79      4       84

PRECIPITATION (IN)
  YESTERDAY        0.00          1.32 1991   0.15  -0.15     0.00
  MONTH TO DATE    0.78                      2.26  -1.48     3.37
  SINCE MAR 1      5.74                      8.71  -2.97    12.09
  SINCE JAN 1     13.84                     13.44   0.40    17.13

SNOWFALL (IN)
  YESTERDAY        0.0
  MONTH TO DATE    0.0
  SINCE MAR 1      0.0
  SINCE JUL 1      0.0

DEGREE DAYS
 HEATING
  YESTERDAY        0                         0      0        0
  MONTH TO DATE    0                         0      0        0
  SINCE MAR 1     16                        71    -55       42
  SINCE JUL 1    486                       570    -84      406

 COOLING
  YESTERDAY       18                        14      4       19
  MONTH TO DATE  341                       279     62      300
  SINCE MAR 1    993                       596    397      672
  SINCE JAN 1   1067                       700    367      822
..................................................................


WIND (MPH)
  HIGHEST WIND SPEED    22   HIGHEST WIND DIRECTION     E (90)
  HIGHEST GUST SPEED    25   HIGHEST GUST DIRECTION     E (70)
  AVERAGE WIND SPEED    10.9


SKY COVER
  AVERAGE SKY COVER 0.4


WEATHER CONDITIONS
 THE FOLLOWING WEATHER WAS RECORDED YESTERDAY.
  THUNDERSTORM


RELATIVE HUMIDITY (PERCENT)
 HIGHEST    87           200 AM
 LOWEST     55           200 PM
 AVERAGE    71

..........................................................


THE ORLANDO  CLIMATE NORMALS FOR TODAY
                         NORMAL    RECORD    YEAR
 MAXIMUM TEMPERATURE (F)   90        98      1962
 MINIMUM TEMPERATURE (F)   69        53      1931


SUNRISE AND SUNSET
MAY 25 2015...........SUNRISE   630 AM EDT   SUNSET   814 PM EDT
MAY 26 2015...........SUNRISE   630 AM EDT   SUNSET   815 PM EDT


-  INDICATES NEGATIVE NUMBERS.
R  INDICATES RECORD WAS SET OR TIED.
MM INDICATES DATA IS MISSING.
T  INDICATES TRACE AMOUNT.




$$
