000
CDUS42 KMLB 250627
CLIMCO


CLIMATE REPORT
NATIONAL WEATHER SERVICE MELBOURNE
227 AM EDT FRI APR 25 2014


...................................

...THE ORLANDO  CLIMATE SUMMARY FOR APRIL 24 2014...

CLIMATE NORMAL PERIOD 1981 TO 2010
CLIMATE RECORD PERIOD 1892 TO 2014


WEATHER ITEM   OBSERVED TIME   RECORD YEAR NORMAL DEPARTURE LAST
                VALUE   (LST)  VALUE       VALUE  FROM      YEAR
                                                  NORMAL
..................................................................
TEMPERATURE (F)
 YESTERDAY
  MAXIMUM         88    400 PM  99    1923  84      4       85
  MINIMUM         64    418 AM  45    1903  61      3       59
  AVERAGE         76                        73      3       72

PRECIPITATION (IN)
  YESTERDAY        0.00          2.18 1928   0.08  -0.08     0.00
  MONTH TO DATE    2.35                      2.24   0.11     2.66
  SINCE MAR 1      6.87                      6.01   0.86     3.93
  SINCE JAN 1     11.91                     10.74   1.17     4.84

SNOWFALL (IN)
  YESTERDAY        0.0
  MONTH TO DATE    0.0
  SINCE MAR 1      0.0
  SINCE JUL 1      0.0

DEGREE DAYS
 HEATING
  YESTERDAY        0                         0      0        0
  MONTH TO DATE    0                        11    -11        0
  SINCE MAR 1     42                        70    -28      149
  SINCE JUL 1    406                       569   -163      461

 COOLING
  YESTERDAY       11                         8      3        7
  MONTH TO DATE  175                       149     26      223
  SINCE MAR 1    282                       267     15      274
  SINCE JAN 1    432                       371     61      474
..................................................................


WIND (MPH)
  HIGHEST WIND SPEED    17   HIGHEST WIND DIRECTION     E (110)
  HIGHEST GUST SPEED    20   HIGHEST GUST DIRECTION     E (110)
  AVERAGE WIND SPEED     5.6


SKY COVER
  AVERAGE SKY COVER 0.3


WEATHER CONDITIONS
 THE FOLLOWING WEATHER WAS RECORDED YESTERDAY.
  FOG
  HAZE


RELATIVE HUMIDITY (PERCENT)
 HIGHEST    87           400 AM
 LOWEST     40           300 PM
 AVERAGE    64

..........................................................


THE ORLANDO  CLIMATE NORMALS FOR TODAY
                         NORMAL    RECORD    YEAR
 MAXIMUM TEMPERATURE (F)   84        97      1908
 MINIMUM TEMPERATURE (F)   62        44      2012


SUNRISE AND SUNSET
APRIL 25 2014.........SUNRISE   650 AM EDT   SUNSET   757 PM EDT
APRIL 26 2014.........SUNRISE   649 AM EDT   SUNSET   757 PM EDT


-  INDICATES NEGATIVE NUMBERS.
R  INDICATES RECORD WAS SET OR TIED.
MM INDICATES DATA IS MISSING.
T  INDICATES TRACE AMOUNT.




$$
