000
CDUS42 KMLB 210628
CLIMCO


CLIMATE REPORT
NATIONAL WEATHER SERVICE MELBOURNE FL
128 AM EST TUE FEB 21 2017


...................................

...THE ORLANDO  CLIMATE SUMMARY FOR FEBRUARY 20 2017...

CLIMATE NORMAL PERIOD 1981 TO 2010
CLIMATE RECORD PERIOD 1892 TO 2017


WEATHER ITEM   OBSERVED TIME   RECORD YEAR NORMAL DEPARTURE LAST
                VALUE   (LST)  VALUE       VALUE  FROM      YEAR
                                                  NORMAL
..................................................................
TEMPERATURE (F)
 YESTERDAY
  MAXIMUM         84    303 PM  89    1988  75      9       77
  MINIMUM         55    610 AM  33    2015  53      2       51
                                      1958
                                      1900
  AVERAGE         70                        64      6       64

PRECIPITATION (IN)
  YESTERDAY        0.00          1.85 1902   0.08  -0.08     0.00
  MONTH TO DATE    0.47                      1.67  -1.20     1.17
  SINCE DEC 1      4.97                      6.60  -1.63     7.54
  SINCE JAN 1      2.45                      4.02  -1.57     6.82

SNOWFALL (IN)
  YESTERDAY        0.0
  MONTH TO DATE    0.0
  SINCE DEC 1      0.0
  SINCE JUL 1      0.0

DEGREE DAYS
 HEATING
  YESTERDAY        0                         4     -4        1
  MONTH TO DATE   16                        91    -75      113
  SINCE DEC 1    146                       428   -282      313
  SINCE JUL 1    169                       475   -306      322

 COOLING
  YESTERDAY        5                         2      3        0
  MONTH TO DATE   61                        40     21       32
  SINCE DEC 1    312                       155    157      270
  SINCE JAN 1    153                        85     68       47
..................................................................


WIND (MPH)
  HIGHEST WIND SPEED    15   HIGHEST WIND DIRECTION    NE (60)
  HIGHEST GUST SPEED    20   HIGHEST GUST DIRECTION    NE (50)
  AVERAGE WIND SPEED     4.5


SKY COVER
  AVERAGE SKY COVER 0.2


WEATHER CONDITIONS
 THE FOLLOWING WEATHER WAS RECORDED YESTERDAY.
  FOG


RELATIVE HUMIDITY (PERCENT)
 HIGHEST   100           600 AM
 LOWEST     37           200 PM
 AVERAGE    69

..........................................................


THE ORLANDO  CLIMATE NORMALS FOR TODAY
                         NORMAL    RECORD    YEAR
 MAXIMUM TEMPERATURE (F)   75        88      1989
                                             1961
                                             1929
 MINIMUM TEMPERATURE (F)   53        33      1977
                                             1958


SUNRISE AND SUNSET
FEBRUARY 21 2017......SUNRISE   658 AM EST   SUNSET   620 PM EST
FEBRUARY 22 2017......SUNRISE   657 AM EST   SUNSET   621 PM EST


-  INDICATES NEGATIVE NUMBERS.
R  INDICATES RECORD WAS SET OR TIED.
MM INDICATES DATA IS MISSING.
T  INDICATES TRACE AMOUNT.




$$
