000
CDUS43 KDMX 280653 RRA
CLIMCW

CLIMATE REPORT
NATIONAL WEATHER SERVICE DES MOINES IA
137 AM CDT SUN AUG 28 2016


...................................

...THE MASON CITY IA CLIMATE SUMMARY FOR AUGUST 27 2016...

CLIMATE NORMAL PERIOD 1981 TO 2010
CLIMATE RECORD PERIOD 1893 TO 2016


WEATHER ITEM   OBSERVED TIME   RECORD YEAR NORMAL DEPARTURE LAST
                VALUE   (LST)  VALUE       VALUE  FROM      YEAR
                                                  NORMAL
..................................................................
TEMPERATURE (F)
 YESTERDAY
  MAXIMUM         75    525 PM  98    1984  79     -4       71
  MINIMUM         59   1153 PM  39    1896  56      3       48
  AVERAGE         67                        68     -1       60

PRECIPITATION (IN)
  YESTERDAY        0.12          1.58 1936   0.13  -0.01      T
  MONTH TO DATE    6.62                      3.54   3.08     3.20
  SINCE JUN 1     20.02                     13.38   6.64    14.87
  SINCE JAN 1     31.24                     25.86   5.38    25.87

SNOWFALL (IN)
  YESTERDAY        0.0          MM      MM   0.0    0.0      0.0
  MONTH TO DATE    0.0                       0.0    0.0      0.0
  SINCE JUN 1      0.0                       0.0    0.0      0.0
  SINCE JUL 1      0.0                       0.0    0.0      0.0
  SNOW DEPTH       0

DEGREE DAYS
 HEATING
  YESTERDAY        0                         1     -1        5
  MONTH TO DATE    8                        22    -14       32
  SINCE JUN 1     26                        75    -49       65
  SINCE JUL 1     18                        31    -13       53

 COOLING
  YESTERDAY        2                         4     -2        0
  MONTH TO DATE  146                       146      0      125
  SINCE JUN 1    549                       505     44      478
  SINCE JAN 1    590                       540     50      508
..................................................................


WIND (MPH)
  HIGHEST WIND SPEED    12   HIGHEST WIND DIRECTION     W (250)
  HIGHEST GUST SPEED    17   HIGHEST GUST DIRECTION     E (110)
  AVERAGE WIND SPEED     5.8


SKY COVER
  POSSIBLE SUNSHINE  MM
  AVERAGE SKY COVER 0.8


WEATHER CONDITIONS
 THE FOLLOWING WEATHER WAS RECORDED YESTERDAY.
  HEAVY RAIN
  LIGHT RAIN
  FOG
  FOG W/VISIBILITY <= 1/4 MILE


RELATIVE HUMIDITY (PERCENT)
 HIGHEST   100           900 AM
 LOWEST     69           400 PM
 AVERAGE    85

..........................................................


THE MASON CITY IA CLIMATE NORMALS FOR TODAY
                         NORMAL    RECORD    YEAR
 MAXIMUM TEMPERATURE (F)   79        97      1894
 MINIMUM TEMPERATURE (F)   56        36      1935


SUNRISE AND SUNSET
AUGUST 28 2016........SUNRISE   634 AM CDT   SUNSET   754 PM CDT
AUGUST 29 2016........SUNRISE   635 AM CDT   SUNSET   752 PM CDT


-  INDICATES NEGATIVE NUMBERS.
R  INDICATES RECORD WAS SET OR TIED.
MM INDICATES DATA IS MISSING.
T  INDICATES TRACE AMOUNT.




$$
