000
CDUS43 KDMX 040652
CLIMCW

CLIMATE REPORT
NATIONAL WEATHER SERVICE DES MOINES IA
1251 AM CST SUN DEC 4 2016

...................................

...THE MASON CITY IA CLIMATE SUMMARY FOR DECEMBER 3 2016...

CLIMATE NORMAL PERIOD 1981 TO 2010
CLIMATE RECORD PERIOD 1893 TO 2016


WEATHER ITEM   OBSERVED TIME   RECORD YEAR NORMAL DEPARTURE LAST
                VALUE   (LST)  VALUE       VALUE  FROM      YEAR
                                                  NORMAL
..................................................................
TEMPERATURE (F)
 YESTERDAY
  MAXIMUM         37    353 PM  63    2012  32      5       35
  MINIMUM         29    813 AM -16    1940  15     14       17
  AVERAGE         33                        24      9       26

PRECIPITATION (IN)
  YESTERDAY        0.06          0.71 1953   0.05   0.01     0.00
  MONTH TO DATE    0.06                      0.15  -0.09     0.01
  SINCE DEC 1      0.06                      0.15  -0.09     0.01
  SINCE JAN 1     45.64                     34.11  11.53    36.35

SNOWFALL (IN)
  YESTERDAY        T             4.3  1990   0.2   -0.2      0.0
  MONTH TO DATE    T                         0.8   -0.8      0.2
  SINCE DEC 1      T                         0.8   -0.8      0.2
  SINCE JUL 1      T                         5.5   -5.5     10.2
  SNOW DEPTH       0

DEGREE DAYS
 HEATING
  YESTERDAY       32                        41     -9       39
  MONTH TO DATE   97                       122    -25      112
  SINCE DEC 1     97                       122    -25      112
  SINCE JUL 1   1261                      1802   -541     1467

 COOLING
  YESTERDAY        0                         0      0        0
  MONTH TO DATE    0                         0      0        0
  SINCE DEC 1      0                         0      0        0
  SINCE JAN 1    697                       616     81      652
..................................................................


WIND (MPH)
  HIGHEST WIND SPEED    14   HIGHEST WIND DIRECTION     S (160)
  HIGHEST GUST SPEED    17   HIGHEST GUST DIRECTION     S (160)
  AVERAGE WIND SPEED     6.1


SKY COVER
  POSSIBLE SUNSHINE  MM
  AVERAGE SKY COVER 0.9


WEATHER CONDITIONS
 THE FOLLOWING WEATHER WAS RECORDED YESTERDAY.
  LIGHT SNOW
  FOG
  HAZE


RELATIVE HUMIDITY (PERCENT)
 HIGHEST    96           700 PM
 LOWEST     69           900 AM
 AVERAGE    83

..........................................................


THE MASON CITY IA CLIMATE NORMALS FOR TODAY
                         NORMAL    RECORD    YEAR
 MAXIMUM TEMPERATURE (F)   32        58      2001
 MINIMUM TEMPERATURE (F)   15        -9      1991


SUNRISE AND SUNSET
DECEMBER  4 2016......SUNRISE   729 AM CST   SUNSET   438 PM CST
DECEMBER  5 2016......SUNRISE   730 AM CST   SUNSET   438 PM CST


-  INDICATES NEGATIVE NUMBERS.
R  INDICATES RECORD WAS SET OR TIED.
MM INDICATES DATA IS MISSING.
T  INDICATES TRACE AMOUNT.

$$

SMALL
