000
CDUS43 KDMX 030633 RRA
CLIMCW

CLIMATE REPORT
NATIONAL WEATHER SERVICE DES MOINES IA
1229 AM CST TUE MAR 3 2015


...................................

...THE MASON CITY IA CLIMATE SUMMARY FOR MARCH 2 2015...

CLIMATE NORMAL PERIOD 1981 TO 2010
CLIMATE RECORD PERIOD 1893 TO 2015


WEATHER ITEM   OBSERVED TIME   RECORD YEAR NORMAL DEPARTURE LAST
                VALUE   (LST)  VALUE       VALUE  FROM      YEAR
                                                  NORMAL
..................................................................
TEMPERATURE (F)
 YESTERDAY
  MAXIMUM         23   1159 PM  64    1983  35    -12       -3
  MINIMUM         -3    733 AM -18    1913  18    -21      -13
  AVERAGE         10                        27    -17       -8

PRECIPITATION (IN)
  YESTERDAY        0.00          0.78 1951   0.06  -0.06     0.00
  MONTH TO DATE    0.00                      0.11  -0.11     0.14
  SINCE MAR 1      0.00                      0.11  -0.11     0.14
  SINCE JAN 1      2.07                      1.93   0.14     3.16

SNOWFALL (IN)
  YESTERDAY        0.0           6.0  1965   0.3   -0.3      0.0
  MONTH TO DATE    0.0                       0.5   -0.5      1.5
  SINCE MAR 1      0.0                       0.5   -0.5      1.5
  SINCE JUL 1     35.8                      33.0    2.8     47.6
  SNOW DEPTH      MM

DEGREE DAYS
 HEATING
  YESTERDAY       55                        38     17       73
  MONTH TO DATE  104                        77     27      136
  SINCE MAR 1    104                        77     27      136
  SINCE JUL 1   6167                      5928    239     6682

 COOLING
  YESTERDAY        0                         0      0        0
  MONTH TO DATE    0                         0      0        0
  SINCE MAR 1      0                         0      0        0
  SINCE JAN 1      0                         0      0        0
..................................................................


WIND (MPH)
  HIGHEST WIND SPEED    18   HIGHEST WIND DIRECTION    SE (150)
  HIGHEST GUST SPEED    22   HIGHEST GUST DIRECTION    SE (140)
  AVERAGE WIND SPEED     9.3


SKY COVER
  POSSIBLE SUNSHINE  MM
  AVERAGE SKY COVER 0.4


WEATHER CONDITIONS
 THE FOLLOWING WEATHER WAS RECORDED YESTERDAY.
  NO SIGNIFICANT WEATHER WAS OBSERVED.


RELATIVE HUMIDITY (PERCENT)
 HIGHEST   100           600 AM
 LOWEST     68           800 PM
 AVERAGE    84

..........................................................


THE MASON CITY IA CLIMATE NORMALS FOR TODAY
                         NORMAL    RECORD    YEAR
 MAXIMUM TEMPERATURE (F)   36        69      1983
 MINIMUM TEMPERATURE (F)   19       -15      2014


SUNRISE AND SUNSET
MARCH  3 2015.........SUNRISE   646 AM CST   SUNSET   605 PM CST
MARCH  4 2015.........SUNRISE   645 AM CST   SUNSET   606 PM CST


-  INDICATES NEGATIVE NUMBERS.
R  INDICATES RECORD WAS SET OR TIED.
MM INDICATES DATA IS MISSING.
T  INDICATES TRACE AMOUNT.




$$
