000
CDUS43 KDMX 170637 RRA
CLIMCW

CLIMATE REPORT
NATIONAL WEATHER SERVICE DES MOINES IA
1235 AM CST FRI NOV 17 2017

...................................

...THE MASON CITY IA CLIMATE SUMMARY FOR NOVEMBER 16 2017...

CLIMATE NORMAL PERIOD 1981 TO 2010
CLIMATE RECORD PERIOD 1893 TO 2017


WEATHER ITEM   OBSERVED TIME   RECORD YEAR NORMAL DEPARTURE LAST
                VALUE   (LST)  VALUE       VALUE  FROM      YEAR
                                                  NORMAL
..................................................................
TEMPERATURE (F)
 YESTERDAY
  MAXIMUM         32   1159 PM  74    1953  43    -11       60
  MINIMUM         21    102 AM  -3    1959  24     -3       27
  AVERAGE         27                        33     -6       44

PRECIPITATION (IN)
  YESTERDAY        0.00          1.47 1996   0.06  -0.06     0.00
  MONTH TO DATE    0.13                      1.07  -0.94     0.00
  SINCE SEP 1      7.39                      6.79   0.60    13.19
  SINCE JAN 1     30.31                     33.15  -2.84    44.45

SNOWFALL (IN)
  YESTERDAY        0.0           6.8  1909   0.2   -0.2      0.0
  MONTH TO DATE    T                         1.4   -1.4      0.0
  SINCE SEP 1      0.2                       1.8   -1.6      0.0
  SINCE JUL 1      0.2                       1.8   -1.6      0.0
  SNOW DEPTH       0

DEGREE DAYS
 HEATING
  YESTERDAY       38                        32      6       21
  MONTH TO DATE  526                       437     89      270
  SINCE SEP 1   1066                      1139    -73      743
  SINCE JUL 1   1089                      1175    -86      761

 COOLING
  YESTERDAY        0                         0      0        0
  MONTH TO DATE    0                         0      0        0
  SINCE SEP 1    104                        60     44       89
  SINCE JAN 1    603                       616    -13      697
..................................................................


WIND (MPH)
  HIGHEST WIND SPEED    23   HIGHEST WIND DIRECTION    SE (140)
  HIGHEST GUST SPEED    30   HIGHEST GUST DIRECTION    SE (150)
  AVERAGE WIND SPEED    12.7


SKY COVER
  POSSIBLE SUNSHINE  MM
  AVERAGE SKY COVER 0.6


WEATHER CONDITIONS
 THE FOLLOWING WEATHER WAS RECORDED YESTERDAY.
  NO SIGNIFICANT WEATHER WAS OBSERVED.


RELATIVE HUMIDITY (PERCENT)
 HIGHEST    96           500 AM
 LOWEST     78           200 PM
 AVERAGE    87

..........................................................


THE MASON CITY IA CLIMATE NORMALS FOR TODAY
                         NORMAL    RECORD    YEAR
 MAXIMUM TEMPERATURE (F)   42        72      1941
 MINIMUM TEMPERATURE (F)   24        -8      1959


SUNRISE AND SUNSET
NOVEMBER 17 2017......SUNRISE   709 AM CST   SUNSET   447 PM CST
NOVEMBER 18 2017......SUNRISE   710 AM CST   SUNSET   446 PM CST


-  INDICATES NEGATIVE NUMBERS.
R  INDICATES RECORD WAS SET OR TIED.
MM INDICATES DATA IS MISSING.
T  INDICATES TRACE AMOUNT.




$$
