000
CDUS43 KDMX 250632
CLIMCW

CLIMATE REPORT
NATIONAL WEATHER SERVICE DES MOINES IA
132 AM CDT MON SEP 25 2017

...................................

...THE MASON CITY IA CLIMATE SUMMARY FOR SEPTEMBER 24 2017...

CLIMATE NORMAL PERIOD 1981 TO 2010
CLIMATE RECORD PERIOD 1893 TO 2017


WEATHER ITEM   OBSERVED TIME   RECORD YEAR NORMAL DEPARTURE LAST
                VALUE   (LST)  VALUE       VALUE  FROM      YEAR
                                                  NORMAL
..................................................................
TEMPERATURE (F)
 YESTERDAY
  MAXIMUM         90R   300 PM  87    1935  70     20       81
  MINIMUM         63    600 AM  29    1950  45     18       64
  AVERAGE         77                        57     20       73

PRECIPITATION (IN)
  YESTERDAY        0.00          1.70 1972   0.11  -0.11     0.12
  MONTH TO DATE    1.99                      2.66  -0.67    10.95
  SINCE SEP 1      1.99                      2.66  -0.67    10.95
  SINCE JAN 1     24.91                     29.02  -4.11    42.21

SNOWFALL (IN)
  YESTERDAY        0.0           0.0  2002   0.0    0.0      0.0
  MONTH TO DATE    0.0                       0.0    0.0      0.0
  SINCE SEP 1      0.0                       0.0    0.0      0.0
  SINCE JUL 1      0.0                       0.0    0.0      0.0
  SNOW DEPTH       0

DEGREE DAYS
 HEATING
  YESTERDAY        0                         9     -9        0
  MONTH TO DATE   46                       117    -71       24
  SINCE SEP 1     46                       117    -71       24
  SINCE JUL 1     69                       153    -84       42

 COOLING
  YESTERDAY       12                         1     11        8
  MONTH TO DATE   95                        49     46       85
  SINCE SEP 1     95                        49     46       85
  SINCE JAN 1    594                       605    -11      693
..................................................................


WIND (MPH)
  HIGHEST WIND SPEED    22   HIGHEST WIND DIRECTION     S (170)
  HIGHEST GUST SPEED    28   HIGHEST GUST DIRECTION     S (180)
  AVERAGE WIND SPEED     9.1


SKY COVER
  POSSIBLE SUNSHINE  MM
  AVERAGE SKY COVER 0.2


WEATHER CONDITIONS
 THE FOLLOWING WEATHER WAS RECORDED YESTERDAY.
  NO SIGNIFICANT WEATHER WAS OBSERVED.


RELATIVE HUMIDITY (PERCENT)
 HIGHEST    93           600 AM
 LOWEST     38           200 PM
 AVERAGE    66

..........................................................


THE MASON CITY IA CLIMATE NORMALS FOR TODAY
                         NORMAL    RECORD    YEAR
 MAXIMUM TEMPERATURE (F)   70        88      1920
 MINIMUM TEMPERATURE (F)   44        26      1942


SUNRISE AND SUNSET
SEPTEMBER 25 2017.....SUNRISE   704 AM CDT   SUNSET   705 PM CDT
SEPTEMBER 26 2017.....SUNRISE   705 AM CDT   SUNSET   703 PM CDT


-  INDICATES NEGATIVE NUMBERS.
R  INDICATES RECORD WAS SET OR TIED.
MM INDICATES DATA IS MISSING.
T  INDICATES TRACE AMOUNT.

$$

SMALL
