000
CDUS43 KDMX 030632 RRA
CLIMCW

CLIMATE REPORT
NATIONAL WEATHER SERVICE DES MOINES IA
130 AM CDT THU SEP 3 2015


...................................

...THE MASON CITY IA CLIMATE SUMMARY FOR SEPTEMBER 2 2015...

CLIMATE NORMAL PERIOD 1981 TO 2010
CLIMATE RECORD PERIOD 1893 TO 2015


WEATHER ITEM   OBSERVED TIME   RECORD YEAR NORMAL DEPARTURE LAST
                VALUE   (LST)  VALUE       VALUE  FROM      YEAR
                                                  NORMAL
..................................................................
TEMPERATURE (F)
 YESTERDAY
  MAXIMUM         86    327 PM  99    1925  78      8       78
  MINIMUM         68   1159 PM  34    1928  54     14       56
  AVERAGE         77                        66     11       67

PRECIPITATION (IN)
  YESTERDAY        0.05          2.54 2006   0.11  -0.06     0.20
  MONTH TO DATE    0.05                      0.23  -0.18     0.25
  SINCE SEP 1      0.05                      0.23  -0.18     0.25
  SINCE JAN 1     27.86                     26.59   1.27    28.91

SNOWFALL (IN)
  YESTERDAY        0.0          MM      MM   0.0    0.0      0.0
  MONTH TO DATE    0.0                       0.0    0.0      0.0
  SINCE SEP 1      0.0                       0.0    0.0      0.0
  SINCE JUL 1      0.0                       0.0    0.0      0.0
  SNOW DEPTH       0

DEGREE DAYS
 HEATING
  YESTERDAY        0                         2     -2        0
  MONTH TO DATE    0                         4     -4        0
  SINCE SEP 1      0                         4     -4        0
  SINCE JUL 1     58                        40     18       21

 COOLING
  YESTERDAY       12                         3      9        2
  MONTH TO DATE   21                         7     14        5
  SINCE SEP 1     21                         7     14        5
  SINCE JAN 1    538                       563    -25      516
..................................................................


WIND (MPH)
  HIGHEST WIND SPEED    24   HIGHEST WIND DIRECTION    SW (210)
  HIGHEST GUST SPEED    31   HIGHEST GUST DIRECTION    SW (210)
  AVERAGE WIND SPEED    10.5


SKY COVER
  POSSIBLE SUNSHINE  MM
  AVERAGE SKY COVER 0.2


WEATHER CONDITIONS
 THE FOLLOWING WEATHER WAS RECORDED YESTERDAY.
  THUNDERSTORM
  LIGHT RAIN
  FOG


RELATIVE HUMIDITY (PERCENT)
 HIGHEST    97           100 AM
 LOWEST     61           300 PM
 AVERAGE    79

..........................................................


THE MASON CITY IA CLIMATE NORMALS FOR TODAY
                         NORMAL    RECORD    YEAR
 MAXIMUM TEMPERATURE (F)   78        96      1925
 MINIMUM TEMPERATURE (F)   54        34      1974


SUNRISE AND SUNSET
SEPTEMBER  3 2015.....SUNRISE   639 AM CDT   SUNSET   745 PM CDT
SEPTEMBER  4 2015.....SUNRISE   641 AM CDT   SUNSET   743 PM CDT


-  INDICATES NEGATIVE NUMBERS.
R  INDICATES RECORD WAS SET OR TIED.
MM INDICATES DATA IS MISSING.
T  INDICATES TRACE AMOUNT.




$$
