000
CDUS41 KCTP 270628
CLIMDT


CLIMATE REPORT
NATIONAL WEATHER SERVICE STATE COLLEGE PA
227 AM EDT FRI MAR 27 2015


...................................

...THE HARRISBURG PA CLIMATE SUMMARY FOR MARCH 26 2015...

CLIMATE NORMAL PERIOD 1981 TO 2010
CLIMATE RECORD PERIOD 1888 TO 2015


WEATHER ITEM   OBSERVED TIME   RECORD YEAR NORMAL DEPARTURE LAST
                VALUE   (LST)  VALUE       VALUE  FROM      YEAR
                                                  NORMAL
..................................................................
TEMPERATURE (F)
 YESTERDAY
  MAXIMUM         68    430 PM  80    1921  54     14       37
  MINIMUM         32    305 AM  22    1955  36     -4       26
  AVERAGE         50                        45      5       32

PRECIPITATION (IN)
  YESTERDAY        0.49          1.76 1978   0.12   0.37      T
  MONTH TO DATE    3.49                      2.79   0.70     0.60
  SINCE MAR 1      3.49                      2.79   0.70     0.60
  SINCE JAN 1      7.08                      8.06  -0.98     7.31

SNOWFALL (IN)
  YESTERDAY        0.0           1.0  1900   0.1   -0.1       T
  MONTH TO DATE   11.3                       4.8    6.5      1.1
  SINCE MAR 1     11.3                       4.8    6.5      1.1
  SINCE JUL 1     38.7                      29.8    8.9     43.7
  SNOW DEPTH       0

DEGREE DAYS
 HEATING
  YESTERDAY       15                        20     -5       33
  MONTH TO DATE  766                       628    138      772
  SINCE MAR 1    766                       628    138      772
  SINCE JUL 1   5069                      4616    453     5116

 COOLING
  YESTERDAY        0                         0      0        0
  MONTH TO DATE    0                         0      0        0
  SINCE MAR 1      0                         0      0        0
  SINCE JAN 1      0                         0      0        0
..................................................................


WIND (MPH)
  HIGHEST WIND SPEED    32   HIGHEST WIND DIRECTION    NW (320)
  HIGHEST GUST SPEED    41   HIGHEST GUST DIRECTION    NW (310)
  AVERAGE WIND SPEED     6.7


SKY COVER
  POSSIBLE SUNSHINE  MM
  AVERAGE SKY COVER 0.9


WEATHER CONDITIONS
 THE FOLLOWING WEATHER WAS RECORDED YESTERDAY.
  THUNDERSTORM
  HEAVY RAIN
  RAIN
  LIGHT RAIN
  FOG
  HAZE


RELATIVE HUMIDITY (PERCENT)
 HIGHEST    92           700 AM
 LOWEST     58           200 PM
 AVERAGE    75

..........................................................


THE HARRISBURG PA CLIMATE NORMALS FOR TODAY
                         NORMAL    RECORD    YEAR
 MAXIMUM TEMPERATURE (F)   55        85      1998
 MINIMUM TEMPERATURE (F)   36        19      1894


SUNRISE AND SUNSET
MARCH 27 2015.........SUNRISE   700 AM EDT   SUNSET   726 PM EDT
MARCH 28 2015.........SUNRISE   658 AM EDT   SUNSET   727 PM EDT


-  INDICATES NEGATIVE NUMBERS.
R  INDICATES RECORD WAS SET OR TIED.
MM INDICATES DATA IS MISSING.
T  INDICATES TRACE AMOUNT.




$$
