000
CDUS41 KCTP 300627
CLIMDT


CLIMATE REPORT
NATIONAL WEATHER SERVICE STATE COLLEGE PA
226 AM EDT MON MAY 30 2016


...................................

...THE HARRISBURG PA CLIMATE SUMMARY FOR MAY 29 2016...

CLIMATE NORMAL PERIOD 1981 TO 2010
CLIMATE RECORD PERIOD 1888 TO 2016


WEATHER ITEM   OBSERVED TIME   RECORD YEAR NORMAL DEPARTURE LAST
                VALUE   (LST)  VALUE       VALUE  FROM      YEAR
                                                  NORMAL
..................................................................
TEMPERATURE (F)
 YESTERDAY
  MAXIMUM         89    309 PM  95    1969  76     13       86
  MINIMUM         66   1159 PM  40    1949  57      9       61
  AVERAGE         78                        66     12       74

PRECIPITATION (IN)
  YESTERDAY        0.07          2.45 1990   0.13  -0.06     0.00
  MONTH TO DATE    3.15                      3.52  -0.37     2.48
  SINCE MAR 1      6.96                      9.99  -3.03     8.11
  SINCE JAN 1     16.88                     15.26   1.62    11.70

SNOWFALL (IN)
  YESTERDAY        0.0           0.0  2002   0.0    0.0      0.0
                                      2001
  MONTH TO DATE    0.0                       0.0    0.0      0.0
  SINCE MAR 1      1.4                       5.6   -4.2     11.8
  SINCE JUL 1     39.1                      30.6    8.5     39.2
  SNOW DEPTH       0

DEGREE DAYS
 HEATING
  YESTERDAY        0                         2     -2        0
  MONTH TO DATE  173                       143     30       45
  SINCE MAR 1   1084                      1258   -174     1284
  SINCE JUL 1   4456                      5246   -790     5587

 COOLING
  YESTERDAY       13                         3     10        9
  MONTH TO DATE   63                        52     11      145
  SINCE MAR 1     75                        59     16      145
  SINCE JAN 1     75                        59     16      145
..................................................................


WIND (MPH)
  HIGHEST WIND SPEED    13   HIGHEST WIND DIRECTION    NW (320)
  HIGHEST GUST SPEED    18   HIGHEST GUST DIRECTION     S (180)
  AVERAGE WIND SPEED     5.5


SKY COVER
  POSSIBLE SUNSHINE  MM
  AVERAGE SKY COVER 0.6


WEATHER CONDITIONS
 THE FOLLOWING WEATHER WAS RECORDED YESTERDAY.
  LIGHT RAIN
  FOG


RELATIVE HUMIDITY (PERCENT)
 HIGHEST    84           800 PM
 LOWEST     34           200 PM
 AVERAGE    59

..........................................................


THE HARRISBURG PA CLIMATE NORMALS FOR TODAY
                         NORMAL    RECORD    YEAR
 MAXIMUM TEMPERATURE (F)   76        95      1895
 MINIMUM TEMPERATURE (F)   57        41      1949


SUNRISE AND SUNSET
MAY 30 2016...........SUNRISE   540 AM EDT   SUNSET   829 PM EDT
MAY 31 2016...........SUNRISE   540 AM EDT   SUNSET   830 PM EDT


-  INDICATES NEGATIVE NUMBERS.
R  INDICATES RECORD WAS SET OR TIED.
MM INDICATES DATA IS MISSING.
T  INDICATES TRACE AMOUNT.




$$
