000
CDUS41 KCTP 240606
CLIMDT


CLIMATE REPORT
NATIONAL WEATHER SERVICE STATE COLLEGE PA
206 AM EDT FRI MAR 24 2017


...................................

...THE HARRISBURG PA CLIMATE SUMMARY FOR MARCH 23 2017...

CLIMATE NORMAL PERIOD 1981 TO 2010
CLIMATE RECORD PERIOD 1888 TO 2017


WEATHER ITEM   OBSERVED TIME   RECORD YEAR NORMAL DEPARTURE LAST
                VALUE   (LST)  VALUE       VALUE  FROM      YEAR
                                                  NORMAL
..................................................................
TEMPERATURE (F)
 YESTERDAY
  MAXIMUM         46    442 PM  79    2012  53     -7       71
  MINIMUM         22    241 AM  14    1934  35    -13       35
  AVERAGE         34                        44    -10       53

PRECIPITATION (IN)
  YESTERDAY        0.00          1.92 1903   0.11  -0.11     0.00
  MONTH TO DATE    3.25                      2.45   0.80     0.75
  SINCE MAR 1      3.25                      2.45   0.80     0.75
  SINCE JAN 1      7.63                      7.72  -0.09    10.67

SNOWFALL (IN)
  YESTERDAY        0.0           3.0  1896   0.1   -0.1      0.0
  MONTH TO DATE   18.4                       4.5   13.9      0.2
  SINCE MAR 1     18.4                       4.5   13.9      0.2
  SINCE JUL 1     23.9                      29.5   -5.6     37.9
  SNOW DEPTH       0

DEGREE DAYS
 HEATING
  YESTERDAY       31                        21     10       12
  MONTH TO DATE  636                       567     69      413
  SINCE MAR 1    636                       567     69      413
  SINCE JUL 1   3874                      4555   -681     3785

 COOLING
  YESTERDAY        0                         0      0        0
  MONTH TO DATE    0                         0      0        1
  SINCE MAR 1      0                         0      0        1
  SINCE JAN 1      0                         0      0        1
..................................................................


WIND (MPH)
  HIGHEST WIND SPEED    12   HIGHEST WIND DIRECTION     N (340)
  HIGHEST GUST SPEED    18   HIGHEST GUST DIRECTION    NW (320)
  AVERAGE WIND SPEED     4.5


SKY COVER
  POSSIBLE SUNSHINE  MM
  AVERAGE SKY COVER 0.2


WEATHER CONDITIONS
 THE FOLLOWING WEATHER WAS RECORDED YESTERDAY.
  NO SIGNIFICANT WEATHER WAS OBSERVED.


RELATIVE HUMIDITY (PERCENT)
 HIGHEST    61          1100 PM
 LOWEST     20           300 PM
 AVERAGE    41

..........................................................


THE HARRISBURG PA CLIMATE NORMALS FOR TODAY
                         NORMAL    RECORD    YEAR
 MAXIMUM TEMPERATURE (F)   53        79      1939
 MINIMUM TEMPERATURE (F)   35        13      1896


SUNRISE AND SUNSET
MARCH 24 2017.........SUNRISE   704 AM EDT   SUNSET   724 PM EDT
MARCH 25 2017.........SUNRISE   702 AM EDT   SUNSET   725 PM EDT


-  INDICATES NEGATIVE NUMBERS.
R  INDICATES RECORD WAS SET OR TIED.
MM INDICATES DATA IS MISSING.
T  INDICATES TRACE AMOUNT.




$$
