000
CDUS41 KCTP 230613
CLIMDT


CLIMATE REPORT
NATIONAL WEATHER SERVICE STATE COLLEGE PA
212 AM EDT SAT MAY 23 2015


...................................

...THE HARRISBURG PA CLIMATE SUMMARY FOR MAY 22 2015...

CLIMATE NORMAL PERIOD 1981 TO 2010
CLIMATE RECORD PERIOD 1888 TO 2015


WEATHER ITEM   OBSERVED TIME   RECORD YEAR NORMAL DEPARTURE LAST
                VALUE   (LST)  VALUE       VALUE  FROM      YEAR
                                                  NORMAL
..................................................................
TEMPERATURE (F)
 YESTERDAY
  MAXIMUM         73    324 PM  96    1941  74     -1       82
  MINIMUM         50    516 AM  38    1895  54     -4       60
  AVERAGE         62                        64     -2       71

PRECIPITATION (IN)
  YESTERDAY        0.00          1.42 1983   0.13  -0.13     0.02
  MONTH TO DATE    1.85                      2.66  -0.81     3.80
  SINCE MAR 1      7.48                      9.13  -1.65    13.59
  SINCE JAN 1     11.07                     14.40  -3.33    20.30

SNOWFALL (IN)
  YESTERDAY        0.0           0.0  2002   0.0    0.0      0.0
                                      2001
  MONTH TO DATE    0.0                       0.0    0.0      0.0
  SINCE MAR 1     11.8                       5.6    6.2      1.4
  SINCE JUL 1     39.2                      30.6    8.6     44.0
  SNOW DEPTH       0

DEGREE DAYS
 HEATING
  YESTERDAY        3                         3      0        0
  MONTH TO DATE   39                       124    -85       97
  SINCE MAR 1   1278                      1239     39     1372
  SINCE JUL 1   5581                      5227    354     5716

 COOLING
  YESTERDAY        0                         2     -2        6
  MONTH TO DATE   93                        31     62       33
  SINCE MAR 1     93                        38     55       39
  SINCE JAN 1     93                        38     55       39
..................................................................


WIND (MPH)
  HIGHEST WIND SPEED    28   HIGHEST WIND DIRECTION    NW (310)
  HIGHEST GUST SPEED    36   HIGHEST GUST DIRECTION     W (280)
  AVERAGE WIND SPEED    15.4


SKY COVER
  POSSIBLE SUNSHINE  MM
  AVERAGE SKY COVER 0.3


WEATHER CONDITIONS
 THE FOLLOWING WEATHER WAS RECORDED YESTERDAY.
  NO SIGNIFICANT WEATHER WAS OBSERVED.


RELATIVE HUMIDITY (PERCENT)
 HIGHEST    77          1200 AM
 LOWEST     19           900 PM
 AVERAGE    48

..........................................................


THE HARRISBURG PA CLIMATE NORMALS FOR TODAY
                         NORMAL    RECORD    YEAR
 MAXIMUM TEMPERATURE (F)   74        94      1925
 MINIMUM TEMPERATURE (F)   55        40      2002


SUNRISE AND SUNSET
MAY 23 2015...........SUNRISE   545 AM EDT   SUNSET   823 PM EDT
MAY 24 2015...........SUNRISE   544 AM EDT   SUNSET   824 PM EDT


-  INDICATES NEGATIVE NUMBERS.
R  INDICATES RECORD WAS SET OR TIED.
MM INDICATES DATA IS MISSING.
T  INDICATES TRACE AMOUNT.




$$
