000
CDUS41 KCTP 010739
CLIMDT


CLIMATE REPORT
NATIONAL WEATHER SERVICE STATE COLLEGE PA
239 AM EST SUN MAR 1 2015


...................................

...THE HARRISBURG PA CLIMATE SUMMARY FOR FEBRUARY 28 2015...

CLIMATE NORMAL PERIOD 1981 TO 2010
CLIMATE RECORD PERIOD 1888 TO 2015


WEATHER ITEM   OBSERVED TIME   RECORD YEAR NORMAL DEPARTURE LAST
                VALUE   (LST)  VALUE       VALUE  FROM      YEAR
                                                  NORMAL
..................................................................
TEMPERATURE (F)
 YESTERDAY
  MAXIMUM         28    459 PM  68    1976  45    -17       23
  MINIMUM          9    730 AM  -1    1934  28    -19        8
  AVERAGE         19                        36    -17       16

PRECIPITATION (IN)
  YESTERDAY        0.00          1.15 1917   0.10  -0.10     0.00
  MONTH TO DATE    1.09                      2.39  -1.30     4.27
  SINCE DEC 1      6.85                      8.50  -1.65    10.45
  SINCE JAN 1      3.59                      5.27  -1.68     6.71

SNOWFALL (IN)
  YESTERDAY        0.0           7.8  1917   0.3   -0.3      0.0
  MONTH TO DATE   11.2                      10.5    0.7     21.6
  SINCE DEC 1     25.0                      24.4    0.6     42.6
  SINCE JUL 1     27.4                      25.0    2.4     42.6
  SNOW DEPTH       0

DEGREE DAYS
 HEATING
  YESTERDAY       46                        28     18       49
  MONTH TO DATE 1229                       898    331     1056
  SINCE DEC 1   3290                      2949    341     3291
  SINCE JUL 1   4303                      3988    315     4344

 COOLING
  YESTERDAY        0                         0      0        0
  MONTH TO DATE    0                         0      0        0
  SINCE DEC 1      0                         0      0        0
  SINCE JAN 1      0                         0      0        0
..................................................................


WIND (MPH)
  HIGHEST WIND SPEED    13   HIGHEST WIND DIRECTION    NW (300)
  HIGHEST GUST SPEED    14   HIGHEST GUST DIRECTION    NW (310)
  AVERAGE WIND SPEED     4.1


SKY COVER
  POSSIBLE SUNSHINE  MM
  AVERAGE SKY COVER 0.1


WEATHER CONDITIONS
 THE FOLLOWING WEATHER WAS RECORDED YESTERDAY.
  NO SIGNIFICANT WEATHER WAS OBSERVED.


RELATIVE HUMIDITY (PERCENT)
 HIGHEST    83           600 AM
 LOWEST     26           400 PM
 AVERAGE    55

..........................................................


THE HARRISBURG PA CLIMATE NORMALS FOR TODAY
                         NORMAL    RECORD    YEAR
 MAXIMUM TEMPERATURE (F)   45        69      1972
 MINIMUM TEMPERATURE (F)   29         7      1980


SUNRISE AND SUNSET
MARCH  1 2015.........SUNRISE   641 AM EST   SUNSET   559 PM EST
MARCH  2 2015.........SUNRISE   639 AM EST   SUNSET   600 PM EST


-  INDICATES NEGATIVE NUMBERS.
R  INDICATES RECORD WAS SET OR TIED.
MM INDICATES DATA IS MISSING.
T  INDICATES TRACE AMOUNT.




$$
