000
CDUS41 KCTP 200632
CLIMDT


CLIMATE REPORT
NATIONAL WEATHER SERVICE STATE COLLEGE PA
232 AM EDT MON OCT 20 2014


...................................

...THE HARRISBURG PA CLIMATE SUMMARY FOR OCTOBER 19 2014...

CLIMATE NORMAL PERIOD 1981 TO 2010
CLIMATE RECORD PERIOD 1888 TO 2014


WEATHER ITEM   OBSERVED TIME   RECORD YEAR NORMAL DEPARTURE LAST
                VALUE   (LST)  VALUE       VALUE  FROM      YEAR
                                                  NORMAL
..................................................................
TEMPERATURE (F)
 YESTERDAY
  MAXIMUM         55    419 PM  82    1945  63     -8       62
  MINIMUM         42   1131 PM  28    1976  44     -2       41
  AVERAGE         49                        53     -4       52

PRECIPITATION (IN)
  YESTERDAY        T             1.64 1937   0.11  -0.11     0.25
  MONTH TO DATE    2.12                      2.15  -0.03    10.99
  SINCE SEP 1      3.66                      6.22  -2.56    12.15
  SINCE JAN 1     37.33                     33.16   4.17    36.42

SNOWFALL (IN)
  YESTERDAY        0.0
  MONTH TO DATE    0.0
  SINCE SEP 1      0.0
  SINCE JUL 1      0.0
  SNOW DEPTH       0

DEGREE DAYS
 HEATING
  YESTERDAY       16                        12      4       13
  MONTH TO DATE  121                       174    -53       75
  SINCE SEP 1    155                       244    -89      150
  SINCE JUL 1    155                       246    -91      150

 COOLING
  YESTERDAY        0                         0      0        0
  MONTH TO DATE    8                        10     -2       45
  SINCE SEP 1    149                       107     42      153
  SINCE JAN 1   1050                      1003     47     1105
..................................................................


WIND (MPH)
  HIGHEST WIND SPEED    26   HIGHEST WIND DIRECTION    NW (320)
  HIGHEST GUST SPEED    32   HIGHEST GUST DIRECTION    NW (310)
  AVERAGE WIND SPEED    12.0


SKY COVER
  POSSIBLE SUNSHINE  MM
  AVERAGE SKY COVER 0.6


WEATHER CONDITIONS
 THE FOLLOWING WEATHER WAS RECORDED YESTERDAY.
  LIGHT RAIN


RELATIVE HUMIDITY (PERCENT)
 HIGHEST    71           200 AM
 LOWEST     35           400 PM
 AVERAGE    53

..........................................................


THE HARRISBURG PA CLIMATE NORMALS FOR TODAY
                         NORMAL    RECORD    YEAR
 MAXIMUM TEMPERATURE (F)   63        82      1969
 MINIMUM TEMPERATURE (F)   43        28      1992
                                             1981


SUNRISE AND SUNSET
OCTOBER 20 2014.......SUNRISE   723 AM EDT   SUNSET   620 PM EDT
OCTOBER 21 2014.......SUNRISE   724 AM EDT   SUNSET   619 PM EDT


-  INDICATES NEGATIVE NUMBERS.
R  INDICATES RECORD WAS SET OR TIED.
MM INDICATES DATA IS MISSING.
T  INDICATES TRACE AMOUNT.




$$
