000
CDUS41 KCTP 290635
CLIMDT


CLIMATE REPORT
NATIONAL WEATHER SERVICE STATE COLLEGE PA
135 AM EST SAT NOV 29 2014


...................................

...THE HARRISBURG PA CLIMATE SUMMARY FOR NOVEMBER 28 2014...

CLIMATE NORMAL PERIOD 1981 TO 2010
CLIMATE RECORD PERIOD 1888 TO 2014


WEATHER ITEM   OBSERVED TIME   RECORD YEAR NORMAL DEPARTURE LAST
                VALUE   (LST)  VALUE       VALUE  FROM      YEAR
                                                  NORMAL
..................................................................
TEMPERATURE (F)
 YESTERDAY
  MAXIMUM         36    233 PM  70    1990  48    -12       34
                                      1973
  MINIMUM         25   1156 PM  13    1930  31     -6       28
  AVERAGE         31                        39     -8       31

PRECIPITATION (IN)
  YESTERDAY        0.00          1.84 1984   0.12  -0.12     0.00
  MONTH TO DATE    2.75                      2.97  -0.22     2.42
  SINCE SEP 1      6.72                     10.31  -3.59    14.62
  SINCE JAN 1     40.39                     37.25   3.14    38.89

SNOWFALL (IN)
  YESTERDAY        0.0
  MONTH TO DATE    2.4
  SINCE SEP 1      2.4
  SINCE JUL 1      2.4
  SNOW DEPTH       T

DEGREE DAYS
 HEATING
  YESTERDAY       34                        26      8       34
  MONTH TO DATE  673                       575     98      634
  SINCE SEP 1    952                       985    -33      980
  SINCE JUL 1    952                       987    -35      980

 COOLING
  YESTERDAY        0                         0      0        0
  MONTH TO DATE    0                         0      0        0
  SINCE SEP 1    149                       106     43      153
  SINCE JAN 1   1050                      1002     48     1105
..................................................................


WIND (MPH)
  HIGHEST WIND SPEED    22   HIGHEST WIND DIRECTION    NW (310)
  HIGHEST GUST SPEED    26   HIGHEST GUST DIRECTION    NW (300)
  AVERAGE WIND SPEED    10.0


SKY COVER
  POSSIBLE SUNSHINE  MM
  AVERAGE SKY COVER 0.5


WEATHER CONDITIONS
 THE FOLLOWING WEATHER WAS RECORDED YESTERDAY.
  NO SIGNIFICANT WEATHER WAS OBSERVED.


RELATIVE HUMIDITY (PERCENT)
 HIGHEST    69          1200 AM
 LOWEST     44           300 PM
 AVERAGE    57

..........................................................


THE HARRISBURG PA CLIMATE NORMALS FOR TODAY
                         NORMAL    RECORD    YEAR
 MAXIMUM TEMPERATURE (F)   47        69      1998
 MINIMUM TEMPERATURE (F)   31        13      1955
                                             1930
                                             1929


SUNRISE AND SUNSET
NOVEMBER 29 2014......SUNRISE   708 AM EST   SUNSET   442 PM EST
NOVEMBER 30 2014......SUNRISE   709 AM EST   SUNSET   442 PM EST


-  INDICATES NEGATIVE NUMBERS.
R  INDICATES RECORD WAS SET OR TIED.
MM INDICATES DATA IS MISSING.
T  INDICATES TRACE AMOUNT.




$$
