000
CDUS41 KCTP 170626
CLIMDT


CLIMATE REPORT
NATIONAL WEATHER SERVICE STATE COLLEGE PA
226 AM EDT TUE OCT 17 2017


...................................

...THE HARRISBURG PA CLIMATE SUMMARY FOR OCTOBER 16 2017...

CLIMATE NORMAL PERIOD 1981 TO 2010
CLIMATE RECORD PERIOD 1888 TO 2017


WEATHER ITEM   OBSERVED TIME   RECORD YEAR NORMAL DEPARTURE LAST
                VALUE   (LST)  VALUE       VALUE  FROM      YEAR
                                                  NORMAL
..................................................................
TEMPERATURE (F)
 YESTERDAY
  MAXIMUM         64   1250 AM  86    1897  64      0       73
  MINIMUM         46   1159 PM  30    1944  44      2       48
                                      1939
  AVERAGE         55                        54      1       61

PRECIPITATION (IN)
  YESTERDAY        T             1.47 1942   0.10  -0.10     0.00
  MONTH TO DATE    2.16                      1.84   0.32     0.58
  SINCE SEP 1      4.71                      5.91  -1.20     5.00
  SINCE JAN 1     38.92                     32.85   6.07    35.77

SNOWFALL (IN)
  YESTERDAY        0.0           T    1977   0.0    0.0      0.0
  MONTH TO DATE    0.0                       0.0    0.0      0.0
  SINCE SEP 1      0.0                       0.0    0.0      0.0
  SINCE JUL 1      0.0                       0.0    0.0      0.0
  SNOW DEPTH       0

DEGREE DAYS
 HEATING
  YESTERDAY       10                        11     -1        4
  MONTH TO DATE   42                       140    -98       91
  SINCE SEP 1     80                       210   -130      112
  SINCE JUL 1     82                       212   -130      112

 COOLING
  YESTERDAY        0                         0      0        0
  MONTH TO DATE   61                        10     51        2
  SINCE SEP 1    216                       107    109      225
  SINCE JAN 1   1214                      1003    211     1489
..................................................................


WIND (MPH)
  HIGHEST WIND SPEED    22   HIGHEST WIND DIRECTION    NW (320)
  HIGHEST GUST SPEED    27   HIGHEST GUST DIRECTION    NW (320)
  AVERAGE WIND SPEED    11.3


SKY COVER
  POSSIBLE SUNSHINE  MM
  AVERAGE SKY COVER 0.5


WEATHER CONDITIONS
 THE FOLLOWING WEATHER WAS RECORDED YESTERDAY.
  LIGHT RAIN


RELATIVE HUMIDITY (PERCENT)
 HIGHEST    90           200 AM
 LOWEST     34           400 PM
 AVERAGE    62

..........................................................


THE HARRISBURG PA CLIMATE NORMALS FOR TODAY
                         NORMAL    RECORD    YEAR
 MAXIMUM TEMPERATURE (F)   64        86      1908
 MINIMUM TEMPERATURE (F)   44        31      1937


SUNRISE AND SUNSET
OCTOBER 17 2017.......SUNRISE   720 AM EDT   SUNSET   624 PM EDT
OCTOBER 18 2017.......SUNRISE   721 AM EDT   SUNSET   623 PM EDT


-  INDICATES NEGATIVE NUMBERS.
R  INDICATES RECORD WAS SET OR TIED.
MM INDICATES DATA IS MISSING.
T  INDICATES TRACE AMOUNT.




$$
