000
CDUS41 KCTP 040633
CLIMDT


CLIMATE REPORT
NATIONAL WEATHER SERVICE STATE COLLEGE PA
233 AM EDT TUE AUG 4 2015


...................................

...THE HARRISBURG PA CLIMATE SUMMARY FOR AUGUST 3 2015...

CLIMATE NORMAL PERIOD 1981 TO 2010
CLIMATE RECORD PERIOD 1888 TO 2015


WEATHER ITEM   OBSERVED TIME   RECORD YEAR NORMAL DEPARTURE LAST
                VALUE   (LST)  VALUE       VALUE  FROM      YEAR
                                                  NORMAL
..................................................................
TEMPERATURE (F)
 YESTERDAY
  MAXIMUM         90    342 PM  99    1930  85      5       77
  MINIMUM         68    428 AM  51    1959  66      2       67
  AVERAGE         79                        75      4       72

PRECIPITATION (IN)
  YESTERDAY        0.03          2.54 1971   0.11  -0.08     0.30
  MONTH TO DATE    0.03                      0.34  -0.31     0.31
  SINCE JUN 1      9.56                      8.55   1.01     8.43
  SINCE JAN 1     22.30                     24.08  -1.78    30.07

DEGREE DAYS
 HEATING
  YESTERDAY        0                         0      0        0
  MONTH TO DATE    0                         0      0        0
  SINCE JUN 1     13                        18     -5        1
  SINCE JUL 1      0                         0      0        0

 COOLING
  YESTERDAY       14                        10      4        7
  MONTH TO DATE   38                        30      8       26
  SINCE JUN 1    647                       581     66      623
  SINCE JAN 1    821                       646    175      683
..................................................................


WIND (MPH)
  HIGHEST WIND SPEED    17   HIGHEST WIND DIRECTION    SW (220)
  HIGHEST GUST SPEED    22   HIGHEST GUST DIRECTION    SW (220)
  AVERAGE WIND SPEED     5.4


SKY COVER
  POSSIBLE SUNSHINE  MM
  AVERAGE SKY COVER 0.5


WEATHER CONDITIONS
 THE FOLLOWING WEATHER WAS RECORDED YESTERDAY.
  HAZE


RELATIVE HUMIDITY (PERCENT)
 HIGHEST    82          1100 PM
 LOWEST     40           500 PM
 AVERAGE    61

..........................................................


THE HARRISBURG PA CLIMATE NORMALS FOR TODAY
                         NORMAL    RECORD    YEAR
 MAXIMUM TEMPERATURE (F)   85       103      1930
 MINIMUM TEMPERATURE (F)   66        53      1912


SUNRISE AND SUNSET
AUGUST  4 2015........SUNRISE   608 AM EDT   SUNSET   818 PM EDT
AUGUST  5 2015........SUNRISE   609 AM EDT   SUNSET   817 PM EDT


-  INDICATES NEGATIVE NUMBERS.
R  INDICATES RECORD WAS SET OR TIED.
MM INDICATES DATA IS MISSING.
T  INDICATES TRACE AMOUNT.




$$
