000
CDUS41 KCTP 250613
CLIMDT


CLIMATE REPORT
NATIONAL WEATHER SERVICE STATE COLLEGE PA
213 AM EDT SAT OCT 25 2014


...................................

...THE HARRISBURG PA CLIMATE SUMMARY FOR OCTOBER 24 2014...

CLIMATE NORMAL PERIOD 1981 TO 2010
CLIMATE RECORD PERIOD 1888 TO 2014


WEATHER ITEM   OBSERVED TIME   RECORD YEAR NORMAL DEPARTURE LAST
                VALUE   (LST)  VALUE       VALUE  FROM      YEAR
                                                  NORMAL
..................................................................
TEMPERATURE (F)
 YESTERDAY
  MAXIMUM         66    321 PM  80    2001  62      4       49
  MINIMUM         50   1151 PM  23    1969  42      8       38
  AVERAGE         58                        52      6       44

PRECIPITATION (IN)
  YESTERDAY        0.00          1.77 1917   0.09  -0.09     0.00
  MONTH TO DATE    2.34                      2.63  -0.29    10.99
  SINCE SEP 1      3.88                      6.70  -2.82    12.15
  SINCE JAN 1     37.55                     33.64   3.91    36.42

SNOWFALL (IN)
  YESTERDAY        0.0
  MONTH TO DATE    0.0
  SINCE SEP 1      0.0
  SINCE JUL 1      0.0
  SNOW DEPTH       0

DEGREE DAYS
 HEATING
  YESTERDAY        7                        13     -6       21
  MONTH TO DATE  171                       237    -66      158
  SINCE SEP 1    205                       307   -102      233
  SINCE JUL 1    205                       309   -104      233

 COOLING
  YESTERDAY        0                         0      0        0
  MONTH TO DATE    8                        10     -2       45
  SINCE SEP 1    149                       107     42      153
  SINCE JAN 1   1050                      1003     47     1105
..................................................................


WIND (MPH)
  HIGHEST WIND SPEED    21   HIGHEST WIND DIRECTION    NW (310)
  HIGHEST GUST SPEED    27   HIGHEST GUST DIRECTION    NW (320)
  AVERAGE WIND SPEED    12.7


SKY COVER
  POSSIBLE SUNSHINE  MM
  AVERAGE SKY COVER 0.6


WEATHER CONDITIONS
 THE FOLLOWING WEATHER WAS RECORDED YESTERDAY.
  NO SIGNIFICANT WEATHER WAS OBSERVED.


RELATIVE HUMIDITY (PERCENT)
 HIGHEST    66           700 AM
 LOWEST     34           200 PM
 AVERAGE    50

..........................................................


THE HARRISBURG PA CLIMATE NORMALS FOR TODAY
                         NORMAL    RECORD    YEAR
 MAXIMUM TEMPERATURE (F)   61        75      1963
 MINIMUM TEMPERATURE (F)   42        28      1962


SUNRISE AND SUNSET
OCTOBER 25 2014.......SUNRISE   729 AM EDT   SUNSET   613 PM EDT
OCTOBER 26 2014.......SUNRISE   730 AM EDT   SUNSET   612 PM EDT


-  INDICATES NEGATIVE NUMBERS.
R  INDICATES RECORD WAS SET OR TIED.
MM INDICATES DATA IS MISSING.
T  INDICATES TRACE AMOUNT.




$$
