020
CDUS41 KCTP 220646
CLIMDT


CLIMATE REPORT
NATIONAL WEATHER SERVICE STATE COLLEGE PA
146 AM EST THU FEB 22 2018


...................................

...THE HARRISBURG PA CLIMATE SUMMARY FOR FEBRUARY 21 2018...

CLIMATE NORMAL PERIOD 1981 TO 2010
CLIMATE RECORD PERIOD 1888 TO 2018


WEATHER ITEM   OBSERVED TIME   RECORD YEAR NORMAL DEPARTURE LAST
                VALUE   (LST)  VALUE       VALUE  FROM      YEAR
                                                  NORMAL
..................................................................
TEMPERATURE (F)
 YESTERDAY
  MAXIMUM         79R   401 PM  71    1997  42     37       53
  MINIMUM         43    723 AM   4    2015  26     17       32
  AVERAGE         61                        34     27       43

PRECIPITATION (IN)
  YESTERDAY        0.02          1.65 1902   0.09  -0.07     0.00
  MONTH TO DATE    4.18                      1.75   2.43     1.21
  SINCE DEC 1      9.36                      7.86   1.50     6.20
  SINCE JAN 1      8.18                      4.63   3.55     3.84

SNOWFALL (IN)
  YESTERDAY        0.0           8.0  1929   0.4   -0.4      0.0
  MONTH TO DATE    6.7                       8.3   -1.6      3.6
  SINCE DEC 1     18.1                      22.2   -4.1      5.5
  SINCE JUL 1     18.1                      22.8   -4.7      5.5
  SNOW DEPTH       0

DEGREE DAYS
 HEATING
  YESTERDAY        4                        31    -27       22
  MONTH TO DATE  589                       693   -104      551
  SINCE DEC 1   2710                      2743    -33     2344
  SINCE JUL 1   3565                      3782   -217     3130

 COOLING
  YESTERDAY        0                         0      0        0
  MONTH TO DATE    0                         0      0        0
  SINCE DEC 1      0                         0      0        0
  SINCE JAN 1      0                         0      0        0
..................................................................


WIND (MPH)
  HIGHEST WIND SPEED    18   HIGHEST WIND DIRECTION    SW (220)
  HIGHEST GUST SPEED    27   HIGHEST GUST DIRECTION    SW (210)
  AVERAGE WIND SPEED     5.8


SKY COVER
  POSSIBLE SUNSHINE  MM
  AVERAGE SKY COVER 0.5


WEATHER CONDITIONS
 THE FOLLOWING WEATHER WAS RECORDED YESTERDAY.
  LIGHT RAIN
  FOG
  FOG W/VISIBILITY <= 1/4 MILE
  HAZE


RELATIVE HUMIDITY (PERCENT)
 HIGHEST   100           300 AM
 LOWEST     50           200 PM
 AVERAGE    75

..........................................................


THE HARRISBURG PA CLIMATE NORMALS FOR TODAY
                         NORMAL    RECORD    YEAR
 MAXIMUM TEMPERATURE (F)   43        71      1974
 MINIMUM TEMPERATURE (F)   27         4      1963


SUNRISE AND SUNSET
FEBRUARY 22 2018......SUNRISE   651 AM EST   SUNSET   551 PM EST
FEBRUARY 23 2018......SUNRISE   649 AM EST   SUNSET   552 PM EST


-  INDICATES NEGATIVE NUMBERS.
R  INDICATES RECORD WAS SET OR TIED.
MM INDICATES DATA IS MISSING.
T  INDICATES TRACE AMOUNT.




$$
