000
CDUS41 KCTP 240611
CLIMDT


CLIMATE REPORT
NATIONAL WEATHER SERVICE STATE COLLEGE PA
210 AM EDT SUN JUL 24 2016


...................................

...THE HARRISBURG PA CLIMATE SUMMARY FOR JULY 23 2016...

CLIMATE NORMAL PERIOD 1981 TO 2010
CLIMATE RECORD PERIOD 1888 TO 2016


WEATHER ITEM   OBSERVED TIME   RECORD YEAR NORMAL DEPARTURE LAST
                VALUE   (LST)  VALUE       VALUE  FROM      YEAR
                                                  NORMAL
..................................................................
TEMPERATURE (F)
 YESTERDAY
  MAXIMUM         98    353 PM 103    1991  86     12       81
  MINIMUM         73   1135 PM  54    1983  67      6       63
                                      1947
  AVERAGE         86                        76     10       72

PRECIPITATION (IN)
  YESTERDAY        0.00          4.00 1969   0.15  -0.15     0.00
  MONTH TO DATE    3.42                      3.48  -0.06     2.20
  SINCE JUN 1      7.88                      7.08   0.80     9.04
  SINCE JAN 1     25.07                     22.61   2.46    21.78

DEGREE DAYS
 HEATING
  YESTERDAY        0                         0      0        0
  MONTH TO DATE    0                         0      0        0
  SINCE JUN 1      5                        18    -13       13
  SINCE JUL 1      0                         0      0        0

 COOLING
  YESTERDAY       21                        11     10        7
  MONTH TO DATE  323                       251     72      238
  SINCE JUN 1    589                       464    125      499
  SINCE JAN 1    686                       529    157      673
..................................................................


WIND (MPH)
  HIGHEST WIND SPEED    20   HIGHEST WIND DIRECTION    NW (300)
  HIGHEST GUST SPEED    26   HIGHEST GUST DIRECTION    NW (310)
  AVERAGE WIND SPEED     5.0


SKY COVER
  POSSIBLE SUNSHINE  MM
  AVERAGE SKY COVER 0.3


WEATHER CONDITIONS
 THE FOLLOWING WEATHER WAS RECORDED YESTERDAY.
  THUNDERSTORM


RELATIVE HUMIDITY (PERCENT)
 HIGHEST    88          1000 PM
 LOWEST     29           600 PM
 AVERAGE    59

..........................................................


THE HARRISBURG PA CLIMATE NORMALS FOR TODAY
                         NORMAL    RECORD    YEAR
 MAXIMUM TEMPERATURE (F)   85        96      2001
                                             1999
                                             1965
 MINIMUM TEMPERATURE (F)   66        54      1947


SUNRISE AND SUNSET
JULY 24 2016..........SUNRISE   558 AM EDT   SUNSET   828 PM EDT
JULY 25 2016..........SUNRISE   559 AM EDT   SUNSET   828 PM EDT


-  INDICATES NEGATIVE NUMBERS.
R  INDICATES RECORD WAS SET OR TIED.
MM INDICATES DATA IS MISSING.
T  INDICATES TRACE AMOUNT.




$$
