000
CDUS41 KCTP 240647
CLIMDT


CLIMATE REPORT
NATIONAL WEATHER SERVICE STATE COLLEGE PA
246 AM EDT THU AUG 24 2017


...................................

...THE HARRISBURG PA CLIMATE SUMMARY FOR AUGUST 23 2017...

CLIMATE NORMAL PERIOD 1981 TO 2010
CLIMATE RECORD PERIOD 1888 TO 2017


WEATHER ITEM   OBSERVED TIME   RECORD YEAR NORMAL DEPARTURE LAST
                VALUE   (LST)  VALUE       VALUE  FROM      YEAR
                                                  NORMAL
..................................................................
TEMPERATURE (F)
 YESTERDAY
  MAXIMUM         82    246 PM  97    1968  83     -1       84
  MINIMUM         65   1128 PM  50    1981  64      1       59
  AVERAGE         74                        73      1       72

PRECIPITATION (IN)
  YESTERDAY        T             4.66 1933   0.11  -0.11     0.00
  MONTH TO DATE    4.14                      2.38   1.76     3.73
  SINCE JUN 1     17.23                     10.59   6.64    13.29
  SINCE JAN 1     33.68                     26.12   7.56    30.48

DEGREE DAYS
 HEATING
  YESTERDAY        0                         0      0        0
  MONTH TO DATE    0                         0      0        0
  SINCE JUN 1      7                        18    -11        5
  SINCE JUL 1      0                         0      0        0

 COOLING
  YESTERDAY        9                         8      1        7
  MONTH TO DATE  229                       218     11      334
  SINCE JUN 1    893                       769    124     1055
  SINCE JAN 1    970                       834    136     1152
..................................................................


WIND (MPH)
  HIGHEST WIND SPEED    17   HIGHEST WIND DIRECTION    NW (310)
  HIGHEST GUST SPEED    21   HIGHEST GUST DIRECTION    NW (330)
  AVERAGE WIND SPEED     6.9


SKY COVER
  POSSIBLE SUNSHINE  MM
  AVERAGE SKY COVER 0.5


WEATHER CONDITIONS
 THE FOLLOWING WEATHER WAS RECORDED YESTERDAY.
  LIGHT RAIN
  HAZE


RELATIVE HUMIDITY (PERCENT)
 HIGHEST    93           400 AM
 LOWEST     36           400 PM
 AVERAGE    65

..........................................................


THE HARRISBURG PA CLIMATE NORMALS FOR TODAY
                         NORMAL    RECORD    YEAR
 MAXIMUM TEMPERATURE (F)   83        96      1968
 MINIMUM TEMPERATURE (F)   64        49      1952
                                             1923


SUNRISE AND SUNSET
AUGUST 24 2017........SUNRISE   627 AM EDT   SUNSET   751 PM EDT
AUGUST 25 2017........SUNRISE   628 AM EDT   SUNSET   749 PM EDT


-  INDICATES NEGATIVE NUMBERS.
R  INDICATES RECORD WAS SET OR TIED.
MM INDICATES DATA IS MISSING.
T  INDICATES TRACE AMOUNT.




$$
