000
CDUS43 KLOT 120634
CLIMDW


CLIMATE REPORT
NATIONAL WEATHER SERVICE CHICAGO IL
1234 AM CST FRI FEB 12 2016


...................................

...THE CHICAGO-MIDWAY CLIMATE SUMMARY FOR FEBRUARY 11 2016...

CLIMATE NORMAL PERIOD 1981 TO 2010
CLIMATE RECORD PERIOD 1928 TO 2016


WEATHER ITEM   OBSERVED TIME   RECORD YEAR NORMAL DEPARTURE LAST
                VALUE   (LST)  VALUE       VALUE  FROM      YEAR
                                                  NORMAL
..................................................................
TEMPERATURE (F)
 YESTERDAY
  MAXIMUM         24    358 PM  71    1999  35    -11       38
  MINIMUM          9    724 AM  -8    1955  21    -12       21
                                      1936
  AVERAGE         17                        28    -11       30

PRECIPITATION (IN)
  YESTERDAY        0.00          0.82 1998   0.07  -0.07      T
  MONTH TO DATE    T                         0.65  -0.65     0.05
  SINCE DEC 1      6.05                      5.28   0.77     2.06
  SINCE JAN 1      0.65                      2.71  -2.06     1.28

DEGREE DAYS
 HEATING
  YESTERDAY       48                        37     11       35
  MONTH TO DATE  392                       424    -32      438
  SINCE DEC 1   2285                      2785   -500     2598
  SINCE JUL 1   3095                      3920   -825     3855

 COOLING
  YESTERDAY        0                         0      0        0
  MONTH TO DATE    0                         0      0        0
  SINCE DEC 1      0                         0      0        0
  SINCE JAN 1      0                         0      0        0
..................................................................


WIND (MPH)
  RESULTANT WIND SPEED   5   RESULTANT WIND DIRECTION  NW (310)
  HIGHEST WIND SPEED    14   HIGHEST WIND DIRECTION     N (350)
  HIGHEST GUST SPEED    18   HIGHEST GUST DIRECTION    NW (320)
  AVERAGE WIND SPEED     7.0



WEATHER CONDITIONS
 THE FOLLOWING WEATHER WAS RECORDED YESTERDAY.
  NO SIGNIFICANT WEATHER WAS OBSERVED.


..........................................................


THE CHICAGO-MIDWAY CLIMATE NORMALS FOR TODAY
                         NORMAL    RECORD    YEAR
 MAXIMUM TEMPERATURE (F)   35        61      1984
                                             1882
 MINIMUM TEMPERATURE (F)   21       -10      1981


SUNRISE AND SUNSET
FEBRUARY 12 2016......SUNRISE   651 AM CST   SUNSET   520 PM CST
FEBRUARY 13 2016......SUNRISE   650 AM CST   SUNSET   521 PM CST


-  INDICATES NEGATIVE NUMBERS.
R  INDICATES RECORD WAS SET OR TIED.
MM INDICATES DATA IS MISSING.
T  INDICATES TRACE AMOUNT.




$$
