000
CDUS43 KLOT 070645
CLIMDW


CLIMATE REPORT
NATIONAL WEATHER SERVICE CHICAGO IL
144 AM CDT TUE JUL 7 2015


...................................

...THE CHICAGO-MIDWAY CLIMATE SUMMARY FOR JULY 6 2015...

CLIMATE NORMAL PERIOD 1981 TO 2010
CLIMATE RECORD PERIOD 1928 TO 2015


WEATHER ITEM   OBSERVED TIME   RECORD YEAR NORMAL DEPARTURE LAST
                VALUE   (LST)  VALUE       VALUE  FROM      YEAR
                                                  NORMAL
..................................................................
TEMPERATURE (F)
 YESTERDAY
  MAXIMUM         88    120 PM 105    2012  84      4       89
  MINIMUM         71    539 AM  49    1983  67      4       66
  AVERAGE         80                        76      4       78

PRECIPITATION (IN)
  YESTERDAY        0.56          3.93 1943   0.12   0.44     0.00
  MONTH TO DATE    0.56                      0.68  -0.12     0.22
  SINCE JUN 1      3.52                      4.74  -1.22     7.94
  SINCE JAN 1     12.41                     19.23  -6.82    19.23

DEGREE DAYS
 HEATING
  YESTERDAY        0                         0      0        0
  MONTH TO DATE    3                         0      3        0
  SINCE JUN 1     23                        31     -8        2
  SINCE JUL 1      3                         0      3        0

 COOLING
  YESTERDAY       15                        11      4       13
  MONTH TO DATE   37                        64    -27       37
  SINCE JUN 1    219                       274    -55      288
  SINCE JAN 1    325                       348    -23      399
..................................................................


WIND (MPH)
  RESULTANT WIND SPEED   9   RESULTANT WIND DIRECTION   S (180)
  HIGHEST WIND SPEED    23   HIGHEST WIND DIRECTION     W (270)
  HIGHEST GUST SPEED    30   HIGHEST GUST DIRECTION     W (270)
  AVERAGE WIND SPEED    10.6



WEATHER CONDITIONS
 THE FOLLOWING WEATHER WAS RECORDED YESTERDAY.
  THUNDERSTORM
  RAIN
  LIGHT RAIN
  FOG
  HAZE


..........................................................


THE CHICAGO-MIDWAY CLIMATE NORMALS FOR TODAY
                         NORMAL    RECORD    YEAR
 MAXIMUM TEMPERATURE (F)   85       102      1936
 MINIMUM TEMPERATURE (F)   67        48      1983


SUNRISE AND SUNSET
JULY  7 2015..........SUNRISE   523 AM CDT   SUNSET   828 PM CDT
JULY  8 2015..........SUNRISE   524 AM CDT   SUNSET   828 PM CDT


-  INDICATES NEGATIVE NUMBERS.
R  INDICATES RECORD WAS SET OR TIED.
MM INDICATES DATA IS MISSING.
T  INDICATES TRACE AMOUNT.




$$
