390
CDUS43 KLOT 270732
CLIMDW


CLIMATE REPORT
NATIONAL WEATHER SERVICE CHICAGO IL
231 AM CDT SAT AUG 27 2016


...................................

...THE CHICAGO-MIDWAY CLIMATE SUMMARY FOR AUGUST 26 2016...

CLIMATE NORMAL PERIOD 1981 TO 2010
CLIMATE RECORD PERIOD 1928 TO 2016


WEATHER ITEM   OBSERVED TIME   RECORD YEAR NORMAL DEPARTURE LAST
                VALUE   (LST)  VALUE       VALUE  FROM      YEAR
                                                  NORMAL
..................................................................
TEMPERATURE (F)
 YESTERDAY
  MAXIMUM         81    149 PM  97    1973  81      0       67
                                      1953
  MINIMUM         68    424 AM  48    1982  65      3       59
  AVERAGE         75                        73      2       63

PRECIPITATION (IN)
  YESTERDAY        0.03          3.66 2012   0.12  -0.09     0.00
  MONTH TO DATE    5.36                      3.37   1.99     3.09
  SINCE JUN 1     11.87                     11.44   0.43     8.30
  SINCE JAN 1     23.59                     25.93  -2.34    17.19

DEGREE DAYS
 HEATING
  YESTERDAY        0                         0      0        2
  MONTH TO DATE    0                         0      0        2
  SINCE JUN 1      6                        32    -26       26
  SINCE JUL 1      0                         1     -1        6

 COOLING
  YESTERDAY       10                         8      2        0
  MONTH TO DATE  341                       248     93      267
  SINCE JUN 1   1017                       796    221      778
  SINCE JAN 1   1124                       870    254      884
..................................................................


WIND (MPH)
  RESULTANT WIND SPEED   5   RESULTANT WIND DIRECTION  NE (60)
  HIGHEST WIND SPEED    15   HIGHEST WIND DIRECTION     E (70)
  HIGHEST GUST SPEED    18   HIGHEST GUST DIRECTION     E (80)
  AVERAGE WIND SPEED     6.9



WEATHER CONDITIONS
 THE FOLLOWING WEATHER WAS RECORDED YESTERDAY.
  LIGHT RAIN


..........................................................


THE CHICAGO-MIDWAY CLIMATE NORMALS FOR TODAY
                         NORMAL    RECORD    YEAR
 MAXIMUM TEMPERATURE (F)   81        97      1973
                                             1953
                                             1948
 MINIMUM TEMPERATURE (F)   65        46      1982
                                             1935


SUNRISE AND SUNSET
AUGUST 27 2016........SUNRISE   612 AM CDT   SUNSET   732 PM CDT
AUGUST 28 2016........SUNRISE   613 AM CDT   SUNSET   730 PM CDT


-  INDICATES NEGATIVE NUMBERS.
R  INDICATES RECORD WAS SET OR TIED.
MM INDICATES DATA IS MISSING.
T  INDICATES TRACE AMOUNT.




$$
