000
CDUS43 KLOT 222149
CLIMDW


CLIMATE REPORT
NATIONAL WEATHER SERVICE CHICAGO IL
448 PM CDT MON MAY 22 2017


...................................

...THE CHICAGO-MDWAYAMOS CLIMATE SUMMARY FOR MAY 22 2017...
VALID AS OF 0400 PM LOCAL TIME.

CLIMATE NORMAL PERIOD 1981 TO 2010
CLIMATE RECORD PERIOD 1928 TO 2017


WEATHER ITEM   OBSERVED TIME   RECORD YEAR NORMAL DEPARTURE LAST
                VALUE   (LST)  VALUE       VALUE  FROM      YEAR
                                                  NORMAL
..................................................................
TEMPERATURE (F)
 TODAY
  MAXIMUM         75    245 PM  93    1977  72      3       78
  MINIMUM         49    505 AM  40    1929  53     -4
  AVERAGE         62                        63     -1       66

PRECIPITATION (IN)
  TODAY            0.00          1.11 1955   0.14  -0.14
  MONTH TO DATE    2.78                      2.86  -0.08
  SINCE MAR 1     13.22                      9.22   4.00
  SINCE JAN 1     18.33                     13.22   5.11

SNOWFALL (IN)
  TODAY            0.0          MM      MM   0.0
  MONTH TO DATE    0.0                       0.0
  SINCE MAR 1      0.0                       6.4
  SINCE JUL 1      0.0                      37.1

DEGREE DAYS
 HEATING
  TODAY            3

 COOLING
  TODAY            0
..................................................................







THE CHICAGO-MDWAYAMOS CLIMATE NORMALS FOR TOMORROW
                         NORMAL    RECORD    YEAR
 MAXIMUM TEMPERATURE (F)   72        92      1977
                                             1964
 MINIMUM TEMPERATURE (F)   54        35      1931


SUNRISE AND SUNSET
MAY 22 2017...........SUNRISE   525 AM CDT   SUNSET   811 PM CDT
MAY 23 2017...........SUNRISE   524 AM CDT   SUNSET   812 PM CDT


-  INDICATES NEGATIVE NUMBERS.
R  INDICATES RECORD WAS SET OR TIED.
MM INDICATES DATA IS MISSING.
T  INDICATES TRACE AMOUNT.




$$
