000
CDUS43 KLOT 290642
CLIMDW


CLIMATE REPORT
NATIONAL WEATHER SERVICE CHICAGO IL
141 AM CDT FRI JUL 29 2016


...................................

...THE CHICAGO-MIDWAY CLIMATE SUMMARY FOR JULY 28 2016...

CLIMATE NORMAL PERIOD 1981 TO 2010
CLIMATE RECORD PERIOD 1928 TO 2016


WEATHER ITEM   OBSERVED TIME   RECORD YEAR NORMAL DEPARTURE LAST
                VALUE   (LST)  VALUE       VALUE  FROM      YEAR
                                                  NORMAL
..................................................................
TEMPERATURE (F)
 YESTERDAY
  MAXIMUM         84   1236 PM 100    1983  84      0       94
                                      1941
  MINIMUM         72   1141 PM  53    1981  68      4       74
  AVERAGE         78                        76      2       84

PRECIPITATION (IN)
  YESTERDAY        0.15          1.25 1981   0.14   0.01     0.00
  MONTH TO DATE    4.62                      3.58   1.04     2.18
  SINCE JUN 1      6.18                      7.64  -1.46     5.14
  SINCE JAN 1     17.90                     22.13  -4.23    14.03

DEGREE DAYS
 HEATING
  YESTERDAY        0                         0      0        0
  MONTH TO DATE    0                         0      0        4
  SINCE JUN 1      6                        31    -25       24
  SINCE JUL 1      0                         0      0        4

 COOLING
  YESTERDAY       13                        11      2       19
  MONTH TO DATE  357                       306     51      282
  SINCE JUN 1    645                       516    129      464
  SINCE JAN 1    752                       590    162      570
..................................................................


WIND (MPH)
  RESULTANT WIND SPEED   3   RESULTANT WIND DIRECTION   E (70)
  HIGHEST WIND SPEED    23   HIGHEST WIND DIRECTION     N (20)
  HIGHEST GUST SPEED    28   HIGHEST GUST DIRECTION    NE (30)
  AVERAGE WIND SPEED     5.2



WEATHER CONDITIONS
 THE FOLLOWING WEATHER WAS RECORDED YESTERDAY.
  THUNDERSTORM
  RAIN
  LIGHT RAIN
  FOG
  HAZE


..........................................................


THE CHICAGO-MIDWAY CLIMATE NORMALS FOR TODAY
                         NORMAL    RECORD    YEAR
 MAXIMUM TEMPERATURE (F)   84       101      1941
 MINIMUM TEMPERATURE (F)   68        50      1981
                                             1928


SUNRISE AND SUNSET
JULY 29 2016..........SUNRISE   543 AM CDT   SUNSET   812 PM CDT
JULY 30 2016..........SUNRISE   544 AM CDT   SUNSET   811 PM CDT


-  INDICATES NEGATIVE NUMBERS.
R  INDICATES RECORD WAS SET OR TIED.
MM INDICATES DATA IS MISSING.
T  INDICATES TRACE AMOUNT.




$$
