000
CDUS43 KLOT 240633
CLIMDW


CLIMATE REPORT
NATIONAL WEATHER SERVICE CHICAGO IL
132 AM CDT THU APR 24 2014


...................................

...THE CHICAGO-MIDWAY CLIMATE SUMMARY FOR APRIL 23 2014...

CLIMATE NORMAL PERIOD 1981 TO 2010
CLIMATE RECORD PERIOD 1928 TO 2014


WEATHER ITEM   OBSERVED TIME   RECORD YEAR NORMAL DEPARTURE LAST
                VALUE   (LST)  VALUE       VALUE  FROM      YEAR
                                                  NORMAL
..................................................................
TEMPERATURE (F)
 YESTERDAY
  MAXIMUM         51    113 PM  88    1960  62    -11       60
  MINIMUM         37    534 AM  28    1936  44     -7       38
  AVERAGE         44                        53     -9       49

PRECIPITATION (IN)
  YESTERDAY        0.02          0.83 1944   0.12  -0.10     0.52
  MONTH TO DATE    2.25                      2.76  -0.51     6.36
  SINCE MAR 1      3.34                      5.48  -2.14     7.62
  SINCE JAN 1      5.83                      9.48  -3.65    11.87

DEGREE DAYS
 HEATING
  YESTERDAY       21                        12      9       16
  MONTH TO DATE  367                       373     -6      445
  SINCE MAR 1   1364                      1185    179     1408
  SINCE JUL 1   6566                      5696    870     5560

 COOLING
  YESTERDAY        0                         1     -1        0
  MONTH TO DATE    5                         5      0        0
  SINCE MAR 1      5                         6     -1        0
  SINCE JAN 1      5                         6     -1        0
..................................................................


WIND (MPH)
  RESULTANT WIND SPEED  10   RESULTANT WIND DIRECTION  NE (40)
  HIGHEST WIND SPEED    17   HIGHEST WIND DIRECTION     N (20)
  HIGHEST GUST SPEED    22   HIGHEST GUST DIRECTION    NE (30)
  AVERAGE WIND SPEED    10.3



WEATHER CONDITIONS
 THE FOLLOWING WEATHER WAS RECORDED YESTERDAY.
  LIGHT RAIN


..........................................................


THE CHICAGO-MIDWAY CLIMATE NORMALS FOR TODAY
                         NORMAL    RECORD    YEAR
 MAXIMUM TEMPERATURE (F)   63        89      1990
 MINIMUM TEMPERATURE (F)   45        29      1930


SUNRISE AND SUNSET
APRIL 24 2014.........SUNRISE   557 AM CDT   SUNSET   742 PM CDT
APRIL 25 2014.........SUNRISE   556 AM CDT   SUNSET   743 PM CDT


-  INDICATES NEGATIVE NUMBERS.
R  INDICATES RECORD WAS SET OR TIED.
MM INDICATES DATA IS MISSING.
T  INDICATES TRACE AMOUNT.




$$
