000
CDUS44 KMEG 212153
CLIMEG


CLIMATE REPORT
NATIONAL WEATHER SERVICE MEMPHIS TN
453 PM CDT TUE OCT 21 2014


...................................

...THE MEMPHIS/GERMANTOWN WFO CLIMATE SUMMARY FOR OCTOBER 21 2014...
VALID TODAY AS OF 0400 PM LOCAL TIME.

CLIMATE NORMAL PERIOD 1981 TO 2010
CLIMATE RECORD PERIOD 1988 TO 2014


WEATHER ITEM   OBSERVED TIME   RECORD YEAR NORMAL DEPARTURE LAST
                VALUE   (LST)  VALUE       VALUE  FROM      YEAR
                                                  NORMAL
..................................................................
TEMPERATURE (F)
 TODAY
  MAXIMUM         76    300 PM  83    2003  72      4       73
  MINIMUM         50    600 AM  33    1989  48      2       42
  AVERAGE         63                        60      3       58

PRECIPITATION (IN)
  TODAY            0.00          0.07 1988   0.15  -0.15     0.05
  MONTH TO DATE    3.73                      2.88   0.85     2.03
  SINCE SEP 1      8.82                      6.16   2.66     5.73
  SINCE JAN 1     51.78                     42.17   9.61    54.09

SNOWFALL (IN)
  TODAY            0.0

DEGREE DAYS
 HEATING
  TODAY            2                         6     -4        7
  MONTH TO DATE   52                        88    -36       65
  SINCE SEP 1     57                       106    -49       65
  SINCE JUL 1     57                       106    -49       65

 COOLING
  TODAY            0                         1     -1        0
  MONTH TO DATE   79                        53     26       88
  SINCE SEP 1    366                       310     56      411
  SINCE JAN 1   1947                      1905     42     1959
..................................................................







THE MEMPHIS/GERMANTOWN WFO CLIMATE NORMALS FOR TOMORROW
                         NORMAL    RECORD    YEAR
 MAXIMUM TEMPERATURE (F)   72        84      2010
                                             2004
 MINIMUM TEMPERATURE (F)   48        29      1987


SUNRISE AND SUNSET
OCTOBER 21 2014.......SUNRISE   710 AM CDT   SUNSET   617 PM CDT
OCTOBER 22 2014.......SUNRISE   711 AM CDT   SUNSET   616 PM CDT


-  INDICATES NEGATIVE NUMBERS.
R  INDICATES RECORD WAS SET OR TIED.
MM INDICATES DATA IS MISSING.
T  INDICATES TRACE AMOUNT.




$$
