000
CDUS44 KMEG 180746
CLIMEG


CLIMATE REPORT
NATIONAL WEATHER SERVICE MEMPHIS TN
145 AM CST THU DEC 18 2014


...................................

...THE MEMPHIS/GERMANTOWN WFO CLIMATE SUMMARY FOR DECEMBER 17 2014...

CLIMATE NORMAL PERIOD 1981 TO 2010
CLIMATE RECORD PERIOD 1988 TO 2014


WEATHER ITEM   OBSERVED TIME   RECORD YEAR NORMAL DEPARTURE LAST
                VALUE   (LST)  VALUE       VALUE  FROM      YEAR
                                                  NORMAL
..................................................................
TEMPERATURE (F)
 YESTERDAY
  MAXIMUM         42        MM  68    2002  51     -9       60
  MINIMUM         30        MM   7    1989  31     -1       32
  AVERAGE         36                        41     -5       46

PRECIPITATION (IN)
  YESTERDAY        T             1.62 1996   0.20  -0.20     0.00
  MONTH TO DATE    1.68                      3.44  -1.76     3.18
  SINCE DEC 1      1.68                      3.44  -1.76     3.18
  SINCE JAN 1     56.83                     52.39   4.44    61.75

SNOWFALL (IN)
  YESTERDAY        0.0          MM      MM   0.0    0.0      0.0
  MONTH TO DATE    0.0                       0.0    0.0       T
  SINCE DEC 1      0.0                       0.0    0.0       T
  SINCE JUL 1      0.3                       0.0    0.3       T
  SNOW DEPTH       0

DEGREE DAYS
 HEATING
  YESTERDAY       29                        24      5       19
  MONTH TO DATE  307                       372    -65      409
  SINCE DEC 1    307                       372    -65      409
  SINCE JUL 1    986                       971     15     1069

 COOLING
  YESTERDAY        0                         0      0        0
  MONTH TO DATE    0                         0      0        1
  SINCE DEC 1      0                         0      0        1
  SINCE JAN 1   1967                      1926     41     1965
..................................................................







THE MEMPHIS/GERMANTOWN WFO CLIMATE NORMALS FOR TODAY
                         NORMAL    RECORD    YEAR
 MAXIMUM TEMPERATURE (F)   50        70      1990
 MINIMUM TEMPERATURE (F)   31        16      1989


SUNRISE AND SUNSET
DECEMBER 18 2014......SUNRISE   702 AM CST   SUNSET   450 PM CST
DECEMBER 19 2014......SUNRISE   703 AM CST   SUNSET   450 PM CST


-  INDICATES NEGATIVE NUMBERS.
R  INDICATES RECORD WAS SET OR TIED.
MM INDICATES DATA IS MISSING.
T  INDICATES TRACE AMOUNT.




$$
