000
CDUS44 KMEG 010634
CLIMEG


CLIMATE REPORT
NATIONAL WEATHER SERVICE MEMPHIS TN
134 AM CDT SUN MAY 1 2016


...................................

...THE MEMPHIS/GERMANTOWN WFO CLIMATE SUMMARY FOR APRIL 30 2016...

CLIMATE NORMAL PERIOD 1981 TO 2010
CLIMATE RECORD PERIOD 1988 TO 2016


WEATHER ITEM   OBSERVED TIME   RECORD YEAR NORMAL DEPARTURE LAST
                VALUE   (LST)  VALUE       VALUE  FROM      YEAR
                                                  NORMAL
..................................................................
TEMPERATURE (F)
 YESTERDAY
  MAXIMUM         78    450 PM  89    2007  76      2       79
  MINIMUM         63    450 AM  42    1996  54      9       46
  AVERAGE         71                        65      6       63

PRECIPITATION (IN)
  YESTERDAY        0.48          1.05 1998   0.18   0.30     0.00
  MONTH TO DATE    6.08                      5.32   0.76     3.42
  SINCE MAR 1     22.77                     10.27  12.50    10.08
  SINCE JAN 1     31.72                     18.90  12.82    16.16

SNOWFALL (IN)
  YESTERDAY        0.0          MM      MM   0.0    0.0      0.0
  MONTH TO DATE    0.0                       0.0    0.0      0.0
  SINCE MAR 1      T                         0.8   -0.8      4.1
  SINCE JUL 1      0.9                       2.4   -1.5      6.3
  SNOW DEPTH       0

DEGREE DAYS
 HEATING
  YESTERDAY        0                         3     -3        2
  MONTH TO DATE  106                       190    -84      106
  SINCE MAR 1    360                       627   -267      527
  SINCE JUL 1   2447                      3373   -926     3434

 COOLING
  YESTERDAY        6                         3      3        0
  MONTH TO DATE   60                        54      6       74
  SINCE MAR 1     73                        65      8       77
  SINCE JAN 1     73                        66      7       77
..................................................................







THE MEMPHIS/GERMANTOWN WFO CLIMATE NORMALS FOR TODAY
                         NORMAL    RECORD    YEAR
 MAXIMUM TEMPERATURE (F)   76        89      2012
                                             2007
                                             2002
 MINIMUM TEMPERATURE (F)   54        38      2005


SUNRISE AND SUNSET
MAY  1 2016...........SUNRISE   608 AM CDT   SUNSET   745 PM CDT
MAY  2 2016...........SUNRISE   607 AM CDT   SUNSET   746 PM CDT


-  INDICATES NEGATIVE NUMBERS.
R  INDICATES RECORD WAS SET OR TIED.
MM INDICATES DATA IS MISSING.
T  INDICATES TRACE AMOUNT.




$$
