000
CDUS44 KMEG 070739
CLIMEG


CLIMATE REPORT
NATIONAL WEATHER SERVICE MEMPHIS TN
138 AM CST WED DEC 7 2016


...................................

...THE MEMPHIS/GERMANTOWN WFO CLIMATE SUMMARY FOR DECEMBER 6 2016...

CLIMATE NORMAL PERIOD 1981 TO 2010
CLIMATE RECORD PERIOD 1988 TO 2016


WEATHER ITEM   OBSERVED TIME   RECORD YEAR NORMAL DEPARTURE LAST
                VALUE   (LST)  VALUE       VALUE  FROM      YEAR
                                                  NORMAL
..................................................................
TEMPERATURE (F)
 YESTERDAY
  MAXIMUM         51        MM  76    1998  54     -3       64
  MINIMUM         43        MM  20    2010  34      9       33
  AVERAGE         47                        44      3       49

PRECIPITATION (IN)
  YESTERDAY        1.11R         0.88 2013   0.20   0.91     0.00
  MONTH TO DATE    1.68                      1.20   0.48     0.10
  SINCE DEC 1      1.68                      1.20   0.48     0.10
  SINCE JAN 1     58.24                     50.15   8.09    48.49

SNOWFALL (IN)
  YESTERDAY        0.0          MM      MM   0.0    0.0      0.0
  MONTH TO DATE    0.0                       0.0    0.0      0.0
  SINCE DEC 1      0.0                       0.0    0.0      0.0
  SINCE JUL 1      0.0                       0.0    0.0      0.0
  SNOW DEPTH       0

DEGREE DAYS
 HEATING
  YESTERDAY       18                        21     -3       16
  MONTH TO DATE  117                       121     -4      120
  SINCE DEC 1    117                       121     -4      120
  SINCE JUL 1    439                       720   -281      501

 COOLING
  YESTERDAY        0                         0      0        0
  MONTH TO DATE    0                         0      0        0
  SINCE DEC 1      0                         0      0        0
  SINCE JAN 1   2423                      1926    497     2138
..................................................................







THE MEMPHIS/GERMANTOWN WFO CLIMATE NORMALS FOR TODAY
                         NORMAL    RECORD    YEAR
 MAXIMUM TEMPERATURE (F)   54        76      1998
 MINIMUM TEMPERATURE (F)   34        21      2013
                                             2006


SUNRISE AND SUNSET
DECEMBER  7 2016......SUNRISE   655 AM CST   SUNSET   447 PM CST
DECEMBER  8 2016......SUNRISE   655 AM CST   SUNSET   447 PM CST


-  INDICATES NEGATIVE NUMBERS.
R  INDICATES RECORD WAS SET OR TIED.
MM INDICATES DATA IS MISSING.
T  INDICATES TRACE AMOUNT.




$$
