000
CDUS44 KMEG 230739
CLIMEG


CLIMATE REPORT
NATIONAL WEATHER SERVICE MEMPHIS TN
139 AM CST SUN NOV 23 2014


...................................

...THE MEMPHIS/GERMANTOWN WFO CLIMATE SUMMARY FOR NOVEMBER 22 2014...

CLIMATE NORMAL PERIOD 1981 TO 2010
CLIMATE RECORD PERIOD 1988 TO 2014


WEATHER ITEM   OBSERVED TIME   RECORD YEAR NORMAL DEPARTURE LAST
                VALUE   (LST)  VALUE       VALUE  FROM      YEAR
                                                  NORMAL
..................................................................
TEMPERATURE (F)
 YESTERDAY
  MAXIMUM         68    250 PM  76    1999  60      8       59
  MINIMUM         49    650 AM  19    2008  38     11       43
  AVERAGE         59                        49     10       51

PRECIPITATION (IN)
  YESTERDAY        T             1.02 1992   0.20  -0.20     0.55
  MONTH TO DATE    2.08                      3.75  -1.67     2.56
  SINCE SEP 1     11.57                     11.33   0.24     9.92
  SINCE JAN 1     54.53                     47.34   7.19    58.28

SNOWFALL (IN)
  YESTERDAY        0.0          MM      MM   0.0    0.0      0.0
  MONTH TO DATE    0.3                       0.0    0.3      0.0
  SINCE SEP 1      0.3                       0.0    0.3      0.0
  SINCE JUL 1      0.3                       0.0    0.3      0.0
  SNOW DEPTH       0

DEGREE DAYS
 HEATING
  YESTERDAY        6                        16    -10       14
  MONTH TO DATE  423                       273    150      283
  SINCE SEP 1    540                       457     83      423
  SINCE JUL 1    540                       457     83      423

 COOLING
  YESTERDAY        0                         0      0        0
  MONTH TO DATE    0                         7     -7        2
  SINCE SEP 1    384                       329     55      416
  SINCE JAN 1   1965                      1924     41     1964
..................................................................







THE MEMPHIS/GERMANTOWN WFO CLIMATE NORMALS FOR TODAY
                         NORMAL    RECORD    YEAR
 MAXIMUM TEMPERATURE (F)   59        72      2003
 MINIMUM TEMPERATURE (F)   38        28      2006


SUNRISE AND SUNSET
NOVEMBER 23 2014......SUNRISE   642 AM CST   SUNSET   449 PM CST
NOVEMBER 24 2014......SUNRISE   643 AM CST   SUNSET   449 PM CST


-  INDICATES NEGATIVE NUMBERS.
R  INDICATES RECORD WAS SET OR TIED.
MM INDICATES DATA IS MISSING.
T  INDICATES TRACE AMOUNT.




$$
