000
CDUS44 KMEG 050637
CLIMEG


CLIMATE REPORT
NATIONAL WEATHER SERVICE MEMPHIS TN
136 AM CDT SUN JUL 5 2015


...................................

...THE MEMPHIS/GERMANTOWN WFO CLIMATE SUMMARY FOR JULY 4 2015...

CLIMATE NORMAL PERIOD 1981 TO 2010
CLIMATE RECORD PERIOD 1988 TO 2015


WEATHER ITEM   OBSERVED TIME   RECORD YEAR NORMAL DEPARTURE LAST
                VALUE   (LST)  VALUE       VALUE  FROM      YEAR
                                                  NORMAL
..................................................................
TEMPERATURE (F)
 YESTERDAY
  MAXIMUM         78    300 PM 100    2012  91    -13       82
  MINIMUM         70   1155 PM  61    2014  71     -1       61
                                      1996
  AVERAGE         74                        81     -7       72

PRECIPITATION (IN)
  YESTERDAY        0.26R         0.08 1995   0.13   0.13     0.00
  MONTH TO DATE    2.22                      0.54   1.68     0.12
  SINCE JUN 1      5.16                      4.22   0.94    13.21
  SINCE JAN 1     26.84                     28.71  -1.87    38.79

SNOWFALL (IN)
  YESTERDAY        0.0          MM      MM   0.0    0.0      0.0
  MONTH TO DATE    0.0                       0.0    0.0      0.0
  SINCE JUN 1      0.0                       0.0    0.0      0.0
  SINCE JUL 1      0.0                       0.0    0.0      0.0
  SNOW DEPTH       0

DEGREE DAYS
 HEATING
  YESTERDAY        0                         0      0        0
  MONTH TO DATE    0                         0      0        0
  SINCE JUN 1      0                         2     -2        0
  SINCE JUL 1      0                         0      0        0

 COOLING
  YESTERDAY        9                        16     -7        7
  MONTH TO DATE   48                        62    -14       44
  SINCE JUN 1    500                       443     57      461
  SINCE JAN 1    800                       694    106      760
..................................................................







THE MEMPHIS/GERMANTOWN WFO CLIMATE NORMALS FOR TODAY
                         NORMAL    RECORD    YEAR
 MAXIMUM TEMPERATURE (F)   91       101      2012
 MINIMUM TEMPERATURE (F)   71        60      2014


SUNRISE AND SUNSET
JULY  5 2015..........SUNRISE   550 AM CDT   SUNSET   817 PM CDT
JULY  6 2015..........SUNRISE   551 AM CDT   SUNSET   817 PM CDT


-  INDICATES NEGATIVE NUMBERS.
R  INDICATES RECORD WAS SET OR TIED.
MM INDICATES DATA IS MISSING.
T  INDICATES TRACE AMOUNT.




$$
