000
CDUS44 KMEG 142154
CLIMEG


CLIMATE REPORT
NATIONAL WEATHER SERVICE MEMPHIS TN
454 PM CDT SUN SEP 14 2014


...................................

...THE MEMPHIS/GERMANTOWN WFO CLIMATE SUMMARY FOR SEPTEMBER 14 2014...
VALID TODAY AS OF 0400 PM LOCAL TIME.

CLIMATE NORMAL PERIOD 1981 TO 2010
CLIMATE RECORD PERIOD 1988 TO 2014


WEATHER ITEM   OBSERVED TIME   RECORD YEAR NORMAL DEPARTURE LAST
                VALUE   (LST)  VALUE       VALUE  FROM      YEAR
                                                  NORMAL
..................................................................
TEMPERATURE (F)
 TODAY
  MAXIMUM         77    200 PM  94    2000  85     -8       76
  MINIMUM         56    600 AM  51    1996  62     -6       56
  AVERAGE         67                        74     -7       66

PRECIPITATION (IN)
  TODAY            0.00          1.28 2009   0.11  -0.11     0.00
  MONTH TO DATE    5.08                      1.45   3.63     0.91
  SINCE SEP 1      5.08                      1.45   3.63     0.91
  SINCE JAN 1     48.04                     37.46  10.58    49.27

SNOWFALL (IN)
  TODAY            0.0

DEGREE DAYS
 HEATING
  TODAY            0                         0      0        0
  MONTH TO DATE    5                         0      5        0
  SINCE SEP 1      5                         0      5        0
  SINCE JUL 1      5                         0      5        0

 COOLING
  TODAY            2                         9     -7        1
  MONTH TO DATE  172                       155     17      199
  SINCE SEP 1    172                       155     17      199
  SINCE JAN 1   1753                      1750      3     1747
..................................................................







THE MEMPHIS/GERMANTOWN WFO CLIMATE NORMALS FOR TOMORROW
                         NORMAL    RECORD    YEAR
 MAXIMUM TEMPERATURE (F)   85        96      2010
 MINIMUM TEMPERATURE (F)   62        51      1996


SUNRISE AND SUNSET
SEPTEMBER 14 2014.....SUNRISE   641 AM CDT   SUNSET   708 PM CDT
SEPTEMBER 15 2014.....SUNRISE   642 AM CDT   SUNSET   706 PM CDT


-  INDICATES NEGATIVE NUMBERS.
R  INDICATES RECORD WAS SET OR TIED.
MM INDICATES DATA IS MISSING.
T  INDICATES TRACE AMOUNT.




$$
