000
CDUS44 KMEG 220630
CLIMEG


CLIMATE REPORT
NATIONAL WEATHER SERVICE MEMPHIS TN
130 AM CDT MON MAY 22 2017


...................................

...THE MEMPHIS/GERMANTOWN WFO CLIMATE SUMMARY FOR MAY 21 2017...

CLIMATE NORMAL PERIOD 1981 TO 2010
CLIMATE RECORD PERIOD 1988 TO 2017


WEATHER ITEM   OBSERVED TIME   RECORD YEAR NORMAL DEPARTURE LAST
                VALUE   (LST)  VALUE       VALUE  FROM      YEAR
                                                  NORMAL
..................................................................
TEMPERATURE (F)
 YESTERDAY
  MAXIMUM         MM        MM  92    1998  82     MM       79
  MINIMUM         MM        MM  46    2002  61     MM       56
  AVERAGE         MM                        71     MM       68

PRECIPITATION (IN)
  YESTERDAY       MM             3.83 2013   0.15  MM        0.00
  MONTH TO DATE    1.77                      4.07  -2.30     2.69
  SINCE MAR 1     12.06                     14.34  -2.28    25.46
  SINCE JAN 1     17.27                     22.97  -5.70    34.41

SNOWFALL (IN)
  YESTERDAY       MM            MM      MM                   0.0
  MONTH TO DATE    0.0                                       0.0
  SINCE MAR 1      0.4                                        T
  SINCE JUL 1      1.4                                       0.9
  SNOW DEPTH      MM

DEGREE DAYS
 HEATING
  YESTERDAY       MM                         1     MM        0
  MONTH TO DATE   25                        35    -10       38
  SINCE MAR 1    394                       662   -268      398
  SINCE JUL 1   2235                      3408  -1173     2485

 COOLING
  YESTERDAY       MM                         7     MM        3
  MONTH TO DATE   61                       103    -42       66
  SINCE MAR 1    207                       168     39      139
  SINCE JAN 1    221                       169     52      139
..................................................................







THE MEMPHIS/GERMANTOWN WFO CLIMATE NORMALS FOR TODAY
                         NORMAL    RECORD    YEAR
 MAXIMUM TEMPERATURE (F)   82        94      2010
 MINIMUM TEMPERATURE (F)   61        44      2015


SUNRISE AND SUNSET
MAY 22 2017...........SUNRISE   550 AM CDT   SUNSET   802 PM CDT
MAY 23 2017...........SUNRISE   550 AM CDT   SUNSET   802 PM CDT


-  INDICATES NEGATIVE NUMBERS.
R  INDICATES RECORD WAS SET OR TIED.
MM INDICATES DATA IS MISSING.
T  INDICATES TRACE AMOUNT.




$$
