000
CDUS44 KMEG 040634
CLIMEG


CLIMATE REPORT
NATIONAL WEATHER SERVICE MEMPHIS TN
134 AM CDT TUE AUG 4 2015


...................................

...THE MEMPHIS/GERMANTOWN WFO CLIMATE SUMMARY FOR AUGUST 3 2015...

CLIMATE NORMAL PERIOD 1981 TO 2010
CLIMATE RECORD PERIOD 1988 TO 2015


WEATHER ITEM   OBSERVED TIME   RECORD YEAR NORMAL DEPARTURE LAST
                VALUE   (LST)  VALUE       VALUE  FROM      YEAR
                                                  NORMAL
..................................................................
TEMPERATURE (F)
 YESTERDAY
  MAXIMUM         98        MM 105    2011  91      7       90
  MINIMUM         70        MM  63    1997  71     -1       70
  AVERAGE         84                        81      3       80

PRECIPITATION (IN)
  YESTERDAY        0.00          0.65 2012   0.14  -0.14     0.00
  MONTH TO DATE    T                         0.41  -0.41      T
  SINCE JUN 1      7.77                      8.63  -0.86    16.04
  SINCE JAN 1     29.45                     33.12  -3.67    41.62

SNOWFALL (IN)
  YESTERDAY        0.0          MM      MM   0.0    0.0      0.0
  MONTH TO DATE    0.0                       0.0    0.0      0.0
  SINCE JUN 1      0.0                       0.0    0.0      0.0
  SINCE JUL 1      0.0                       0.0    0.0      0.0
  SNOW DEPTH       0

DEGREE DAYS
 HEATING
  YESTERDAY        0                         0      0        0
  MONTH TO DATE    0                         0      0        0
  SINCE JUN 1      0                         2     -2        0
  SINCE JUL 1      0                         0      0        0

 COOLING
  YESTERDAY       19                        16      3       15
  MONTH TO DATE   51                        48      3       42
  SINCE JUN 1   1069                       925    144      816
  SINCE JAN 1   1369                      1176    193     1115
..................................................................







THE MEMPHIS/GERMANTOWN WFO CLIMATE NORMALS FOR TODAY
                         NORMAL    RECORD    YEAR
 MAXIMUM TEMPERATURE (F)   91       103      2010
 MINIMUM TEMPERATURE (F)   71        65      2014


SUNRISE AND SUNSET
AUGUST  4 2015........SUNRISE   610 AM CDT   SUNSET   800 PM CDT
AUGUST  5 2015........SUNRISE   611 AM CDT   SUNSET   759 PM CDT


-  INDICATES NEGATIVE NUMBERS.
R  INDICATES RECORD WAS SET OR TIED.
MM INDICATES DATA IS MISSING.
T  INDICATES TRACE AMOUNT.




$$
