000
CDUS44 KMEG 150758
CLIMEG


CLIMATE REPORT
NATIONAL WEATHER SERVICE MEMPHIS TN
158 AM CST FRI DEC 15 2017


...................................

...THE MEMPHIS/GERMANTOWN WFO CLIMATE SUMMARY FOR DECEMBER 14 2017...

CLIMATE NORMAL PERIOD 1981 TO 2010
CLIMATE RECORD PERIOD 1988 TO 2017


WEATHER ITEM   OBSERVED TIME   RECORD YEAR NORMAL DEPARTURE LAST
                VALUE   (LST)  VALUE       VALUE  FROM      YEAR
                                                  NORMAL
..................................................................
TEMPERATURE (F)
 YESTERDAY
  MAXIMUM         50    238 PM  69    2011  51     -1       42
                                      1995
  MINIMUM         30   1159 PM  15    2010  32     -2       30
                                      1989
  AVERAGE         40                        42     -2       36

PRECIPITATION (IN)
  YESTERDAY        0.00          0.78 1993   0.20  -0.20     0.00
  MONTH TO DATE    0.98                      2.87  -1.89     2.41
  SINCE DEC 1      0.98                      2.87  -1.89     2.41
  SINCE JAN 1     47.11                     51.82  -4.71    58.97

SNOWFALL (IN)
  YESTERDAY        0.0          MM      MM                   0.0
  MONTH TO DATE    0.0                                       0.0
  SINCE DEC 1      0.0                                       0.0
  SINCE JUL 1      0.0                                       0.0
  SNOW DEPTH       0

DEGREE DAYS
 HEATING
  YESTERDAY       25                        23      2       29
  MONTH TO DATE  280                       300    -20      325
  SINCE DEC 1    280                       300    -20      325
  SINCE JUL 1    785                       899   -114      647

 COOLING
  YESTERDAY        0                         0      0        0
  MONTH TO DATE    0                         0      0        0
  SINCE DEC 1      0                         0      0        0
  SINCE JAN 1   2124                      1926    198     2423
..................................................................







THE MEMPHIS/GERMANTOWN WFO CLIMATE NORMALS FOR TODAY
                         NORMAL    RECORD    YEAR
 MAXIMUM TEMPERATURE (F)   51        70      2015
 MINIMUM TEMPERATURE (F)   32        19      2004


SUNRISE AND SUNSET
DECEMBER 15 2017......SUNRISE   700 AM CST   SUNSET   449 PM CST
DECEMBER 16 2017......SUNRISE   701 AM CST   SUNSET   449 PM CST


-  INDICATES NEGATIVE NUMBERS.
R  INDICATES RECORD WAS SET OR TIED.
MM INDICATES DATA IS MISSING.
T  INDICATES TRACE AMOUNT.




$$
