000
CDUS44 KJAN 280726
CLIMEI


CLIMATE REPORT
NATIONAL WEATHER SERVICE JACKSON MS
224 AM CDT THU JUL 28 2016


...................................

...THE MERIDIAN CLIMATE SUMMARY FOR JULY 27 2016...

CLIMATE NORMAL PERIOD 1981 TO 2010
CLIMATE RECORD PERIOD 1889 TO 2016


WEATHER ITEM   OBSERVED TIME   RECORD YEAR NORMAL DEPARTURE LAST
                VALUE   (LST)  VALUE       VALUE  FROM      YEAR
                                                  NORMAL
..................................................................
TEMPERATURE (F)
 YESTERDAY
  MAXIMUM         89   1147 AM 102    1952  92     -3       95
  MINIMUM         75   1159 PM  59    1911  70      5       72
  AVERAGE         82                        81      1       84

PRECIPITATION (IN)
  YESTERDAY        0.51          2.78 1989   0.16   0.35     0.00
  MONTH TO DATE    2.21                      4.50  -2.29     3.57
  SINCE JUN 1      7.12                      8.90  -1.78     8.54
  SINCE JAN 1     32.11                     34.33  -2.22    31.60

SNOWFALL (IN)
  YESTERDAY        0.0           0.0    MM   0.0    0.0      0.0
  MONTH TO DATE    0.0                       0.0    0.0      0.0
  SINCE JUN 1      0.0                       0.0    0.0      0.0
  SINCE JUL 1      0.0                       0.0    0.0      0.0

DEGREE DAYS
 HEATING
  YESTERDAY        0                         0      0        0
  MONTH TO DATE    0                         0      0        0
  SINCE JUN 1      0                         0      0        0
  SINCE JUL 1      0                         0      0        0

 COOLING
  YESTERDAY       17                        16      1       19
  MONTH TO DATE  553                       423    130      469
  SINCE JUN 1   1097                       803    294      885
  SINCE JAN 1   1409                      1086    323     1250
..................................................................


WIND (MPH)
  HIGHEST WIND SPEED    23   HIGHEST WIND DIRECTION    SW (210)
  HIGHEST GUST SPEED    28   HIGHEST GUST DIRECTION    SW (210)
  AVERAGE WIND SPEED     8.1


SKY COVER
  POSSIBLE SUNSHINE  MM
  AVERAGE SKY COVER 0.8


WEATHER CONDITIONS
 THE FOLLOWING WEATHER WAS RECORDED YESTERDAY.
  THUNDERSTORM
  HEAVY RAIN
  RAIN
  LIGHT RAIN
  FOG
  HAZE


RELATIVE HUMIDITY (PERCENT)
 HIGHEST    94           900 PM
 LOWEST     65          1000 AM
 AVERAGE    80

..........................................................


THE MERIDIAN CLIMATE NORMALS FOR TODAY
                         NORMAL    RECORD    YEAR
 MAXIMUM TEMPERATURE (F)   92       103      1952
 MINIMUM TEMPERATURE (F)   70        61      1911


SUNRISE AND SUNSET
JULY 28 2016..........SUNRISE   607 AM CDT   SUNSET   755 PM CDT
JULY 29 2016..........SUNRISE   608 AM CDT   SUNSET   754 PM CDT


-  INDICATES NEGATIVE NUMBERS.
R  INDICATES RECORD WAS SET OR TIED.
MM INDICATES DATA IS MISSING.
T  INDICATES TRACE AMOUNT.




$$
