000
CDUS44 KJAN 270644
CLIMEI


CLIMATE REPORT
NATIONAL WEATHER SERVICE JACKSON MS
140 AM CDT SAT MAY 27 2017


...................................

...THE MERIDIAN CLIMATE SUMMARY FOR MAY 26 2017...

CLIMATE NORMAL PERIOD 1981 TO 2010
CLIMATE RECORD PERIOD 1889 TO 2017


WEATHER ITEM   OBSERVED TIME   RECORD YEAR NORMAL DEPARTURE LAST
                VALUE   (LST)  VALUE       VALUE  FROM      YEAR
                                                  NORMAL
..................................................................
TEMPERATURE (F)
 YESTERDAY
  MAXIMUM         89    346 PM  96    1964  86      3       92
                                      1950
  MINIMUM         59    433 AM  42    1979  61     -2       67
  AVERAGE         74                        74      0       80

PRECIPITATION (IN)
  YESTERDAY        0.00          3.23 1909   0.14  -0.14     0.00
  MONTH TO DATE    3.13                      3.78  -0.65     0.96
  SINCE MAR 1     18.83                     13.98   4.85    17.49
  SINCE JAN 1     28.40                     24.71   3.69    24.98

SNOWFALL (IN)
  YESTERDAY        0.0           0.0    MM   0.0    0.0      0.0
  MONTH TO DATE    0.0                       0.0    0.0      0.0
  SINCE MAR 1      0.0                       0.3   -0.3      0.0
  SINCE JUL 1      0.8                       0.6    0.2       T

DEGREE DAYS
 HEATING
  YESTERDAY        0                         0      0        0
  MONTH TO DATE   13                        16     -3        8
  SINCE MAR 1    234                       453   -219      253
  SINCE JUL 1   1362                      2550  -1188     1815

 COOLING
  YESTERDAY        9                         9      0       15
  MONTH TO DATE  169                       154     15      133
  SINCE MAR 1    386                       230    156      229
  SINCE JAN 1    432                       237    195      234
..................................................................


WIND (MPH)
  HIGHEST WIND SPEED    20   HIGHEST WIND DIRECTION    SW (210)
  HIGHEST GUST SPEED    25   HIGHEST GUST DIRECTION    SW (210)
  AVERAGE WIND SPEED     8.5


SKY COVER
  POSSIBLE SUNSHINE  MM
  AVERAGE SKY COVER 0.0


WEATHER CONDITIONS
 THE FOLLOWING WEATHER WAS RECORDED YESTERDAY.
  NO SIGNIFICANT WEATHER WAS OBSERVED.


RELATIVE HUMIDITY (PERCENT)
 HIGHEST    93           600 AM
 LOWEST     38           300 PM
 AVERAGE    66

..........................................................


THE MERIDIAN CLIMATE NORMALS FOR TODAY
                         NORMAL    RECORD    YEAR
 MAXIMUM TEMPERATURE (F)   86        97      1953
 MINIMUM TEMPERATURE (F)   62        45      1961


SUNRISE AND SUNSET
MAY 27 2017...........SUNRISE   550 AM CDT   SUNSET   754 PM CDT
MAY 28 2017...........SUNRISE   550 AM CDT   SUNSET   755 PM CDT


-  INDICATES NEGATIVE NUMBERS.
R  INDICATES RECORD WAS SET OR TIED.
MM INDICATES DATA IS MISSING.
T  INDICATES TRACE AMOUNT.




$$
