000
CDUS44 KJAN 280852
CLIMEI


CLIMATE REPORT
NATIONAL WEATHER SERVICE JACKSON MS
248 AM CST SUN DEC 28 2014


...................................

...THE MERIDIAN CLIMATE SUMMARY FOR DECEMBER 27 2014...

CLIMATE NORMAL PERIOD 1981 TO 2010
CLIMATE RECORD PERIOD 1889 TO 2014


WEATHER ITEM   OBSERVED TIME   RECORD YEAR NORMAL DEPARTURE LAST
                VALUE   (LST)  VALUE       VALUE  FROM      YEAR
                                                  NORMAL
..................................................................
TEMPERATURE (F)
 YESTERDAY
  MAXIMUM         60    943 PM  80    1982  57      3       53
  MINIMUM         48    531 AM  15    1925  34     14       28
                                      1892
  AVERAGE         54                        45      9       41

PRECIPITATION (IN)
  YESTERDAY        2.73          4.69 1942   0.15   2.58     0.00
  MONTH TO DATE    7.50                      4.50   3.00     6.13
  SINCE DEC 1      7.50                      4.50   3.00     6.13
  SINCE JAN 1     53.02                     55.60  -2.58    66.05

SNOWFALL (IN)
  YESTERDAY        0.0           0.0  2001   0.0   MM        0.0
  MONTH TO DATE    0.0                       0.1   -0.1      0.0
  SINCE DEC 1      0.0                       0.1   -0.1      0.0
  SINCE JUL 1      0.0                       0.1   -0.1      0.0

DEGREE DAYS
 HEATING
  YESTERDAY       11                        20     -9       24
  MONTH TO DATE  371                       478   -107      460
  SINCE DEC 1    371                       478   -107      460
  SINCE JUL 1    920                       928     -8      961

 COOLING
  YESTERDAY        0                         0      0        0
  MONTH TO DATE    0                         0      0       25
  SINCE DEC 1      0                         0      0       25
  SINCE JAN 1   2085                      2029     56     2066
..................................................................


WIND (MPH)
  HIGHEST WIND SPEED    16   HIGHEST WIND DIRECTION     S (160)
  HIGHEST GUST SPEED    20   HIGHEST GUST DIRECTION     S (170)
  AVERAGE WIND SPEED     5.1


SKY COVER
  POSSIBLE SUNSHINE  MM
  AVERAGE SKY COVER 1.0


WEATHER CONDITIONS
 THE FOLLOWING WEATHER WAS RECORDED YESTERDAY.
  THUNDERSTORM
  HEAVY RAIN
  RAIN
  LIGHT RAIN
  FOG


RELATIVE HUMIDITY (PERCENT)
 HIGHEST   100          1000 PM
 LOWEST     66          1200 AM
 AVERAGE    83

..........................................................


THE MERIDIAN CLIMATE NORMALS FOR TODAY
                         NORMAL    RECORD    YEAR
 MAXIMUM TEMPERATURE (F)   57        76      1946
 MINIMUM TEMPERATURE (F)   34        10      1925


SUNRISE AND SUNSET
DECEMBER 28 2014......SUNRISE   655 AM CST   SUNSET   458 PM CST
DECEMBER 29 2014......SUNRISE   656 AM CST   SUNSET   459 PM CST


-  INDICATES NEGATIVE NUMBERS.
R  INDICATES RECORD WAS SET OR TIED.
MM INDICATES DATA IS MISSING.
T  INDICATES TRACE AMOUNT.




$$
