000
CDUS44 KJAN 282225
CLIMEI


CLIMATE REPORT
NATIONAL WEATHER SERVICE JACKSON MS
423 PM CST SAT FEB 28 2015


...................................

...THE MERIDIAN CLIMATE SUMMARY FOR FEBRUARY 28 2015...
VALID TODAY AS OF 0400 PM LOCAL TIME.

CLIMATE NORMAL PERIOD 1981 TO 2010
CLIMATE RECORD PERIOD 1889 TO 2015


WEATHER ITEM   OBSERVED TIME   RECORD YEAR NORMAL DEPARTURE LAST
                VALUE   (LST)  VALUE       VALUE  FROM      YEAR
                                                  NORMAL
..................................................................
TEMPERATURE (F)
 TODAY
  MAXIMUM         65    354 PM  84    1981  65      0       60
  MINIMUM         33    421 AM  17    2002  39     -6       25
  AVERAGE         49                        52     -3       43

PRECIPITATION (IN)
  TODAY            0.00          3.68 1907   0.19  -0.19      T
  MONTH TO DATE    4.13                      5.60  -1.47     6.88
  SINCE DEC 1     19.52                     15.79   3.73    16.70
  SINCE JAN 1     10.84                     10.73   0.11     9.35

SNOWFALL (IN)
  TODAY            0.0           0.0  2001   0.0    0.0      0.0
  MONTH TO DATE    T                         T      0.0      0.5
  SINCE DEC 1      T                         0.3   -0.3      2.5
  SINCE JUL 1      T                         0.3   -0.3      2.5

DEGREE DAYS
 HEATING
  TODAY           16                        13      3       22
  MONTH TO DATE  617                       459    158      503
  SINCE DEC 1   1692                      1647     45     1875
  SINCE JUL 1   2241                      2097    144     2376

 COOLING
  TODAY            0                         0      0        0
  MONTH TO DATE    0                         4     -4        7
  SINCE DEC 1      0                        13    -13       32
  SINCE JAN 1      0                         7     -7        7
..................................................................


WIND (MPH)
  HIGHEST WIND SPEED    16   HIGHEST WIND DIRECTION    SE (120)
  HIGHEST GUST SPEED    24   HIGHEST GUST DIRECTION    SE (120)
  AVERAGE WIND SPEED     8.0


SKY COVER
  POSSIBLE SUNSHINE  MM
  AVERAGE SKY COVER 0.0


WEATHER CONDITIONS
 THE FOLLOWING WEATHER WAS RECORDED TODAY.
  NO SIGNIFICANT WEATHER WAS OBSERVED.


RELATIVE HUMIDITY (PERCENT)
 HIGHEST    56          1200 AM
 LOWEST     24           300 PM
 AVERAGE    40

..........................................................


THE MERIDIAN CLIMATE NORMALS FOR TOMORROW
                         NORMAL    RECORD    YEAR
 MAXIMUM TEMPERATURE (F)   65        83      1932
 MINIMUM TEMPERATURE (F)   40        19      1984


SUNRISE AND SUNSET
FEBRUARY 28 2015......SUNRISE   624 AM CST   SUNSET   552 PM CST
MARCH  1 2015.........SUNRISE   623 AM CST   SUNSET   552 PM CST


-  INDICATES NEGATIVE NUMBERS.
R  INDICATES RECORD WAS SET OR TIED.
MM INDICATES DATA IS MISSING.
T  INDICATES TRACE AMOUNT.




$$
