000
CDUS44 KJAN 280817
CLIMEI


CLIMATE REPORT
NATIONAL WEATHER SERVICE JACKSON MS
315 AM CDT SAT MAY 28 2016


...................................

...THE MERIDIAN CLIMATE SUMMARY FOR MAY 27 2016...

CLIMATE NORMAL PERIOD 1981 TO 2010
CLIMATE RECORD PERIOD 1889 TO 2016


WEATHER ITEM   OBSERVED TIME   RECORD YEAR NORMAL DEPARTURE LAST
                VALUE   (LST)  VALUE       VALUE  FROM      YEAR
                                                  NORMAL
..................................................................
TEMPERATURE (F)
 YESTERDAY
  MAXIMUM         89    304 PM  97    1953  86      3       84
  MINIMUM         71   1236 AM  45    1961  62      9       68
  AVERAGE         80                        74      6       76

PRECIPITATION (IN)
  YESTERDAY        0.00          2.46 1892   0.14  -0.14     0.11
  MONTH TO DATE    0.96                      3.92  -2.96     1.47
  SINCE MAR 1     17.49                     14.12   3.37    11.53
  SINCE JAN 1     24.98                     24.85   0.13    22.37

SNOWFALL (IN)
  YESTERDAY        0.0           0.0    MM   0.0    0.0      0.0
  MONTH TO DATE    0.0                       0.0    0.0      0.0
  SINCE MAR 1      0.0                       0.3   -0.3       T
  SINCE JUL 1      T                         0.6   -0.6       T

DEGREE DAYS
 HEATING
  YESTERDAY        0                         0      0        0
  MONTH TO DATE    8                        16     -8        6
  SINCE MAR 1    253                       453   -200      263
  SINCE JUL 1   1815                      2550   -735     2504

 COOLING
  YESTERDAY       15                         9      6       11
  MONTH TO DATE  148                       163    -15      182
  SINCE MAR 1    244                       239      5      322
  SINCE JAN 1    249                       246      3      322
..................................................................


WIND (MPH)
  HIGHEST WIND SPEED    18   HIGHEST WIND DIRECTION    SE (140)
  HIGHEST GUST SPEED    24   HIGHEST GUST DIRECTION    SE (120)
  AVERAGE WIND SPEED     6.9


SKY COVER
  POSSIBLE SUNSHINE  MM
  AVERAGE SKY COVER 0.1


WEATHER CONDITIONS
 THE FOLLOWING WEATHER WAS RECORDED YESTERDAY.
  HAZE


RELATIVE HUMIDITY (PERCENT)
 HIGHEST    84           400 AM
 LOWEST     41           300 PM
 AVERAGE    63

..........................................................


THE MERIDIAN CLIMATE NORMALS FOR TODAY
                         NORMAL    RECORD    YEAR
 MAXIMUM TEMPERATURE (F)   86        96      1962
 MINIMUM TEMPERATURE (F)   62        42      1961


SUNRISE AND SUNSET
MAY 28 2016...........SUNRISE   550 AM CDT   SUNSET   755 PM CDT
MAY 29 2016...........SUNRISE   550 AM CDT   SUNSET   756 PM CDT


-  INDICATES NEGATIVE NUMBERS.
R  INDICATES RECORD WAS SET OR TIED.
MM INDICATES DATA IS MISSING.
T  INDICATES TRACE AMOUNT.




$$
