000
CDUS44 KJAN 282207
CLIMEI


CLIMATE REPORT
NATIONAL WEATHER SERVICE JACKSON MS
507 PM CDT SAT MAR 28 2015


...................................

...THE MERIDIAN CLIMATE SUMMARY FOR MARCH 28 2015...
VALID AS OF 0500 PM LOCAL TIME.

CLIMATE NORMAL PERIOD 1981 TO 2010
CLIMATE RECORD PERIOD 1889 TO 2015


WEATHER ITEM   OBSERVED TIME   RECORD YEAR NORMAL DEPARTURE LAST
                VALUE   (LST)  VALUE       VALUE  FROM      YEAR
                                                  NORMAL
..................................................................
TEMPERATURE (F)
 TODAY
  MAXIMUM         55   1140 AM  89    1910  72    -17       69
  MINIMUM         34    608 AM  29    1894  45    -11       60
  AVERAGE         45

PRECIPITATION (IN)
  TODAY            T             4.38 1951   0.16  -0.16     2.75
  MONTH TO DATE    4.86                      4.91  -0.05     5.34
  SINCE MAR 1      4.86                      4.91  -0.05     5.34
  SINCE JAN 1     15.70                     15.64   0.06    14.69

SNOWFALL (IN)
  TODAY            0.0

..................................................................










-  INDICATES NEGATIVE NUMBERS.
R  INDICATES RECORD WAS SET OR TIED.
MM INDICATES DATA IS MISSING.
T  INDICATES TRACE AMOUNT.




$$
