135
CDUS44 KMEG 290643
CLIMEM


CLIMATE REPORT
NATIONAL WEATHER SERVICE MEMPHIS TN
143 AM CDT MON MAY 29 2017


...................................

...THE MEMPHIS CLIMATE SUMMARY FOR MAY 28 2017...

CLIMATE NORMAL PERIOD 1981 TO 2010
CLIMATE RECORD PERIOD 1872 TO 2017


WEATHER ITEM   OBSERVED TIME   RECORD YEAR NORMAL DEPARTURE LAST
                VALUE   (LST)  VALUE       VALUE  FROM      YEAR
                                                  NORMAL
..................................................................
TEMPERATURE (F)
 YESTERDAY
  MAXIMUM         81    207 PM  97    1911  85     -4       85
  MINIMUM         64    752 AM  44    1961  66     -2       69
  AVERAGE         73                        75     -2       77

PRECIPITATION (IN)
  YESTERDAY        T             3.86 1893   0.16  -0.16      T
  MONTH TO DATE    3.01                      4.79  -1.78     4.85
  SINCE MAR 1     11.98                     15.45  -3.47    27.02
  SINCE JAN 1     17.64                     23.82  -6.18    34.87

SNOWFALL (IN)
  YESTERDAY        0.0          MM      MM   0.0    0.0      0.0
  MONTH TO DATE    0.0                       0.0    0.0      0.0
  SINCE MAR 1      T                         0.4   -0.4      0.0
  SINCE JUL 1      2.0                       3.8   -1.8      0.3
  SNOW DEPTH       0

DEGREE DAYS
 HEATING
  YESTERDAY        0                         0      0        0
  MONTH TO DATE   23                        17      6       22
  SINCE MAR 1    360                       512   -152      315
  SINCE JUL 1   2059                      2962   -903     2186

 COOLING
  YESTERDAY        8                        10     -2       12
  MONTH TO DATE  167                       194    -27      155
  SINCE MAR 1    319                       286     33      259
  SINCE JAN 1    341                       289     52      262
..................................................................


WIND (MPH)
  HIGHEST WIND SPEED    17   HIGHEST WIND DIRECTION     W (290)
  HIGHEST GUST SPEED    29   HIGHEST GUST DIRECTION     S (190)
  AVERAGE WIND SPEED     8.2


SKY COVER
  POSSIBLE SUNSHINE  MM
  AVERAGE SKY COVER 0.8


WEATHER CONDITIONS
 THE FOLLOWING WEATHER WAS RECORDED YESTERDAY.
  THUNDERSTORM
  HEAVY RAIN
  RAIN
  LIGHT RAIN
  FOG


RELATIVE HUMIDITY (PERCENT)
 HIGHEST    93           500 AM
 LOWEST     67           100 PM
 AVERAGE    80

..........................................................


THE MEMPHIS CLIMATE NORMALS FOR TODAY
                         NORMAL    RECORD    YEAR
 MAXIMUM TEMPERATURE (F)   85        96      1977
                                             1879
 MINIMUM TEMPERATURE (F)   66        50      1964


SUNRISE AND SUNSET
MAY 29 2017...........SUNRISE   548 AM CDT   SUNSET   807 PM CDT
MAY 30 2017...........SUNRISE   548 AM CDT   SUNSET   808 PM CDT


-  INDICATES NEGATIVE NUMBERS.
R  INDICATES RECORD WAS SET OR TIED.
MM INDICATES DATA IS MISSING.
T  INDICATES TRACE AMOUNT.




$$
