000
CDUS44 KMEG 252151
CLIMEM


CLIMATE REPORT
NATIONAL WEATHER SERVICE MEMPHIS TN
451 PM CDT MON JUL 25 2016


...................................

...THE MEMPHIS CLIMATE SUMMARY FOR JULY 25 2016...
VALID TODAY AS OF 0400 PM LOCAL TIME.

CLIMATE NORMAL PERIOD 1981 TO 2010
CLIMATE RECORD PERIOD 1872 TO 2016


WEATHER ITEM   OBSERVED TIME   RECORD YEAR NORMAL DEPARTURE LAST
                VALUE   (LST)  VALUE       VALUE  FROM      YEAR
                                                  NORMAL
..................................................................
TEMPERATURE (F)
 TODAY
  MAXIMUM         96    202 PM 101    1952  92      4       96
  MINIMUM         79    603 AM  62    1911  74      5       80
  AVERAGE         88                        83      5       88

PRECIPITATION (IN)
  TODAY            T             1.94 1977   0.16  -0.16     0.00
  MONTH TO DATE    5.14                      3.73   1.41     5.17
  SINCE JUN 1      6.31                      7.36  -1.05     9.64
  SINCE JAN 1     41.40                     31.64   9.76    29.86

SNOWFALL (IN)
  TODAY            0.0

DEGREE DAYS
 HEATING
  TODAY            0                         0      0        0
  MONTH TO DATE    0                         0      0        0
  SINCE JUN 1      0                         0      0        0
  SINCE JUL 1      0                         0      0        0

 COOLING
  TODAY           23                        18      5       23
  MONTH TO DATE  515                       446     69      480
  SINCE JUN 1   1067                       884    183      957
  SINCE JAN 1   1372                      1205    167     1311
..................................................................


WIND (MPH)
  HIGHEST WIND SPEED    15   HIGHEST WIND DIRECTION     S (190)
  HIGHEST GUST SPEED    20   HIGHEST GUST DIRECTION     S (190)
  AVERAGE WIND SPEED     5.5


SKY COVER
  POSSIBLE SUNSHINE  MM
  AVERAGE SKY COVER 0.4


WEATHER CONDITIONS
 THE FOLLOWING WEATHER WAS RECORDED TODAY.
  LIGHT RAIN


RELATIVE HUMIDITY (PERCENT)
 HIGHEST    91           500 AM
 LOWEST     53          1200 PM
 AVERAGE    72

..........................................................


THE MEMPHIS CLIMATE NORMALS FOR TOMORROW
                         NORMAL    RECORD    YEAR
 MAXIMUM TEMPERATURE (F)   92       102      1986
                                             1952
 MINIMUM TEMPERATURE (F)   74        66      2004
                                             1996
                                             1962


SUNRISE AND SUNSET
JULY 25 2016..........SUNRISE   604 AM CDT   SUNSET   808 PM CDT
JULY 26 2016..........SUNRISE   605 AM CDT   SUNSET   807 PM CDT


-  INDICATES NEGATIVE NUMBERS.
R  INDICATES RECORD WAS SET OR TIED.
MM INDICATES DATA IS MISSING.
T  INDICATES TRACE AMOUNT.




$$
