000
CDUS44 KMEG 230650
CLIMEM


CLIMATE REPORT
NATIONAL WEATHER SERVICE MEMPHIS TN
149 AM CDT THU MAR 23 2017


...................................

...THE MEMPHIS CLIMATE SUMMARY FOR MARCH 22 2017...

CLIMATE NORMAL PERIOD 1981 TO 2010
CLIMATE RECORD PERIOD 1872 TO 2017


WEATHER ITEM   OBSERVED TIME   RECORD YEAR NORMAL DEPARTURE LAST
                VALUE   (LST)  VALUE       VALUE  FROM      YEAR
                                                  NORMAL
..................................................................
TEMPERATURE (F)
 YESTERDAY
  MAXIMUM         MM        MM  83    1898  66     MM       68
  MINIMUM         MM        MM  23    1986  46     MM       43
                                      1968
  AVERAGE         MM                        56     MM       56

PRECIPITATION (IN)
  YESTERDAY       MM             2.81 1953   0.18  MM        0.00
  MONTH TO DATE    2.93                      3.56  -0.63    11.77
  SINCE MAR 1      2.93                      3.56  -0.63    11.77
  SINCE JAN 1      8.59                     11.93  -3.34    19.62

SNOWFALL (IN)
  YESTERDAY       MM             7.4  1968   0.0   MM        0.0
  MONTH TO DATE    T                         0.4   -0.4      0.0
  SINCE MAR 1      T                         0.4   -0.4      0.0
  SINCE JUL 1      2.0                       3.8   -1.8      0.3
  SNOW DEPTH       0

DEGREE DAYS
 HEATING
  YESTERDAY       MM                        10     MM        9
  MONTH TO DATE  265                       280    -15      167
  SINCE MAR 1    265                       280    -15      167
  SINCE JUL 1   1964                      2730   -766     2038

 COOLING
  YESTERDAY       MM                         1     MM        0
  MONTH TO DATE   11                         7      4       12
  SINCE MAR 1     11                         7      4       12
  SINCE JAN 1     33                        10     23       15
..................................................................


WIND (MPH)
  HIGHEST WIND SPEED    18   HIGHEST WIND DIRECTION    NE (40)
  HIGHEST GUST SPEED    23   HIGHEST GUST DIRECTION    NE (40)
  AVERAGE WIND SPEED    11.7


SKY COVER
  POSSIBLE SUNSHINE  MM
  AVERAGE SKY COVER 0.7


WEATHER CONDITIONS
 THE FOLLOWING WEATHER WAS RECORDED YESTERDAY.
  RAIN
  LIGHT RAIN
  FOG


RELATIVE HUMIDITY (PERCENT)
 HIGHEST    86           800 AM
 LOWEST     31           400 PM
 AVERAGE    59

..........................................................


THE MEMPHIS CLIMATE NORMALS FOR TODAY
                         NORMAL    RECORD    YEAR
 MAXIMUM TEMPERATURE (F)   66        85      1910
 MINIMUM TEMPERATURE (F)   46        26      1885


SUNRISE AND SUNSET
MARCH 23 2017.........SUNRISE   659 AM CDT   SUNSET   714 PM CDT
MARCH 24 2017.........SUNRISE   658 AM CDT   SUNSET   715 PM CDT


-  INDICATES NEGATIVE NUMBERS.
R  INDICATES RECORD WAS SET OR TIED.
MM INDICATES DATA IS MISSING.
T  INDICATES TRACE AMOUNT.




$$
