000
CDUS44 KMEG 252148
CLIMEM


CLIMATE REPORT
NATIONAL WEATHER SERVICE MEMPHIS TN
448 PM CDT MON SEP 25 2017


...................................

...THE MEMPHIS CLIMATE SUMMARY FOR SEPTEMBER 25 2017...
VALID TODAY AS OF 0400 PM LOCAL TIME.

CLIMATE NORMAL PERIOD 1981 TO 2010
CLIMATE RECORD PERIOD 1872 TO 2017


WEATHER ITEM   OBSERVED TIME   RECORD YEAR NORMAL DEPARTURE LAST
                VALUE   (LST)  VALUE       VALUE  FROM      YEAR
                                                  NORMAL
..................................................................
TEMPERATURE (F)
 TODAY
  MAXIMUM         89    259 PM  98    2016  82      7       98
  MINIMUM         69    258 AM  43    1965  62      7       75
  AVERAGE         79                        72      7       87

PRECIPITATION (IN)
  TODAY            0.00          1.88 1872   0.12  -0.12     0.00
  MONTH TO DATE    1.61                      2.49  -0.88     0.67
  SINCE SEP 1      1.61                      2.49  -0.88     0.67
  SINCE JAN 1     38.27                     37.87   0.40    50.48

SNOWFALL (IN)
  TODAY            0.0

DEGREE DAYS
 HEATING
  TODAY            0                         1     -1        0
  MONTH TO DATE    3                         5     -2        0
  SINCE SEP 1      3                         5     -2        0
  SINCE JUL 1      3                         5     -2        0

 COOLING
  TODAY           14                         7      7       22
  MONTH TO DATE  265                       282    -17      445
  SINCE SEP 1    265                       282    -17      445
  SINCE JAN 1   2081                      2117    -36     2546
..................................................................


WIND (MPH)
  HIGHEST WIND SPEED    13   HIGHEST WIND DIRECTION     E (80)
  HIGHEST GUST SPEED    17   HIGHEST GUST DIRECTION     E (80)
  AVERAGE WIND SPEED     3.2


SKY COVER
  POSSIBLE SUNSHINE  MM
  AVERAGE SKY COVER 0.2


WEATHER CONDITIONS
 THE FOLLOWING WEATHER WAS RECORDED TODAY.
  NO SIGNIFICANT WEATHER WAS OBSERVED.


RELATIVE HUMIDITY (PERCENT)
 HIGHEST    90           300 AM
 LOWEST     38           300 PM
 AVERAGE    64

..........................................................


THE MEMPHIS CLIMATE NORMALS FOR TOMORROW
                         NORMAL    RECORD    YEAR
 MAXIMUM TEMPERATURE (F)   81        95      1954
 MINIMUM TEMPERATURE (F)   61        46      2001
                                             2000
                                             1942


SUNRISE AND SUNSET
SEPTEMBER 25 2017.....SUNRISE   650 AM CDT   SUNSET   652 PM CDT
SEPTEMBER 26 2017.....SUNRISE   651 AM CDT   SUNSET   651 PM CDT


-  INDICATES NEGATIVE NUMBERS.
R  INDICATES RECORD WAS SET OR TIED.
MM INDICATES DATA IS MISSING.
T  INDICATES TRACE AMOUNT.




$$
