000
CDUS44 KMEG 250738
CLIMEM


CLIMATE REPORT
NATIONAL WEATHER SERVICE MEMPHIS TN
137 AM CST SAT NOV 25 2017


...................................

...THE MEMPHIS CLIMATE SUMMARY FOR NOVEMBER 24 2017...

CLIMATE NORMAL PERIOD 1981 TO 2010
CLIMATE RECORD PERIOD 1872 TO 2017


WEATHER ITEM   OBSERVED TIME   RECORD YEAR NORMAL DEPARTURE LAST
                VALUE   (LST)  VALUE       VALUE  FROM      YEAR
                                                  NORMAL
..................................................................
TEMPERATURE (F)
 YESTERDAY
  MAXIMUM         63    344 PM  79    1973  59      4       54
  MINIMUM         34    345 AM  14    1950  41     -7       48
  AVERAGE         49                        50     -1       51

PRECIPITATION (IN)
  YESTERDAY        0.00          2.74 2000   0.20  -0.20     0.00
  MONTH TO DATE    1.79                      4.24  -2.45     1.17
  SINCE SEP 1      7.44                     11.31  -3.87     3.06
  SINCE JAN 1     44.10                     46.69  -2.59    52.87

SNOWFALL (IN)
  YESTERDAY        0.0           0.6  1938   0.0    0.0      0.0
                                      1950
  MONTH TO DATE    0.0                       0.0    0.0      0.0
  SINCE SEP 1      0.0                       0.0    0.0      0.0
  SINCE JUL 1      0.0                       0.0    0.0      0.0
  SNOW DEPTH       0

DEGREE DAYS
 HEATING
  YESTERDAY       16                        15      1       14
  MONTH TO DATE  257                       269    -12      168
  SINCE SEP 1    388                       400    -12      186
  SINCE JUL 1    388                       400    -12      186

 COOLING
  YESTERDAY        0                         0      0        0
  MONTH TO DATE   22                        11     11       30
  SINCE SEP 1    486                       419     67      703
  SINCE JAN 1   2302                      2254     48     2804
..................................................................


WIND (MPH)
  HIGHEST WIND SPEED    16   HIGHEST WIND DIRECTION     S (200)
  HIGHEST GUST SPEED    27   HIGHEST GUST DIRECTION    SW (220)
  AVERAGE WIND SPEED     7.8


SKY COVER
  POSSIBLE SUNSHINE  MM
  AVERAGE SKY COVER 0.5


WEATHER CONDITIONS
 THE FOLLOWING WEATHER WAS RECORDED YESTERDAY.
  NO SIGNIFICANT WEATHER WAS OBSERVED.


RELATIVE HUMIDITY (PERCENT)
 HIGHEST    76           300 AM
 LOWEST     32           300 PM
 AVERAGE    54

..........................................................


THE MEMPHIS CLIMATE NORMALS FOR TODAY
                         NORMAL    RECORD    YEAR
 MAXIMUM TEMPERATURE (F)   59        77      1908
 MINIMUM TEMPERATURE (F)   40         9      1950


SUNRISE AND SUNSET
NOVEMBER 25 2017......SUNRISE   644 AM CST   SUNSET   449 PM CST
NOVEMBER 26 2017......SUNRISE   645 AM CST   SUNSET   449 PM CST


-  INDICATES NEGATIVE NUMBERS.
R  INDICATES RECORD WAS SET OR TIED.
MM INDICATES DATA IS MISSING.
T  INDICATES TRACE AMOUNT.




$$
