000
CDUS44 KMEG 222156
CLIMEM


CLIMATE REPORT
NATIONAL WEATHER SERVICE MEMPHIS TN
456 PM CDT SAT JUL 22 2017


...................................

...THE MEMPHIS CLIMATE SUMMARY FOR JULY 22 2017...
VALID TODAY AS OF 0400 PM LOCAL TIME.

CLIMATE NORMAL PERIOD 1981 TO 2010
CLIMATE RECORD PERIOD 1872 TO 2017


WEATHER ITEM   OBSERVED TIME   RECORD YEAR NORMAL DEPARTURE LAST
                VALUE   (LST)  VALUE       VALUE  FROM      YEAR
                                                  NORMAL
..................................................................
TEMPERATURE (F)
 TODAY
  MAXIMUM         98    344 PM 103    1943  92      6      100
  MINIMUM         78    514 AM  53    1944  74      4       80
  AVERAGE         88                        83      5       90

PRECIPITATION (IN)
  TODAY            0.00          3.49 1980   0.16  -0.16     0.00
  MONTH TO DATE    1.46                      3.24  -1.78     3.95
  SINCE JUN 1      6.07                      6.87  -0.80     5.12
  SINCE JAN 1     24.92                     31.15  -6.23    40.21

SNOWFALL (IN)
  TODAY            0.0

DEGREE DAYS
 HEATING
  TODAY            0                         0      0        0
  MONTH TO DATE    0                         0      0        0
  SINCE JUN 1      0                         0      0        0
  SINCE JUL 1      0                         0      0        0

 COOLING
  TODAY           23                        18      5       25
  MONTH TO DATE  408                       392     16      455
  SINCE JUN 1    818                       830    -12     1007
  SINCE JAN 1   1198                      1151     47     1312
..................................................................


WIND (MPH)
  HIGHEST WIND SPEED    15   HIGHEST WIND DIRECTION    SW (210)
  HIGHEST GUST SPEED    25   HIGHEST GUST DIRECTION     S (200)
  AVERAGE WIND SPEED     5.5


SKY COVER
  POSSIBLE SUNSHINE  MM
  AVERAGE SKY COVER 0.2


WEATHER CONDITIONS
 THE FOLLOWING WEATHER WAS RECORDED TODAY.
  NO SIGNIFICANT WEATHER WAS OBSERVED.


RELATIVE HUMIDITY (PERCENT)
 HIGHEST    91           500 AM
 LOWEST     42           200 PM
 AVERAGE    67

..........................................................


THE MEMPHIS CLIMATE NORMALS FOR TOMORROW
                         NORMAL    RECORD    YEAR
 MAXIMUM TEMPERATURE (F)   92       104      1934
                                             1901
 MINIMUM TEMPERATURE (F)   74        52      1947


SUNRISE AND SUNSET
JULY 22 2017..........SUNRISE   602 AM CDT   SUNSET   810 PM CDT
JULY 23 2017..........SUNRISE   603 AM CDT   SUNSET   810 PM CDT


-  INDICATES NEGATIVE NUMBERS.
R  INDICATES RECORD WAS SET OR TIED.
MM INDICATES DATA IS MISSING.
T  INDICATES TRACE AMOUNT.




$$
