000
CDUS41 KCLE 050527
CLIMFD


CLIMATE REPORT
NATIONAL WEATHER SERVICE CLEVELAND OH
1227 AM EST THU MAR 5 2015


...................................

...THE MANSFIELD OH CLIMATE SUMMARY FOR MARCH 4 2015...

CLIMATE NORMAL PERIOD 1981 TO 2010
CLIMATE RECORD PERIOD 1916 TO 2015


WEATHER ITEM   OBSERVED TIME   RECORD YEAR NORMAL DEPARTURE LAST
                VALUE   (LST)  VALUE       VALUE  FROM      YEAR
                                                  NORMAL
..................................................................
TEMPERATURE (F)
 YESTERDAY
  MAXIMUM         36   1202 AM  75    1992  41     -5       30
                                      1983
  MINIMUM         20   1159 PM   1    2014  24     -4        1
  AVERAGE         28                        33     -5       16

PRECIPITATION (IN)
  YESTERDAY        0.00                      0.10  -0.10     0.00
  MONTH TO DATE    0.57                      0.37   0.20     0.20
  SINCE MAR 1      0.57                      0.37   0.20     0.20
  SINCE JAN 1      5.73                      5.63   0.10     4.53

SNOWFALL (IN)
  YESTERDAY        0.0                       0.3   -0.3      0.0
  MONTH TO DATE    5.5                       1.3    4.2      2.6
  SINCE MAR 1      5.5                       1.3    4.2      2.6
  SINCE JUL 1     58.0                      39.2   18.8     56.5
  SNOW DEPTH       3

DEGREE DAYS
 HEATING
  YESTERDAY       37                        32      5       49
  MONTH TO DATE  158                       131     27      184
  SINCE MAR 1    158                       131     27      184
  SINCE JUL 1   5230                      4756    474     5228

 COOLING
  YESTERDAY        0                         0      0        0
  MONTH TO DATE    0                         0      0        0
  SINCE MAR 1      0                         0      0        0
  SINCE JAN 1      0                         0      0        0
..................................................................


WIND (MPH)
  HIGHEST WIND SPEED    22   HIGHEST WIND DIRECTION    NW (320)
  HIGHEST GUST SPEED    25   HIGHEST GUST DIRECTION    NW (320)
  AVERAGE WIND SPEED     8.8


SKY COVER
  POSSIBLE SUNSHINE  MM
  AVERAGE SKY COVER 0.9


WEATHER CONDITIONS
 THE FOLLOWING WEATHER WAS RECORDED YESTERDAY.
  FOG


RELATIVE HUMIDITY (PERCENT)
 HIGHEST    96           200 AM
 LOWEST     63           900 PM
 AVERAGE    80

..........................................................


THE MANSFIELD OH CLIMATE NORMALS FOR TODAY
                         NORMAL    RECORD    YEAR
 MAXIMUM TEMPERATURE (F)   42        76      1983
 MINIMUM TEMPERATURE (F)   25        -1      1978


SUNRISE AND SUNSET
MARCH  5 2015.........SUNRISE   658 AM EST   SUNSET   625 PM EST
MARCH  6 2015.........SUNRISE   657 AM EST   SUNSET   627 PM EST


-  INDICATES NEGATIVE NUMBERS.
R  INDICATES RECORD WAS SET OR TIED.
MM INDICATES DATA IS MISSING.
T  INDICATES TRACE AMOUNT.




$$
