000
CDUS41 KCLE 250528
CLIMFD


CLIMATE REPORT
NATIONAL WEATHER SERVICE CLEVELAND OH
1227 AM EST THU DEC 25 2014


...................................

...THE MANSFIELD OH CLIMATE SUMMARY FOR DECEMBER 24 2014...

CLIMATE NORMAL PERIOD 1981 TO 2010
CLIMATE RECORD PERIOD 1916 TO 2014


WEATHER ITEM   OBSERVED TIME   RECORD YEAR NORMAL DEPARTURE LAST
                VALUE   (LST)  VALUE       VALUE  FROM      YEAR
                                                  NORMAL
..................................................................
TEMPERATURE (F)
 YESTERDAY
  MAXIMUM         56    556 PM  62    1964  34     22       25
  MINIMUM         37   1159 PM -14    1983  21     16        9
  AVERAGE         47                        27     20       17

PRECIPITATION (IN)
  YESTERDAY        0.22                      0.11   0.11     0.04
  MONTH TO DATE    1.57                      2.57  -1.00     3.92
  SINCE DEC 1      1.57                      2.57  -1.00     3.92
  SINCE JAN 1     36.23                     43.47  -7.24    42.76

SNOWFALL (IN)
  YESTERDAY        0.0                       0.4   -0.4      0.8
  MONTH TO DATE    0.2                       7.6   -7.4     13.8
  SINCE DEC 1      0.2                       7.6   -7.4     13.8
  SINCE JUL 1      6.1                      10.3   -4.2     15.4
  SNOW DEPTH       0

DEGREE DAYS
 HEATING
  YESTERDAY       18                        38    -20       48
  MONTH TO DATE  730                       828    -98      817
  SINCE DEC 1    730                       828    -98      817
  SINCE JUL 1   2118                      2109      9     2149

 COOLING
  YESTERDAY        0                         0      0        0
  MONTH TO DATE    0                         0      0        0
  SINCE DEC 1      0                         0      0        0
  SINCE JAN 1    623                       632     -9      741
..................................................................


WIND (MPH)
  HIGHEST WIND SPEED    29   HIGHEST WIND DIRECTION     W (250)
  HIGHEST GUST SPEED    43   HIGHEST GUST DIRECTION     W (250)
  AVERAGE WIND SPEED    13.8


SKY COVER
  POSSIBLE SUNSHINE  MM
  AVERAGE SKY COVER 1.0


WEATHER CONDITIONS
 THE FOLLOWING WEATHER WAS RECORDED YESTERDAY.
  LIGHT RAIN
  FOG


RELATIVE HUMIDITY (PERCENT)
 HIGHEST   100           200 AM
 LOWEST     85           900 PM
 AVERAGE    93

..........................................................


THE MANSFIELD OH CLIMATE NORMALS FOR TODAY
                         NORMAL    RECORD    YEAR
 MAXIMUM TEMPERATURE (F)   34        62      1982
 MINIMUM TEMPERATURE (F)   20       -15      2004


SUNRISE AND SUNSET
DECEMBER 25 2014......SUNRISE   753 AM EST   SUNSET   508 PM EST
DECEMBER 26 2014......SUNRISE   753 AM EST   SUNSET   508 PM EST


-  INDICATES NEGATIVE NUMBERS.
R  INDICATES RECORD WAS SET OR TIED.
MM INDICATES DATA IS MISSING.
T  INDICATES TRACE AMOUNT.




$$
