000
CDUS44 KBRO 200629
CLIMFE


CLIMATE REPORT
NATIONAL WEATHER SERVICE BROWNSVILLE TX
129 AM CDT SUN AUG 20 2017


...................................

...THE MCALLEN CLIMATE SUMMARY FOR AUGUST 19 2017...

CLIMATE NORMAL PERIOD 1981 TO 2010
CLIMATE RECORD PERIOD 1961 TO 2017


WEATHER ITEM   OBSERVED TIME   RECORD YEAR NORMAL DEPARTURE LAST
                VALUE   (LST)  VALUE       VALUE  FROM      YEAR
                                                  NORMAL
..................................................................
TEMPERATURE (F)
 YESTERDAY
  MAXIMUM        103    347 PM 106    2015  98      5      100
  MINIMUM         78    641 AM  72    1976  77      1       79
                                      1973
                                      1972
  AVERAGE         91                        88      3

PRECIPITATION (IN)
  YESTERDAY        0.00          0.88 1982   0.09  -0.09     0.00
  MONTH TO DATE    0.55                      1.00  -0.45     0.71
  SINCE JUN 1      0.91                      5.58  -4.67     1.20
  SINCE JAN 1      6.78                     12.36  -5.58     9.17

SNOWFALL (IN)
  YESTERDAY        0.0
  MONTH TO DATE    0.0
  SINCE JUN 1      0.0
  SINCE JUL 1      0.0

DEGREE DAYS
 HEATING
  YESTERDAY        0                         0      0        0
  MONTH TO DATE    0                         0      0        0
  SINCE JUN 1      0                         0      0        0
  SINCE JUL 1      0                         0      0        0

 COOLING
  YESTERDAY       26                        23      3       25
  MONTH TO DATE  502                       436     66      505
  SINCE JUN 1   2025                      1738    287     1983
  SINCE JAN 1   3964                      2993    971     3601
..................................................................


WIND (MPH)
  HIGHEST WIND SPEED    24   HIGHEST WIND DIRECTION    SE (130)
  HIGHEST GUST SPEED    30   HIGHEST GUST DIRECTION    SE (130)
  AVERAGE WIND SPEED    11.7



WEATHER CONDITIONS
 THE FOLLOWING WEATHER WAS RECORDED YESTERDAY.
  NO SIGNIFICANT WEATHER WAS OBSERVED.


RELATIVE HUMIDITY (PERCENT)
 HIGHEST    91
 LOWEST     31
 AVERAGE    61

..........................................................


THE MCALLEN CLIMATE NORMALS FOR TODAY
                         NORMAL    RECORD    YEAR
 MAXIMUM TEMPERATURE (F)   98       105      2009
                                             1986
 MINIMUM TEMPERATURE (F)   77        71      1967


SUNRISE AND SUNSET
AUGUST 20 2017........SUNRISE   708 AM CDT   SUNSET   804 PM CDT
AUGUST 21 2017........SUNRISE   708 AM CDT   SUNSET   803 PM CDT


-  INDICATES NEGATIVE NUMBERS.
R  INDICATES RECORD WAS SET OR TIED.
MM INDICATES DATA IS MISSING.
T  INDICATES TRACE AMOUNT.




$$
