000
CDUS44 KBRO 310632
CLIMFE


CLIMATE REPORT
NATIONAL WEATHER SERVICE BROWNSVILLE TX
131 AM CDT TUE MAY 31 2016


...................................

...THE MCALLEN CLIMATE SUMMARY FOR MAY 30 2016...

CLIMATE NORMAL PERIOD 1981 TO 2010
CLIMATE RECORD PERIOD 1961 TO 2016


WEATHER ITEM   OBSERVED TIME   RECORD YEAR NORMAL DEPARTURE LAST
                VALUE   (LST)  VALUE       VALUE  FROM      YEAR
                                                  NORMAL
..................................................................
TEMPERATURE (F)
 YESTERDAY
  MAXIMUM         96    116 PM 103    2004  95      1       93
  MINIMUM         77    400 AM  65    1984  74      3       73
  AVERAGE         87                        84      3

PRECIPITATION (IN)
  YESTERDAY        T             1.70 2005   0.07  -0.07     0.58
  MONTH TO DATE    4.98                      2.16   2.82     4.64
  SINCE MAR 1      5.60                      4.53   1.07    10.62
  SINCE JAN 1      6.00                      6.69  -0.69    11.21

SNOWFALL (IN)
  YESTERDAY        0.0
  MONTH TO DATE    0.0
  SINCE MAR 1      0.0
  SINCE JUL 1      0.0

DEGREE DAYS
 HEATING
  YESTERDAY        0                         0      0        0
  MONTH TO DATE    0                         0      0        0
  SINCE MAR 1      7                        46    -39       66
  SINCE JUL 1    318                       579   -261      756

 COOLING
  YESTERDAY       22                        19      3       18
  MONTH TO DATE  573                       504     69      550
  SINCE MAR 1   1395                      1076    319     1146
  SINCE JAN 1   1600                      1235    365     1231
..................................................................


WIND (MPH)
  HIGHEST WIND SPEED    28   HIGHEST WIND DIRECTION     E (80)
  HIGHEST GUST SPEED    35   HIGHEST GUST DIRECTION     E (80)
  AVERAGE WIND SPEED    10.0



WEATHER CONDITIONS
 THE FOLLOWING WEATHER WAS RECORDED YESTERDAY.
  FOG


RELATIVE HUMIDITY (PERCENT)
 HIGHEST    91
 LOWEST     49
 AVERAGE    70

..........................................................


THE MCALLEN CLIMATE NORMALS FOR TODAY
                         NORMAL    RECORD    YEAR
 MAXIMUM TEMPERATURE (F)   95       106      1967
 MINIMUM TEMPERATURE (F)   75        60      1984


SUNRISE AND SUNSET
MAY 31 2016...........SUNRISE   641 AM CDT   SUNSET   821 PM CDT
JUNE  1 2016..........SUNRISE   641 AM CDT   SUNSET   821 PM CDT


-  INDICATES NEGATIVE NUMBERS.
R  INDICATES RECORD WAS SET OR TIED.
MM INDICATES DATA IS MISSING.
T  INDICATES TRACE AMOUNT.




$$
