868
CDUS44 KBRO 240731
CLIMFE


CLIMATE REPORT
NATIONAL WEATHER SERVICE BROWNSVILLE TX
128 AM CST TUE JAN 24 2017


...................................

...THE MCALLEN CLIMATE SUMMARY FOR JANUARY 23 2017...

CLIMATE NORMAL PERIOD 1981 TO 2010
CLIMATE RECORD PERIOD 1961 TO 2017


WEATHER ITEM   OBSERVED TIME   RECORD YEAR NORMAL DEPARTURE LAST
                VALUE   (LST)  VALUE       VALUE  FROM      YEAR
                                                  NORMAL
..................................................................
TEMPERATURE (F)
 YESTERDAY
  MAXIMUM         83    422 PM  92    1972  72     11       71
  MINIMUM         50    729 AM  29    1966  51     -1       40
  AVERAGE         67                        61      6

PRECIPITATION (IN)
  YESTERDAY        0.00          0.24 2007   0.04  -0.04     0.00
  MONTH TO DATE    0.80                      0.77   0.03     0.40
  SINCE DEC 1      1.43                      1.96  -0.53     0.44
  SINCE JAN 1      0.80                      0.77   0.03     0.40

SNOWFALL (IN)
  YESTERDAY        0.0
  MONTH TO DATE    0.0
  SINCE DEC 1      0.0
  SINCE JUL 1      0.0

DEGREE DAYS
 HEATING
  YESTERDAY        0                         6     -6        9
  MONTH TO DATE   60                       149    -89      140
  SINCE DEC 1    146                       326   -180      209
  SINCE JUL 1    153                       386   -233      243

 COOLING
  YESTERDAY        2                         2      0        0
  MONTH TO DATE  157                        46    111       23
  SINCE DEC 1    340                       129    211      167
  SINCE JAN 1    157                        46    111       23
..................................................................


WIND (MPH)
  HIGHEST WIND SPEED    16   HIGHEST WIND DIRECTION    SE (150)
  HIGHEST GUST SPEED    21   HIGHEST GUST DIRECTION    SE (150)
  AVERAGE WIND SPEED     6.4



WEATHER CONDITIONS
 THE FOLLOWING WEATHER WAS RECORDED YESTERDAY.
  NO SIGNIFICANT WEATHER WAS OBSERVED.


RELATIVE HUMIDITY (PERCENT)
 HIGHEST    72
 LOWEST     15
 AVERAGE    44

..........................................................


THE MCALLEN CLIMATE NORMALS FOR TODAY
                         NORMAL    RECORD    YEAR
 MAXIMUM TEMPERATURE (F)   72        89      1972
 MINIMUM TEMPERATURE (F)   51        23      1963


SUNRISE AND SUNSET
JANUARY 24 2017.......SUNRISE   720 AM CST   SUNSET   610 PM CST
JANUARY 25 2017.......SUNRISE   720 AM CST   SUNSET   611 PM CST


-  INDICATES NEGATIVE NUMBERS.
R  INDICATES RECORD WAS SET OR TIED.
MM INDICATES DATA IS MISSING.
T  INDICATES TRACE AMOUNT.




$$
