000
CDUS44 KBRO 270627
CLIMFE


CLIMATE REPORT
NATIONAL WEATHER SERVICE BROWNSVILLE TX
127 AM CDT WED MAY 27 2015


...................................

...THE MCALLEN CLIMATE SUMMARY FOR MAY 26 2015...

CLIMATE NORMAL PERIOD 1981 TO 2010
CLIMATE RECORD PERIOD 1941 TO 2015


WEATHER ITEM   OBSERVED TIME   RECORD YEAR NORMAL DEPARTURE LAST
                VALUE   (LST)  VALUE       VALUE  FROM      YEAR
                                                  NORMAL
..................................................................
TEMPERATURE (F)
 YESTERDAY
  MAXIMUM         93    349 PM 100    1955  94     -1       94
  MINIMUM         81    348 AM  63    1947  74      7       78
                                      1951
                                      1967
  AVERAGE         87                        84      3

PRECIPITATION (IN)
  YESTERDAY        0.00          0.29 1961   0.07  -0.07      T
  MONTH TO DATE    3.76                      1.86   1.90     0.50
  SINCE MAR 1      9.74                      4.23   5.51     1.70
  SINCE JAN 1     10.33                      6.39   3.94     2.58

SNOWFALL (IN)
  YESTERDAY        0.0
  MONTH TO DATE    0.0
  SINCE MAR 1      0.0
  SINCE JUL 1      0.0

DEGREE DAYS
 HEATING
  YESTERDAY        0                         0      0        0
  MONTH TO DATE    0                         0      0        0
  SINCE MAR 1     66                        46     20      107
  SINCE JUL 1    756                       579    177      883

 COOLING
  YESTERDAY       22                        19      3       21
  MONTH TO DATE  473                       428     45      340
  SINCE MAR 1   1069                      1000     69      825
  SINCE JAN 1   1154                      1159     -5      953
..................................................................


WIND (MPH)
  HIGHEST WIND SPEED    21   HIGHEST WIND DIRECTION    SE (140)
  HIGHEST GUST SPEED    26   HIGHEST GUST DIRECTION    SE (130)
  AVERAGE WIND SPEED    13.1



WEATHER CONDITIONS
 THE FOLLOWING WEATHER WAS RECORDED YESTERDAY.
  FOG
  HAZE


RELATIVE HUMIDITY (PERCENT)
 HIGHEST    91
 LOWEST     56
 AVERAGE    74

..........................................................


THE MCALLEN CLIMATE NORMALS FOR TODAY
                         NORMAL    RECORD    YEAR
 MAXIMUM TEMPERATURE (F)   94        99      2011
                                             1964
                                             2000
 MINIMUM TEMPERATURE (F)   74        63      1947


SUNRISE AND SUNSET
MAY 27 2015...........SUNRISE   642 AM CDT   SUNSET   819 PM CDT
MAY 28 2015...........SUNRISE   642 AM CDT   SUNSET   819 PM CDT


-  INDICATES NEGATIVE NUMBERS.
R  INDICATES RECORD WAS SET OR TIED.
MM INDICATES DATA IS MISSING.
T  INDICATES TRACE AMOUNT.




$$
