000
CDUS44 KBRO 260726
CLIMFE


CLIMATE REPORT
NATIONAL WEATHER SERVICE BROWNSVILLE TX
125 AM CST MON JAN 26 2015


...................................

...THE MCALLEN CLIMATE SUMMARY FOR JANUARY 25 2015...

CLIMATE NORMAL PERIOD 1981 TO 2010
CLIMATE RECORD PERIOD 1941 TO 2015


WEATHER ITEM   OBSERVED TIME   RECORD YEAR NORMAL DEPARTURE LAST
                VALUE   (LST)  VALUE       VALUE  FROM      YEAR
                                                  NORMAL
..................................................................
TEMPERATURE (F)
 YESTERDAY
  MAXIMUM         71    358 PM  88    1952  72     -1       67
                                      1972
  MINIMUM         44    629 AM  35    1955  51     -7       41
  AVERAGE         58                        62     -4

PRECIPITATION (IN)
  YESTERDAY        0.00          0.83 1984   0.03  -0.03     0.00
  MONTH TO DATE    0.17                      0.84  -0.67     0.10
  SINCE DEC 1      1.02                      2.03  -1.01     3.13
  SINCE JAN 1      0.17                      0.84  -0.67     0.10

SNOWFALL (IN)
  YESTERDAY        0.0
  MONTH TO DATE    0.0
  SINCE DEC 1      0.0
  SINCE JUL 1      0.0

DEGREE DAYS
 HEATING
  YESTERDAY        7                         6      1       11
  MONTH TO DATE  298                       161    137      183
  SINCE DEC 1    403                       338     65      422
  SINCE JUL 1    532                       398    134      548

 COOLING
  YESTERDAY        0                         2     -2        0
  MONTH TO DATE    5                        50    -45       12
  SINCE DEC 1     88                       133    -45       58
  SINCE JAN 1      5                        50    -45       12
..................................................................


WIND (MPH)
  HIGHEST WIND SPEED     9   HIGHEST WIND DIRECTION    NW (300)
  HIGHEST GUST SPEED    13   HIGHEST GUST DIRECTION    NW (320)
  AVERAGE WIND SPEED     2.8



WEATHER CONDITIONS
 THE FOLLOWING WEATHER WAS RECORDED YESTERDAY.
  FOG
  HAZE


RELATIVE HUMIDITY (PERCENT)
 HIGHEST    89
 LOWEST     35
 AVERAGE    62

..........................................................


THE MCALLEN CLIMATE NORMALS FOR TODAY
                         NORMAL    RECORD    YEAR
 MAXIMUM TEMPERATURE (F)   72        92      1950
 MINIMUM TEMPERATURE (F)   51        34      1978


SUNRISE AND SUNSET
JANUARY 26 2015.......SUNRISE   720 AM CST   SUNSET   611 PM CST
JANUARY 27 2015.......SUNRISE   719 AM CST   SUNSET   612 PM CST


-  INDICATES NEGATIVE NUMBERS.
R  INDICATES RECORD WAS SET OR TIED.
MM INDICATES DATA IS MISSING.
T  INDICATES TRACE AMOUNT.




$$
