000
CDUS44 KBRO 262231
CLIMFE


CLIMATE REPORT
NATIONAL WEATHER SERVICE BROWNSVILLE TX
431 PM CST THU FEB 26 2015


...................................

...THE MCALLEN CLIMATE SUMMARY FOR FEBRUARY 26 2015...
VALID TODAY AS OF 0400 PM LOCAL TIME.

CLIMATE NORMAL PERIOD 1981 TO 2010
CLIMATE RECORD PERIOD 1941 TO 2015


WEATHER ITEM   OBSERVED TIME   RECORD YEAR NORMAL DEPARTURE LAST
                VALUE   (LST)  VALUE       VALUE  FROM      YEAR
                                                  NORMAL
..................................................................
TEMPERATURE (F)
 TODAY
  MAXIMUM         75    233 PM  94    1944  77     -2       73
                                      1962
  MINIMUM         43    530 AM  31    1960  56    -13       46
  AVERAGE         59                        67     -8       60

PRECIPITATION (IN)
  TODAY            0.00          1.04 1973   0.04  -0.04     0.02
  MONTH TO DATE    0.40                      1.04  -0.64     0.20
  SINCE DEC 1      1.42                      3.28  -1.86     3.89
  SINCE JAN 1      0.57                      2.09  -1.52     0.86

SNOWFALL (IN)
  TODAY            0.0
  MONTH TO DATE    0.0
  SINCE DEC 1      0.0
  SINCE JUL 1      0.0
  SNOW DEPTH       0

DEGREE DAYS
 HEATING
  TODAY            6                         2      4        5
  MONTH TO DATE  126                       102     24      162
  SINCE DEC 1    532                       469     63      637
  SINCE JUL 1    661                       529    132      763

 COOLING
  TODAY            0                         4     -4        0
  MONTH TO DATE   68                        86    -18      109
  SINCE DEC 1    168                       231    -63      171
  SINCE JAN 1     85                       148    -63      125
..................................................................


WIND (MPH)
  HIGHEST WIND SPEED    21   HIGHEST WIND DIRECTION     E (80)
  HIGHEST GUST SPEED    27   HIGHEST GUST DIRECTION     E (80)
  AVERAGE WIND SPEED     7.4



WEATHER CONDITIONS
 THE FOLLOWING WEATHER WAS RECORDED TODAY.
  FOG
  HAZE


..........................................................


THE MCALLEN CLIMATE NORMALS FOR TOMORROW
                         NORMAL    RECORD    YEAR
 MAXIMUM TEMPERATURE (F)   78       101      2009
 MINIMUM TEMPERATURE (F)   57        33      1974


SUNRISE AND SUNSET
FEBRUARY 26 2015......SUNRISE   659 AM CST   SUNSET   633 PM CST
FEBRUARY 27 2015......SUNRISE   658 AM CST   SUNSET   633 PM CST


-  INDICATES NEGATIVE NUMBERS.
R  INDICATES RECORD WAS SET OR TIED.
MM INDICATES DATA IS MISSING.
T  INDICATES TRACE AMOUNT.




$$
