000
CDUS44 KBRO 300630
CLIMFE


CLIMATE REPORT
NATIONAL WEATHER SERVICE BROWNSVILLE TX
130 AM CDT SAT APR 30 2016


...................................

...THE MCALLEN CLIMATE SUMMARY FOR APRIL 29 2016...

CLIMATE NORMAL PERIOD 1981 TO 2010
CLIMATE RECORD PERIOD 1961 TO 2016


WEATHER ITEM   OBSERVED TIME   RECORD YEAR NORMAL DEPARTURE LAST
                VALUE   (LST)  VALUE       VALUE  FROM      YEAR
                                                  NORMAL
..................................................................
TEMPERATURE (F)
 YESTERDAY
  MAXIMUM         91    327 PM 102    2014  89      2       80
  MINIMUM         80   1159 PM  53    2008  69     11       59
  AVERAGE         86                        79      7

PRECIPITATION (IN)
  YESTERDAY        0.00          1.20 1996   0.06  -0.06     0.00
  MONTH TO DATE    0.59                      1.28  -0.69     4.59
  SINCE MAR 1      0.62                      2.31  -1.69     5.98
  SINCE JAN 1      1.02                      4.47  -3.45     6.57

SNOWFALL (IN)
  YESTERDAY        0.0
  MONTH TO DATE    0.0
  SINCE MAR 1      0.0
  SINCE JUL 1      0.0

DEGREE DAYS
 HEATING
  YESTERDAY        0                         0      0        0
  MONTH TO DATE    1                         3     -2        0
  SINCE MAR 1      7                        41    -34       66
  SINCE JUL 1    318                       574   -256      756

 COOLING
  YESTERDAY       21                        14      7        5
  MONTH TO DATE  436                       340     96      425
  SINCE MAR 1    797                       558    239      591
  SINCE JAN 1   1002                       717    285      676
..................................................................


WIND (MPH)
  HIGHEST WIND SPEED    25   HIGHEST WIND DIRECTION    SE (130)
  HIGHEST GUST SPEED    29   HIGHEST GUST DIRECTION    SE (130)
  AVERAGE WIND SPEED    13.7



WEATHER CONDITIONS
 THE FOLLOWING WEATHER WAS RECORDED YESTERDAY.
  FOG
  HAZE


RELATIVE HUMIDITY (PERCENT)
 HIGHEST    85
 LOWEST     63
 AVERAGE    74

..........................................................


THE MCALLEN CLIMATE NORMALS FOR TODAY
                         NORMAL    RECORD    YEAR
 MAXIMUM TEMPERATURE (F)   89       100      1962
 MINIMUM TEMPERATURE (F)   69        52      1996


SUNRISE AND SUNSET
APRIL 30 2016.........SUNRISE   656 AM CDT   SUNSET   804 PM CDT
MAY  1 2016...........SUNRISE   655 AM CDT   SUNSET   805 PM CDT


-  INDICATES NEGATIVE NUMBERS.
R  INDICATES RECORD WAS SET OR TIED.
MM INDICATES DATA IS MISSING.
T  INDICATES TRACE AMOUNT.




$$
