000
CDUS44 KBRO 280625
CLIMFE


CLIMATE REPORT
NATIONAL WEATHER SERVICE BROWNSVILLE TX
125 AM CDT TUE MAR 28 2017


...................................

...THE MCALLEN CLIMATE SUMMARY FOR MARCH 27 2017...

CLIMATE NORMAL PERIOD 1981 TO 2010
CLIMATE RECORD PERIOD 1961 TO 2017


WEATHER ITEM   OBSERVED TIME   RECORD YEAR NORMAL DEPARTURE LAST
                VALUE   (LST)  VALUE       VALUE  FROM      YEAR
                                                  NORMAL
..................................................................
TEMPERATURE (F)
 YESTERDAY
  MAXIMUM         92    211 PM 105    1984  84      8       91
  MINIMUM         70    604 AM  45    1996  62      8       69
  AVERAGE         81                        73      8

PRECIPITATION (IN)
  YESTERDAY        0.00          1.80 1999   0.04  -0.04     0.00
  MONTH TO DATE    2.52                      0.91   1.61     0.03
  SINCE MAR 1      2.52                      0.91   1.61     0.03
  SINCE JAN 1      4.15                      3.07   1.08     0.43

SNOWFALL (IN)
  YESTERDAY        0.0
  MONTH TO DATE    0.0
  SINCE MAR 1      0.0
  SINCE JUL 1      0.0

DEGREE DAYS
 HEATING
  YESTERDAY        0                         1     -1        0
  MONTH TO DATE    1                        38    -37        6
  SINCE MAR 1      1                        38    -37        6
  SINCE JUL 1    189                       571   -382      317

 COOLING
  YESTERDAY       16                         9      7       15
  MONTH TO DATE  303                       181    122      297
  SINCE MAR 1    303                       181    122      297
  SINCE JAN 1    784                       340    444      502
..................................................................


WIND (MPH)
  HIGHEST WIND SPEED    22   HIGHEST WIND DIRECTION    SE (140)
  HIGHEST GUST SPEED    26   HIGHEST GUST DIRECTION    SE (150)
  AVERAGE WIND SPEED    11.8



WEATHER CONDITIONS
 THE FOLLOWING WEATHER WAS RECORDED YESTERDAY.
  FOG


RELATIVE HUMIDITY (PERCENT)
 HIGHEST    90
 LOWEST     52
 AVERAGE    71

..........................................................


THE MCALLEN CLIMATE NORMALS FOR TODAY
                         NORMAL    RECORD    YEAR
 MAXIMUM TEMPERATURE (F)   85       100      1972
 MINIMUM TEMPERATURE (F)   62        43      1996


SUNRISE AND SUNSET
MARCH 28 2017.........SUNRISE   728 AM CDT   SUNSET   748 PM CDT
MARCH 29 2017.........SUNRISE   727 AM CDT   SUNSET   749 PM CDT


-  INDICATES NEGATIVE NUMBERS.
R  INDICATES RECORD WAS SET OR TIED.
MM INDICATES DATA IS MISSING.
T  INDICATES TRACE AMOUNT.




$$
