000
CDUS44 KBRO 220733
CLIMFE


CLIMATE REPORT
NATIONAL WEATHER SERVICE BROWNSVILLE TX
133 AM CST MON JAN 22 2018


...................................

...THE MCALLEN CLIMATE SUMMARY FOR JANUARY 21 2018...

CLIMATE NORMAL PERIOD 1981 TO 2010
CLIMATE RECORD PERIOD 1961 TO 2018


WEATHER ITEM   OBSERVED TIME   RECORD YEAR NORMAL DEPARTURE LAST
                VALUE   (LST)  VALUE       VALUE  FROM      YEAR
                                                  NORMAL
..................................................................
TEMPERATURE (F)
 YESTERDAY
  MAXIMUM         84    317 PM  96    2017  71     13       96
  MINIMUM         65    502 AM  26    1985  51     14       54
  AVERAGE         75                        61     14

PRECIPITATION (IN)
  YESTERDAY        0.00          1.52 1994   0.03  -0.03     0.00
  MONTH TO DATE    0.33                      0.69  -0.36     0.80
  SINCE DEC 1      1.56                      1.88  -0.32     1.43
  SINCE JAN 1      0.33                      0.69  -0.36     0.80

SNOWFALL (IN)
  YESTERDAY        0.0
  MONTH TO DATE    T
  SINCE DEC 1      0.3
  SINCE JUL 1      0.3

DEGREE DAYS
 HEATING
  YESTERDAY        0                         6     -6        0
  MONTH TO DATE  212                       137     75       60
  SINCE DEC 1    424                       314    110      146
  SINCE JUL 1    453                       374     79      153

 COOLING
  YESTERDAY       10                         2      8       10
  MONTH TO DATE   25                        42    -17      149
  SINCE DEC 1    113                       125    -12      332
  SINCE JAN 1     25                        42    -17      149
..................................................................


WIND (MPH)
  HIGHEST WIND SPEED    29   HIGHEST WIND DIRECTION    SE (150)
  HIGHEST GUST SPEED    37   HIGHEST GUST DIRECTION     S (160)
  AVERAGE WIND SPEED    15.1



WEATHER CONDITIONS
 THE FOLLOWING WEATHER WAS RECORDED YESTERDAY.
  FOG


RELATIVE HUMIDITY (PERCENT)
 HIGHEST    93
 LOWEST     51
 AVERAGE    72

..........................................................


THE MCALLEN CLIMATE NORMALS FOR TODAY
                         NORMAL    RECORD    YEAR
 MAXIMUM TEMPERATURE (F)   71        91      1982
                                             1972
 MINIMUM TEMPERATURE (F)   51        34      1985
                                             1978


SUNRISE AND SUNSET
JANUARY 22 2018.......SUNRISE   721 AM CST   SUNSET   609 PM CST
JANUARY 23 2018.......SUNRISE   721 AM CST   SUNSET   609 PM CST


-  INDICATES NEGATIVE NUMBERS.
R  INDICATES RECORD WAS SET OR TIED.
MM INDICATES DATA IS MISSING.
T  INDICATES TRACE AMOUNT.




$$
