000
CDUS44 KBRO 190726
CLIMFE


CLIMATE REPORT
NATIONAL WEATHER SERVICE BROWNSVILLE TX
125 AM CST FRI DEC 19 2014


...................................

...THE MCALLEN CLIMATE SUMMARY FOR DECEMBER 18 2014...

CLIMATE NORMAL PERIOD 1981 TO 2010
CLIMATE RECORD PERIOD 1941 TO 2014


WEATHER ITEM   OBSERVED TIME   RECORD YEAR NORMAL DEPARTURE LAST
                VALUE   (LST)  VALUE       VALUE  FROM      YEAR
                                                  NORMAL
..................................................................
TEMPERATURE (F)
 YESTERDAY
  MAXIMUM         71    557 AM  89    1990  71      0       77
  MINIMUM         62   1159 PM  31    1943  51     11       49
  AVERAGE         67                        61      6

PRECIPITATION (IN)
  YESTERDAY        0.10          0.74 1956   0.04   0.06     0.00
  MONTH TO DATE    0.47                      0.66  -0.19     0.02
  SINCE DEC 1      0.47                      0.66  -0.19     0.02
  SINCE JAN 1     19.74                     21.67  -1.93    15.49

SNOWFALL (IN)
  YESTERDAY        0.0
  MONTH TO DATE    0.0
  SINCE DEC 1      0.0
  SINCE JUL 1      0.0

DEGREE DAYS
 HEATING
  YESTERDAY        0                         6     -6        2
  MONTH TO DATE   21                        91    -70      149
  SINCE DEC 1     21                        91    -70      149
  SINCE JUL 1    150                       151     -1      275

 COOLING
  YESTERDAY        2                         3     -1        0
  MONTH TO DATE   74                        56     18       20
  SINCE DEC 1     74                        56     18       20
  SINCE JAN 1   4308                      4425   -117     4555
..................................................................


WIND (MPH)
  HIGHEST WIND SPEED    10   HIGHEST WIND DIRECTION    NW (300)
  HIGHEST GUST SPEED    14   HIGHEST GUST DIRECTION    SE (150)
  AVERAGE WIND SPEED     4.6



WEATHER CONDITIONS
 THE FOLLOWING WEATHER WAS RECORDED YESTERDAY.
  RAIN
  LIGHT RAIN
  FOG
  HAZE


RELATIVE HUMIDITY (PERCENT)
 HIGHEST   100
 LOWEST     76
 AVERAGE    88

..........................................................


THE MCALLEN CLIMATE NORMALS FOR TODAY
                         NORMAL    RECORD    YEAR
 MAXIMUM TEMPERATURE (F)   71        89      2012
 MINIMUM TEMPERATURE (F)   51        28      1996


SUNRISE AND SUNSET
DECEMBER 19 2014......SUNRISE   715 AM CST   SUNSET   545 PM CST
DECEMBER 20 2014......SUNRISE   716 AM CST   SUNSET   546 PM CST


-  INDICATES NEGATIVE NUMBERS.
R  INDICATES RECORD WAS SET OR TIED.
MM INDICATES DATA IS MISSING.
T  INDICATES TRACE AMOUNT.




$$
