000
CDUS46 KMFR 150036
CLIMFR


CLIMATE REPORT
NATIONAL WEATHER SERVICE MEDFORD, OR
536 PM PDT SUN SEP 14 2014


...................................

...THE MEDFORD OR CLIMATE SUMMARY FOR SEPTEMBER 14 2014...
VALID TODAY AS OF 0500 PM LOCAL TIME.

CLIMATE NORMAL PERIOD 1981 TO 2010
CLIMATE RECORD PERIOD 1911 TO 2014


WEATHER ITEM   OBSERVED TIME   RECORD YEAR NORMAL DEPARTURE LAST
                VALUE   (LST)  VALUE       VALUE  FROM      YEAR
                                                  NORMAL
..................................................................
TEMPERATURE (F)
 TODAY
  MAXIMUM         95    359 PM 103    1979  84     11       98
  MINIMUM         54    647 AM  32    1970  51      3       60
  AVERAGE         75                        67      8       79

PRECIPITATION (IN)
  TODAY            0.00          0.81 1918   0.02  -0.02     0.00
  MONTH TO DATE    0.00                      0.23  -0.23     0.53
  SINCE SEP 1      0.00                      0.23  -0.23     0.53
  SINCE JAN 1     11.39                     10.37   1.02     5.08

SNOWFALL (IN)
  TODAY            0.0                       0.0    0.0      0.0
  MONTH TO DATE    0.0                       0.0    0.0      0.0
  SINCE JUL 1      0.0                       0.0    0.0      0.0
  SNOW DEPTH       0

DEGREE DAYS
 HEATING
  TODAY            0                         2     -2        0
  MONTH TO DATE    0                        15    -15        0
  SINCE SEP 1      0                        15    -15        0
  SINCE JUL 1      0                        25    -25        0

 COOLING
  TODAY           10                         4      6       14
  MONTH TO DATE  116                        70     46      130
  SINCE SEP 1    116                        70     46      130
  SINCE JAN 1   1130                       777    353     1045
..................................................................


WIND (MPH)
  HIGHEST WIND SPEED     9   HIGHEST WIND DIRECTION     W (270)
  HIGHEST GUST SPEED    12   HIGHEST GUST DIRECTION     W (270)
  AVERAGE WIND SPEED     1.4


SKY COVER
  POSSIBLE SUNSHINE  MM
  AVERAGE SKY COVER 0.0


WEATHER CONDITIONS
 THE FOLLOWING WEATHER WAS RECORDED TODAY.
  NO SIGNIFICANT WEATHER WAS OBSERVED.


RELATIVE HUMIDITY (PERCENT)
 HIGHEST    61           600 AM
 LOWEST     14           300 PM
 AVERAGE    38

..........................................................


THE MEDFORD OR CLIMATE NORMALS FOR TOMORROW
                         NORMAL    RECORD    YEAR
 MAXIMUM TEMPERATURE (F)   84       104      1981
 MINIMUM TEMPERATURE (F)   50        32      1921


SUNRISE AND SUNSET
SEPTEMBER 14 2014.....SUNRISE   650 AM PDT   SUNSET   723 PM PDT
SEPTEMBER 15 2014.....SUNRISE   651 AM PDT   SUNSET   721 PM PDT


-  INDICATES NEGATIVE NUMBERS.
R  INDICATES RECORD WAS SET OR TIED.
MM INDICATES DATA IS MISSING.
T  INDICATES TRACE AMOUNT.




$$
