102
CDUS46 KMFR 250835
CLIMFR


CLIMATE REPORT
NATIONAL WEATHER SERVICE MEDFORD, OR
1235 AM PST SAT FEB 25 2017


...................................

...THE MEDFORD OR CLIMATE SUMMARY FOR FEBRUARY 24 2017...

CLIMATE NORMAL PERIOD 1981 TO 2010
CLIMATE RECORD PERIOD 1911 TO 2017


WEATHER ITEM   OBSERVED TIME   RECORD YEAR NORMAL DEPARTURE LAST
                VALUE   (LST)  VALUE       VALUE  FROM      YEAR
                                                  NORMAL
..................................................................
TEMPERATURE (F)
 YESTERDAY
  MAXIMUM         45    352 PM  72    1995  57    -12       68
                                      1991
  MINIMUM         27    716 AM  18    1920  35     -8       41
  AVERAGE         36                        46    -10       55

PRECIPITATION (IN)
  YESTERDAY        0.03          1.18 1958   0.07  -0.04     0.00
  MONTH TO DATE    4.07                      1.73   2.34     0.87
  SINCE OCT 1     20.65                     11.80   8.85    14.85
  SINCE JAN 1      8.96                      4.16   4.80     5.09

SNOWFALL (IN)
  YESTERDAY        0.0                       0.0    0.0      0.0
  MONTH TO DATE    T                         0.5   -0.5      1.2
  SINCE JUL 1     11.8                       3.5    8.3      1.9
  SNOW DEPTH       0

DEGREE DAYS
 HEATING
  YESTERDAY       29                        19     10       10
  MONTH TO DATE  447                       506    -59      411
  SINCE DEC 1   2172                      2069    103     1784
  SINCE JUL 1   2945                      3038    -93     2588

 COOLING
  YESTERDAY        0                         0      0        0
  MONTH TO DATE    0                         0      0        0
  SINCE DEC 1      0                         0      0        0
  SINCE JAN 1      0                         0      0        0
..................................................................


WIND (MPH)
  HIGHEST WIND SPEED    15   HIGHEST WIND DIRECTION    SE (140)
  HIGHEST GUST SPEED    20   HIGHEST GUST DIRECTION    SE (140)
  AVERAGE WIND SPEED     3.3


SKY COVER
  POSSIBLE SUNSHINE  MM
  AVERAGE SKY COVER 0.7


WEATHER CONDITIONS
 THE FOLLOWING WEATHER WAS RECORDED YESTERDAY.
  LIGHT RAIN
  FOG


RELATIVE HUMIDITY (PERCENT)
 HIGHEST   100           800 AM
 LOWEST     45           200 PM
 AVERAGE    73

..........................................................


THE MEDFORD OR CLIMATE NORMALS FOR TODAY
                         NORMAL    RECORD    YEAR
 MAXIMUM TEMPERATURE (F)   57        79      1992
 MINIMUM TEMPERATURE (F)   35        16      1962


SUNRISE AND SUNSET
FEBRUARY 25 2017......SUNRISE   653 AM PST   SUNSET   557 PM PST
FEBRUARY 26 2017......SUNRISE   651 AM PST   SUNSET   558 PM PST


-  INDICATES NEGATIVE NUMBERS.
R  INDICATES RECORD WAS SET OR TIED.
MM INDICATES DATA IS MISSING.
T  INDICATES TRACE AMOUNT.




$$
