144
CDUS46 KMFR 101235
CLIMFR

CLIMATE REPORT
NATIONAL WEATHER SERVICE MEDFORD, OR
435 AM PST WED FEB 10 2016


...................................

...THE MEDFORD OR CLIMATE SUMMARY FOR FEBRUARY 9 2016...

CLIMATE NORMAL PERIOD 1981 TO 2010
CLIMATE RECORD PERIOD 1911 TO 2016


WEATHER ITEM   OBSERVED TIME   RECORD YEAR NORMAL DEPARTURE LAST
                VALUE   (LST)  VALUE       VALUE  FROM      YEAR
                                                  NORMAL
..................................................................
TEMPERATURE (F)
 YESTERDAY
  MAXIMUM         68    322 PM  70    2006  53     15       59
  MINIMUM         36    740 AM  16    1923  34      2       42
  AVERAGE         52                        43      9       51

PRECIPITATION (IN)
  YESTERDAY        0.00          1.26 1983   0.07  -0.07     0.08
  MONTH TO DATE    0.25                      0.64  -0.39     2.68
  SINCE OCT 1     14.23                     10.71   3.52    10.78
  SINCE JAN 1      4.47                      3.07   1.40     3.93

SNOWFALL (IN)
  YESTERDAY        0.0                       0.0    0.0      0.0
  MONTH TO DATE    1.2                       0.2    1.0      0.0
  SINCE JUL 1      1.9                       3.2   -1.3       T
  SNOW DEPTH       0

DEGREE DAYS
 HEATING
  YESTERDAY       13                        22     -9       14
  MONTH TO DATE  167                       200    -33      125
  SINCE DEC 1   1540                      1763   -223     1420
  SINCE JUL 1   2344                      2732   -388     2094

 COOLING
  YESTERDAY        0                         0      0        0
  MONTH TO DATE    0                         0      0        0
  SINCE DEC 1      0                         0      0        0
  SINCE JAN 1      0                         0      0        0
..................................................................


WIND (MPH)
  HIGHEST WIND SPEED     9   HIGHEST WIND DIRECTION    SE (140)
  HIGHEST GUST SPEED    12   HIGHEST GUST DIRECTION    SE (150)
  AVERAGE WIND SPEED     2.2


SKY COVER
  POSSIBLE SUNSHINE  MM
  AVERAGE SKY COVER 0.1


WEATHER CONDITIONS
 THE FOLLOWING WEATHER WAS RECORDED YESTERDAY.
  NO SIGNIFICANT WEATHER WAS OBSERVED.


RELATIVE HUMIDITY (PERCENT)
 HIGHEST    85           700 AM
 LOWEST     34           200 PM
 AVERAGE    60

..........................................................


THE MEDFORD OR CLIMATE NORMALS FOR TODAY
                         NORMAL    RECORD    YEAR
 MAXIMUM TEMPERATURE (F)   53        69      2006
 MINIMUM TEMPERATURE (F)   34        16      1929


SUNRISE AND SUNSET
FEBRUARY 10 2016......SUNRISE   715 AM PST   SUNSET   537 PM PST
FEBRUARY 11 2016......SUNRISE   714 AM PST   SUNSET   538 PM PST


-  INDICATES NEGATIVE NUMBERS.
R  INDICATES RECORD WAS SET OR TIED.
MM INDICATES DATA IS MISSING.
T  INDICATES TRACE AMOUNT.

&&

LOW TEMPERATURE THIS MORNING...38 DEGREES
24-HOUR PRECIPITATION...........0

$$
