000
CDUS46 KMFR 290836
CLIMFR


CLIMATE REPORT
NATIONAL WEATHER SERVICE MEDFORD, OR
136 AM PDT FRI MAY 29 2015


...................................

...THE MEDFORD OR CLIMATE SUMMARY FOR MAY 28 2015...

CLIMATE NORMAL PERIOD 1981 TO 2010
CLIMATE RECORD PERIOD 1911 TO 2015


WEATHER ITEM   OBSERVED TIME   RECORD YEAR NORMAL DEPARTURE LAST
                VALUE   (LST)  VALUE       VALUE  FROM      YEAR
                                                  NORMAL
..................................................................
TEMPERATURE (F)
 YESTERDAY
  MAXIMUM         89    447 PM  99    1983  77     12       68
  MINIMUM         53    440 AM  34    1929  49      4       50
                                      1920
  AVERAGE         71                        62      9       59

PRECIPITATION (IN)
  YESTERDAY        0.00          0.45 2008   0.04  -0.04      T
  MONTH TO DATE    0.31                      1.19  -0.88     0.47
  SINCE OCT 1     13.66                     16.36  -2.70    11.80
  SINCE JAN 1      6.81                      8.72  -1.91    10.12

SNOWFALL (IN)
  YESTERDAY        0.0                       0.0    0.0      0.0
  MONTH TO DATE    0.0                       0.0    0.0      0.0
  SINCE JUL 1      T                         4.1   -4.1      3.4
  SNOW DEPTH       0

DEGREE DAYS
 HEATING
  YESTERDAY        0                         4     -4        6
  MONTH TO DATE  107                       185    -78      103
  SINCE MAR 1    796                      1070   -274      783
  SINCE JUL 1   3236                      4184   -948     4153

 COOLING
  YESTERDAY        6                         2      4        0
  MONTH TO DATE   15                        32    -17       50
  SINCE MAR 1     15                        35    -20       54
  SINCE JAN 1     15                        35    -20       54
..................................................................


WIND (MPH)
  HIGHEST WIND SPEED    13   HIGHEST WIND DIRECTION     N (10)
  HIGHEST GUST SPEED    19   HIGHEST GUST DIRECTION     N (360)
  AVERAGE WIND SPEED     4.0


SKY COVER
  POSSIBLE SUNSHINE  MM
  AVERAGE SKY COVER 0.1


WEATHER CONDITIONS
 THE FOLLOWING WEATHER WAS RECORDED YESTERDAY.
  NO SIGNIFICANT WEATHER WAS OBSERVED.


RELATIVE HUMIDITY (PERCENT)
 HIGHEST    77           200 AM
 LOWEST     20           300 PM
 AVERAGE    49

..........................................................


THE MEDFORD OR CLIMATE NORMALS FOR TODAY
                         NORMAL    RECORD    YEAR
 MAXIMUM TEMPERATURE (F)   77        98      1984
                                             1973
                                             1931
 MINIMUM TEMPERATURE (F)   49        30      1979


SUNRISE AND SUNSET
MAY 29 2015...........SUNRISE   539 AM PDT   SUNSET   839 PM PDT
MAY 30 2015...........SUNRISE   538 AM PDT   SUNSET   840 PM PDT


-  INDICATES NEGATIVE NUMBERS.
R  INDICATES RECORD WAS SET OR TIED.
MM INDICATES DATA IS MISSING.
T  INDICATES TRACE AMOUNT.




$$
