000
CDUS46 KMFR 250836
CLIMFR


CLIMATE REPORT
NATIONAL WEATHER SERVICE MEDFORD, OR
136 AM PDT TUE JUL 25 2017


...................................

...THE MEDFORD OR CLIMATE SUMMARY FOR JULY 24 2017...

CLIMATE NORMAL PERIOD 1981 TO 2010
CLIMATE RECORD PERIOD 1911 TO 2017


WEATHER ITEM   OBSERVED TIME   RECORD YEAR NORMAL DEPARTURE LAST
                VALUE   (LST)  VALUE       VALUE  FROM      YEAR
                                                  NORMAL
..................................................................
TEMPERATURE (F)
 YESTERDAY
  MAXIMUM         98    406 PM 105    2004  93      5       97
  MINIMUM         68    552 AM  47    1993  59      9       58
                                      1992
  AVERAGE         83                        76      7       78

PRECIPITATION (IN)
  YESTERDAY        T             1.45 1913   0.00   0.00     0.00
  MONTH TO DATE    T                         0.22  -0.22     0.45
  SINCE OCT 1     24.77                     17.32   7.45    19.77
  SINCE JAN 1     13.08                      9.68   3.40    10.01

SNOWFALL (IN)
  YESTERDAY        0.0                       0.0    0.0      0.0
  MONTH TO DATE    0.0                       0.0    0.0      0.0
  SINCE JUL 1      0.0                       0.0    0.0      0.0
  SNOW DEPTH       0

DEGREE DAYS
 HEATING
  YESTERDAY        0                         0      0        0
  MONTH TO DATE    0                         1     -1        2
  SINCE JUN 1     45                        55    -10       42
  SINCE JUL 1      0                         1     -1        2

 COOLING
  YESTERDAY       18                        11      7       13
  MONTH TO DATE  300                       211     89      179
  SINCE JUN 1    505                       319    186      380
  SINCE JAN 1    592                       357    235      441
..................................................................


WIND (MPH)
  HIGHEST WIND SPEED    17   HIGHEST WIND DIRECTION     N (350)
  HIGHEST GUST SPEED    22   HIGHEST GUST DIRECTION     N (360)
  AVERAGE WIND SPEED     5.1


SKY COVER
  POSSIBLE SUNSHINE  MM
  AVERAGE SKY COVER 0.1


WEATHER CONDITIONS
 THE FOLLOWING WEATHER WAS RECORDED YESTERDAY.
  THUNDERSTORM
  HAZE


RELATIVE HUMIDITY (PERCENT)
 HIGHEST    66           500 AM
 LOWEST     22           300 PM
 AVERAGE    44

..........................................................


THE MEDFORD OR CLIMATE NORMALS FOR TODAY
                         NORMAL    RECORD    YEAR
 MAXIMUM TEMPERATURE (F)   93       107      1988
 MINIMUM TEMPERATURE (F)   59        46      1920


SUNRISE AND SUNSET
JULY 25 2017..........SUNRISE   557 AM PDT   SUNSET   838 PM PDT
JULY 26 2017..........SUNRISE   558 AM PDT   SUNSET   837 PM PDT


-  INDICATES NEGATIVE NUMBERS.
R  INDICATES RECORD WAS SET OR TIED.
MM INDICATES DATA IS MISSING.
T  INDICATES TRACE AMOUNT.




$$
