000
CDUS46 KMFR 011811
CLIMFR

CLIMATE REPORT
NATIONAL WEATHER SERVICE MEDFORD, OR
1010 AM PST SUN FEB 1 2015


...................................

...THE MEDFORD OR CLIMATE SUMMARY FOR JANUARY 31 2015...

CLIMATE NORMAL PERIOD 1981 TO 2010
CLIMATE RECORD PERIOD 1911 TO 2015


WEATHER ITEM   OBSERVED TIME   RECORD YEAR NORMAL DEPARTURE LAST
                VALUE   (LST)  VALUE       VALUE  FROM      YEAR
                                                  NORMAL
..................................................................
TEMPERATURE (F)
 YESTERDAY
  MAXIMUM         55    440 PM  68    1924  51      4       49
  MINIMUM         29    320 AM   1    1950  33     -4       28
  AVERAGE         42                        42      0       39

PRECIPITATION (IN)
  YESTERDAY        0.00          1.19 1963   0.06  -0.06     0.00
  MONTH TO DATE    1.25                      2.43  -1.18     0.78
  SINCE OCT 1      8.10                     10.07  -1.97     2.46
  SINCE JAN 1      1.25                      2.43  -1.18     0.78

SNOWFALL (IN)
  YESTERDAY        0.0                       0.0    0.0      0.0
  MONTH TO DATE    T                         1.3   -1.3       T
  SINCE JUL 1      T                         3.0   -3.0      3.4
  SNOW DEPTH       0

DEGREE DAYS
 HEATING
  YESTERDAY       23                        23      0       26
  MONTH TO DATE  703                       766    -63      762
  SINCE DEC 1   1295                      1563   -268     1802
  SINCE JUL 1   1969                      2532   -563     2853

 COOLING
  YESTERDAY        0                         0      0        0
  MONTH TO DATE    0                         0      0        0
  SINCE DEC 1      0                         0      0        0
  SINCE JAN 1      0                         0      0        0
..................................................................


WIND (MPH)
  HIGHEST WIND SPEED     7   HIGHEST WIND DIRECTION    NE (60)
  HIGHEST GUST SPEED     8   HIGHEST GUST DIRECTION    SE (130)
  AVERAGE WIND SPEED     1.3


SKY COVER
  POSSIBLE SUNSHINE  MM
  AVERAGE SKY COVER 0.4


WEATHER CONDITIONS
 THE FOLLOWING WEATHER WAS RECORDED YESTERDAY.
  FOG
  FOG W/VISIBILITY <= 1/4 MILE


RELATIVE HUMIDITY (PERCENT)
 HIGHEST   100           400 AM
 LOWEST     50           500 PM
 AVERAGE    75

..........................................................


THE MEDFORD OR CLIMATE NORMALS FOR TODAY
                         NORMAL    RECORD    YEAR
 MAXIMUM TEMPERATURE (F)   51        66      1991
 MINIMUM TEMPERATURE (F)   33         6      1950


SUNRISE AND SUNSET
FEBRUARY  1 2015......SUNRISE   725 AM PST   SUNSET   525 PM PST
FEBRUARY  2 2015......SUNRISE   724 AM PST   SUNSET   527 PM PST


-  INDICATES NEGATIVE NUMBERS.
R  INDICATES RECORD WAS SET OR TIED.
MM INDICATES DATA IS MISSING.
T  INDICATES TRACE AMOUNT.

&&

LOW TEMPERATURE THIS MORNING.....33
24-HOUR PRECIPITATION............TRACE

$$


$$
