000
CDUS46 KMFR 241840
CLIMFR

CLIMATE REPORT
NATIONAL WEATHER SERVICE MEDFORD, OR
1039 AM PST TUE JAN 24 2017


...................................

...THE MEDFORD OR CLIMATE SUMMARY FOR JANUARY 23 2017...

CLIMATE NORMAL PERIOD 1981 TO 2010
CLIMATE RECORD PERIOD 1911 TO 2017


WEATHER ITEM   OBSERVED TIME   RECORD YEAR NORMAL DEPARTURE LAST
                VALUE   (LST)  VALUE       VALUE  FROM      YEAR
                                                  NORMAL
..................................................................
TEMPERATURE (F)
 YESTERDAY
  MAXIMUM         47    423 PM  67    2014  49     -2       50
  MINIMUM         29   1124 PM   5    1962  33     -4       41
  AVERAGE         38                        41     -3       46

PRECIPITATION (IN)
  YESTERDAY        0.00          1.02 1996   0.07  -0.07     0.12
  MONTH TO DATE    4.88                      1.91   2.97     3.31
  SINCE OCT 1     16.57                      9.55   7.02    13.07
  SINCE JAN 1      4.88                      1.91   2.97     3.31

SNOWFALL (IN)
  YESTERDAY        0.0                       0.0    0.0      0.0
  MONTH TO DATE   11.4                       1.0   10.4      0.0
  SINCE JUL 1     11.8                       2.7    9.1      0.7
  SNOW DEPTH       0

DEGREE DAYS
 HEATING
  YESTERDAY       27                        24      3       19
  MONTH TO DATE  663                       579     84      518
  SINCE DEC 1   1515                      1376    139     1218
  SINCE JUL 1   2288                      2345    -57     2022

 COOLING
  YESTERDAY        0                         0      0        0
  MONTH TO DATE    0                         0      0        0
  SINCE DEC 1      0                         0      0        0
  SINCE JAN 1      0                         0      0        0
..................................................................


WIND (MPH)
  HIGHEST WIND SPEED     7   HIGHEST WIND DIRECTION     N (10)
  HIGHEST GUST SPEED     9   HIGHEST GUST DIRECTION     N (20)
  AVERAGE WIND SPEED     1.3


SKY COVER
  POSSIBLE SUNSHINE  MM
  AVERAGE SKY COVER 0.3


WEATHER CONDITIONS
 THE FOLLOWING WEATHER WAS RECORDED YESTERDAY.
  FOG
  FOG W/VISIBILITY <= 1/4 MILE


RELATIVE HUMIDITY (PERCENT)
 HIGHEST   100           500 AM
 LOWEST     65           300 PM
 AVERAGE    83

..........................................................


THE MEDFORD OR CLIMATE NORMALS FOR TODAY
                         NORMAL    RECORD    YEAR
 MAXIMUM TEMPERATURE (F)   49        70      2014
 MINIMUM TEMPERATURE (F)   33         5      1949


SUNRISE AND SUNSET
JANUARY 24 2017.......SUNRISE   732 AM PST   SUNSET   516 PM PST
JANUARY 25 2017.......SUNRISE   731 AM PST   SUNSET   517 PM PST


-  INDICATES NEGATIVE NUMBERS.
R  INDICATES RECORD WAS SET OR TIED.
MM INDICATES DATA IS MISSING.
T  INDICATES TRACE AMOUNT.

&&

LOW TEMPERATURE THIS MORNING....24 DEGREES
24-HOUR PRECIPITATION...........NONE

$$
