000
CDUS46 KMFR 270835
CLIMFR


CLIMATE REPORT
NATIONAL WEATHER SERVICE MEDFORD, OR
135 AM PDT SAT MAY 27 2017


...................................

...THE MEDFORD OR CLIMATE SUMMARY FOR MAY 26 2017...

CLIMATE NORMAL PERIOD 1981 TO 2010
CLIMATE RECORD PERIOD 1911 TO 2017


WEATHER ITEM   OBSERVED TIME   RECORD YEAR NORMAL DEPARTURE LAST
                VALUE   (LST)  VALUE       VALUE  FROM      YEAR
                                                  NORMAL
..................................................................
TEMPERATURE (F)
 YESTERDAY
  MAXIMUM         85    330 PM  95    2005  76      9       75
  MINIMUM         49    531 AM  32    1922  48      1       46
  AVERAGE         67                        62      5       61

PRECIPITATION (IN)
  YESTERDAY        0.00          1.40 1953   0.04  -0.04     0.00
  MONTH TO DATE    0.58                      1.11  -0.53     0.33
  SINCE OCT 1     24.27                     16.28   7.99    18.75
  SINCE JAN 1     12.58                      8.64   3.94     8.99

SNOWFALL (IN)
  YESTERDAY        0.0                       0.0    0.0      0.0
  MONTH TO DATE    0.0                       0.0    0.0      0.0
  SINCE JUL 1     11.8                       4.1    7.7      1.9
  SNOW DEPTH       0

DEGREE DAYS
 HEATING
  YESTERDAY        0                         5     -5        4
  MONTH TO DATE  130                       177    -47       81
  SINCE MAR 1    973                      1062    -89      736
  SINCE JUL 1   4018                      4176   -158     3410

 COOLING
  YESTERDAY        2                         2      0        0
  MONTH TO DATE   55                        28     27       31
  SINCE MAR 1     55                        31     24       48
  SINCE JAN 1     55                        31     24       48
..................................................................


WIND (MPH)
  HIGHEST WIND SPEED    10   HIGHEST WIND DIRECTION     N (350)
  HIGHEST GUST SPEED    13   HIGHEST GUST DIRECTION     N (10)
  AVERAGE WIND SPEED     2.2


SKY COVER
  POSSIBLE SUNSHINE  MM
  AVERAGE SKY COVER 0.1


WEATHER CONDITIONS
 THE FOLLOWING WEATHER WAS RECORDED YESTERDAY.
  HAZE


RELATIVE HUMIDITY (PERCENT)
 HIGHEST    77           100 AM
 LOWEST     20           200 PM
 AVERAGE    49

..........................................................


THE MEDFORD OR CLIMATE NORMALS FOR TODAY
                         NORMAL    RECORD    YEAR
 MAXIMUM TEMPERATURE (F)   76        99      1983
 MINIMUM TEMPERATURE (F)   48        34      1977
                                             1961
                                             1922


SUNRISE AND SUNSET
MAY 27 2017...........SUNRISE   540 AM PDT   SUNSET   838 PM PDT
MAY 28 2017...........SUNRISE   539 AM PDT   SUNSET   839 PM PDT


-  INDICATES NEGATIVE NUMBERS.
R  INDICATES RECORD WAS SET OR TIED.
MM INDICATES DATA IS MISSING.
T  INDICATES TRACE AMOUNT.




$$
