000
CDUS46 KMFR 281422
CLIMFR

CLIMATE REPORT
NATIONAL WEATHER SERVICE MEDFORD, OR
720 AM PDT MON JUL 28 2014


...................................

...THE MEDFORD OR CLIMATE SUMMARY FOR JULY 27 2014...

CLIMATE NORMAL PERIOD 1981 TO 2010
CLIMATE RECORD PERIOD 1911 TO 2014


WEATHER ITEM   OBSERVED TIME   RECORD YEAR NORMAL DEPARTURE LAST
                VALUE   (LST)  VALUE       VALUE  FROM      YEAR
                                                  NORMAL
..................................................................
TEMPERATURE (F)
 YESTERDAY
  MAXIMUM         97    624 PM 106    1998  93      4       96
                                      1939
  MINIMUM         62    508 AM  40    1917  59      3       62
  AVERAGE         80                        76      4       79

PRECIPITATION (IN)
  YESTERDAY        0.00          0.38 1947   0.01  -0.01     0.00
  MONTH TO DATE    0.10                      0.25  -0.15     0.00
  SINCE SEP 1     15.20                     17.92  -2.72    16.88
  SINCE JAN 1     10.76                      9.71   1.05     4.13

SNOWFALL (IN)
  YESTERDAY        0.0                       0.0    0.0      0.0
  MONTH TO DATE    0.0                       0.0    0.0      0.0
  SINCE JUL 1      0.0                       0.0    0.0      0.0
  SNOW DEPTH       0

DEGREE DAYS
 HEATING
  YESTERDAY        0                         0      0        0
  MONTH TO DATE    0                         1     -1        0
  SINCE JUN 1     22                        55    -33       35
  SINCE JUL 1      0                         1     -1        0

 COOLING
  YESTERDAY       15                        11      4       14
  MONTH TO DATE  391                       244    147      399
  SINCE JUN 1    502                       352    150      545
  SINCE JAN 1    558                       390    168      580
..................................................................


WIND (MPH)
  HIGHEST WIND SPEED     9   HIGHEST WIND DIRECTION     N (20)
  HIGHEST GUST SPEED    11   HIGHEST GUST DIRECTION     N (10)
  AVERAGE WIND SPEED     1.6


SKY COVER
  POSSIBLE SUNSHINE  MM
  AVERAGE SKY COVER 0.2


WEATHER CONDITIONS
 THE FOLLOWING WEATHER WAS RECORDED YESTERDAY.

  NO SIGNIFICANT WEATHER WAS OBSERVED.


RELATIVE HUMIDITY (PERCENT)
 HIGHEST    65           400 AM
 LOWEST     20           600 PM
 AVERAGE    43

..........................................................


THE MEDFORD OR CLIMATE NORMALS FOR TODAY
                         NORMAL    RECORD    YEAR
 MAXIMUM TEMPERATURE (F)   93       108      2009
 MINIMUM TEMPERATURE (F)   59        45      1959
                                             1948


SUNRISE AND SUNSET
JULY 28 2014..........SUNRISE   600 AM PDT   SUNSET   835 PM PDT
JULY 29 2014..........SUNRISE   601 AM PDT   SUNSET   834 PM PDT


-  INDICATES NEGATIVE NUMBERS.
R  INDICATES RECORD WAS SET OR TIED.
MM INDICATES DATA IS MISSING.
T  INDICATES TRACE AMOUNT.

&&

LOW TEMPERATURE SINCE MIDNIGHT...64 DEGREES
24-HOUR PRECIPITATION............0

$$
