000
CDUS46 KMFR 280035
CLIMFR


CLIMATE REPORT
NATIONAL WEATHER SERVICE MEDFORD, OR
535 PM PDT WED JUL 27 2016


...................................

...THE MEDFORD OR CLIMATE SUMMARY FOR JULY 27 2016...
VALID TODAY AS OF 0500 PM LOCAL TIME.

CLIMATE NORMAL PERIOD 1981 TO 2010
CLIMATE RECORD PERIOD 1911 TO 2016


WEATHER ITEM   OBSERVED TIME   RECORD YEAR NORMAL DEPARTURE LAST
                VALUE   (LST)  VALUE       VALUE  FROM      YEAR
                                                  NORMAL
..................................................................
TEMPERATURE (F)
 TODAY
  MAXIMUM         99    359 PM 106    1998  93      6       84
                                      1939
  MINIMUM         63    539 AM  40    1917  59      4       53
  AVERAGE         81                        76      5       69

PRECIPITATION (IN)
  TODAY            0.00          0.38 1947   0.01  -0.01     0.00
  MONTH TO DATE    0.45                      0.25   0.20     0.29
  SINCE OCT 1     19.77                     17.35   2.42    14.28
  SINCE JAN 1     10.01                      9.71   0.30     7.43

SNOWFALL (IN)
  TODAY            0.0                       0.0    0.0      0.0
  MONTH TO DATE    0.0                       0.0    0.0      0.0
  SINCE JUL 1      0.0                       0.0    0.0      0.0
  SNOW DEPTH       0

DEGREE DAYS
 HEATING
  TODAY            0                         0      0        0
  MONTH TO DATE    2                         1      1        0
  SINCE JUN 1     42                        55    -13       10
  SINCE JUL 1      2                         1      1        0

 COOLING
  TODAY           16                        11      5        4
  MONTH TO DATE  224                       244    -20      351
  SINCE JUN 1    425                       352     73      662
  SINCE JAN 1    486                       390     96      707
..................................................................


WIND (MPH)
  HIGHEST WIND SPEED    12   HIGHEST WIND DIRECTION    NW (310)
  HIGHEST GUST SPEED    15   HIGHEST GUST DIRECTION     W (260)
  AVERAGE WIND SPEED     2.4


SKY COVER
  POSSIBLE SUNSHINE  MM
  AVERAGE SKY COVER 0.0


WEATHER CONDITIONS
 THE FOLLOWING WEATHER WAS RECORDED TODAY.
  NO SIGNIFICANT WEATHER WAS OBSERVED.


RELATIVE HUMIDITY (PERCENT)
 HIGHEST    63           500 AM
 LOWEST     21           400 PM
 AVERAGE    42

..........................................................


THE MEDFORD OR CLIMATE NORMALS FOR TOMORROW
                         NORMAL    RECORD    YEAR
 MAXIMUM TEMPERATURE (F)   93       108      2009
 MINIMUM TEMPERATURE (F)   59        45      1959
                                             1948


SUNRISE AND SUNSET
JULY 27 2016..........SUNRISE   600 AM PDT   SUNSET   836 PM PDT
JULY 28 2016..........SUNRISE   601 AM PDT   SUNSET   835 PM PDT


-  INDICATES NEGATIVE NUMBERS.
R  INDICATES RECORD WAS SET OR TIED.
MM INDICATES DATA IS MISSING.
T  INDICATES TRACE AMOUNT.




$$
