000
CDUS46 KMFR 250836
CLIMFR


CLIMATE REPORT
NATIONAL WEATHER SERVICE MEDFORD, OR
1236 AM PST SAT NOV 25 2017


...................................

...THE MEDFORD OR CLIMATE SUMMARY FOR NOVEMBER 24 2017...

CLIMATE NORMAL PERIOD 1981 TO 2010
CLIMATE RECORD PERIOD 1911 TO 2017


WEATHER ITEM   OBSERVED TIME   RECORD YEAR NORMAL DEPARTURE LAST
                VALUE   (LST)  VALUE       VALUE  FROM      YEAR
                                                  NORMAL
..................................................................
TEMPERATURE (F)
 YESTERDAY
  MAXIMUM         54    334 PM  69    1960  49      5       57
  MINIMUM         41   1159 PM  17    1993  35      6       38
  AVERAGE         48                        42      6       48

PRECIPITATION (IN)
  YESTERDAY        0.02          1.29 1961   0.11  -0.09     0.00
  MONTH TO DATE    2.39                      2.31   0.08     1.28
  SINCE OCT 1      3.28                      3.44  -0.16     6.77
  SINCE JAN 1     16.80                     14.15   2.65    16.79

SNOWFALL (IN)
  YESTERDAY        0.0                       0.0    0.0      0.0
  MONTH TO DATE    0.0                       0.1   -0.1      0.0
  SINCE JUL 1      0.0                       0.1   -0.1      0.0
  SNOW DEPTH       0

DEGREE DAYS
 HEATING
  YESTERDAY       17                        23     -6       17
  MONTH TO DATE  432                       468    -36      334
  SINCE SEP 1    803                       818    -15      660
  SINCE JUL 1    803                       828    -25      662

 COOLING
  YESTERDAY        0                         0      0        0
  MONTH TO DATE    0                         0      0        0
  SINCE SEP 1    156                       122     34      113
  SINCE JAN 1   1281                       829    452     1058
..................................................................


WIND (MPH)
  HIGHEST WIND SPEED    15   HIGHEST WIND DIRECTION    NW (320)
  HIGHEST GUST SPEED    22   HIGHEST GUST DIRECTION    NW (320)
  AVERAGE WIND SPEED     1.6


SKY COVER
  POSSIBLE SUNSHINE  MM
  AVERAGE SKY COVER 0.2


WEATHER CONDITIONS
 THE FOLLOWING WEATHER WAS RECORDED YESTERDAY.
  LIGHT RAIN
  FOG


RELATIVE HUMIDITY (PERCENT)
 HIGHEST   100           400 AM
 LOWEST     66           300 PM
 AVERAGE    83

..........................................................


THE MEDFORD OR CLIMATE NORMALS FOR TODAY
                         NORMAL    RECORD    YEAR
 MAXIMUM TEMPERATURE (F)   49        68      1936
 MINIMUM TEMPERATURE (F)   35        16      1993


SUNRISE AND SUNSET
NOVEMBER 25 2017......SUNRISE   715 AM PST   SUNSET   442 PM PST
NOVEMBER 26 2017......SUNRISE   716 AM PST   SUNSET   442 PM PST


-  INDICATES NEGATIVE NUMBERS.
R  INDICATES RECORD WAS SET OR TIED.
MM INDICATES DATA IS MISSING.
T  INDICATES TRACE AMOUNT.




$$
