000
CDUS44 KBMX 230047
CLIMGM


CLIMATE REPORT
NATIONAL WEATHER SERVICE BIRMINGHAM, AL
746 PM CDT MON MAY 22 2017


...................................

...THE MONTGOMERY CLIMATE SUMMARY FOR MAY 22 2017...
VALID TODAY AS OF 0700 PM LOCAL TIME.

CLIMATE NORMAL PERIOD 1981 TO 2010
CLIMATE RECORD PERIOD 1872 TO 2017


WEATHER ITEM   OBSERVED TIME   RECORD YEAR NORMAL DEPARTURE LAST
                VALUE   (LST)  VALUE       VALUE  FROM      YEAR
                                                  NORMAL
..................................................................
TEMPERATURE (F)
 TODAY
  MAXIMUM         84   1229 PM  96    1962  86     -2       83
  MINIMUM         72    550 AM  42    1993  63      9       59
  AVERAGE         78                        74      4       71

PRECIPITATION (IN)
  TODAY            0.23          1.98 1916   0.12   0.11     0.00
  MONTH TO DATE   10.81                      2.55   8.26     0.73
  SINCE MAR 1     17.29                     12.52   4.77    11.57
  SINCE JAN 1     31.99                     22.45   9.54    22.23

DEGREE DAYS
 COOLING
  TODAY           13                         9      4        6
  MONTH TO DATE  178                       144     34      158
  SINCE MAR 1    447                       239    208      331
  SINCE JAN 1    493                       245    248      344
..................................................................


WIND (MPH)
  HIGHEST WIND SPEED    12   HIGHEST WIND DIRECTION     N (10)
  HIGHEST GUST SPEED    13   HIGHEST GUST DIRECTION     N (10)
  AVERAGE WIND SPEED     2.5


SKY COVER
  AVERAGE SKY COVER 0.6


WEATHER CONDITIONS
 THE FOLLOWING WEATHER WAS RECORDED TODAY.
  THUNDERSTORM
  HEAVY RAIN
  RAIN
  LIGHT RAIN
  FOG
  FOG W/VISIBILITY <= 1/4 MILE
  HAZE


RELATIVE HUMIDITY (PERCENT)
 HIGHEST    90           500 AM
 LOWEST     63          1200 PM
 AVERAGE    77

..........................................................


THE MONTGOMERY CLIMATE NORMALS FOR TOMORROW
                         NORMAL    RECORD    YEAR
 MAXIMUM TEMPERATURE (F)   86        96      1941
 MINIMUM TEMPERATURE (F)   63        44      1883


SUNRISE AND SUNSET
MAY 22 2017...........SUNRISE   543 AM CDT   SUNSET   742 PM CDT
MAY 23 2017...........SUNRISE   543 AM CDT   SUNSET   742 PM CDT


-  INDICATES NEGATIVE NUMBERS.
R  INDICATES RECORD WAS SET OR TIED.
MM INDICATES DATA IS MISSING.
T  INDICATES TRACE AMOUNT.




$$
