000
CDUS44 KBMX 302116
CLIMGM


CLIMATE REPORT
NATIONAL WEATHER SERVICE BIRMINGHAM, AL
413 PM CDT SAT AUG 30 2014


...................................

...THE MONTGOMERY CLIMATE SUMMARY FOR AUGUST 30 2014...
VALID AS OF 0400 PM LOCAL TIME.

CLIMATE NORMAL PERIOD 1981 TO 2010
CLIMATE RECORD PERIOD 1872 TO 2014


WEATHER ITEM   OBSERVED TIME   RECORD YEAR NORMAL DEPARTURE LAST
                VALUE   (LST)  VALUE       VALUE  FROM      YEAR
                                                  NORMAL
..................................................................
TEMPERATURE (F)
 TODAY
  MAXIMUM         94    155 PM 103    1948  91      3       95
  MINIMUM         76    535 AM  57    1968  70      6       73
  AVERAGE         85                        80      5       84

PRECIPITATION (IN)
  TODAY            0.12          2.30 1888   0.13  -0.01     0.28
  MONTH TO DATE    3.41                      3.84  -0.43     3.06
  SINCE JUN 1     10.86                     13.15  -2.29    16.27
  SINCE JAN 1     39.75                     36.59   3.16    41.98

DEGREE DAYS
 COOLING
  TODAY           20                        15      5       19
  MONTH TO DATE  534                       496     38      478
  SINCE JUN 1   1514                      1436     78     1445
  SINCE JAN 1   1880                      1775    105     1804
..................................................................


WIND (MPH)
  HIGHEST WIND SPEED    20   HIGHEST WIND DIRECTION    SW (210)
  HIGHEST GUST SPEED    26   HIGHEST GUST DIRECTION    SW (210)
  AVERAGE WIND SPEED     4.7


SKY COVER
  AVERAGE SKY COVER 0.2


WEATHER CONDITIONS
 THE FOLLOWING WEATHER WAS RECORDED TODAY.
  THUNDERSTORM
  HAZE


RELATIVE HUMIDITY (PERCENT)
 HIGHEST    94           400 AM
 LOWEST     49           200 PM
 AVERAGE    72

..........................................................


THE MONTGOMERY CLIMATE NORMALS FOR TOMORROW
                         NORMAL    RECORD    YEAR
 MAXIMUM TEMPERATURE (F)   91        98      1951
                                             1948
                                             1907
 MINIMUM TEMPERATURE (F)   70        59      1887


SUNRISE AND SUNSET
AUGUST 30 2014........SUNRISE   619 AM CDT   SUNSET   712 PM CDT
AUGUST 31 2014........SUNRISE   620 AM CDT   SUNSET   711 PM CDT


-  INDICATES NEGATIVE NUMBERS.
R  INDICATES RECORD WAS SET OR TIED.
MM INDICATES DATA IS MISSING.
T  INDICATES TRACE AMOUNT.




$$
