000
CDUS44 KBMX 120844
CLIMGM


CLIMATE REPORT
NATIONAL WEATHER SERVICE BIRMINGHAM, AL
243 AM CST TUE DEC 12 2017


...................................

...THE MONTGOMERY CLIMATE SUMMARY FOR DECEMBER 11 2017...

CLIMATE NORMAL PERIOD 1981 TO 2010
CLIMATE RECORD PERIOD 1872 TO 2017


WEATHER ITEM   OBSERVED TIME   RECORD YEAR NORMAL DEPARTURE LAST
                VALUE   (LST)  VALUE       VALUE  FROM      YEAR
                                                  NORMAL
..................................................................
TEMPERATURE (F)
 YESTERDAY
  MAXIMUM         65    244 PM  82    2007  60      5       63
  MINIMUM         28    628 AM  22    1962  38    -10       29
                                      1957
  AVERAGE         47                        49     -2       46

PRECIPITATION (IN)
  YESTERDAY        0.00          3.22 1982   0.17  -0.17     0.00
  MONTH TO DATE    1.94                      1.82   0.12     1.90
  SINCE DEC 1      1.94                      1.82   0.12     1.90
  SINCE JAN 1     69.58                     50.03  19.55    39.29

SNOWFALL (IN)
  YESTERDAY        0.0                       0.0    0.0      0.0
  MONTH TO DATE    T                         0.0    0.0      0.0
  SINCE DEC 1      T                         0.0    0.0      0.0
  SINCE JUL 1      T                         0.0    0.0      0.0
  SNOW DEPTH       0

DEGREE DAYS
 HEATING
  YESTERDAY       18                        16      2       19
  MONTH TO DATE  172                       164      8      158
  SINCE DEC 1    172                       164      8      158
  SINCE JUL 1    507                       535    -28      333
..................................................................


WIND (MPH)
  HIGHEST WIND SPEED    16   HIGHEST WIND DIRECTION     W (250)
  HIGHEST GUST SPEED    20   HIGHEST GUST DIRECTION    SW (240)
  AVERAGE WIND SPEED     5.0


SKY COVER
  AVERAGE SKY COVER 0.0


WEATHER CONDITIONS
 THE FOLLOWING WEATHER WAS RECORDED YESTERDAY.
  NO SIGNIFICANT WEATHER WAS OBSERVED.


RELATIVE HUMIDITY (PERCENT)
 HIGHEST    89           800 AM
 LOWEST     31           300 PM
 AVERAGE    60

..........................................................


THE MONTGOMERY CLIMATE NORMALS FOR TODAY
                         NORMAL    RECORD    YEAR
 MAXIMUM TEMPERATURE (F)   60        82      1971
 MINIMUM TEMPERATURE (F)   38         9      1962


SUNRISE AND SUNSET
DECEMBER 12 2017......SUNRISE   638 AM CST   SUNSET   441 PM CST
DECEMBER 13 2017......SUNRISE   638 AM CST   SUNSET   442 PM CST


-  INDICATES NEGATIVE NUMBERS.
R  INDICATES RECORD WAS SET OR TIED.
MM INDICATES DATA IS MISSING.
T  INDICATES TRACE AMOUNT.




$$
