000
CDUS44 KBMX 220716
CLIMGM


CLIMATE REPORT
NATIONAL WEATHER SERVICE BIRMINGHAM, AL
215 AM CDT FRI MAY 22 2015


...................................

...THE MONTGOMERY CLIMATE SUMMARY FOR MAY 21 2015...

CLIMATE NORMAL PERIOD 1981 TO 2010
CLIMATE RECORD PERIOD 1994 TO 2015


WEATHER ITEM   OBSERVED TIME   RECORD YEAR NORMAL DEPARTURE LAST
                VALUE   (LST)  VALUE       VALUE  FROM      YEAR
                                                  NORMAL
..................................................................
TEMPERATURE (F)
 YESTERDAY
  MAXIMUM         83    242 PM  97    1962  85     -2       88
  MINIMUM         61   1159 PM  48    1894  62     -1       63
  AVERAGE         72                        74     -2       76

PRECIPITATION (IN)
  YESTERDAY        0.00          3.33 1880   0.11  -0.11     0.00
  MONTH TO DATE    1.71                      2.43  -0.72     4.72
  SINCE MAR 1     10.21                     12.40  -2.19    20.39
  SINCE JAN 1     17.87                     22.33  -4.46    28.06

DEGREE DAYS
 COOLING
  YESTERDAY        7                         9     -2       11
  MONTH TO DATE  206                       135     71      133
  SINCE MAR 1    427                       230    197      225
  SINCE JAN 1    427                       236    191      232
..................................................................


WIND (MPH)
  HIGHEST WIND SPEED    16   HIGHEST WIND DIRECTION    NW (330)
  HIGHEST GUST SPEED    23   HIGHEST GUST DIRECTION     W (290)
  AVERAGE WIND SPEED     9.1


SKY COVER
  AVERAGE SKY COVER 0.6


WEATHER CONDITIONS
 THE FOLLOWING WEATHER WAS RECORDED YESTERDAY.
  FOG


RELATIVE HUMIDITY (PERCENT)
 HIGHEST    93           200 AM
 LOWEST     58          1100 AM
 AVERAGE    76

..........................................................


THE MONTGOMERY CLIMATE NORMALS FOR TODAY
                         NORMAL    RECORD    YEAR
 MAXIMUM TEMPERATURE (F)   86        96      1962
 MINIMUM TEMPERATURE (F)   63        42      1993


SUNRISE AND SUNSET
MAY 22 2015...........SUNRISE   544 AM CDT   SUNSET   741 PM CDT
MAY 23 2015...........SUNRISE   543 AM CDT   SUNSET   742 PM CDT


-  INDICATES NEGATIVE NUMBERS.
R  INDICATES RECORD WAS SET OR TIED.
MM INDICATES DATA IS MISSING.
T  INDICATES TRACE AMOUNT.




$$
