000
CDUS44 KBMX 310708
CLIMGM


CLIMATE REPORT
NATIONAL WEATHER SERVICE BIRMINGHAM, AL
207 AM CDT FRI JUL 31 2015


...................................

...THE MONTGOMERY CLIMATE SUMMARY FOR JULY 30 2015...

CLIMATE NORMAL PERIOD 1981 TO 2010
CLIMATE RECORD PERIOD 1994 TO 2015


WEATHER ITEM   OBSERVED TIME   RECORD YEAR NORMAL DEPARTURE LAST
                VALUE   (LST)  VALUE       VALUE  FROM      YEAR
                                                  NORMAL
..................................................................
TEMPERATURE (F)
 YESTERDAY
  MAXIMUM        100    220 PM 102    2012  92      8       87
  MINIMUM         77    541 AM  59    2014  72      5       59
  AVERAGE         89                        82      7       73

PRECIPITATION (IN)
  YESTERDAY        0.12          3.30 1972   0.15  -0.03     0.00
  MONTH TO DATE    4.97                      5.10  -0.13     2.28
  SINCE JUN 1      8.96                      9.17  -0.21     7.45
  SINCE JAN 1     29.46                     32.61  -3.15    36.34

DEGREE DAYS
 COOLING
  YESTERDAY       24                        17      7        8
  MONTH TO DATE  597                       504     93      495
  SINCE JUN 1   1094                       923    171      967
  SINCE JAN 1   1632                      1262    370     1333
..................................................................


WIND (MPH)
  HIGHEST WIND SPEED    20   HIGHEST WIND DIRECTION    NW (300)
  HIGHEST GUST SPEED    26   HIGHEST GUST DIRECTION     W (280)
  AVERAGE WIND SPEED     5.1


SKY COVER
  AVERAGE SKY COVER 0.2


WEATHER CONDITIONS
 THE FOLLOWING WEATHER WAS RECORDED YESTERDAY.
  THUNDERSTORM
  RAIN
  LIGHT RAIN
  FOG


RELATIVE HUMIDITY (PERCENT)
 HIGHEST    91          1200 AM
 LOWEST     51          1200 PM
 AVERAGE    71

..........................................................


THE MONTGOMERY CLIMATE NORMALS FOR TODAY
                         NORMAL    RECORD    YEAR
 MAXIMUM TEMPERATURE (F)   92       101      1896
 MINIMUM TEMPERATURE (F)   72        62      1936


SUNRISE AND SUNSET
JULY 31 2015..........SUNRISE   600 AM CDT   SUNSET   744 PM CDT
AUGUST  1 2015........SUNRISE   600 AM CDT   SUNSET   743 PM CDT


-  INDICATES NEGATIVE NUMBERS.
R  INDICATES RECORD WAS SET OR TIED.
MM INDICATES DATA IS MISSING.
T  INDICATES TRACE AMOUNT.




$$
