799
CDUS44 KBMX 180852
CLIMGM


CLIMATE REPORT
NATIONAL WEATHER SERVICE BIRMINGHAM, AL
252 AM CST SUN FEB 18 2018


...................................

...THE MONTGOMERY CLIMATE SUMMARY FOR FEBRUARY 17 2018...

CLIMATE NORMAL PERIOD 1981 TO 2010
CLIMATE RECORD PERIOD 1872 TO 2018


WEATHER ITEM   OBSERVED TIME   RECORD YEAR NORMAL DEPARTURE LAST
                VALUE   (LST)  VALUE       VALUE  FROM      YEAR
                                                  NORMAL
..................................................................
TEMPERATURE (F)
 YESTERDAY
  MAXIMUM         80R   329 PM  80    1956  62     18       71
                                      1927
                                      1889
  MINIMUM         60    659 AM  13    1958  40     20       34
  AVERAGE         70                        51     19       53

PRECIPITATION (IN)
  YESTERDAY        0.00          1.71 1995   0.19  -0.19      T
                                      1940
  MONTH TO DATE    2.38                      3.21  -0.83     1.83
  SINCE DEC 1     10.04                     12.72  -2.68    17.11
  SINCE JAN 1      7.43                      7.86  -0.43    13.00

SNOWFALL (IN)
  YESTERDAY        0.0                       0.0    0.0      0.0
  MONTH TO DATE    0.0                       0.0    0.0      0.0
  SINCE DEC 1      T                         0.1   -0.1      0.0
  SINCE JUL 1      T                         0.1   -0.1      0.0
  SNOW DEPTH       0

DEGREE DAYS
 HEATING
  YESTERDAY        0                        14    -14       12
  MONTH TO DATE  139                       270   -131      133
  SINCE DEC 1   1336                      1361    -25      781
  SINCE JUL 1   1671                      1732    -61      956
..................................................................


WIND (MPH)
  HIGHEST WIND SPEED    23   HIGHEST WIND DIRECTION    SW (240)
  HIGHEST GUST SPEED    29   HIGHEST GUST DIRECTION    SW (230)
  AVERAGE WIND SPEED     7.3


SKY COVER
  AVERAGE SKY COVER 0.7


WEATHER CONDITIONS
 THE FOLLOWING WEATHER WAS RECORDED YESTERDAY.
  FOG
  FOG W/VISIBILITY <= 1/4 MILE


RELATIVE HUMIDITY (PERCENT)
 HIGHEST   100           800 AM
 LOWEST     48           400 PM
 AVERAGE    74

..........................................................


THE MONTGOMERY CLIMATE NORMALS FOR TODAY
                         NORMAL    RECORD    YEAR
 MAXIMUM TEMPERATURE (F)   63        80      2000
                                             1891
                                             1882
 MINIMUM TEMPERATURE (F)   40        14      1958


SUNRISE AND SUNSET
FEBRUARY 18 2018......SUNRISE   625 AM CST   SUNSET   534 PM CST
FEBRUARY 19 2018......SUNRISE   624 AM CST   SUNSET   535 PM CST


-  INDICATES NEGATIVE NUMBERS.
R  INDICATES RECORD WAS SET OR TIED.
MM INDICATES DATA IS MISSING.
T  INDICATES TRACE AMOUNT.




$$
