000
CDUS44 KBMX 230942
CLIMGM


CLIMATE REPORT
NATIONAL WEATHER SERVICE BIRMINGHAM, AL
442 AM CDT WED JUL 23 2014


...................................

...THE MONTGOMERY CLIMATE SUMMARY FOR JULY 22 2014...

CLIMATE NORMAL PERIOD 1981 TO 2010
CLIMATE RECORD PERIOD 1872 TO 2014


WEATHER ITEM   OBSERVED TIME   RECORD YEAR NORMAL DEPARTURE LAST
                VALUE   (LST)  VALUE       VALUE  FROM      YEAR
                                                  NORMAL
..................................................................
TEMPERATURE (F)
 YESTERDAY
  MAXIMUM         89    303 PM 100    2006  92     -3       89
                                      1993
                                      1878
  MINIMUM         74   1159 PM  63    1971  72      2       72
  AVERAGE         82                        82      0       81

PRECIPITATION (IN)
  YESTERDAY        0.01          3.70 2013   0.17  -0.16     3.70
  MONTH TO DATE    2.28                      3.88  -1.60     6.61
  SINCE JUN 1      7.45                      7.95  -0.50    10.46
  SINCE JAN 1     36.34                     31.39   4.95    36.17

DEGREE DAYS
 COOLING
  YESTERDAY       17                        17      0       16
  MONTH TO DATE  360                       368     -8      334
  SINCE JUN 1    832                       787     45      825
  SINCE JAN 1   1198                      1126     72     1184
..................................................................


WIND (MPH)
  HIGHEST WIND SPEED    12   HIGHEST WIND DIRECTION     E (70)
  HIGHEST GUST SPEED    14   HIGHEST GUST DIRECTION     E (110)
  AVERAGE WIND SPEED     4.6


SKY COVER
  AVERAGE SKY COVER 0.5


WEATHER CONDITIONS
 THE FOLLOWING WEATHER WAS RECORDED YESTERDAY.
  FOG


RELATIVE HUMIDITY (PERCENT)
 HIGHEST    94          1200 AM
 LOWEST     55           300 PM
 AVERAGE    75

..........................................................


THE MONTGOMERY CLIMATE NORMALS FOR TODAY
                         NORMAL    RECORD    YEAR
 MAXIMUM TEMPERATURE (F)   92       103      1952
 MINIMUM TEMPERATURE (F)   72        61      1947


SUNRISE AND SUNSET
JULY 23 2014..........SUNRISE   554 AM CDT   SUNSET   749 PM CDT
JULY 24 2014..........SUNRISE   555 AM CDT   SUNSET   749 PM CDT


-  INDICATES NEGATIVE NUMBERS.
R  INDICATES RECORD WAS SET OR TIED.
MM INDICATES DATA IS MISSING.
T  INDICATES TRACE AMOUNT.




$$
