942
CDUS44 KBMX 202140
CLIMGM


CLIMATE REPORT
NATIONAL WEATHER SERVICE BIRMINGHAM, AL
440 PM CDT FRI OCT 20 2017


...................................

...THE MONTGOMERY CLIMATE SUMMARY FOR OCTOBER 20 2017...
VALID TODAY AS OF 0400 PM LOCAL TIME.

CLIMATE NORMAL PERIOD 1981 TO 2010
CLIMATE RECORD PERIOD 1872 TO 2017


WEATHER ITEM   OBSERVED TIME   RECORD YEAR NORMAL DEPARTURE LAST
                VALUE   (LST)  VALUE       VALUE  FROM      YEAR
                                                  NORMAL
..................................................................
TEMPERATURE (F)
 TODAY
  MAXIMUM         83    250 PM  91    2016  77      6       91
  MINIMUM         52    600 AM  32    1989  52      0       63
  AVERAGE         68                        64      4       77

PRECIPITATION (IN)
  TODAY            0.00          0.94 1956   0.09  -0.09     0.00
  MONTH TO DATE    3.14                      1.86   1.28     0.12
  SINCE SEP 1      5.39                      5.83  -0.44     2.36
  SINCE JAN 1     63.99                     42.54  21.45    35.40

SNOWFALL (IN)
  TODAY            0.0                       0.0    0.0      0.0
  MONTH TO DATE    0.0                       0.0    0.0      0.0
  SINCE SEP 1      0.0                       0.0    0.0      0.0
  SINCE JUL 1      0.0                       0.0    0.0      0.0
  SNOW DEPTH       0

DEGREE DAYS

 COOLING
  TODAY            3                         3      0       12
  MONTH TO DATE  207                        91    116      181
  SINCE SEP 1    601                       432    169      700
  SINCE JAN 1   2769                      2221    548     2929
..................................................................


WIND (MPH)
  HIGHEST WIND SPEED    10   HIGHEST WIND DIRECTION    NE (50)
  HIGHEST GUST SPEED    15   HIGHEST GUST DIRECTION    NE (30)
  AVERAGE WIND SPEED     4.2


SKY COVER
  AVERAGE SKY COVER 0.0


WEATHER CONDITIONS
 THE FOLLOWING WEATHER WAS RECORDED TODAY.
  HAZE


RELATIVE HUMIDITY (PERCENT)
 HIGHEST    89           400 AM
 LOWEST     26           300 PM
 AVERAGE    58

..........................................................


THE MONTGOMERY CLIMATE NORMALS FOR TOMORROW
                         NORMAL    RECORD    YEAR
 MAXIMUM TEMPERATURE (F)   77        88      1963
 MINIMUM TEMPERATURE (F)   52        30      1989


SUNRISE AND SUNSET
OCTOBER 20 2017.......SUNRISE   653 AM CDT   SUNSET   607 PM CDT
OCTOBER 21 2017.......SUNRISE   654 AM CDT   SUNSET   606 PM CDT


-  INDICATES NEGATIVE NUMBERS.
R  INDICATES RECORD WAS SET OR TIED.
MM INDICATES DATA IS MISSING.
T  INDICATES TRACE AMOUNT.




$$
