000
CDUS44 KBMX 182152
CLIMGM


CLIMATE REPORT
NATIONAL WEATHER SERVICE BIRMINGHAM, AL
452 PM CDT FRI AUG 18 2017


...................................

...THE MONTGOMERY CLIMATE SUMMARY FOR AUGUST 18 2017...
VALID TODAY AS OF 0400 PM LOCAL TIME.

CLIMATE NORMAL PERIOD 1981 TO 2010
CLIMATE RECORD PERIOD 1872 TO 2017


WEATHER ITEM   OBSERVED TIME   RECORD YEAR NORMAL DEPARTURE LAST
                VALUE   (LST)  VALUE       VALUE  FROM      YEAR
                                                  NORMAL
..................................................................
TEMPERATURE (F)
 TODAY
  MAXIMUM         95    250 PM 102    2000  92      3       95
                                      1999
  MINIMUM         77    536 AM  63    2004  71      6       74
                                      1992
  AVERAGE         86                        82      4       85

PRECIPITATION (IN)
  TODAY            0.00          1.84 2012   0.12  -0.12     0.00
  MONTH TO DATE    6.48                      2.32   4.16     2.11
  SINCE JUN 1     23.02                     11.63  11.39    10.45
  SINCE JAN 1     56.94                     35.07  21.87    32.68

DEGREE DAYS
 COOLING
  TODAY           21                        17      4       20
  MONTH TO DATE  330                       306     24      363
  SINCE JUN 1   1357                      1246    111     1504
  SINCE JAN 1   1939                      1585    354     1965
..................................................................


WIND (MPH)
  HIGHEST WIND SPEED    16   HIGHEST WIND DIRECTION     W (280)
  HIGHEST GUST SPEED    20   HIGHEST GUST DIRECTION    NW (300)
  AVERAGE WIND SPEED     7.0


SKY COVER
  AVERAGE SKY COVER 0.2


WEATHER CONDITIONS
 THE FOLLOWING WEATHER WAS RECORDED TODAY.
  NO SIGNIFICANT WEATHER WAS OBSERVED.


RELATIVE HUMIDITY (PERCENT)
 HIGHEST    85          1200 AM
 LOWEST     46           300 PM
 AVERAGE    66

..........................................................


THE MONTGOMERY CLIMATE NORMALS FOR TOMORROW
                         NORMAL    RECORD    YEAR
 MAXIMUM TEMPERATURE (F)   92       101      1999
                                             1990
                                             1983
 MINIMUM TEMPERATURE (F)   71        61      1976


SUNRISE AND SUNSET
AUGUST 18 2017........SUNRISE   612 AM CDT   SUNSET   726 PM CDT
AUGUST 19 2017........SUNRISE   613 AM CDT   SUNSET   725 PM CDT


-  INDICATES NEGATIVE NUMBERS.
R  INDICATES RECORD WAS SET OR TIED.
MM INDICATES DATA IS MISSING.
T  INDICATES TRACE AMOUNT.




$$
