000
CDUS41 KPBZ 240702
CLIMGW


CLIMATE REPORT
NATIONAL WEATHER SERVICE PITTSBURGH PA
300 AM EDT SAT JUN 24 2017


...................................

...THE MORGANTOWN WV CLIMATE SUMMARY FOR JUNE 23 2017...

CLIMATE NORMAL PERIOD 1981 TO 2010
CLIMATE RECORD PERIOD 1872 TO 2017


WEATHER ITEM   OBSERVED TIME   RECORD YEAR NORMAL DEPARTURE LAST
                VALUE   (LST)  VALUE       VALUE  FROM      YEAR
                                                  NORMAL
..................................................................
TEMPERATURE (F)
 YESTERDAY
  MAXIMUM         85    240 PM  95    1899  82      3       72
  MINIMUM         67   1159 PM  43    1972  61      6       66
                                      1932
  AVERAGE         76                        71      5       69

PRECIPITATION (IN)
  YESTERDAY        2.48          2.75 1972   0.14   2.34     0.77
  MONTH TO DATE    3.75                      3.12   0.63     3.93
  SINCE JUN 1      3.75                      3.12   0.63     3.93
  SINCE JAN 1     26.84                     20.31   6.53    19.97

DEGREE DAYS
 HEATING
  YESTERDAY        0                         0      0        0
  MONTH TO DATE   12                        29    -17       10
  SINCE JUN 1     12                        29    -17       10
  SINCE JUL 1   4031                      5182  -1151     4046

 COOLING
  YESTERDAY       11                         7      4        4
  MONTH TO DATE  151                       110     41      164
  SINCE JUN 1    151                       110     41      164
  SINCE JAN 1    258                       177     81      238
..................................................................


WIND (MPH)
  HIGHEST WIND SPEED    18   HIGHEST WIND DIRECTION     S (200)
  HIGHEST GUST SPEED    29   HIGHEST GUST DIRECTION     W (290)
  AVERAGE WIND SPEED     6.1


SKY COVER
  POSSIBLE SUNSHINE  MM
  AVERAGE SKY COVER 0.8


WEATHER CONDITIONS
 THE FOLLOWING WEATHER WAS RECORDED YESTERDAY.
  HEAVY RAIN
  RAIN
  LIGHT RAIN
  FOG
  HAZE


RELATIVE HUMIDITY (PERCENT)
 HIGHEST    93          1200 PM
 LOWEST     59           300 PM
 AVERAGE    76

..........................................................


THE MORGANTOWN WV CLIMATE NORMALS FOR TODAY
                         NORMAL    RECORD    YEAR
 MAXIMUM TEMPERATURE (F)   82        94      1949
                                             1921
 MINIMUM TEMPERATURE (F)   61        40      1918


SUNRISE AND SUNSET
JUNE 24 2017..........SUNRISE   553 AM EDT   SUNSET   851 PM EDT
JUNE 25 2017..........SUNRISE   553 AM EDT   SUNSET   851 PM EDT


-  INDICATES NEGATIVE NUMBERS.
R  INDICATES RECORD WAS SET OR TIED.
MM INDICATES DATA IS MISSING.
T  INDICATES TRACE AMOUNT.




$$
