000
CDUS41 KPBZ 202122
CLIMGW


CLIMATE REPORT
NATIONAL WEATHER SERVICE PITTSBURGH PA
519 PM EDT FRI OCT 20 2017


...................................

...THE MORGANTOWN WV CLIMATE SUMMARY FOR OCTOBER 20 2017...
VALID TODAY AS OF 0500 PM LOCAL TIME.

CLIMATE NORMAL PERIOD 1981 TO 2010
CLIMATE RECORD PERIOD 1872 TO 2017


WEATHER ITEM   OBSERVED TIME   RECORD YEAR NORMAL DEPARTURE LAST
                VALUE   (LST)  VALUE       VALUE  FROM      YEAR
                                                  NORMAL
..................................................................
TEMPERATURE (F)
 TODAY
  MAXIMUM         72    346 PM  86    2016  63      9       86
  MINIMUM         47    648 AM  18    1972  42      5       66
  AVERAGE         60                        53      7       76

PRECIPITATION (IN)
  TODAY            0.00          1.00 1944   0.08  -0.08     0.35
  MONTH TO DATE    1.26                      1.79  -0.53     2.48
  SINCE JUN 1     18.63                     17.28   1.35    21.07
  SINCE JAN 1     41.72                     34.47   7.25    37.11

DEGREE DAYS
 HEATING
  TODAY            5                        12     -7        0
  MONTH TO DATE   54                       192   -138       70
  SINCE SEP 1    119                       278   -159       74
  SINCE JUL 1    121                       289   -168       74

 COOLING
  TODAY            0                         0      0       11
  MONTH TO DATE   54                        10     44       45
  SINCE SEP 1    166                       102     64      267
  SINCE JAN 1    919                       811    108     1278
..................................................................


WIND (MPH)
  RESULTANT WIND SPEED   0   RESULTANT WIND DIRECTION   S (160)
  HIGHEST WIND SPEED     7   HIGHEST WIND DIRECTION     N (360)
  HIGHEST GUST SPEED     9   HIGHEST GUST DIRECTION     N (350)
  AVERAGE WIND SPEED     1.8


SKY COVER
  POSSIBLE SUNSHINE  MM
  AVERAGE SKY COVER 0.0


WEATHER CONDITIONS
 THE FOLLOWING WEATHER WAS RECORDED TODAY.
  NO SIGNIFICANT WEATHER WAS OBSERVED.


RELATIVE HUMIDITY (PERCENT)
 HIGHEST    86           700 AM
 LOWEST     27           400 PM
 AVERAGE    57

..........................................................


THE MORGANTOWN WV CLIMATE NORMALS FOR TOMORROW
                         NORMAL    RECORD    YEAR
 MAXIMUM TEMPERATURE (F)   63        84      1920
 MINIMUM TEMPERATURE (F)   42        19      1952


SUNRISE AND SUNSET
OCTOBER 20 2017.......SUNRISE   735 AM EDT   SUNSET   633 PM EDT
OCTOBER 21 2017.......SUNRISE   736 AM EDT   SUNSET   632 PM EDT


-  INDICATES NEGATIVE NUMBERS.
R  INDICATES RECORD WAS SET OR TIED.
MM INDICATES DATA IS MISSING.
T  INDICATES TRACE AMOUNT.




$$
