000
CDUS41 KPBZ 012127
CLIMGW


CLIMATE REPORT
NATIONAL WEATHER SERVICE PITTSBURGH PA
527 PM EDT WED OCT 1 2014


...................................

...THE MORGANTOWN WV CLIMATE SUMMARY FOR OCTOBER 1 2014...
VALID TODAY AS OF 0500 PM LOCAL TIME.

CLIMATE NORMAL PERIOD 1981 TO 2010
CLIMATE RECORD PERIOD 1948 TO 2014


WEATHER ITEM   OBSERVED TIME   RECORD YEAR NORMAL DEPARTURE LAST
                VALUE   (LST)  VALUE       VALUE  FROM      YEAR
                                                  NORMAL
..................................................................
TEMPERATURE (F)
 TODAY
  MAXIMUM         69    349 PM  85    1952  70     -1       77
  MINIMUM         56    842 AM  26    1993  49      7       55
  AVERAGE         63                        59      4       66

PRECIPITATION (IN)
  TODAY            0.00         MM      MM   0.09  -0.09     0.00
  MONTH TO DATE    0.00                      0.09  -0.09     0.00
  SINCE JUN 1     17.31                     15.58   1.73    18.55
  SINCE JAN 1     32.80                     32.77   0.03    31.19

DEGREE DAYS
 HEATING
  TODAY            2                         7     -5        0
  MONTH TO DATE    2                         7     -5        0
  SINCE SEP 1     60                        93    -33       79
  SINCE JUL 1     66                       104    -38       88

 COOLING
  TODAY            0                         1     -1        1
  MONTH TO DATE    0                         1     -1        1
  SINCE SEP 1    130                        93     37       85
  SINCE JAN 1    963                       802    161      871
..................................................................


WIND (MPH)
  RESULTANT WIND SPEED   0   RESULTANT WIND DIRECTION   W (290)
  HIGHEST WIND SPEED     6   HIGHEST WIND DIRECTION     S (200)
  HIGHEST GUST SPEED     9   HIGHEST GUST DIRECTION    SW (240)
  AVERAGE WIND SPEED     2.4


SKY COVER
  POSSIBLE SUNSHINE  MM
  AVERAGE SKY COVER 0.9


WEATHER CONDITIONS
 THE FOLLOWING WEATHER WAS RECORDED TODAY.
  FOG
  FOG W/VISIBILITY <= 1/4 MILE


RELATIVE HUMIDITY (PERCENT)
 HIGHEST    93           200 AM
 LOWEST     68           300 PM
 AVERAGE    81

..........................................................


THE MORGANTOWN WV CLIMATE NORMALS FOR TOMORROW
                         NORMAL    RECORD    YEAR
 MAXIMUM TEMPERATURE (F)   69        85      1951
 MINIMUM TEMPERATURE (F)   48        29      1974


SUNRISE AND SUNSET
OCTOBER  1 2014.......SUNRISE   716 AM EDT   SUNSET   702 PM EDT
OCTOBER  2 2014.......SUNRISE   717 AM EDT   SUNSET   701 PM EDT


-  INDICATES NEGATIVE NUMBERS.
R  INDICATES RECORD WAS SET OR TIED.
MM INDICATES DATA IS MISSING.
T  INDICATES TRACE AMOUNT.




$$
