000
CDUS41 KPBZ 290704
CLIMGW


CLIMATE REPORT
NATIONAL WEATHER SERVICE PITTSBURGH PA
302 AM EDT TUE JUL 29 2014


...................................

...THE MORGANTOWN WV CLIMATE SUMMARY FOR JULY 28 2014...

CLIMATE NORMAL PERIOD 1981 TO 2010
CLIMATE RECORD PERIOD 1948 TO 2014


WEATHER ITEM   OBSERVED TIME   RECORD YEAR NORMAL DEPARTURE LAST
                VALUE   (LST)  VALUE       VALUE  FROM      YEAR
                                                  NORMAL
..................................................................
TEMPERATURE (F)
 YESTERDAY
  MAXIMUM         73   1009 AM  96    1952  83    -10       78
  MINIMUM         58   1159 PM  52    1962  63     -5       57
  AVERAGE         66                        73     -7       68

PRECIPITATION (IN)
  YESTERDAY        T            MM      MM   0.14  -0.14     0.44
  MONTH TO DATE    5.43                      4.23   1.20     6.61
  SINCE JUN 1      9.95                      8.34   1.61    11.39
  SINCE JAN 1     25.44                     25.53  -0.09    24.03

DEGREE DAYS
 HEATING
  YESTERDAY        0                         0      0        0
  MONTH TO DATE    0                         0      0        0
  SINCE JUN 1      2                        31    -29       11
  SINCE JUL 1      0                         0      0        0

 COOLING
  YESTERDAY        1                         8     -7        3
  MONTH TO DATE  233                       224      9      274
  SINCE JUN 1    473                       386     87      443
  SINCE JAN 1    582                       453    129      589
..................................................................


WIND (MPH)
  HIGHEST WIND SPEED    16   HIGHEST WIND DIRECTION    NW (320)
  HIGHEST GUST SPEED    30   HIGHEST GUST DIRECTION    NW (320)
  AVERAGE WIND SPEED     6.4


SKY COVER
  POSSIBLE SUNSHINE  MM
  AVERAGE SKY COVER 0.8


WEATHER CONDITIONS
 THE FOLLOWING WEATHER WAS RECORDED YESTERDAY.
  LIGHT RAIN


RELATIVE HUMIDITY (PERCENT)
 HIGHEST    90           100 AM
 LOWEST     57          1000 AM
 AVERAGE    74

..........................................................


THE MORGANTOWN WV CLIMATE NORMALS FOR TODAY
                         NORMAL    RECORD    YEAR
 MAXIMUM TEMPERATURE (F)   83        94      1953
 MINIMUM TEMPERATURE (F)   63        50      1965


SUNRISE AND SUNSET
JULY 29 2014..........SUNRISE   616 AM EDT   SUNSET   836 PM EDT
JULY 30 2014..........SUNRISE   617 AM EDT   SUNSET   835 PM EDT


-  INDICATES NEGATIVE NUMBERS.
R  INDICATES RECORD WAS SET OR TIED.
MM INDICATES DATA IS MISSING.
T  INDICATES TRACE AMOUNT.




$$
