000
CDUS41 KPBZ 172222
CLIMGW


CLIMATE REPORT
NATIONAL WEATHER SERVICE PITTSBURGH PA
521 PM EST SUN DEC 17 2017


...................................

...THE MORGANTOWN WV CLIMATE SUMMARY FOR DECEMBER 17 2017...
VALID TODAY AS OF 0500 PM LOCAL TIME.

CLIMATE NORMAL PERIOD 1981 TO 2010
CLIMATE RECORD PERIOD 1872 TO 2017


WEATHER ITEM   OBSERVED TIME   RECORD YEAR NORMAL DEPARTURE LAST
                VALUE   (LST)  VALUE       VALUE  FROM      YEAR
                                                  NORMAL
..................................................................
TEMPERATURE (F)
 TODAY
  MAXIMUM         44    359 PM  68    1984  42      2       66
  MINIMUM         35    746 AM   2    1951  27      8       34
  AVERAGE         40                        34      6       50

PRECIPITATION (IN)
  TODAY            T             1.35 1915   0.09  -0.09     0.75
  MONTH TO DATE    0.56                      1.68  -1.12     2.28
  SINCE JUN 1     25.35                     23.41   1.94    27.64
  SINCE JAN 1     48.44                     40.60   7.84    43.68

DEGREE DAYS
 HEATING
  TODAY           25                        31     -6       15
  MONTH TO DATE  505                       485     20      524
  SINCE DEC 1    505                       485     20      524
  SINCE JUL 1   1400                      1533   -133     1210

 COOLING
  TODAY            0                         0      0        0
  MONTH TO DATE    0                         0      0        0
  SINCE DEC 1      0                         0      0        0
  SINCE JAN 1    919                       814    105     1283
..................................................................


WIND (MPH)
  RESULTANT WIND SPEED   4   RESULTANT WIND DIRECTION   S (200)
  HIGHEST WIND SPEED     9   HIGHEST WIND DIRECTION     S (200)
  HIGHEST GUST SPEED    13   HIGHEST GUST DIRECTION     S (200)
  AVERAGE WIND SPEED     4.1


SKY COVER
  POSSIBLE SUNSHINE  MM
  AVERAGE SKY COVER 0.2


WEATHER CONDITIONS
 THE FOLLOWING WEATHER WAS RECORDED TODAY.
  NO SIGNIFICANT WEATHER WAS OBSERVED.


RELATIVE HUMIDITY (PERCENT)
 HIGHEST    64           500 AM
 LOWEST     49           100 PM
 AVERAGE    57

..........................................................


THE MORGANTOWN WV CLIMATE NORMALS FOR TOMORROW
                         NORMAL    RECORD    YEAR
 MAXIMUM TEMPERATURE (F)   42        69      2016
 MINIMUM TEMPERATURE (F)   26         0      1989
                                             1926
                                             1919


SUNRISE AND SUNSET
DECEMBER 17 2017......SUNRISE   735 AM EST   SUNSET   457 PM EST
DECEMBER 18 2017......SUNRISE   735 AM EST   SUNSET   458 PM EST


-  INDICATES NEGATIVE NUMBERS.
R  INDICATES RECORD WAS SET OR TIED.
MM INDICATES DATA IS MISSING.
T  INDICATES TRACE AMOUNT.




$$
