998
CDUS41 KPBZ 120811
CLIMGW


CLIMATE REPORT
NATIONAL WEATHER SERVICE PITTSBURGH PA
311 AM EST FRI FEB 12 2016


...................................

...THE MORGANTOWN WV CLIMATE SUMMARY FOR FEBRUARY 11 2016...

CLIMATE NORMAL PERIOD 1981 TO 2010
CLIMATE RECORD PERIOD 1948 TO 2016


WEATHER ITEM   OBSERVED TIME   RECORD YEAR NORMAL DEPARTURE LAST
                VALUE   (LST)  VALUE       VALUE  FROM      YEAR
                                                  NORMAL
..................................................................
TEMPERATURE (F)
 YESTERDAY
  MAXIMUM         20    347 PM  73    1999  42    -22       38
  MINIMUM          4   1159 PM  -2    1979  25    -21       17
  AVERAGE         12                        33    -21       28

PRECIPITATION (IN)
  YESTERDAY        T            MM      MM   0.10  -0.10      T
  MONTH TO DATE    1.03                      1.00   0.03     0.99
  SINCE JUN 1     26.61                     28.45  -1.84    29.78
  SINCE JAN 1      3.07                      3.81  -0.74     3.55

DEGREE DAYS
 HEATING
  YESTERDAY       53                        32     21       37
  MONTH TO DATE  332                       356    -24      364
  SINCE DEC 1   1967                      2335   -368     2317
  SINCE JUL 1   2686                      3383   -697     3347

 COOLING
  YESTERDAY        0                         0      0        0
  MONTH TO DATE    0                         0      0        0
  SINCE DEC 1      0                         0      0        0
  SINCE JAN 1      0                         0      0        0
..................................................................


WIND (MPH)
  HIGHEST WIND SPEED    14   HIGHEST WIND DIRECTION     W (280)
  HIGHEST GUST SPEED    22   HIGHEST GUST DIRECTION     W (280)
  AVERAGE WIND SPEED     6.5


SKY COVER
  POSSIBLE SUNSHINE  MM
  AVERAGE SKY COVER 0.8


WEATHER CONDITIONS
 THE FOLLOWING WEATHER WAS RECORDED YESTERDAY.
  LIGHT SNOW
  HAZE


RELATIVE HUMIDITY (PERCENT)
 HIGHEST    76          1100 PM
 LOWEST     43           300 PM
 AVERAGE    60

..........................................................


THE MORGANTOWN WV CLIMATE NORMALS FOR TODAY
                         NORMAL    RECORD    YEAR
 MAXIMUM TEMPERATURE (F)   42        71      1984
 MINIMUM TEMPERATURE (F)   25        -5      1981


SUNRISE AND SUNSET
FEBRUARY 12 2016......SUNRISE   716 AM EST   SUNSET   552 PM EST
FEBRUARY 13 2016......SUNRISE   715 AM EST   SUNSET   553 PM EST


-  INDICATES NEGATIVE NUMBERS.
R  INDICATES RECORD WAS SET OR TIED.
MM INDICATES DATA IS MISSING.
T  INDICATES TRACE AMOUNT.




$$
