000
CDUS41 KPBZ 300725
CLIMGW


CLIMATE REPORT
NATIONAL WEATHER SERVICE PITTSBURGH PA
324 AM EDT SUN AUG 30 2015


...................................

...THE MORGANTOWN WV CLIMATE SUMMARY FOR AUGUST 29 2015...

CLIMATE NORMAL PERIOD 1981 TO 2010
CLIMATE RECORD PERIOD 1948 TO 2015


WEATHER ITEM   OBSERVED TIME   RECORD YEAR NORMAL DEPARTURE LAST
                VALUE   (LST)  VALUE       VALUE  FROM      YEAR
                                                  NORMAL
..................................................................
TEMPERATURE (F)
 YESTERDAY
  MAXIMUM         89    254 PM  96    1991  81      8       84
  MINIMUM         57    532 AM  38    1982  60     -3       55
  AVERAGE         73                        71      2       70

PRECIPITATION (IN)
  YESTERDAY        0.00         MM      MM   0.11  -0.11     0.00
  MONTH TO DATE    2.00                      3.33  -1.33     4.87
  SINCE JUN 1     11.75                     12.06  -0.31    14.83
  SINCE JAN 1     29.00                     29.25  -0.25    30.32

DEGREE DAYS
 HEATING
  YESTERDAY        0                         0      0        0
  MONTH TO DATE    1                         0      1        3
  SINCE JUN 1     14                        34    -20        8
  SINCE JUL 1      1                         3     -2        6

 COOLING
  YESTERDAY        8                         6      2        5
  MONTH TO DATE  239                       214     25      222
  SINCE JUN 1    793                       631    162      700
  SINCE JAN 1    977                       698    279      809
..................................................................


WIND (MPH)
  HIGHEST WIND SPEED    12   HIGHEST WIND DIRECTION    SW (220)
  HIGHEST GUST SPEED    15   HIGHEST GUST DIRECTION    SW (210)
  AVERAGE WIND SPEED     2.4


SKY COVER
  POSSIBLE SUNSHINE  MM
  AVERAGE SKY COVER 0.1


WEATHER CONDITIONS
 THE FOLLOWING WEATHER WAS RECORDED YESTERDAY.
  NO SIGNIFICANT WEATHER WAS OBSERVED.


RELATIVE HUMIDITY (PERCENT)
 HIGHEST    81          1100 PM
 LOWEST     32           300 PM
 AVERAGE    57

..........................................................


THE MORGANTOWN WV CLIMATE NORMALS FOR TODAY
                         NORMAL    RECORD    YEAR
 MAXIMUM TEMPERATURE (F)   81        98      1953
 MINIMUM TEMPERATURE (F)   60        42      1986


SUNRISE AND SUNSET
AUGUST 30 2015........SUNRISE   646 AM EDT   SUNSET   754 PM EDT
AUGUST 31 2015........SUNRISE   647 AM EDT   SUNSET   753 PM EDT


-  INDICATES NEGATIVE NUMBERS.
R  INDICATES RECORD WAS SET OR TIED.
MM INDICATES DATA IS MISSING.
T  INDICATES TRACE AMOUNT.




$$
