000
CDUS41 KPBZ 262116
CLIMGW


CLIMATE REPORT
NATIONAL WEATHER SERVICE PITTSBURGH PA
516 PM EDT TUE MAY 26 2015


...................................

...THE MORGANTOWN WV CLIMATE SUMMARY FOR MAY 26 2015...
VALID TODAY AS OF 0500 PM LOCAL TIME.

CLIMATE NORMAL PERIOD 1981 TO 2010
CLIMATE RECORD PERIOD 1948 TO 2015


WEATHER ITEM   OBSERVED TIME   RECORD YEAR NORMAL DEPARTURE LAST
                VALUE   (LST)  VALUE       VALUE  FROM      YEAR
                                                  NORMAL
..................................................................
TEMPERATURE (F)
 TODAY
  MAXIMUM         83    318 PM  91    1991  74      9       85
  MINIMUM         62    500 AM  34    1988  53      9       50
  AVERAGE         73                        64      9       68

PRECIPITATION (IN)
  TODAY            0.01         MM      MM   0.16  -0.15     0.00
  MONTH TO DATE    1.00                      3.84  -2.84     3.89
  SINCE JUN 1     43.26                     41.06   2.20    43.28
  SINCE JAN 1     17.03                     16.42   0.61    14.85

DEGREE DAYS
 HEATING
  TODAY            0                         4     -4        0
  MONTH TO DATE   84                       154    -70      117
  SINCE MAR 1   1158                      1248    -90     1278
  SINCE JUL 1   5282                      5137    145     5404

 COOLING
  TODAY            8                         2      6        3
  MONTH TO DATE  123                        38     85       61
  SINCE MAR 1    131                        54     77       79
  SINCE JAN 1    131                        54     77       79
..................................................................


WIND (MPH)
  RESULTANT WIND SPEED   2   RESULTANT WIND DIRECTION   S (190)
  HIGHEST WIND SPEED    12   HIGHEST WIND DIRECTION     S (170)
  HIGHEST GUST SPEED    17   HIGHEST GUST DIRECTION     S (180)
  AVERAGE WIND SPEED     2.8


SKY COVER
  POSSIBLE SUNSHINE  MM
  AVERAGE SKY COVER 0.4


WEATHER CONDITIONS
 THE FOLLOWING WEATHER WAS RECORDED TODAY.
  NO SIGNIFICANT WEATHER WAS OBSERVED.


RELATIVE HUMIDITY (PERCENT)
 HIGHEST    84           500 AM
 LOWEST     46           400 PM
 AVERAGE    65

..........................................................


THE MORGANTOWN WV CLIMATE NORMALS FOR TOMORROW
                         NORMAL    RECORD    YEAR
 MAXIMUM TEMPERATURE (F)   75        91      2012
 MINIMUM TEMPERATURE (F)   53        36      1969


SUNRISE AND SUNSET
MAY 26 2015...........SUNRISE   557 AM EDT   SUNSET   837 PM EDT
MAY 27 2015...........SUNRISE   557 AM EDT   SUNSET   837 PM EDT


-  INDICATES NEGATIVE NUMBERS.
R  INDICATES RECORD WAS SET OR TIED.
MM INDICATES DATA IS MISSING.
T  INDICATES TRACE AMOUNT.




$$
