000
CDUS41 KPBZ 231221
CLIMGW


CLIMATE REPORT
NATIONAL WEATHER SERVICE PITTSBURGH PA
821 AM EDT WED AUG 23 2017


...................................

...THE MORGANTOWN WV CLIMATE SUMMARY FOR AUGUST 23 2017...
VALID AS OF 0800 AM LOCAL TIME.

CLIMATE NORMAL PERIOD 1981 TO 2010
CLIMATE RECORD PERIOD 1872 TO 2017


WEATHER ITEM   OBSERVED TIME   RECORD YEAR NORMAL DEPARTURE LAST
                VALUE   (LST)  VALUE       VALUE  FROM      YEAR
                                                  NORMAL
..................................................................
TEMPERATURE (F)
 TODAY
  MAXIMUM         70    312 AM  99    1893
  MINIMUM         67    659 AM  44    1973  61      6       58

PRECIPITATION (IN)
  TODAY            0.00          3.02 1901   0.11  -0.11     0.00
  MONTH TO DATE    2.53                      2.68  -0.15     3.37
  SINCE JUN 1     15.52                     11.41   4.11    14.74
  SINCE JAN 1     38.61                     28.60  10.01    30.78

DEGREE DAYS
 HEATING
  TODAY            0

 COOLING
  TODAY            4
..................................................................





WEATHER CONDITIONS
 THE FOLLOWING WEATHER WAS RECORDED TODAY.
  NO SIGNIFICANT WEATHER WAS OBSERVED.


RELATIVE HUMIDITY (PERCENT)
 HIGHEST    93           700 AM

..........................................................


THE MORGANTOWN WV CLIMATE NORMALS FOR TOMORROW
                         NORMAL    RECORD    YEAR
 MAXIMUM TEMPERATURE (F)   82       101      1893
 MINIMUM TEMPERATURE (F)   61        44      1971


SUNRISE AND SUNSET
AUGUST 23 2017........SUNRISE   640 AM EDT   SUNSET   804 PM EDT
AUGUST 24 2017........SUNRISE   641 AM EDT   SUNSET   803 PM EDT


-  INDICATES NEGATIVE NUMBERS.
R  INDICATES RECORD WAS SET OR TIED.
MM INDICATES DATA IS MISSING.
T  INDICATES TRACE AMOUNT.




$$
