000
CDUS43 KFSD 302230
CLIMHE


CLIMATE REPORT
NATIONAL WEATHER SERVICE SIOUX FALLS SD
430 PM CST FRI JAN 30 2015


...................................

...THE MITCHELL SD CLIMATE SUMMARY FOR JANUARY 30 2015...
VALID TODAY AS OF 0400 PM LOCAL TIME.

CLIMATE NORMAL PERIOD 1981 TO 2010
CLIMATE RECORD PERIOD 1893 TO 2015


WEATHER ITEM   OBSERVED TIME   RECORD YEAR NORMAL DEPARTURE LAST
                VALUE   (LST)  VALUE       VALUE  FROM      YEAR
                                                  NORMAL
..................................................................
TEMPERATURE (F)
 TODAY
  MAXIMUM         48    359 PM  62    1989  30     18       36
  MINIMUM         19    754 AM -26    1966  10      9        3
  AVERAGE         34                        20     14       20

PRECIPITATION (IN)
  TODAY            0.00          1.03 2001   0.00   0.00     0.11
  MONTH TO DATE    0.40                      0.21   0.19     0.17
  SINCE DEC 1      1.62                      0.66   0.96     0.82
  SINCE JAN 1      0.40                      0.21   0.19     0.17

SNOWFALL (IN)
  TODAY            0.0          10.0  2001  MM     MM        0.4
  MONTH TO DATE    5.2                      MM     MM        0.8
  SINCE DEC 1     12.9                      MM     MM       12.2
  SINCE JUL 1     18.5                      MM     MM       16.2
  SNOW DEPTH       0

DEGREE DAYS
 HEATING
  TODAY           31                        45    -14       45
  MONTH TO DATE 1270                      1388   -118     1398
  SINCE DEC 1   2495                      2755   -260     3004
  SINCE JUL 1   4151                      4323   -172     4512

 COOLING
  TODAY            0                         0      0        0
  MONTH TO DATE    0                         0      0        0
  SINCE DEC 1      0                         0      0        0
  SINCE JAN 1      0                         0      0        0
..................................................................


WIND (MPH)
  HIGHEST WIND SPEED    20   HIGHEST WIND DIRECTION     S (170)
  HIGHEST GUST SPEED    26   HIGHEST GUST DIRECTION     S (170)
  AVERAGE WIND SPEED    11.0


SKY COVER
  POSSIBLE SUNSHINE  MM
  AVERAGE SKY COVER 0.0


WEATHER CONDITIONS
 THE FOLLOWING WEATHER WAS RECORDED TODAY.
  NO SIGNIFICANT WEATHER WAS OBSERVED.


RELATIVE HUMIDITY (PERCENT)
 HIGHEST    92           900 AM
 LOWEST     49           300 PM
 AVERAGE    71

..........................................................


THE MITCHELL SD CLIMATE NORMALS FOR TOMORROW
                         NORMAL    RECORD    YEAR
 MAXIMUM TEMPERATURE (F)   30        57      2009
 MINIMUM TEMPERATURE (F)   10       -26      1918


SUNRISE AND SUNSET
JANUARY 30 2015.......SUNRISE   751 AM CST   SUNSET   540 PM CST
JANUARY 31 2015.......SUNRISE   750 AM CST   SUNSET   541 PM CST


-  INDICATES NEGATIVE NUMBERS.
R  INDICATES RECORD WAS SET OR TIED.
MM INDICATES DATA IS MISSING.
T  INDICATES TRACE AMOUNT.




$$
