129
CDUS43 KFSD 050645
CLIMHE


CLIMATE REPORT
NATIONAL WEATHER SERVICE SIOUX FALLS SD
1245 AM CST MON DEC 5 2016


...................................

...THE MITCHELL SD CLIMATE SUMMARY FOR DECEMBER 4 2016...

CLIMATE NORMAL PERIOD 1981 TO 2010
CLIMATE RECORD PERIOD 1893 TO 2016


WEATHER ITEM   OBSERVED TIME   RECORD YEAR NORMAL DEPARTURE LAST
                VALUE   (LST)  VALUE       VALUE  FROM      YEAR
                                                  NORMAL
..................................................................
TEMPERATURE (F)
 YESTERDAY
  MAXIMUM         44    331 PM  62    1941  33     11       42
  MINIMUM         29    252 AM -15    1897  15     14        8
  AVERAGE         37                        24     13       25

PRECIPITATION (IN)
  YESTERDAY        0.00          0.50 1909   0.02  -0.02     0.00
  MONTH TO DATE    0.03                      0.10  -0.07     0.16
  SINCE DEC 1      0.03                      0.10  -0.07     0.16
  SINCE JAN 1     25.24                     21.17   4.07    22.57

SNOWFALL (IN)
  YESTERDAY        0.0           5.5  2013  MM     MM        0.0
  MONTH TO DATE    T                        MM     MM        2.6
  SINCE DEC 1      T                        MM     MM        2.6
  SINCE JUL 1      5.5                      MM     MM       15.8
  SNOW DEPTH       0

DEGREE DAYS
 HEATING
  YESTERDAY       28                        41    -13       40
  MONTH TO DATE  129                       162    -33      164
  SINCE DEC 1    129                       162    -33      164
  SINCE JUL 1   1223                      1730   -507     1347

 COOLING
  YESTERDAY        0                         0      0        0
  MONTH TO DATE    0                         0      0        0
  SINCE DEC 1      0                         0      0        0
  SINCE JAN 1   1036                       824    212      894
..................................................................


WIND (MPH)
  HIGHEST WIND SPEED    16   HIGHEST WIND DIRECTION     W (250)
  HIGHEST GUST SPEED    20   HIGHEST GUST DIRECTION     W (250)
  AVERAGE WIND SPEED     8.7


SKY COVER
  POSSIBLE SUNSHINE  MM
  AVERAGE SKY COVER 0.1


WEATHER CONDITIONS
 THE FOLLOWING WEATHER WAS RECORDED YESTERDAY.
  NO SIGNIFICANT WEATHER WAS OBSERVED.


RELATIVE HUMIDITY (PERCENT)
 HIGHEST    96          1200 AM
 LOWEST     62           200 PM
 AVERAGE    79

..........................................................


THE MITCHELL SD CLIMATE NORMALS FOR TODAY
                         NORMAL    RECORD    YEAR
 MAXIMUM TEMPERATURE (F)   33        65      1939
 MINIMUM TEMPERATURE (F)   14       -12      2005


SUNRISE AND SUNSET
DECEMBER  5 2016......SUNRISE   751 AM CST   SUNSET   455 PM CST
DECEMBER  6 2016......SUNRISE   752 AM CST   SUNSET   455 PM CST


-  INDICATES NEGATIVE NUMBERS.
R  INDICATES RECORD WAS SET OR TIED.
MM INDICATES DATA IS MISSING.
T  INDICATES TRACE AMOUNT.




$$
