000
CDUS43 KTOP 250642
CLIMHK


CLIMATE REPORT
NATIONAL WEATHER SERVICE TOPEKA KS
141 AM CDT WED MAY 25 2016


...................................

...THE MANHATTAN KS CLIMATE SUMMARY FOR MAY 24 2016...

CLIMATE NORMAL PERIOD 1981 TO 2010
CLIMATE RECORD PERIOD 9999 TO 9999


WEATHER ITEM   OBSERVED NORMAL DEPARTURE LAST
                VALUE   VALUE  FROM      YEAR
                               NORMAL
...............................................
TEMPERATURE (F)
 YESTERDAY
  MAXIMUM         83     79      4       71
  MINIMUM         60     54      6       60
  AVERAGE         72     66      6       66

PRECIPITATION (IN)
  YESTERDAY        1.37   0.18   1.19     0.05
  MONTH TO DATE    2.68   3.29  -0.61     8.51
  SINCE MAR 1     11.10   8.29   2.81    11.29
  SINCE JAN 1     12.08  10.01   2.07    12.75

DEGREE DAYS
 HEATING
  YESTERDAY        0      2     -2        0
  MONTH TO DATE  114    112      2      101
  SINCE MAR 1    818   1133   -315      926
  SINCE JUL 1   4115   5293  -1178     5120

 COOLING
  YESTERDAY        7      4      3        1
  MONTH TO DATE   39     52    -13       54
  SINCE MAR 1     67     69     -2       62
  SINCE JAN 1     67     69     -2       62
...............................................


WIND (MPH)
  HIGHEST WIND SPEED    20   HIGHEST WIND DIRECTION     S (180)
  HIGHEST GUST SPEED    27   HIGHEST GUST DIRECTION     S (180)
  AVERAGE WIND SPEED     8.8


SKY COVER
  AVERAGE SKY COVER 0.5


WEATHER CONDITIONS
 THE FOLLOWING WEATHER WAS RECORDED YESTERDAY.
  THUNDERSTORM
  HEAVY RAIN
  RAIN
  LIGHT RAIN
  FOG


RELATIVE HUMIDITY (PERCENT)
 HIGHEST   100
 LOWEST     46
 AVERAGE    73

..........................................................


THE MANHATTAN KS CLIMATE NORMALS FOR TODAY
                         NORMAL
 MAXIMUM TEMPERATURE (F)   79
 MINIMUM TEMPERATURE (F)   54


SUNRISE AND SUNSET
MAY 25 2016...........SUNRISE   606 AM CDT   SUNSET   842 PM CDT
MAY 26 2016...........SUNRISE   605 AM CDT   SUNSET   843 PM CDT


-  INDICATES NEGATIVE NUMBERS.
R  INDICATES RECORD WAS SET OR TIED.
MM INDICATES DATA IS MISSING.
T  INDICATES TRACE AMOUNT.




$$
