000
CDUS43 KTOP 200637
CLIMHK


CLIMATE REPORT
NATIONAL WEATHER SERVICE TOPEKA KS
1237 AM CST FRI JAN 20 2017


...................................

...THE MANHATTAN KS CLIMATE SUMMARY FOR JANUARY 19 2017...

CLIMATE NORMAL PERIOD 1981 TO 2010
CLIMATE RECORD PERIOD 9999 TO 9999


WEATHER ITEM   OBSERVED NORMAL DEPARTURE LAST
                VALUE   VALUE  FROM      YEAR
                               NORMAL
...............................................
TEMPERATURE (F)
 YESTERDAY
  MAXIMUM         48     41      7       27
  MINIMUM         42     17     25       23
  AVERAGE         45     29     16       25

PRECIPITATION (IN)
  YESTERDAY        0.01   0.02  -0.01      T
  MONTH TO DATE    1.36   0.27   1.09     0.35
  SINCE DEC 1      2.30   1.29   1.01     3.44
  SINCE JAN 1      1.36   0.27   1.09     0.35

DEGREE DAYS
 HEATING
  YESTERDAY       20     36    -16       40
  MONTH TO DATE  685    699    -14      607
  SINCE DEC 1   1762   1765     -3     1442
  SINCE JUL 1   2372   2840   -468     2181

 COOLING
  YESTERDAY        0      0      0        0
  MONTH TO DATE    0      0      0        0
  SINCE DEC 1      0      0      0        0
  SINCE JAN 1      0      0      0        0
...............................................


WIND (MPH)
  HIGHEST WIND SPEED    12   HIGHEST WIND DIRECTION    SE (130)
  HIGHEST GUST SPEED    15   HIGHEST GUST DIRECTION     S (170)
  AVERAGE WIND SPEED     4.6


SKY COVER
  AVERAGE SKY COVER 1.0


WEATHER CONDITIONS
 THE FOLLOWING WEATHER WAS RECORDED YESTERDAY.
  LIGHT RAIN
  FOG
  FOG W/VISIBILITY <= 1/4 MILE


RELATIVE HUMIDITY (PERCENT)
 HIGHEST   100
 LOWEST     70
 AVERAGE    85

..........................................................


THE MANHATTAN KS CLIMATE NORMALS FOR TODAY
                         NORMAL
 MAXIMUM TEMPERATURE (F)   41
 MINIMUM TEMPERATURE (F)   17


SUNRISE AND SUNSET
JANUARY 20 2017.......SUNRISE   742 AM CST   SUNSET   534 PM CST
JANUARY 21 2017.......SUNRISE   741 AM CST   SUNSET   535 PM CST


-  INDICATES NEGATIVE NUMBERS.
R  INDICATES RECORD WAS SET OR TIED.
MM INDICATES DATA IS MISSING.
T  INDICATES TRACE AMOUNT.




$$
