000
CDUS43 KTOP 200634
CLIMHK


CLIMATE REPORT
NATIONAL WEATHER SERVICE TOPEKA KS
134 AM CDT SAT SEP 20 2014


...................................

...THE MANHATTAN KS CLIMATE SUMMARY FOR SEPTEMBER 19 2014...

CLIMATE NORMAL PERIOD 1981 TO 2010
CLIMATE RECORD PERIOD 9999 TO 9999


WEATHER ITEM   OBSERVED NORMAL DEPARTURE LAST
                VALUE   VALUE  FROM      YEAR
                               NORMAL
...............................................
TEMPERATURE (F)
 YESTERDAY
  MAXIMUM         90     80     10       93
  MINIMUM         61     53      8       64
  AVERAGE         76     66     10       79

PRECIPITATION (IN)
  YESTERDAY        0.00   0.10  -0.10     0.00
  MONTH TO DATE    0.74   2.20  -1.46     2.86
  SINCE SEP 1      0.74   2.20  -1.46     2.86
  SINCE JAN 1     17.64  26.74  -9.10    24.08

DEGREE DAYS
 HEATING
  YESTERDAY        0      3     -3        0
  MONTH TO DATE   51     21     30        4
  SINCE SEP 1     51     21     30        4
  SINCE JUL 1     52     24     28        7

 COOLING
  YESTERDAY       11      4      7       14
  MONTH TO DATE  118    121     -3      222
  SINCE SEP 1    118    121     -3      222
  SINCE JAN 1   1496   1304    192     1450
...............................................


WIND (MPH)
  HIGHEST WIND SPEED    21   HIGHEST WIND DIRECTION     S (170)
  HIGHEST GUST SPEED    25   HIGHEST GUST DIRECTION     S (170)
  AVERAGE WIND SPEED     7.5


SKY COVER
  AVERAGE SKY COVER 0.1


WEATHER CONDITIONS
 THE FOLLOWING WEATHER WAS RECORDED YESTERDAY.
  FOG


RELATIVE HUMIDITY (PERCENT)
 HIGHEST   100
 LOWEST     52
 AVERAGE    76

..........................................................


THE MANHATTAN KS CLIMATE NORMALS FOR TODAY
                         NORMAL
 MAXIMUM TEMPERATURE (F)   79
 MINIMUM TEMPERATURE (F)   53


SUNRISE AND SUNSET
SEPTEMBER 20 2014.....SUNRISE   712 AM CDT   SUNSET   727 PM CDT
SEPTEMBER 21 2014.....SUNRISE   713 AM CDT   SUNSET   725 PM CDT


-  INDICATES NEGATIVE NUMBERS.
R  INDICATES RECORD WAS SET OR TIED.
MM INDICATES DATA IS MISSING.
T  INDICATES TRACE AMOUNT.




$$
