000
CDUS43 KTOP 282238
CLIMHK


CLIMATE REPORT
NATIONAL WEATHER SERVICE TOPEKA KS
436 PM CST WED JAN 28 2015


...................................

...THE MANHATTAN KS CLIMATE SUMMARY FOR JANUARY 28 2015...
VALID TODAY AS OF 0400 PM LOCAL TIME.

CLIMATE NORMAL PERIOD 1981 TO 2010
CLIMATE RECORD PERIOD 9999 TO 9999


WEATHER ITEM   OBSERVED NORMAL DEPARTURE LAST
                VALUE   VALUE  FROM      YEAR
                               NORMAL
...............................................
TEMPERATURE (F)
 TODAY
  MAXIMUM         72     42     30       27
  MINIMUM         28     18     10        1
  AVERAGE         50     30     20       14

PRECIPITATION (IN)
  TODAY            0.00   0.04  -0.04     0.00
  MONTH TO DATE    0.05   0.53  -0.48     0.23
  SINCE DEC 1      2.27   1.55   0.72     0.82
  SINCE JAN 1      0.05   0.53  -0.48     0.23

DEGREE DAYS
 HEATING
  TODAY           15     35    -20       51
  MONTH TO DATE  984   1021    -37     1072
  SINCE DEC 1   1918   2087   -169     2260
  SINCE JUL 1   3055   3162   -107     3347

 COOLING
  TODAY            0      0      0        0
  MONTH TO DATE    0      0      0        0
  SINCE DEC 1      0      0      0        0
  SINCE JAN 1      0      0      0        0
...............................................


WIND (MPH)
  HIGHEST WIND SPEED    22   HIGHEST WIND DIRECTION    SW (220)
  HIGHEST GUST SPEED    27   HIGHEST GUST DIRECTION    SW (210)
  AVERAGE WIND SPEED     6.6



WEATHER CONDITIONS
 THE FOLLOWING WEATHER WAS RECORDED TODAY.
  NO SIGNIFICANT WEATHER WAS OBSERVED.


RELATIVE HUMIDITY (PERCENT)
 HIGHEST   100
 LOWEST     30
 AVERAGE    65

..........................................................


THE MANHATTAN KS CLIMATE NORMALS FOR TOMORROW
                         NORMAL
 MAXIMUM TEMPERATURE (F)   42
 MINIMUM TEMPERATURE (F)   18


SUNRISE AND SUNSET
JANUARY 28 2015.......SUNRISE   737 AM CST   SUNSET   543 PM CST
JANUARY 29 2015.......SUNRISE   736 AM CST   SUNSET   544 PM CST


-  INDICATES NEGATIVE NUMBERS.
R  INDICATES RECORD WAS SET OR TIED.
MM INDICATES DATA IS MISSING.
T  INDICATES TRACE AMOUNT.

$$
