000
CDUS43 KTOP 020637
CLIMHK


CLIMATE REPORT
NATIONAL WEATHER SERVICE TOPEKA KS
136 AM CDT THU OCT 2 2014


...................................

...THE MANHATTAN KS CLIMATE SUMMARY FOR OCTOBER 1 2014...

CLIMATE NORMAL PERIOD 1981 TO 2010
CLIMATE RECORD PERIOD 9999 TO 9999


WEATHER ITEM   OBSERVED NORMAL DEPARTURE LAST
                VALUE   VALUE  FROM      YEAR
                               NORMAL
...............................................
TEMPERATURE (F)
 YESTERDAY
  MAXIMUM         83     74      9       87
  MINIMUM         64     48     16       48
  AVERAGE         74     61     13       68

PRECIPITATION (IN)
  YESTERDAY        1.00   0.09   0.91     0.00
  MONTH TO DATE    1.00   0.09   0.91     0.00
  SINCE SEP 1      2.27   3.26  -0.99     3.10
  SINCE JAN 1     19.17  27.80  -8.63    24.32

DEGREE DAYS
 HEATING
  YESTERDAY        0      6     -6        0
  MONTH TO DATE    0      6     -6        0
  SINCE SEP 1     56     73    -17       17
  SINCE JUL 1     57     76    -19       20

 COOLING
  YESTERDAY        9      2      7        3
  MONTH TO DATE    9      2      7        3
  SINCE SEP 1    184    156     28      255
  SINCE JAN 1   1562   1339    223     1483
...............................................


WIND (MPH)
  HIGHEST WIND SPEED    23   HIGHEST WIND DIRECTION     S (170)
  HIGHEST GUST SPEED    35   HIGHEST GUST DIRECTION     S (170)
  AVERAGE WIND SPEED     6.8


SKY COVER
  AVERAGE SKY COVER 0.4


WEATHER CONDITIONS
 THE FOLLOWING WEATHER WAS RECORDED YESTERDAY.
  HEAVY RAIN
  RAIN
  LIGHT RAIN
  FOG


RELATIVE HUMIDITY (PERCENT)
 HIGHEST    93
 LOWEST     58
 AVERAGE    76

..........................................................


THE MANHATTAN KS CLIMATE NORMALS FOR TODAY
                         NORMAL
 MAXIMUM TEMPERATURE (F)   74
 MINIMUM TEMPERATURE (F)   48


SUNRISE AND SUNSET
OCTOBER  2 2014.......SUNRISE   724 AM CDT   SUNSET   708 PM CDT
OCTOBER  3 2014.......SUNRISE   725 AM CDT   SUNSET   706 PM CDT


-  INDICATES NEGATIVE NUMBERS.
R  INDICATES RECORD WAS SET OR TIED.
MM INDICATES DATA IS MISSING.
T  INDICATES TRACE AMOUNT.




$$
