000
CDUS43 KTOP 310638
CLIMHK


CLIMATE REPORT
NATIONAL WEATHER SERVICE TOPEKA KS
135 AM CDT SUN AUG 31 2014


...................................

...THE MANHATTAN KS CLIMATE SUMMARY FOR AUGUST 30 2014...

CLIMATE NORMAL PERIOD 1981 TO 2010
CLIMATE RECORD PERIOD 9999 TO 9999


WEATHER ITEM   OBSERVED NORMAL DEPARTURE LAST
                VALUE   VALUE  FROM      YEAR
                               NORMAL
...............................................
TEMPERATURE (F)
 YESTERDAY
  MAXIMUM         93     87      6      102
  MINIMUM         63     62      1       67
  AVERAGE         78     74      4       85

PRECIPITATION (IN)
  YESTERDAY        0.00   0.16  -0.16     0.00
  MONTH TO DATE    2.20   4.11  -1.91     4.10
  SINCE JUN 1      9.87  13.17  -3.30    11.61
  SINCE JAN 1     15.72  24.37  -8.65    21.22

DEGREE DAYS
 HEATING
  YESTERDAY        0      0      0        0
  MONTH TO DATE    0      0      0        0
  SINCE JUN 1      1     12    -11       12
  SINCE JUL 1      1      1      0        3

 COOLING
  YESTERDAY       13      9      4       20
  MONTH TO DATE  465    368     97      362
  SINCE JUN 1   1158   1074     84     1073
  SINCE JAN 1   1361   1174    187     1209
...............................................


WIND (MPH)
  HIGHEST WIND SPEED     8   HIGHEST WIND DIRECTION     W (250)
  HIGHEST GUST SPEED    11   HIGHEST GUST DIRECTION     N (350)
  AVERAGE WIND SPEED     2.3


SKY COVER
  AVERAGE SKY COVER 0.0


WEATHER CONDITIONS
 THE FOLLOWING WEATHER WAS RECORDED YESTERDAY.
  FOG


RELATIVE HUMIDITY (PERCENT)
 HIGHEST    93
 LOWEST     36
 AVERAGE    65

..........................................................


THE MANHATTAN KS CLIMATE NORMALS FOR TODAY
                         NORMAL
 MAXIMUM TEMPERATURE (F)   87
 MINIMUM TEMPERATURE (F)   61


SUNRISE AND SUNSET
AUGUST 31 2014........SUNRISE   654 AM CDT   SUNSET   759 PM CDT
SEPTEMBER  1 2014.....SUNRISE   655 AM CDT   SUNSET   757 PM CDT


-  INDICATES NEGATIVE NUMBERS.
R  INDICATES RECORD WAS SET OR TIED.
MM INDICATES DATA IS MISSING.
T  INDICATES TRACE AMOUNT.




$$
