000
CDUS46 KMFR 280838
CLIMHS


CLIMATE REPORT
NATIONAL WEATHER SERVICE MEDFORD, OR
138 AM PDT FRI APR 28 2017


...................................

...THE MT SHASTA CITY CA CLIMATE SUMMARY FOR APRIL 27 2017...

CLIMATE NORMAL PERIOD 1981 TO 2010
CLIMATE RECORD PERIOD 1908 TO 2017


WEATHER ITEM   OBSERVED TIME   RECORD YEAR NORMAL DEPARTURE LAST
                VALUE   (LST)  VALUE       VALUE  FROM      YEAR
                                                  NORMAL
..................................................................
TEMPERATURE (F)
 YESTERDAY
  MAXIMUM         58    219 PM  84    1926  64     -6       59
  MINIMUM         37    605 AM  14    1955  35      2       36
  AVERAGE         48                        50     -2       48

PRECIPITATION (IN)
  YESTERDAY        0.00          0.94 1951   0.08  -0.08     0.01
  MONTH TO DATE    8.48                      2.71   5.77     1.90
  SINCE OCT 1     57.94                     38.17  19.77    38.63
  SINCE JAN 1     36.78                     22.96  13.82    29.14

SNOWFALL (IN)
  YESTERDAY       MM                         0.0   MM       MM
  MONTH TO DATE   MM                         5.2   MM       MM
  SINCE JUL 1     MM                        91.3   MM       MM
  SNOW DEPTH      MM

DEGREE DAYS
 HEATING
  YESTERDAY       17                        15      2       17
  MONTH TO DATE  510                       491     19      328
  SINCE MAR 1   1139                      1195    -56      956
  SINCE JUL 1   5036                      5170   -134     4471

 COOLING
  YESTERDAY        0                         0      0        0
  MONTH TO DATE    0                         0      0        0
  SINCE MAR 1      0                         0      0        0
  SINCE JAN 1      0                         0      0        0
..................................................................


WIND (MPH)
  HIGHEST WIND SPEED    15   HIGHEST WIND DIRECTION     N (340)
  HIGHEST GUST SPEED    27   HIGHEST GUST DIRECTION     N (340)
  AVERAGE WIND SPEED     7.6


SKY COVER
  POSSIBLE SUNSHINE  MM
  AVERAGE SKY COVER 0.0


WEATHER CONDITIONS
 THE FOLLOWING WEATHER WAS RECORDED YESTERDAY.
  NO SIGNIFICANT WEATHER WAS OBSERVED.


RELATIVE HUMIDITY (PERCENT)
 HIGHEST    70           100 AM
 LOWEST     35          1200 PM

..........................................................


THE MT SHASTA CITY CA CLIMATE NORMALS FOR TODAY
                         NORMAL    RECORD    YEAR
 MAXIMUM TEMPERATURE (F)   64        80      2007
                                             2006
 MINIMUM TEMPERATURE (F)   36        21      1967


SUNRISE AND SUNSET
APRIL 28 2017.........SUNRISE   610 AM PDT   SUNSET   804 PM PDT
APRIL 29 2017.........SUNRISE   609 AM PDT   SUNSET   805 PM PDT


-  INDICATES NEGATIVE NUMBERS.
R  INDICATES RECORD WAS SET OR TIED.
MM INDICATES DATA IS MISSING.
T  INDICATES TRACE AMOUNT.




$$
