000
CDUS46 KMFR 190039
CLIMHS


CLIMATE REPORT
NATIONAL WEATHER SERVICE MEDFORD, OR
538 PM PDT WED OCT 18 2017


...................................

...THE MT SHASTA CITY CA CLIMATE SUMMARY FOR OCTOBER 18 2017...
VALID TODAY AS OF 0500 PM LOCAL TIME.

CLIMATE NORMAL PERIOD 1981 TO 2010
CLIMATE RECORD PERIOD 1908 TO 2017


WEATHER ITEM   OBSERVED TIME   RECORD YEAR NORMAL DEPARTURE LAST
                VALUE   (LST)  VALUE       VALUE  FROM      YEAR
                                                  NORMAL
..................................................................
TEMPERATURE (F)
 TODAY
  MAXIMUM         76    156 PM  84    1974  65     11       57
  MINIMUM         34    656 AM  25    1946  36     -2       32
                                      1993
  AVERAGE         55                        51      4       45

PRECIPITATION (IN)
  TODAY            0.00          0.79 1953   0.08  -0.08     0.05
  MONTH TO DATE    0.00                      0.91  -0.91     4.41
  SINCE OCT 1      0.00                      0.91  -0.91     4.41
  SINCE JAN 1     38.99                     28.91  10.08    37.31

SNOWFALL (IN)
  TODAY           MM                         0.0   MM       MM
  MONTH TO DATE   MM                         0.0   MM       MM
  SINCE JUL 1     MM                         0.0   MM       MM
  SNOW DEPTH      MM

DEGREE DAYS
 HEATING
  TODAY           10                        14     -4       20
  MONTH TO DATE  259                       205     54      248
  SINCE SEP 1    414                       367     47      352
  SINCE JUL 1    414                       442    -28      367

 COOLING
  TODAY            0                         0      0        0
  MONTH TO DATE    0                         0      0        0
  SINCE SEP 1    100                        27     73       35
  SINCE JAN 1    700                       287    413      513
..................................................................


WIND (MPH)
  HIGHEST WIND SPEED     7   HIGHEST WIND DIRECTION    SE (130)
  HIGHEST GUST SPEED    15   HIGHEST GUST DIRECTION    SE (140)
  AVERAGE WIND SPEED     0.8


SKY COVER
  POSSIBLE SUNSHINE  MM
  AVERAGE SKY COVER 0.0


WEATHER CONDITIONS
 THE FOLLOWING WEATHER WAS RECORDED TODAY.
  NO SIGNIFICANT WEATHER WAS OBSERVED.


RELATIVE HUMIDITY (PERCENT)
 HIGHEST    82           700 AM
 LOWEST     17           100 PM

..........................................................


THE MT SHASTA CITY CA CLIMATE NORMALS FOR TOMORROW
                         NORMAL    RECORD    YEAR
 MAXIMUM TEMPERATURE (F)   65        80      1974
 MINIMUM TEMPERATURE (F)   36        23      1912


SUNRISE AND SUNSET
OCTOBER 18 2017.......SUNRISE   725 AM PDT   SUNSET   623 PM PDT
OCTOBER 19 2017.......SUNRISE   726 AM PDT   SUNSET   622 PM PDT


-  INDICATES NEGATIVE NUMBERS.
R  INDICATES RECORD WAS SET OR TIED.
MM INDICATES DATA IS MISSING.
T  INDICATES TRACE AMOUNT.




$$
