000
CDUS46 KMFR 250837
CLIMHS


CLIMATE REPORT
NATIONAL WEATHER SERVICE MEDFORD, OR
137 AM PDT FRI JUL 25 2014


...................................

...THE MT SHASTA CITY CA CLIMATE SUMMARY FOR JULY 24 2014...

CLIMATE NORMAL PERIOD 1981 TO 2010
CLIMATE RECORD PERIOD 1908 TO 2014


WEATHER ITEM   OBSERVED TIME   RECORD YEAR NORMAL DEPARTURE LAST
                VALUE   (LST)  VALUE       VALUE  FROM      YEAR
                                                  NORMAL
..................................................................
TEMPERATURE (F)
 YESTERDAY
  MAXIMUM         80    332 PM  99    1931  88     -8       89
  MINIMUM         47    548 AM  38    1929  51     -4       57
  AVERAGE         64                        69     -5       73

PRECIPITATION (IN)
  YESTERDAY        0.00          0.57 2003   0.01  -0.01     0.00
  MONTH TO DATE    0.24                      0.32  -0.08     0.05
  SINCE SEP 1     14.89                     42.80 -27.91    27.83
  SINCE JAN 1     12.07                     26.92 -14.85     7.13

SNOWFALL (IN)
  YESTERDAY       MM                         0.0   MM       MM
  MONTH TO DATE   MM                         0.0   MM       MM
  SINCE JUL 1     MM                         0.0   MM       MM
  SNOW DEPTH      MM

DEGREE DAYS
 HEATING
  YESTERDAY        1                         1      0        0
  MONTH TO DATE    1                        30    -29        0
  SINCE JUN 1     57                       172   -115       87
  SINCE JUL 1      1                        30    -29        0

 COOLING
  YESTERDAY        0                         5     -5        8
  MONTH TO DATE  224                        92    132      177
  SINCE JUN 1    282                       129    153      276
  SINCE JAN 1    291                       137    154      285
..................................................................


WIND (MPH)
  HIGHEST WIND SPEED    10   HIGHEST WIND DIRECTION     W (290)
  HIGHEST GUST SPEED    20   HIGHEST GUST DIRECTION     N (340)
  AVERAGE WIND SPEED     5.0


SKY COVER
  POSSIBLE SUNSHINE  MM
  AVERAGE SKY COVER 0.0


WEATHER CONDITIONS
 THE FOLLOWING WEATHER WAS RECORDED YESTERDAY.
  NO SIGNIFICANT WEATHER WAS OBSERVED.


RELATIVE HUMIDITY (PERCENT)
 HIGHEST    77           200 AM
 LOWEST     19           500 PM

..........................................................


THE MT SHASTA CITY CA CLIMATE NORMALS FOR TODAY
                         NORMAL    RECORD    YEAR
 MAXIMUM TEMPERATURE (F)   88       100      1931
 MINIMUM TEMPERATURE (F)   50        38      1929


SUNRISE AND SUNSET
JULY 25 2014..........SUNRISE   558 AM PDT   SUNSET   833 PM PDT
JULY 26 2014..........SUNRISE   559 AM PDT   SUNSET   832 PM PDT


-  INDICATES NEGATIVE NUMBERS.
R  INDICATES RECORD WAS SET OR TIED.
MM INDICATES DATA IS MISSING.
T  INDICATES TRACE AMOUNT.




$$
