449
CDUS46 KMFR 300835
CLIMHS


CLIMATE REPORT
NATIONAL WEATHER SERVICE MEDFORD, OR
135 AM PDT MON MAY 30 2016


...................................

...THE MT SHASTA CITY CA CLIMATE SUMMARY FOR MAY 29 2016...

CLIMATE NORMAL PERIOD 1981 TO 2010
CLIMATE RECORD PERIOD 1908 TO 2016


WEATHER ITEM   OBSERVED TIME   RECORD YEAR NORMAL DEPARTURE LAST
                VALUE   (LST)  VALUE       VALUE  FROM      YEAR
                                                  NORMAL
..................................................................
TEMPERATURE (F)
 YESTERDAY
  MAXIMUM         79    331 PM  93    1984  73      6       85
  MINIMUM         47    533 AM  30    1929  43      4       48
  AVERAGE         63                        58      5       67

PRECIPITATION (IN)
  YESTERDAY        0.00          1.43 1956   0.07  -0.07     0.00
  MONTH TO DATE    1.28                      2.08  -0.80     1.76
  SINCE OCT 1     39.91                     40.47  -0.56    34.67
  SINCE JAN 1     30.42                     25.26   5.16    15.15

SNOWFALL (IN)
  YESTERDAY       MM                         0.0   MM       MM
  MONTH TO DATE   MM                         0.3   MM       MM
  SINCE JUL 1     MM                        91.8   MM       MM
  SNOW DEPTH      MM

DEGREE DAYS
 HEATING
  YESTERDAY        2                         8     -6        0
  MONTH TO DATE  221                       320    -99      229
  SINCE MAR 1   1211                      1560   -349     1183
  SINCE JUL 1   4726                      5535   -809     4149

 COOLING
  YESTERDAY        0                         1     -1        2
  MONTH TO DATE    4                         1      3        3
  SINCE MAR 1      4                         1      3        3
  SINCE JAN 1      4                         1      3        3
..................................................................


WIND (MPH)
  HIGHEST WIND SPEED    10   HIGHEST WIND DIRECTION     N (350)
  HIGHEST GUST SPEED    21   HIGHEST GUST DIRECTION     N (340)
  AVERAGE WIND SPEED     4.4


SKY COVER
  POSSIBLE SUNSHINE  MM
  AVERAGE SKY COVER 0.0


WEATHER CONDITIONS
 THE FOLLOWING WEATHER WAS RECORDED YESTERDAY.
  NO SIGNIFICANT WEATHER WAS OBSERVED.


RELATIVE HUMIDITY (PERCENT)
 HIGHEST    66           400 AM
 LOWEST     26           400 PM

..........................................................


THE MT SHASTA CITY CA CLIMATE NORMALS FOR TODAY
                         NORMAL    RECORD    YEAR
 MAXIMUM TEMPERATURE (F)   73        99      1910
 MINIMUM TEMPERATURE (F)   43        24      1908


SUNRISE AND SUNSET
MAY 30 2016...........SUNRISE   539 AM PDT   SUNSET   835 PM PDT
MAY 31 2016...........SUNRISE   539 AM PDT   SUNSET   836 PM PDT


-  INDICATES NEGATIVE NUMBERS.
R  INDICATES RECORD WAS SET OR TIED.
MM INDICATES DATA IS MISSING.
T  INDICATES TRACE AMOUNT.




$$
