967
CDUS46 KMFR 110837
CLIMHS


CLIMATE REPORT
NATIONAL WEATHER SERVICE MEDFORD, OR
1236 AM PST THU FEB 11 2016


...................................

...THE MT SHASTA CITY CA CLIMATE SUMMARY FOR FEBRUARY 10 2016...

CLIMATE NORMAL PERIOD 1981 TO 2010
CLIMATE RECORD PERIOD 1908 TO 2016


WEATHER ITEM   OBSERVED TIME   RECORD YEAR NORMAL DEPARTURE LAST
                VALUE   (LST)  VALUE       VALUE  FROM      YEAR
                                                  NORMAL
..................................................................
TEMPERATURE (F)
 YESTERDAY
  MAXIMUM         63    234 PM  66    1971  48     15       50
  MINIMUM         32    605 AM   6    1933  28      4       27
  AVERAGE         48                        38     10       39

PRECIPITATION (IN)
  YESTERDAY        0.00          2.30 1992   0.23  -0.23     0.00
  MONTH TO DATE    0.13                      2.42  -2.29    10.10
  SINCE OCT 1     22.62                     24.69  -2.07    30.10
  SINCE JAN 1     13.13                      9.48   3.65    10.58

SNOWFALL (IN)
  YESTERDAY       MM                         0.7   MM       MM
  MONTH TO DATE   MM                         6.8   MM       MM
  SINCE JUL 1     MM                        60.1   MM       MM
  SNOW DEPTH      MM

DEGREE DAYS
 HEATING
  YESTERDAY       17                        27    -10       26
  MONTH TO DATE  229                       278    -49      200
  SINCE DEC 1   2001                      2107   -106     1614
  SINCE JUL 1   3133                      3504   -371     2624

 COOLING
  YESTERDAY        0                         0      0        0
  MONTH TO DATE    0                         0      0        0
  SINCE DEC 1      0                         0      0        0
  SINCE JAN 1      0                         0      0        0
..................................................................


WIND (MPH)
  HIGHEST WIND SPEED     6   HIGHEST WIND DIRECTION    NW (320)
  HIGHEST GUST SPEED     9   HIGHEST GUST DIRECTION    NW (300)
  AVERAGE WIND SPEED     0.8


SKY COVER
  POSSIBLE SUNSHINE  MM
  AVERAGE SKY COVER 0.0


WEATHER CONDITIONS
 THE FOLLOWING WEATHER WAS RECORDED YESTERDAY.
  HAZE


RELATIVE HUMIDITY (PERCENT)
 HIGHEST    82           500 AM
 LOWEST     30           300 PM

..........................................................


THE MT SHASTA CITY CA CLIMATE NORMALS FOR TODAY
                         NORMAL    RECORD    YEAR
 MAXIMUM TEMPERATURE (F)   48        67      1971
 MINIMUM TEMPERATURE (F)   28        10      1929


SUNRISE AND SUNSET
FEBRUARY 11 2016......SUNRISE   710 AM PST   SUNSET   538 PM PST
FEBRUARY 12 2016......SUNRISE   708 AM PST   SUNSET   539 PM PST


-  INDICATES NEGATIVE NUMBERS.
R  INDICATES RECORD WAS SET OR TIED.
MM INDICATES DATA IS MISSING.
T  INDICATES TRACE AMOUNT.




$$
