000
CDUS46 KMFR 040836
CLIMHS


CLIMATE REPORT
NATIONAL WEATHER SERVICE MEDFORD, OR
1235 AM PST WED MAR 4 2015


...................................

...THE MT SHASTA CITY CA CLIMATE SUMMARY FOR MARCH 3 2015...

CLIMATE NORMAL PERIOD 1981 TO 2010
CLIMATE RECORD PERIOD 1908 TO 2015


WEATHER ITEM   OBSERVED TIME   RECORD YEAR NORMAL DEPARTURE LAST
                VALUE   (LST)  VALUE       VALUE  FROM      YEAR
                                                  NORMAL
..................................................................
TEMPERATURE (F)
 YESTERDAY
  MAXIMUM         54    206 PM  67    1931  52      2       46
  MINIMUM         28    720 AM  14    1951  29     -1       40
  AVERAGE         41                        40      1       43

PRECIPITATION (IN)
  YESTERDAY        0.00          2.70 1991   0.25  -0.25     0.64
  MONTH TO DATE    0.00                      0.78  -0.78     1.00
  SINCE OCT 1     30.16                     30.28  -0.12     8.15
  SINCE JAN 1     10.64                     15.07  -4.43     7.04

SNOWFALL (IN)
  YESTERDAY       MM                         0.5   MM       MM
  MONTH TO DATE   MM                         1.7   MM       MM
  SINCE JUL 1     MM                        74.6   MM        0.0
  SNOW DEPTH      MM

DEGREE DAYS
 HEATING
  YESTERDAY       24                        25     -1       22
  MONTH TO DATE   70                        75     -5       62
  SINCE MAR 1     70                        75     -5       62
  SINCE JUL 1   3036                      4050  -1014     3678

 COOLING
  YESTERDAY        0                         0      0        0
  MONTH TO DATE    0                         0      0        0
  SINCE MAR 1      0                         0      0        0
  SINCE JAN 1      0                         0      0        0
..................................................................


WIND (MPH)
  HIGHEST WIND SPEED    10   HIGHEST WIND DIRECTION     W (290)
  HIGHEST GUST SPEED    18   HIGHEST GUST DIRECTION    NW (300)
  AVERAGE WIND SPEED     2.4


SKY COVER
  POSSIBLE SUNSHINE  MM
  AVERAGE SKY COVER 0.1


WEATHER CONDITIONS
 THE FOLLOWING WEATHER WAS RECORDED YESTERDAY.
  HAZE


RELATIVE HUMIDITY (PERCENT)
 HIGHEST    85           500 AM
 LOWEST     29           200 PM

..........................................................


THE MT SHASTA CITY CA CLIMATE NORMALS FOR TODAY
                         NORMAL    RECORD    YEAR
 MAXIMUM TEMPERATURE (F)   52        68      1936
 MINIMUM TEMPERATURE (F)   29        14      1912


SUNRISE AND SUNSET
MARCH  4 2015.........SUNRISE   639 AM PST   SUNSET   603 PM PST
MARCH  5 2015.........SUNRISE   638 AM PST   SUNSET   605 PM PST


-  INDICATES NEGATIVE NUMBERS.
R  INDICATES RECORD WAS SET OR TIED.
MM INDICATES DATA IS MISSING.
T  INDICATES TRACE AMOUNT.




$$
