000
CDUS46 KMFR 220036
CLIMHS


CLIMATE REPORT
NATIONAL WEATHER SERVICE MEDFORD, OR
436 PM PST SAT JAN 21 2017


...................................

...THE MT SHASTA CITY CA CLIMATE SUMMARY FOR JANUARY 21 2017...
VALID TODAY AS OF 0400 PM LOCAL TIME.

CLIMATE NORMAL PERIOD 1981 TO 2010
CLIMATE RECORD PERIOD 1908 TO 2017


WEATHER ITEM   OBSERVED TIME   RECORD YEAR NORMAL DEPARTURE LAST
                VALUE   (LST)  VALUE       VALUE  FROM      YEAR
                                                  NORMAL
..................................................................
TEMPERATURE (F)
 TODAY
  MAXIMUM         36    359 PM  61    2005  46    -10       49
                                      1961
  MINIMUM         32    426 AM  -2    1962  27      5       40
  AVERAGE         34                        36     -2       45

PRECIPITATION (IN)
  TODAY            0.06          1.52 2010   0.22  -0.16     0.53
  MONTH TO DATE   10.01                      4.92   5.09     9.34
  SINCE OCT 1     31.17                     20.13  11.04    18.83
  SINCE JAN 1     10.01                      4.92   5.09     9.34

SNOWFALL (IN)
  TODAY           MM                         0.6   MM       MM
  MONTH TO DATE   MM                        14.9   MM       MM
  SINCE JUL 1     MM                        47.6   MM       MM
  SNOW DEPTH      MM

DEGREE DAYS
 HEATING
  TODAY           31                        29      2       20
  MONTH TO DATE  679                       619     60      600
  SINCE DEC 1   1661                      1544    117     1515
  SINCE JUL 1   2846                      2941    -95     2647

 COOLING
  TODAY            0                         0      0        0
  MONTH TO DATE    0                         0      0        0
  SINCE DEC 1      0                         0      0        0
  SINCE JAN 1      0                         0      0        0
..................................................................


WIND (MPH)
  HIGHEST WIND SPEED     8   HIGHEST WIND DIRECTION    SE (130)
  HIGHEST GUST SPEED    16   HIGHEST GUST DIRECTION    SE (140)
  AVERAGE WIND SPEED     4.6


SKY COVER
  POSSIBLE SUNSHINE  MM
  AVERAGE SKY COVER 0.9


WEATHER CONDITIONS
 THE FOLLOWING WEATHER WAS RECORDED TODAY.
  LIGHT SNOW
  FOG


RELATIVE HUMIDITY (PERCENT)
 HIGHEST    92          1200 PM
 LOWEST     89          1200 AM

..........................................................


THE MT SHASTA CITY CA CLIMATE NORMALS FOR TOMORROW
                         NORMAL    RECORD    YEAR
 MAXIMUM TEMPERATURE (F)   46        60      2005
 MINIMUM TEMPERATURE (F)   27         0      1962


SUNRISE AND SUNSET
JANUARY 21 2017.......SUNRISE   729 AM PST   SUNSET   512 PM PST
JANUARY 22 2017.......SUNRISE   729 AM PST   SUNSET   514 PM PST


-  INDICATES NEGATIVE NUMBERS.
R  INDICATES RECORD WAS SET OR TIED.
MM INDICATES DATA IS MISSING.
T  INDICATES TRACE AMOUNT.




$$
