000
CDUS46 KMFR 170837
CLIMHS


CLIMATE REPORT
NATIONAL WEATHER SERVICE MEDFORD, OR
1237 AM PST WED DEC 17 2014


...................................

...THE MT SHASTA CITY CA CLIMATE SUMMARY FOR DECEMBER 16 2014...

CLIMATE NORMAL PERIOD 1981 TO 2010
CLIMATE RECORD PERIOD 1908 TO 2014


WEATHER ITEM   OBSERVED TIME   RECORD YEAR NORMAL DEPARTURE LAST
                VALUE   (LST)  VALUE       VALUE  FROM      YEAR
                                                  NORMAL
..................................................................
TEMPERATURE (F)
 YESTERDAY
  MAXIMUM         41    228 PM  66    1953  44     -3       53
  MINIMUM         33   1250 AM   2    1914  26      7       27
  AVERAGE         37                        35      2       40

PRECIPITATION (IN)
  YESTERDAY        0.86          3.85 1941   0.26   0.60     0.00
  MONTH TO DATE   11.05                      3.84   7.21     0.23
  SINCE SEP 1     20.30                     11.87   8.43     2.81
  SINCE JAN 1     32.58                     39.20  -6.62     9.99

SNOWFALL (IN)
  YESTERDAY       MM                         0.8   MM       MM
  MONTH TO DATE   MM                        10.6   MM       MM
  SINCE JUL 1     MM                        18.4   MM        0.0
  SNOW DEPTH      MM

DEGREE DAYS
 HEATING
  YESTERDAY       28                        30     -2       25
  MONTH TO DATE  338                       472   -134      568
  SINCE DEC 1    338                       472   -134      568
  SINCE JUL 1   1348                      1869   -521     1805

 COOLING
  YESTERDAY        0                         0      0        0
  MONTH TO DATE    0                         0      0        0
  SINCE DEC 1      0                         0      0        0
  SINCE JAN 1    547                       288    259      474
..................................................................


WIND (MPH)
  HIGHEST WIND SPEED     8   HIGHEST WIND DIRECTION    SE (130)
  HIGHEST GUST SPEED    15   HIGHEST GUST DIRECTION    SE (140)
  AVERAGE WIND SPEED     2.3


SKY COVER
  POSSIBLE SUNSHINE  MM
  AVERAGE SKY COVER 1.0


WEATHER CONDITIONS
 THE FOLLOWING WEATHER WAS RECORDED YESTERDAY.
  RAIN
  LIGHT RAIN
  FOG


RELATIVE HUMIDITY (PERCENT)
 HIGHEST    96
 LOWEST     79           200 PM

..........................................................


THE MT SHASTA CITY CA CLIMATE NORMALS FOR TODAY
                         NORMAL    RECORD    YEAR
 MAXIMUM TEMPERATURE (F)   44        68      1958
 MINIMUM TEMPERATURE (F)   26         6      2008


SUNRISE AND SUNSET
DECEMBER 17 2014......SUNRISE   729 AM PST   SUNSET   441 PM PST
DECEMBER 18 2014......SUNRISE   730 AM PST   SUNSET   442 PM PST


-  INDICATES NEGATIVE NUMBERS.
R  INDICATES RECORD WAS SET OR TIED.
MM INDICATES DATA IS MISSING.
T  INDICATES TRACE AMOUNT.




$$
