000
CDUS42 KMFL 260924
CLIMIA


CLIMATE REPORT
NATIONAL WEATHER SERVICE MIAMI, FL
424 AM EST FRI DEC 26 2014


...................................

...THE MIAMI CLIMATE SUMMARY FOR DECEMBER 25 2014...

CLIMATE NORMAL PERIOD 1981 TO 2010
CLIMATE RECORD PERIOD 1895 TO 2014


WEATHER ITEM   OBSERVED TIME   RECORD YEAR NORMAL DEPARTURE LAST
                VALUE   (LST)  VALUE       VALUE  FROM      YEAR
                                                  NORMAL
..................................................................
TEMPERATURE (F)
 YESTERDAY
  MAXIMUM         78    148 AM  85    1941  77      1       79
                                      1897
  MINIMUM         68    759 AM  30    1989  61      7       68
  AVERAGE         73                        69      4       74

PRECIPITATION (IN)
  YESTERDAY        0.43          1.17 1915   0.05   0.38     0.09
  MONTH TO DATE    1.32                      1.69  -0.37     0.55
  SINCE NOV 1      3.98                      4.96  -0.98     6.28
  SINCE JAN 1     63.60                     61.55   2.05    66.30

SNOWFALL (IN)
  YESTERDAY        0.0
  MONTH TO DATE    0.0
  SINCE DEC 1      0.0
  SINCE JUL 1      0.0
  SNOW DEPTH       0

DEGREE DAYS
 HEATING
  YESTERDAY        0                         2     -2
  MONTH TO DATE   18                        22     -4
  SINCE DEC 1     18                        22     -4
  SINCE JUL 1     29                        25      4

 COOLING
  YESTERDAY        8                         6      2
  MONTH TO DATE  160                       170    -10
  SINCE DEC 1    160                       170    -10
  SINCE JAN 1   4704                      4542    162
..................................................................


WIND (MPH)
  HIGHEST WIND SPEED    18   HIGHEST WIND DIRECTION     S (190)
  HIGHEST GUST SPEED    27   HIGHEST GUST DIRECTION     S (190)
  AVERAGE WIND SPEED     6.5


SKY COVER
  POSSIBLE SUNSHINE  MM
  AVERAGE SKY COVER 1.0


WEATHER CONDITIONS
 THE FOLLOWING WEATHER WAS RECORDED YESTERDAY.
  HEAVY RAIN
  RAIN
  LIGHT RAIN
  FOG


RELATIVE HUMIDITY (PERCENT)
 HIGHEST    97
 LOWEST     57
 AVERAGE    77

..........................................................


THE MIAMI CLIMATE NORMALS FOR TODAY
                         NORMAL    RECORD    YEAR
 MAXIMUM TEMPERATURE (F)   77        88      1941
 MINIMUM TEMPERATURE (F)   61        32      1906


SUNRISE AND SUNSET
DECEMBER 26 2014......SUNRISE   706 AM EST   SUNSET   538 PM EST
DECEMBER 27 2014......SUNRISE   706 AM EST   SUNSET   538 PM EST


-  INDICATES NEGATIVE NUMBERS.
R  INDICATES RECORD WAS SET OR TIED.
MM INDICATES DATA IS MISSING.
T  INDICATES TRACE AMOUNT.




$$
