425
CDUS42 KMFL 170923
CLIMIA


CLIMATE REPORT
NATIONAL WEATHER SERVICE MIAMI, FL
423 AM EST TUE JAN 17 2017


...................................

...THE MIAMI CLIMATE SUMMARY FOR JANUARY 16 2017...

CLIMATE NORMAL PERIOD 1981 TO 2010
CLIMATE RECORD PERIOD 1895 TO 2017


WEATHER ITEM   OBSERVED TIME   RECORD YEAR NORMAL DEPARTURE LAST
                VALUE   (LST)  VALUE       VALUE  FROM      YEAR
                                                  NORMAL
..................................................................
TEMPERATURE (F)
 YESTERDAY
  MAXIMUM         83   1246 PM  86    1946  76      7       78
  MINIMUM         72    445 AM  39    1927  60     12       62
  AVERAGE         78                        68     10       70

PRECIPITATION (IN)
  YESTERDAY        0.00          1.30 1930   0.05  -0.05     0.03
  MONTH TO DATE    1.54                      0.80   0.74     3.79
  SINCE NOV 1      4.81                      6.11  -1.30    21.16
  SINCE JAN 1      1.54                      0.80   0.74     3.79

SNOWFALL (IN)
  YESTERDAY        0.0
  MONTH TO DATE    0.0
  SINCE DEC 1      0.0
  SINCE JUL 1      0.0
  SNOW DEPTH       0

DEGREE DAYS
 HEATING
  YESTERDAY        0                         2     -2        0
  MONTH TO DATE    6                        32    -26        3
  SINCE DEC 1      6                        66    -60        3
  SINCE JUL 1      6                        69    -63        3

 COOLING
  YESTERDAY       13                         5      8        5
  MONTH TO DATE  149                        80     69       86
  SINCE DEC 1    520                       283    237      474
  SINCE JAN 1    149                        80     69       86
..................................................................


WIND (MPH)
  HIGHEST WIND SPEED    21   HIGHEST WIND DIRECTION     E (110)
  HIGHEST GUST SPEED    26   HIGHEST GUST DIRECTION     E (110)
  AVERAGE WIND SPEED    12.2


SKY COVER
  POSSIBLE SUNSHINE  36 PERCENT
  AVERAGE SKY COVER 0.5


WEATHER CONDITIONS
 THE FOLLOWING WEATHER WAS RECORDED YESTERDAY.
  NO SIGNIFICANT WEATHER WAS OBSERVED.


RELATIVE HUMIDITY (PERCENT)
 HIGHEST    68
 LOWEST     51
 AVERAGE    60

..........................................................


THE MIAMI CLIMATE NORMALS FOR TODAY
                         NORMAL    RECORD    YEAR
 MAXIMUM TEMPERATURE (F)   76        85      1989
 MINIMUM TEMPERATURE (F)   60        39      1965


SUNRISE AND SUNSET
JANUARY 17 2017.......SUNRISE   709 AM EST   SUNSET   554 PM EST
JANUARY 18 2017.......SUNRISE   709 AM EST   SUNSET   554 PM EST


-  INDICATES NEGATIVE NUMBERS.
R  INDICATES RECORD WAS SET OR TIED.
MM INDICATES DATA IS MISSING.
T  INDICATES TRACE AMOUNT.




$$
