000
CDUS42 KMFL 250827
CLIMIA


CLIMATE REPORT
NATIONAL WEATHER SERVICE MIAMI, FL
427 AM EDT MON MAY 25 2015


...................................

...THE MIAMI CLIMATE SUMMARY FOR MAY 24 2015...

CLIMATE NORMAL PERIOD 1981 TO 2010
CLIMATE RECORD PERIOD 1895 TO 2015


WEATHER ITEM   OBSERVED TIME   RECORD YEAR NORMAL DEPARTURE LAST
                VALUE   (LST)  VALUE       VALUE  FROM      YEAR
                                                  NORMAL
..................................................................
TEMPERATURE (F)
 YESTERDAY
  MAXIMUM         89   1251 PM  94    2013  88      1       91
                                      1989
  MINIMUM         77    231 PM  60    1941  74      3       74
  AVERAGE         83                        81      2       83

PRECIPITATION (IN)
  YESTERDAY        0.27          6.37 1958   0.22   0.05     0.00
  MONTH TO DATE    1.31                      3.62  -2.31     3.23
  SINCE NOV 1     14.40                     18.94  -4.54    20.49
  SINCE JAN 1     10.42                     13.63  -3.21    10.09

SNOWFALL (IN)
  YESTERDAY        0.0
  MONTH TO DATE    0.0
  SINCE MAR 1      0.0
  SINCE JUL 1      0.0
  SNOW DEPTH       0

DEGREE DAYS
 HEATING
  YESTERDAY        0                         0      0        0
  MONTH TO DATE    0                         0      0        0
  SINCE MAR 1      0                        12    -12        0
  SINCE JUL 1     76                       128    -52       61

 COOLING
  YESTERDAY       18                        16      2       18
  MONTH TO DATE  377                       348     29      373
  SINCE MAR 1   1217                       919    298     1033
  SINCE JAN 1   1556                      1241    315     1454
..................................................................


WIND (MPH)
  HIGHEST WIND SPEED    26   HIGHEST WIND DIRECTION     E (80)
  HIGHEST GUST SPEED    30   HIGHEST GUST DIRECTION     E (80)
  AVERAGE WIND SPEED    13.1


SKY COVER
  POSSIBLE SUNSHINE  57 PERCENT
  AVERAGE SKY COVER 0.6


WEATHER CONDITIONS
 THE FOLLOWING WEATHER WAS RECORDED YESTERDAY.
  LIGHT RAIN
  FOG


RELATIVE HUMIDITY (PERCENT)
 HIGHEST    74
 LOWEST     59
 AVERAGE    67

..........................................................


THE MIAMI CLIMATE NORMALS FOR TODAY
                         NORMAL    RECORD    YEAR
 MAXIMUM TEMPERATURE (F)   88        93      2005
                                             1996
                                             1989
 MINIMUM TEMPERATURE (F)   74        64      1928


SUNRISE AND SUNSET
MAY 25 2015...........SUNRISE   631 AM EDT   SUNSET   805 PM EDT
MAY 26 2015...........SUNRISE   631 AM EDT   SUNSET   805 PM EDT


-  INDICATES NEGATIVE NUMBERS.
R  INDICATES RECORD WAS SET OR TIED.
MM INDICATES DATA IS MISSING.
T  INDICATES TRACE AMOUNT.




$$
