000
CDUS42 KMFL 082117
CLIMIA


CLIMATE REPORT
NATIONAL WEATHER SERVICE MIAMI, FL
416 PM EST THU DEC 8 2016


...................................

...THE MIAMI CLIMATE SUMMARY FOR DECEMBER 8 2016...
VALID TODAY AS OF 0400 PM LOCAL TIME.

CLIMATE NORMAL PERIOD 1981 TO 2010
CLIMATE RECORD PERIOD 1895 TO 2016


WEATHER ITEM   OBSERVED TIME   RECORD YEAR NORMAL DEPARTURE LAST
                VALUE   (LST)  VALUE       VALUE  FROM      YEAR
                                                  NORMAL
..................................................................
TEMPERATURE (F)
 TODAY
  MAXIMUM         85    219 PM  86    1942  79      6       74
  MINIMUM         72    521 AM  38    1937  65      7       67
  AVERAGE         79                        72      7       71

PRECIPITATION (IN)
  TODAY            0.38          1.98 1987   0.07   0.31     0.67
  MONTH TO DATE    0.65                      0.56   0.09     9.24
  SINCE NOV 1      1.59                      3.83  -2.24    16.79
  SINCE JAN 1     64.25                     60.42   3.83    61.49

SNOWFALL (IN)
  TODAY            0.0
  MONTH TO DATE    0.0
  SINCE DEC 1      0.0
  SINCE JUL 1      0.0
  SNOW DEPTH       0

DEGREE DAYS
 HEATING
  TODAY            0                         1     -1        0
  MONTH TO DATE    0                         4     -4        0
  SINCE DEC 1      0                         4     -4        0
  SINCE JUL 1      0                         7     -7        0

 COOLING
  TODAY           14                         7      7        6
  MONTH TO DATE  112                        61     51       82
  SINCE DEC 1    112                        61     51       82
  SINCE JAN 1   4695                      4433    262     5015
..................................................................


WIND (MPH)
  HIGHEST WIND SPEED    13   HIGHEST WIND DIRECTION    NE (40)
  HIGHEST GUST SPEED    17   HIGHEST GUST DIRECTION    NE (30)
  AVERAGE WIND SPEED     2.6


SKY COVER
  AVERAGE SKY COVER 0.8


WEATHER CONDITIONS
 THE FOLLOWING WEATHER WAS RECORDED TODAY.
  HEAVY RAIN
  RAIN
  LIGHT RAIN
  FOG
  HAZE


RELATIVE HUMIDITY (PERCENT)
 HIGHEST   100
 LOWEST     65
 AVERAGE    83

..........................................................


THE MIAMI CLIMATE NORMALS FOR TOMORROW
                         NORMAL    RECORD    YEAR
 MAXIMUM TEMPERATURE (F)   79        87      2009
 MINIMUM TEMPERATURE (F)   64        43      1930
                                             1917


SUNRISE AND SUNSET
DECEMBER  8 2016......SUNRISE   656 AM EST   SUNSET   531 PM EST
DECEMBER  9 2016......SUNRISE   657 AM EST   SUNSET   531 PM EST


-  INDICATES NEGATIVE NUMBERS.
R  INDICATES RECORD WAS SET OR TIED.
MM INDICATES DATA IS MISSING.
T  INDICATES TRACE AMOUNT.




$$
