000
CDUS42 KMFL 140924
CLIMIA


CLIMATE REPORT
NATIONAL WEATHER SERVICE MIAMI, FL
424 AM EST SUN FEB 14 2016


...................................

...THE MIAMI CLIMATE SUMMARY FOR FEBRUARY 13 2016...

CLIMATE NORMAL PERIOD 1981 TO 2010
CLIMATE RECORD PERIOD 1895 TO 2016


WEATHER ITEM   OBSERVED TIME   RECORD YEAR NORMAL DEPARTURE LAST
                VALUE   (LST)  VALUE       VALUE  FROM      YEAR
                                                  NORMAL
..................................................................
TEMPERATURE (F)
 YESTERDAY
  MAXIMUM         76    249 PM  86    1982  78     -2       75
  MINIMUM         53    653 AM  35    1899  62     -9       54
  AVERAGE         65                        70     -5       65

PRECIPITATION (IN)
  YESTERDAY        0.00          1.50 1947   0.09  -0.09     0.00
  MONTH TO DATE    1.44                      1.04   0.40     0.67
  SINCE NOV 1     26.38                      7.97  18.41     5.60
  SINCE JAN 1      9.01                      2.66   6.35     1.62

SNOWFALL (IN)
  YESTERDAY        0.0
  MONTH TO DATE    0.0
  SINCE DEC 1      0.0
  SINCE JUL 1      0.0
  SNOW DEPTH       0

DEGREE DAYS
 HEATING
  YESTERDAY        0                         1     -1        0
  MONTH TO DATE   22                        13      9        1
  SINCE DEC 1     62                       100    -38       31
  SINCE JUL 1     62                       103    -41       42

 COOLING
  YESTERDAY        0                         6     -6        0
  MONTH TO DATE   51                        72    -21       49
  SINCE DEC 1    560                       426    134      471
  SINCE JAN 1    172                       223    -51      251
..................................................................


WIND (MPH)
  HIGHEST WIND SPEED    15   HIGHEST WIND DIRECTION    NW (310)
  HIGHEST GUST SPEED    21   HIGHEST GUST DIRECTION     N (340)
  AVERAGE WIND SPEED     4.7


SKY COVER
  POSSIBLE SUNSHINE  94 PERCENT
  AVERAGE SKY COVER 0.1


WEATHER CONDITIONS
 THE FOLLOWING WEATHER WAS RECORDED YESTERDAY.
  NO SIGNIFICANT WEATHER WAS OBSERVED.


RELATIVE HUMIDITY (PERCENT)
 HIGHEST    93
 LOWEST     47
 AVERAGE    70

..........................................................


THE MIAMI CLIMATE NORMALS FOR TODAY
                         NORMAL    RECORD    YEAR
 MAXIMUM TEMPERATURE (F)   78        89      1948
 MINIMUM TEMPERATURE (F)   62        29      1899


SUNRISE AND SUNSET
FEBRUARY 14 2016......SUNRISE   657 AM EST   SUNSET   614 PM EST
FEBRUARY 15 2016......SUNRISE   657 AM EST   SUNSET   614 PM EST


-  INDICATES NEGATIVE NUMBERS.
R  INDICATES RECORD WAS SET OR TIED.
MM INDICATES DATA IS MISSING.
T  INDICATES TRACE AMOUNT.




$$
