000
CDUS42 KMFL 230930
CLIMIA


CLIMATE REPORT
NATIONAL WEATHER SERVICE MIAMI, FL
429 AM EST THU FEB 23 2017


...................................

...THE MIAMI CLIMATE SUMMARY FOR FEBRUARY 22 2017...

CLIMATE NORMAL PERIOD 1981 TO 2010
CLIMATE RECORD PERIOD 1895 TO 2017


WEATHER ITEM   OBSERVED TIME   RECORD YEAR NORMAL DEPARTURE LAST
                VALUE   (LST)  VALUE       VALUE  FROM      YEAR
                                                  NORMAL
..................................................................
TEMPERATURE (F)
 YESTERDAY
  MAXIMUM         75        MM  87    1987  79     -4       80
                                      1974
  MINIMUM         65        MM  40    1901  63      2       67
  AVERAGE         70                        71     -1       74

PRECIPITATION (IN)
  YESTERDAY        1.30          4.54 1966   0.08   1.22     0.00
  MONTH TO DATE    1.30                      1.75  -0.45     2.14
  SINCE NOV 1      7.97                      8.68  -0.71    27.08
  SINCE JAN 1      4.70                      3.37   1.33     9.71

SNOWFALL (IN)
  YESTERDAY        0.0
  MONTH TO DATE    0.0
  SINCE DEC 1      0.0
  SINCE JUL 1      0.0
  SNOW DEPTH       0

DEGREE DAYS
 HEATING
  YESTERDAY        0                         1     -1        0
  MONTH TO DATE    0                        22    -22       22
  SINCE DEC 1     14                       109    -95       62
  SINCE JUL 1     14                       112    -98       62

 COOLING
  YESTERDAY        5                         7     -2        9
  MONTH TO DATE  166                       129     37      104
  SINCE DEC 1    795                       483    312      613
  SINCE JAN 1    424                       280    144      225
..................................................................


WIND (MPH)
  HIGHEST WIND SPEED    20   HIGHEST WIND DIRECTION    SE (120)
  HIGHEST GUST SPEED    27   HIGHEST GUST DIRECTION    SE (150)
  AVERAGE WIND SPEED     8.3


SKY COVER
  POSSIBLE SUNSHINE   5 PERCENT
  AVERAGE SKY COVER 0.8


WEATHER CONDITIONS
 THE FOLLOWING WEATHER WAS RECORDED YESTERDAY.
  HEAVY RAIN
  RAIN
  LIGHT RAIN
  FOG


RELATIVE HUMIDITY (PERCENT)
 HIGHEST   100
 LOWEST     81
 AVERAGE    91

..........................................................


THE MIAMI CLIMATE NORMALS FOR TODAY
                         NORMAL    RECORD    YEAR
 MAXIMUM TEMPERATURE (F)   79        89      2008
                                             1991
 MINIMUM TEMPERATURE (F)   63        39      1978


SUNRISE AND SUNSET
FEBRUARY 23 2017......SUNRISE   650 AM EST   SUNSET   620 PM EST
FEBRUARY 24 2017......SUNRISE   649 AM EST   SUNSET   620 PM EST


-  INDICATES NEGATIVE NUMBERS.
R  INDICATES RECORD WAS SET OR TIED.
MM INDICATES DATA IS MISSING.
T  INDICATES TRACE AMOUNT.




$$
