000
CDUS43 KIND 170537
CLIMIE


CLIMATE REPORT
NATIONAL WEATHER SERVICE INDIANAPOLIS IN
1235 AM EST WED JAN 17 2018


...................................

...THE MUNCIE IN CLIMATE SUMMARY FOR JANUARY 16 2018...

CLIMATE NORMAL PERIOD 1981 TO 2010
CLIMATE RECORD PERIOD 9999 TO 9999


WEATHER ITEM   OBSERVED TIME   NORMAL DEPARTURE LAST
                VALUE   (LST)  VALUE  FROM      YEAR
                                      NORMAL
......................................................
TEMPERATURE (F)
 YESTERDAY
  MAXIMUM          9   1159 PM  34    -25       53
  MINIMUM         -1    902 AM  19    -20       33
  AVERAGE          4            26    -22       43

PRECIPITATION (IN)
  YESTERDAY        T             0.06  -0.06     0.41
  MONTH TO DATE    0.80          1.16  -0.36     3.14
  SINCE DEC 1      1.77          4.04  -2.27     4.33
  SINCE JAN 1      0.80          1.16  -0.36     3.14

DEGREE DAYS
 HEATING
  YESTERDAY       61            39     22       22
  MONTH TO DATE  744           615    129      556
  SINCE DEC 1   1830          1678    152     1614
  SINCE JUL 1   2742          2813    -71     2316

 COOLING
  YESTERDAY        0             0      0        0
  MONTH TO DATE    0             0      0        0
  SINCE DEC 1      0             0      0        0
  SINCE JAN 1      0             0      0        0
......................................................


WIND (MPH)
  HIGHEST WIND SPEED    17   HIGHEST WIND DIRECTION     W (260)
  HIGHEST GUST SPEED    20   HIGHEST GUST DIRECTION     W (270)
  AVERAGE WIND SPEED    10.2


SKY COVER
  AVERAGE SKY COVER 0.7


WEATHER CONDITIONS
 THE FOLLOWING WEATHER WAS RECORDED YESTERDAY.
  LIGHT SNOW
  HAZE


RELATIVE HUMIDITY (PERCENT)
 HIGHEST    79           400 AM
 LOWEST     68          1200 PM
 AVERAGE    74

..........................................................


THE MUNCIE IN CLIMATE NORMALS FOR TODAY
                         NORMAL
 MAXIMUM TEMPERATURE (F)   34
 MINIMUM TEMPERATURE (F)   19


SUNRISE AND SUNSET
JANUARY 17 2018.......SUNRISE   801 AM EST   SUNSET   542 PM EST
JANUARY 18 2018.......SUNRISE   801 AM EST   SUNSET   544 PM EST


-  INDICATES NEGATIVE NUMBERS.
R  INDICATES RECORD WAS SET OR TIED.
MM INDICATES DATA IS MISSING.
T  INDICATES TRACE AMOUNT.




$$
