000
CDUS43 KIND 290550
CLIMIE


CLIMATE REPORT
NATIONAL WEATHER SERVICE INDIANAPOLIS IN
150 AM EDT WED JUL 29 2015


...................................

...THE MUNCIE IN CLIMATE SUMMARY FOR JULY 28 2015...

CLIMATE NORMAL PERIOD 1981 TO 2010
CLIMATE RECORD PERIOD 9999 TO 9999


WEATHER ITEM   OBSERVED TIME   NORMAL DEPARTURE LAST
                VALUE   (LST)  VALUE  FROM      YEAR
                                      NORMAL
......................................................
TEMPERATURE (F)
 YESTERDAY
  MAXIMUM         89    324 PM  84      5       72
  MINIMUM         68    612 AM  64      4       51
  AVERAGE         79            74      5       62

PRECIPITATION (IN)
  YESTERDAY        T             0.13  -0.13     0.00
  MONTH TO DATE    6.79          4.01   2.78     2.12
  SINCE JUN 1     14.48          8.67   5.81     7.58
  SINCE JAN 1     29.28         24.24   5.04    22.35

DEGREE DAYS
 HEATING
  YESTERDAY        0             0      0        3
  MONTH TO DATE    0             0      0       14
  SINCE JUN 1     28            24      4       22
  SINCE JUL 1      0             0      0       14

 COOLING
  YESTERDAY       14             9      5        0
  MONTH TO DATE  223           270    -47      145
  SINCE JUN 1    443           486    -43      390
  SINCE JAN 1    587           569     18      505
......................................................


WIND (MPH)
  HIGHEST WIND SPEED    10   HIGHEST WIND DIRECTION     E (110)
  HIGHEST GUST SPEED    12   HIGHEST GUST DIRECTION     E (100)
  AVERAGE WIND SPEED     3.2


SKY COVER
  AVERAGE SKY COVER 0.2


WEATHER CONDITIONS
 THE FOLLOWING WEATHER WAS RECORDED YESTERDAY.
  NO SIGNIFICANT WEATHER WAS OBSERVED.


RELATIVE HUMIDITY (PERCENT)
 HIGHEST    94          1000 PM
 LOWEST     55           400 PM
 AVERAGE    75

..........................................................


THE MUNCIE IN CLIMATE NORMALS FOR TODAY
                         NORMAL
 MAXIMUM TEMPERATURE (F)   84
 MINIMUM TEMPERATURE (F)   64


SUNRISE AND SUNSET
JULY 29 2015..........SUNRISE   636 AM EDT   SUNSET   859 PM EDT
JULY 30 2015..........SUNRISE   637 AM EDT   SUNSET   858 PM EDT


-  INDICATES NEGATIVE NUMBERS.
R  INDICATES RECORD WAS SET OR TIED.
MM INDICATES DATA IS MISSING.
T  INDICATES TRACE AMOUNT.




$$
