000
CDUS43 KIND 310543
CLIMIE


CLIMATE REPORT
NATIONAL WEATHER SERVICE INDIANAPOLIS IN
142 AM EDT MON AUG 31 2015


...................................

...THE MUNCIE IN CLIMATE SUMMARY FOR AUGUST 30 2015...

CLIMATE NORMAL PERIOD 1981 TO 2010
CLIMATE RECORD PERIOD 9999 TO 9999


WEATHER ITEM   OBSERVED TIME   NORMAL DEPARTURE LAST
                VALUE   (LST)  VALUE  FROM      YEAR
                                      NORMAL
......................................................
TEMPERATURE (F)
 YESTERDAY
  MAXIMUM         84    305 PM  82      2       81
  MINIMUM         66    437 AM  60      6       72
  AVERAGE         75            71      4       77

PRECIPITATION (IN)
  YESTERDAY        T             0.11  -0.11      T
  MONTH TO DATE    2.13          3.19  -1.06     6.06
  SINCE JUN 1     16.68         12.23   4.45    13.65
  SINCE JAN 1     31.48         27.80   3.68    28.42

DEGREE DAYS
 HEATING
  YESTERDAY        0             1     -1        0
  MONTH TO DATE   15             1     14        8
  SINCE JUN 1     43            28     15       34
  SINCE JUL 1     15             4     11       26

 COOLING
  YESTERDAY       10             7      3       12
  MONTH TO DATE  131           234   -103      231
  SINCE JUN 1    606           744   -138      629
  SINCE JAN 1    750           827    -77      744
......................................................


WIND (MPH)
  HIGHEST WIND SPEED    15   HIGHEST WIND DIRECTION    SW (240)
  HIGHEST GUST SPEED    20   HIGHEST GUST DIRECTION    SW (240)
  AVERAGE WIND SPEED     5.6


SKY COVER
  AVERAGE SKY COVER 0.2


WEATHER CONDITIONS
 THE FOLLOWING WEATHER WAS RECORDED YESTERDAY.
  LIGHT RAIN


RELATIVE HUMIDITY (PERCENT)
 HIGHEST   100           500 AM
 LOWEST     48           300 PM
 AVERAGE    74

..........................................................


THE MUNCIE IN CLIMATE NORMALS FOR TODAY
                         NORMAL
 MAXIMUM TEMPERATURE (F)   82
 MINIMUM TEMPERATURE (F)   60


SUNRISE AND SUNSET
AUGUST 31 2015........SUNRISE   708 AM EDT   SUNSET   815 PM EDT
SEPTEMBER  1 2015.....SUNRISE   709 AM EDT   SUNSET   814 PM EDT


-  INDICATES NEGATIVE NUMBERS.
R  INDICATES RECORD WAS SET OR TIED.
MM INDICATES DATA IS MISSING.
T  INDICATES TRACE AMOUNT.




$$
