000
CDUS43 KIND 270532
CLIMIE


CLIMATE REPORT
NATIONAL WEATHER SERVICE INDIANAPOLIS IN
132 AM EDT WED MAY 27 2015


...................................

...THE MUNCIE IN CLIMATE SUMMARY FOR MAY 26 2015...

CLIMATE NORMAL PERIOD 1981 TO 2010
CLIMATE RECORD PERIOD 9999 TO 9999


WEATHER ITEM   OBSERVED TIME   NORMAL DEPARTURE LAST
                VALUE   (LST)  VALUE  FROM      YEAR
                                      NORMAL
......................................................
TEMPERATURE (F)
 YESTERDAY
  MAXIMUM         84    148 PM  75      9       86
  MINIMUM         66    359 AM  55     11       57
  AVERAGE         75            65     10       72

PRECIPITATION (IN)
  YESTERDAY        0.12          0.15  -0.03     0.00
  MONTH TO DATE    2.85          3.62  -0.77     3.35
  SINCE MAR 1     10.01         10.24  -0.23    11.02
  SINCE JAN 1     12.95         14.78  -1.83    13.98

DEGREE DAYS
 HEATING
  YESTERDAY        0             3     -3        0
  MONTH TO DATE   85           153    -68      152
  SINCE MAR 1   1320          1362    -42     1501
  SINCE JUL 1   6185          5745    440     6411

 COOLING
  YESTERDAY       10             3      7        7
  MONTH TO DATE  107            49     58       65
  SINCE MAR 1    110            64     46       71
  SINCE JAN 1    110            64     46       71
......................................................


WIND (MPH)
  HIGHEST WIND SPEED    25   HIGHEST WIND DIRECTION     S (190)
  HIGHEST GUST SPEED    37   HIGHEST GUST DIRECTION     S (190)
  AVERAGE WIND SPEED    11.5


SKY COVER
  AVERAGE SKY COVER 0.5


WEATHER CONDITIONS
 THE FOLLOWING WEATHER WAS RECORDED YESTERDAY.
  THUNDERSTORM
  RAIN
  LIGHT RAIN
  FOG


RELATIVE HUMIDITY (PERCENT)
 HIGHEST    93           600 AM
 LOWEST     51           100 PM
 AVERAGE    72

..........................................................


THE MUNCIE IN CLIMATE NORMALS FOR TODAY
                         NORMAL
 MAXIMUM TEMPERATURE (F)   75
 MINIMUM TEMPERATURE (F)   55


SUNRISE AND SUNSET
MAY 27 2015...........SUNRISE   617 AM EDT   SUNSET   901 PM EDT
MAY 28 2015...........SUNRISE   616 AM EDT   SUNSET   902 PM EDT


-  INDICATES NEGATIVE NUMBERS.
R  INDICATES RECORD WAS SET OR TIED.
MM INDICATES DATA IS MISSING.
T  INDICATES TRACE AMOUNT.




$$
