000
CDUS43 KMKX 250658
CLIMKE


CLIMATE REPORT
NATIONAL WEATHER SERVICE IN MILWAUKEE
157 AM CDT FRI APR 25 2014


...................................

...THE MILWAUKEE WI CLIMATE SUMMARY FOR APRIL 24 2014...

CLIMATE NORMAL PERIOD 1981 TO 2010
CLIMATE RECORD PERIOD 1871 TO 2014


WEATHER ITEM   OBSERVED TIME   RECORD YEAR NORMAL DEPARTURE LAST
                VALUE   (LST)  VALUE       VALUE  FROM      YEAR
                                                  NORMAL
..................................................................
TEMPERATURE (F)
 YESTERDAY
  MAXIMUM         52    140 PM  87    1990  57     -5       52
  MINIMUM         37    558 AM  27    1971  40     -3       35
  AVERAGE         45                        49     -4       44

PRECIPITATION (IN)
  YESTERDAY        0.13          3.01 1976   0.10   0.03     0.00
  MONTH TO DATE    2.70                      2.87  -0.17     7.36
  SINCE MAR 1      3.82                      5.14  -1.32     8.99
  SINCE JAN 1      6.56                      8.55  -1.99    15.19

SNOWFALL (IN)
  YESTERDAY        0.0           0.6  1980   0.0    0.0      0.0
  MONTH TO DATE    0.3                       1.9   -1.6      0.4
  SINCE MAR 1      6.6                       8.9   -2.3      7.8
  SINCE JUL 1     63.4                      46.7   16.7     45.0
  SNOW DEPTH       0

DEGREE DAYS
 HEATING
  YESTERDAY       20                        17      3       21
  MONTH TO DATE  509                       496     13      586
  SINCE MAR 1   1619                      1425    194     1661
  SINCE JUL 1   7275                      6405    870     6386

 COOLING
  YESTERDAY        0                         0      0        0
  MONTH TO DATE    0                         0      0        0
  SINCE MAR 1      0                         0      0        0
  SINCE JAN 1      0                         0      0        0
..................................................................


WIND (MPH)
  HIGHEST WIND SPEED    28   HIGHEST WIND DIRECTION    SE (140)
  HIGHEST GUST SPEED    34   HIGHEST GUST DIRECTION    SE (130)
  AVERAGE WIND SPEED    13.8


SKY COVER
  POSSIBLE SUNSHINE  MM
  AVERAGE SKY COVER 1.0


WEATHER CONDITIONS
 THE FOLLOWING WEATHER WAS RECORDED YESTERDAY.
  RAIN
  LIGHT RAIN
  SLEET


RELATIVE HUMIDITY (PERCENT)
 HIGHEST    79           700 AM
 LOWEST     44           200 PM
 AVERAGE    62

..........................................................


THE MILWAUKEE WI CLIMATE NORMALS FOR TODAY
                         NORMAL    RECORD    YEAR
 MAXIMUM TEMPERATURE (F)   57        87      1990
 MINIMUM TEMPERATURE (F)   40        27      1887


SUNRISE AND SUNSET
APRIL 25 2014.........SUNRISE   554 AM CDT   SUNSET   746 PM CDT
APRIL 26 2014.........SUNRISE   553 AM CDT   SUNSET   747 PM CDT


-  INDICATES NEGATIVE NUMBERS.
R  INDICATES RECORD WAS SET OR TIED.
MM INDICATES DATA IS MISSING.
T  INDICATES TRACE AMOUNT.




$$
