000
CDUS43 KMKX 210649
CLIMKE


CLIMATE REPORT
NATIONAL WEATHER SERVICE IN MILWAUKEE
149 AM CDT SUN SEP 21 2014


...................................

...THE MILWAUKEE WI CLIMATE SUMMARY FOR SEPTEMBER 20 2014...

CLIMATE NORMAL PERIOD 1981 TO 2010
CLIMATE RECORD PERIOD 1871 TO 2014


WEATHER ITEM   OBSERVED TIME   RECORD YEAR NORMAL DEPARTURE LAST
                VALUE   (LST)  VALUE       VALUE  FROM      YEAR
                                                  NORMAL
..................................................................
TEMPERATURE (F)
 YESTERDAY
  MAXIMUM         78   1254 PM  92    1891  70      8       75
  MINIMUM         63   1159 PM  30    1956  53     10       60
  AVERAGE         71                        61     10       68

PRECIPITATION (IN)
  YESTERDAY        0.21          3.40 1923   0.12   0.09      T
  MONTH TO DATE    1.07                      2.12  -1.05     1.45
  SINCE SEP 1      1.07                      2.12  -1.05     1.45
  SINCE JAN 1     26.36                     26.30   0.06    31.58

SNOWFALL (IN)
  YESTERDAY        0.0           T    1954   0.0    0.0      0.0
  MONTH TO DATE    0.0                       0.0    0.0      0.0
  SINCE SEP 1      0.0                       0.0    0.0      0.0
  SINCE JUL 1      0.0                       0.0    0.0      0.0
  SNOW DEPTH       0

DEGREE DAYS
 HEATING
  YESTERDAY        0                         5     -5        0
  MONTH TO DATE  103                        56     47       44
  SINCE SEP 1    103                        56     47       44
  SINCE JUL 1    129                        82     47       66

 COOLING
  YESTERDAY        6                         2      4        3
  MONTH TO DATE   58                        60     -2       99
  SINCE SEP 1     58                        60     -2       99
  SINCE JAN 1    459                       625   -166      676
..................................................................


WIND (MPH)
  HIGHEST WIND SPEED    25   HIGHEST WIND DIRECTION    SW (210)
  HIGHEST GUST SPEED    35   HIGHEST GUST DIRECTION    SW (220)
  AVERAGE WIND SPEED    14.4


SKY COVER
  POSSIBLE SUNSHINE  MM
  AVERAGE SKY COVER 0.7


WEATHER CONDITIONS
 THE FOLLOWING WEATHER WAS RECORDED YESTERDAY.
  THUNDERSTORM
  HEAVY RAIN
  LIGHT RAIN
  FOG


RELATIVE HUMIDITY (PERCENT)
 HIGHEST    87          1000 PM
 LOWEST     54           100 PM
 AVERAGE    71

..........................................................


THE MILWAUKEE WI CLIMATE NORMALS FOR TODAY
                         NORMAL    RECORD    YEAR
 MAXIMUM TEMPERATURE (F)   69        90      1920
                                             1893
 MINIMUM TEMPERATURE (F)   53        33      1962


SUNRISE AND SUNSET
SEPTEMBER 21 2014.....SUNRISE   638 AM CDT   SUNSET   651 PM CDT
SEPTEMBER 22 2014.....SUNRISE   639 AM CDT   SUNSET   649 PM CDT


-  INDICATES NEGATIVE NUMBERS.
R  INDICATES RECORD WAS SET OR TIED.
MM INDICATES DATA IS MISSING.
T  INDICATES TRACE AMOUNT.




$$
