000
CDUS43 KGRR 230520
CLIMKG


CLIMATE REPORT
NATIONAL WEATHER SERVICE GRAND RAPIDS, MI
119 AM EDT TUE SEP 23 2014


...................................

...THE MUSKEGON MI CLIMATE SUMMARY FOR SEPTEMBER 22 2014...

CLIMATE NORMAL PERIOD 1981 TO 2010
CLIMATE RECORD PERIOD 1896 TO 2014


WEATHER ITEM   OBSERVED TIME   RECORD YEAR NORMAL DEPARTURE LAST
                VALUE   (LST)  VALUE       VALUE  FROM      YEAR
                                                  NORMAL
..................................................................
TEMPERATURE (F)
 YESTERDAY
  MAXIMUM         61    456 PM  86    1946  69     -8       58
  MINIMUM         38    641 AM  31    1976  50    -12       46
  AVERAGE         50                        60    -10       52

PRECIPITATION (IN)
  YESTERDAY        0.00          2.62 1988   0.13  -0.13     0.00
  MONTH TO DATE    3.14                      2.85   0.29     1.53
  SINCE SEP 1      3.14                      2.85   0.29     1.53
  SINCE JAN 1     29.75                     23.43   6.32    32.78

SNOWFALL (IN)
  YESTERDAY        0.0           T    1983   0.0    0.0      0.0
                                      1949
  MONTH TO DATE    0.0                       0.0    0.0      0.0
  SINCE SEP 1      0.0                       0.0    0.0      0.0
  SINCE JUL 1      0.0                       0.0    0.0      0.0
  SNOW DEPTH       0

DEGREE DAYS
 HEATING
  YESTERDAY       15                         6      9       13
  MONTH TO DATE  125                        79     46       65
  SINCE SEP 1    125                        79     46       65
  SINCE JUL 1    174                       109     65      100

 COOLING
  YESTERDAY        0                         1     -1        0
  MONTH TO DATE   46                        49     -3       75
  SINCE SEP 1     46                        49     -3       75
  SINCE JAN 1    442                       556   -114      614
..................................................................


WIND (MPH)
  RESULTANT WIND SPEED   3   RESULTANT WIND DIRECTION   W (290)
  HIGHEST WIND SPEED    17   HIGHEST WIND DIRECTION     N (360)
  HIGHEST GUST SPEED    25   HIGHEST GUST DIRECTION     N (350)
  AVERAGE WIND SPEED     5.1


SKY COVER
  AVERAGE SKY COVER 0.4


WEATHER CONDITIONS
 THE FOLLOWING WEATHER WAS RECORDED YESTERDAY.
  NO SIGNIFICANT WEATHER WAS OBSERVED.


RELATIVE HUMIDITY (PERCENT)
 HIGHEST    92           600 AM
 LOWEST     57           200 PM
 AVERAGE    75

..........................................................


THE MUSKEGON MI CLIMATE NORMALS FOR TODAY
                         NORMAL    RECORD    YEAR
 MAXIMUM TEMPERATURE (F)   68        85      2010
 MINIMUM TEMPERATURE (F)   50        31      1896


SUNRISE AND SUNSET
SEPTEMBER 23 2014.....SUNRISE   733 AM EDT   SUNSET   740 PM EDT
SEPTEMBER 24 2014.....SUNRISE   734 AM EDT   SUNSET   739 PM EDT


-  INDICATES NEGATIVE NUMBERS.
R  INDICATES RECORD WAS SET OR TIED.
MM INDICATES DATA IS MISSING.
T  INDICATES TRACE AMOUNT.




$$
