000
CDUS43 KGRR 130523
CLIMKG


CLIMATE REPORT
NATIONAL WEATHER SERVICE GRAND RAPIDS, MI
1219 AM EST SAT FEB 13 2016


...................................

...THE MUSKEGON MI CLIMATE SUMMARY FOR FEBRUARY 12 2016...

CLIMATE NORMAL PERIOD 1981 TO 2010
CLIMATE RECORD PERIOD 1896 TO 2016


WEATHER ITEM   OBSERVED TIME   RECORD YEAR NORMAL DEPARTURE LAST
                VALUE   (LST)  VALUE       VALUE  FROM      YEAR
                                                  NORMAL
..................................................................
TEMPERATURE (F)
 YESTERDAY
  MAXIMUM         24    553 AM  52    1984  32     -8       21
  MINIMUM          8   1159 PM -29    1899  21    -13       12
  AVERAGE         16                        26    -10       17

PRECIPITATION (IN)
  YESTERDAY        0.03          0.60 1924   0.06  -0.03     0.02
  MONTH TO DATE    1.35                      0.71   0.64     0.64
  SINCE DEC 1      8.71                      5.29   3.42     4.08
  SINCE JAN 1      3.81                      2.74   1.07     2.36

SNOWFALL (IN)
  YESTERDAY        0.4           3.9  1969   0.7   -0.3      0.5
  MONTH TO DATE    1.2                       9.2   -8.0      9.0
  SINCE DEC 1     43.3                      66.1  -22.8     42.9
  SINCE JUL 1     47.2                      72.3  -25.1     67.4
  SNOW DEPTH       T

DEGREE DAYS
 HEATING
  YESTERDAY       49                        39     10       48
  MONTH TO DATE  439                       472    -33      511
  SINCE DEC 1   2379                      2777   -398     2785
  SINCE JUL 1   3446                      4144   -698     4268

 COOLING
  YESTERDAY        0                         0      0        0
  MONTH TO DATE    0                         0      0        0
  SINCE DEC 1      0                         0      0        0
  SINCE JAN 1      0                         0      0        0
..................................................................


WIND (MPH)
  RESULTANT WIND SPEED  14   RESULTANT WIND DIRECTION  NW (310)
  HIGHEST WIND SPEED    29   HIGHEST WIND DIRECTION     N (340)
  HIGHEST GUST SPEED    36   HIGHEST GUST DIRECTION     N (340)
  AVERAGE WIND SPEED    16.1


SKY COVER
  AVERAGE SKY COVER 1.0


WEATHER CONDITIONS
 THE FOLLOWING WEATHER WAS RECORDED YESTERDAY.
  LIGHT SNOW


RELATIVE HUMIDITY (PERCENT)
 HIGHEST    80          1100 PM
 LOWEST     50           300 AM
 AVERAGE    65

..........................................................


THE MUSKEGON MI CLIMATE NORMALS FOR TODAY
                         NORMAL    RECORD    YEAR
 MAXIMUM TEMPERATURE (F)   33        51      1984
 MINIMUM TEMPERATURE (F)   21       -22      1899


SUNRISE AND SUNSET
FEBRUARY 13 2016......SUNRISE   746 AM EST   SUNSET   613 PM EST
FEBRUARY 14 2016......SUNRISE   745 AM EST   SUNSET   614 PM EST


-  INDICATES NEGATIVE NUMBERS.
R  INDICATES RECORD WAS SET OR TIED.
MM INDICATES DATA IS MISSING.
T  INDICATES TRACE AMOUNT.




$$

63
