000
CDUS44 KMEG 182252
CLIMKL


CLIMATE REPORT
NATIONAL WEATHER SERVICE MEMPHIS TN
451 PM CST THU DEC 18 2014


...................................

...THE JACKSON CLIMATE SUMMARY FOR DECEMBER 18 2014...
VALID TODAY AS OF 0400 PM LOCAL TIME.

CLIMATE NORMAL PERIOD 1981 TO 2010
CLIMATE RECORD PERIOD 1948 TO 2014


WEATHER ITEM   OBSERVED TIME   RECORD YEAR NORMAL DEPARTURE LAST
                VALUE   (LST)  VALUE       VALUE  FROM      YEAR
                                                  NORMAL
..................................................................
TEMPERATURE (F)
 TODAY
  MAXIMUM         45    229 PM  69    1962  50     -5       56
  MINIMUM         36    716 AM   9    1964  30      6       22
  AVERAGE         41                        40      1       39

PRECIPITATION (IN)
  TODAY            0.21          1.97 1990   0.17   0.04     0.00
  MONTH TO DATE    2.36                      3.29  -0.93     3.20
  SINCE DEC 1      2.36                      3.29  -0.93     3.20
  SINCE JAN 1     57.54                     51.21   6.33    56.77

SNOWFALL (IN)
  TODAY            T

DEGREE DAYS
 HEATING
  TODAY           24                        25     -1       26
  MONTH TO DATE  363                       415    -52      454
  SINCE DEC 1    363                       415    -52      454
  SINCE JUL 1   1155                      1082     73     1244

 COOLING
  TODAY            0                         0      0        0
  MONTH TO DATE    0                         0      0        4
  SINCE DEC 1      0                         0      0        4
  SINCE JAN 1   1609                      1697    -88     1596
..................................................................


WIND (MPH)
  HIGHEST WIND SPEED     9   HIGHEST WIND DIRECTION     N (20)
  HIGHEST GUST SPEED    12   HIGHEST GUST DIRECTION     N (10)
  AVERAGE WIND SPEED     2.5


SKY COVER
  POSSIBLE SUNSHINE  MM
  AVERAGE SKY COVER 1.0


WEATHER CONDITIONS
 THE FOLLOWING WEATHER WAS RECORDED TODAY.
  LIGHT RAIN
  FOG
  HAZE


RELATIVE HUMIDITY (PERCENT)
 HIGHEST    92           300 AM
 LOWEST     70           200 PM
 AVERAGE    81

..........................................................


THE JACKSON CLIMATE NORMALS FOR TOMORROW
                         NORMAL    RECORD    YEAR
 MAXIMUM TEMPERATURE (F)   50        73      2008
 MINIMUM TEMPERATURE (F)   30         6      1963


SUNRISE AND SUNSET
DECEMBER 18 2014......SUNRISE   700 AM CST   SUNSET   445 PM CST
DECEMBER 19 2014......SUNRISE   700 AM CST   SUNSET   445 PM CST


-  INDICATES NEGATIVE NUMBERS.
R  INDICATES RECORD WAS SET OR TIED.
MM INDICATES DATA IS MISSING.
T  INDICATES TRACE AMOUNT.




$$
