000
CDUS44 KMEG 240626
CLIMKL


CLIMATE REPORT
NATIONAL WEATHER SERVICE MEMPHIS TN
126 AM CDT MON APR 24 2017


...................................

...THE JACKSON CLIMATE SUMMARY FOR APRIL 23 2017...

CLIMATE NORMAL PERIOD 1981 TO 2010
CLIMATE RECORD PERIOD 1948 TO 2017


WEATHER ITEM   OBSERVED TIME   RECORD YEAR NORMAL DEPARTURE LAST
                VALUE   (LST)  VALUE       VALUE  FROM      YEAR
                                                  NORMAL
..................................................................
TEMPERATURE (F)
 YESTERDAY
  MAXIMUM         56    519 PM  90    1988  74    -18       78
  MINIMUM         48   1038 AM  32    1986  50     -2       48
  AVERAGE         52                        62    -10       63

PRECIPITATION (IN)
  YESTERDAY       MM             2.10 1985   0.18  MM        0.00
  MONTH TO DATE    3.14                      3.67  -0.53     1.49
  SINCE MAR 1     10.81                      8.42   2.39    14.14
  SINCE JAN 1     15.64                     16.66  -1.02    19.76

DEGREE DAYS
 HEATING
  YESTERDAY       13                         5      8        2
  MONTH TO DATE   69                       170   -101      130
  SINCE MAR 1    428                       614   -186      443
  SINCE JUL 1   2468                      3498  -1030     2811

 COOLING
  YESTERDAY        0                         2     -2        0
  MONTH TO DATE   62                        32     30        7
  SINCE MAR 1     75                        42     33       13
  SINCE JAN 1     77                        43     34       13
..................................................................


WIND (MPH)
  HIGHEST WIND SPEED    17   HIGHEST WIND DIRECTION    NE (30)
  HIGHEST GUST SPEED    23   HIGHEST GUST DIRECTION    NE (30)
  AVERAGE WIND SPEED     9.6


SKY COVER
  POSSIBLE SUNSHINE  MM
  AVERAGE SKY COVER 0.9


WEATHER CONDITIONS
 THE FOLLOWING WEATHER WAS RECORDED YESTERDAY.
  THUNDERSTORM
  HEAVY RAIN
  RAIN
  LIGHT RAIN
  FOG


RELATIVE HUMIDITY (PERCENT)
 HIGHEST   100           400 AM
 LOWEST     86           400 PM
 AVERAGE    93

..........................................................


THE JACKSON CLIMATE NORMALS FOR TODAY
                         NORMAL    RECORD    YEAR
 MAXIMUM TEMPERATURE (F)   75        90      1965
 MINIMUM TEMPERATURE (F)   51        34      2013


SUNRISE AND SUNSET
APRIL 24 2017.........SUNRISE   611 AM CDT   SUNSET   737 PM CDT
APRIL 25 2017.........SUNRISE   610 AM CDT   SUNSET   737 PM CDT


-  INDICATES NEGATIVE NUMBERS.
R  INDICATES RECORD WAS SET OR TIED.
MM INDICATES DATA IS MISSING.
T  INDICATES TRACE AMOUNT.




$$
