000
CDUS44 KMEG 202149
CLIMKL


CLIMATE REPORT
NATIONAL WEATHER SERVICE MEMPHIS TN
448 PM CDT WED AUG 20 2014


...................................

...THE JACKSON CLIMATE SUMMARY FOR AUGUST 20 2014...
VALID TODAY AS OF 0400 PM LOCAL TIME.

CLIMATE NORMAL PERIOD 1981 TO 2010
CLIMATE RECORD PERIOD 1948 TO 2014


WEATHER ITEM   OBSERVED TIME   RECORD YEAR NORMAL DEPARTURE LAST
                VALUE   (LST)  VALUE       VALUE  FROM      YEAR
                                                  NORMAL
..................................................................
TEMPERATURE (F)
 TODAY
  MAXIMUM         93    339 PM 100    1983  90      3       88
                                      1962
  MINIMUM         77    539 AM  56    1953  67     10       66
  AVERAGE         85                        78      7       77

PRECIPITATION (IN)
  TODAY            0.00          1.98 2004   0.09  -0.09     0.22
  MONTH TO DATE    3.99                      2.09   1.90     1.71
  SINCE JUN 1     20.35                     11.42   8.93    10.09
  SINCE JAN 1     42.36                     34.96   7.40    45.07

SNOWFALL (IN)
  TODAY            0.0

DEGREE DAYS
 HEATING
  TODAY            0                         0      0        0
  MONTH TO DATE    0                         0      0        0
  SINCE JUN 1      0                         2     -2        0
  SINCE JUL 1      0                         0      0        0

 COOLING
  TODAY           20                        13      7       12
  MONTH TO DATE  241                       279    -38      217
  SINCE JUN 1    894                      1067   -173      926
  SINCE JAN 1   1144                      1282   -138     1126
..................................................................


WIND (MPH)
  HIGHEST WIND SPEED    14   HIGHEST WIND DIRECTION     W (250)
  HIGHEST GUST SPEED    17   HIGHEST GUST DIRECTION    SW (230)
  AVERAGE WIND SPEED     8.8


SKY COVER
  POSSIBLE SUNSHINE  MM
  AVERAGE SKY COVER 0.0


WEATHER CONDITIONS
 THE FOLLOWING WEATHER WAS RECORDED TODAY.
  NO SIGNIFICANT WEATHER WAS OBSERVED.


RELATIVE HUMIDITY (PERCENT)
 HIGHEST    94           400 AM
 LOWEST     52           200 PM
 AVERAGE    73

..........................................................


THE JACKSON CLIMATE NORMALS FOR TOMORROW
                         NORMAL    RECORD    YEAR
 MAXIMUM TEMPERATURE (F)   90       101      2007
 MINIMUM TEMPERATURE (F)   67        56      2012


SUNRISE AND SUNSET
AUGUST 20 2014........SUNRISE   619 AM CDT   SUNSET   739 PM CDT
AUGUST 21 2014........SUNRISE   619 AM CDT   SUNSET   738 PM CDT


-  INDICATES NEGATIVE NUMBERS.
R  INDICATES RECORD WAS SET OR TIED.
MM INDICATES DATA IS MISSING.
T  INDICATES TRACE AMOUNT.




$$
