000
CDUS44 KMEG 170637
CLIMKL


CLIMATE REPORT
NATIONAL WEATHER SERVICE MEMPHIS TN
137 AM CDT WED SEP 17 2014


...................................

...THE JACKSON CLIMATE SUMMARY FOR SEPTEMBER 16 2014...

CLIMATE NORMAL PERIOD 1981 TO 2010
CLIMATE RECORD PERIOD 1948 TO 2014


WEATHER ITEM   OBSERVED TIME   RECORD YEAR NORMAL DEPARTURE LAST
                VALUE   (LST)  VALUE       VALUE  FROM      YEAR
                                                  NORMAL
..................................................................
TEMPERATURE (F)
 YESTERDAY
  MAXIMUM         77    236 PM 100    1980  84     -7       87
  MINIMUM         61    545 AM  44    2000  59      2       54
                                      1961
  AVERAGE         69                        71     -2       71

PRECIPITATION (IN)
  YESTERDAY        0.00          1.82 1988   0.11  -0.11     0.00
  MONTH TO DATE    4.70                      1.63   3.07     0.24
  SINCE SEP 1      4.70                      1.63   3.07     0.24
  SINCE JAN 1     48.36                     37.50  10.86    45.33

SNOWFALL (IN)
  YESTERDAY        0.0          MM      MM   0.0    0.0      0.0
  MONTH TO DATE    0.0                       0.0    0.0      0.0
  SINCE SEP 1      0.0                       0.0    0.0      0.0
  SINCE JUL 1      0.0                       0.0    0.0      0.0
  SNOW DEPTH       0

DEGREE DAYS
 HEATING
  YESTERDAY        0                         1     -1        0
  MONTH TO DATE    5                         1      4        3
  SINCE SEP 1      5                         1      4        3
  SINCE JUL 1      5                         1      4        3

 COOLING
  YESTERDAY        4                         7     -3        6
  MONTH TO DATE  147                       148     -1      161
  SINCE SEP 1    147                       148     -1      161
  SINCE JAN 1   1464                      1571   -107     1445
..................................................................


WIND (MPH)
  HIGHEST WIND SPEED     9   HIGHEST WIND DIRECTION     N (10)
  HIGHEST GUST SPEED    13   HIGHEST GUST DIRECTION     N (360)
  AVERAGE WIND SPEED     3.9


SKY COVER
  POSSIBLE SUNSHINE  MM
  AVERAGE SKY COVER 0.7


WEATHER CONDITIONS
 THE FOLLOWING WEATHER WAS RECORDED YESTERDAY.
  FOG


RELATIVE HUMIDITY (PERCENT)
 HIGHEST    93          1200 AM
 LOWEST     64           200 PM
 AVERAGE    79

..........................................................


THE JACKSON CLIMATE NORMALS FOR TODAY
                         NORMAL    RECORD    YEAR
 MAXIMUM TEMPERATURE (F)   84        98      1953
 MINIMUM TEMPERATURE (F)   59        42      2000


SUNRISE AND SUNSET
SEPTEMBER 17 2014.....SUNRISE   640 AM CDT   SUNSET   700 PM CDT
SEPTEMBER 18 2014.....SUNRISE   641 AM CDT   SUNSET   658 PM CDT


-  INDICATES NEGATIVE NUMBERS.
R  INDICATES RECORD WAS SET OR TIED.
MM INDICATES DATA IS MISSING.
T  INDICATES TRACE AMOUNT.




$$
