000
CDUS44 KMEG 210643
CLIMKL


CLIMATE REPORT
NATIONAL WEATHER SERVICE MEMPHIS TN
143 AM CDT THU SEP 21 2017


...................................

...THE JACKSON CLIMATE SUMMARY FOR SEPTEMBER 20 2017...

CLIMATE NORMAL PERIOD 1981 TO 2010
CLIMATE RECORD PERIOD 1948 TO 2017


WEATHER ITEM   OBSERVED TIME   RECORD YEAR NORMAL DEPARTURE LAST
                VALUE   (LST)  VALUE       VALUE  FROM      YEAR
                                                  NORMAL
..................................................................
TEMPERATURE (F)
 YESTERDAY
  MAXIMUM         91    317 PM  98    1954  82      9       91
  MINIMUM         71   1151 PM  43    1991  57     14       60
  AVERAGE         81                        70     11       76

PRECIPITATION (IN)
  YESTERDAY        0.00          1.73 2013   0.12  -0.12     0.00
  MONTH TO DATE    1.86                      2.10  -0.24     1.53
  SINCE SEP 1      1.86                      2.10  -0.24     1.53
  SINCE JAN 1     36.89                     37.97  -1.08    35.40

DEGREE DAYS
 HEATING
  YESTERDAY        0                         1     -1        0
  MONTH TO DATE    7                         5      2        0
  SINCE SEP 1      7                         5      2        0
  SINCE JUL 1      7                         5      2        0

 COOLING
  YESTERDAY       16                         6     10       11
  MONTH TO DATE  117                       174    -57      249
  SINCE SEP 1    117                       174    -57      249
  SINCE JAN 1   1597                      1597      0     1878
..................................................................


WIND (MPH)
  HIGHEST WIND SPEED    12   HIGHEST WIND DIRECTION     S (200)
  HIGHEST GUST SPEED    18   HIGHEST GUST DIRECTION     W (260)
  AVERAGE WIND SPEED     4.9


SKY COVER
  POSSIBLE SUNSHINE  MM
  AVERAGE SKY COVER 0.1


WEATHER CONDITIONS
 THE FOLLOWING WEATHER WAS RECORDED YESTERDAY.
  FOG


RELATIVE HUMIDITY (PERCENT)
 HIGHEST   100           600 AM
 LOWEST     52           200 PM
 AVERAGE    76

..........................................................


THE JACKSON CLIMATE NORMALS FOR TODAY
                         NORMAL    RECORD    YEAR
 MAXIMUM TEMPERATURE (F)   82        98      2010
                                             1955
 MINIMUM TEMPERATURE (F)   57        40      1983


SUNRISE AND SUNSET
SEPTEMBER 21 2017.....SUNRISE   643 AM CDT   SUNSET   654 PM CDT
SEPTEMBER 22 2017.....SUNRISE   644 AM CDT   SUNSET   652 PM CDT


-  INDICATES NEGATIVE NUMBERS.
R  INDICATES RECORD WAS SET OR TIED.
MM INDICATES DATA IS MISSING.
T  INDICATES TRACE AMOUNT.


$$
