000
CDUS44 KMEG 250639
CLIMKL


CLIMATE REPORT
NATIONAL WEATHER SERVICE MEMPHIS TN
138 AM CDT WED MAY 25 2016


...................................

...THE JACKSON CLIMATE SUMMARY FOR MAY 24 2016...

CLIMATE NORMAL PERIOD 1981 TO 2010
CLIMATE RECORD PERIOD 1948 TO 2016


WEATHER ITEM   OBSERVED TIME   RECORD YEAR NORMAL DEPARTURE LAST
                VALUE   (LST)  VALUE       VALUE  FROM      YEAR
                                                  NORMAL
..................................................................
TEMPERATURE (F)
 YESTERDAY
  MAXIMUM         86    130 PM  94    1962  82      4       86
  MINIMUM         58    412 AM  44    1963  60     -2       67
  AVERAGE         72                        71      1       77

PRECIPITATION (IN)
  YESTERDAY        0.14          2.38 2009   0.18  -0.04     0.24
  MONTH TO DATE    2.64                      4.42  -1.78     3.10
  SINCE MAR 1     18.49                     14.03   4.46    13.10
  SINCE JAN 1     24.11                     22.27   1.84    18.99

SNOWFALL (IN)
  YESTERDAY        0.0          MM      MM   0.0    0.0      0.0
  MONTH TO DATE    0.0                       0.0    0.0      0.0
  SINCE MAR 1      T                         0.4   -0.4      4.4
  SINCE JUL 1      1.5                       4.6   -3.1      5.9
  SNOW DEPTH       0

DEGREE DAYS
 HEATING
  YESTERDAY        0                         1     -1        0
  MONTH TO DATE   64                        43     21       39
  SINCE MAR 1    511                       685   -174      664
  SINCE JUL 1   2879                      3569   -690     3837

 COOLING
  YESTERDAY        7                         6      1       12
  MONTH TO DATE   61                       106    -45      115
  SINCE MAR 1    105                       164    -59      176
  SINCE JAN 1    105                       165    -60      176
..................................................................


WIND (MPH)
  HIGHEST WIND SPEED    28   HIGHEST WIND DIRECTION    NW (310)
  HIGHEST GUST SPEED    36   HIGHEST GUST DIRECTION    NW (310)
  AVERAGE WIND SPEED     4.6


SKY COVER
  POSSIBLE SUNSHINE  MM
  AVERAGE SKY COVER 0.3


WEATHER CONDITIONS
 THE FOLLOWING WEATHER WAS RECORDED YESTERDAY.
  LIGHT RAIN
  FOG


RELATIVE HUMIDITY (PERCENT)
 HIGHEST    93           300 AM
 LOWEST     43          1000 AM
 AVERAGE    68

..........................................................


THE JACKSON CLIMATE NORMALS FOR TODAY
                         NORMAL    RECORD    YEAR
 MAXIMUM TEMPERATURE (F)   82        93      1996
                                             1978
                                             1964
 MINIMUM TEMPERATURE (F)   60        47      2013


SUNRISE AND SUNSET
MAY 25 2016...........SUNRISE   544 AM CDT   SUNSET   802 PM CDT
MAY 26 2016...........SUNRISE   544 AM CDT   SUNSET   802 PM CDT


-  INDICATES NEGATIVE NUMBERS.
R  INDICATES RECORD WAS SET OR TIED.
MM INDICATES DATA IS MISSING.
T  INDICATES TRACE AMOUNT.




$$
