000
CDUS44 KMEG 190800
CLIMKL


CLIMATE REPORT
NATIONAL WEATHER SERVICE MEMPHIS TN
159 AM CST FRI JAN 19 2018


...................................

...THE JACKSON CLIMATE SUMMARY FOR JANUARY 18 2018...

CLIMATE NORMAL PERIOD 1981 TO 2010
CLIMATE RECORD PERIOD 1948 TO 2018


WEATHER ITEM   OBSERVED TIME   RECORD YEAR NORMAL DEPARTURE LAST
                VALUE   (LST)  VALUE       VALUE  FROM      YEAR
                                                  NORMAL
..................................................................
TEMPERATURE (F)
 YESTERDAY
  MAXIMUM         35    325 PM  70    1951  48    -13       53
                                      1949
  MINIMUM          1R   718 AM   5    1977  28    -27       38
  AVERAGE         18                        38    -20       46

PRECIPITATION (IN)
  YESTERDAY        0.00          1.40 1950   0.12  -0.12     0.01
  MONTH TO DATE    2.43                      2.29   0.14     1.96
  SINCE DEC 1      9.04                      7.64   1.40     9.14
  SINCE JAN 1      2.43                      2.29   0.14     1.96

DEGREE DAYS
 HEATING
  YESTERDAY       47                        27     20       19
  MONTH TO DATE  657                       486    171      370
  SINCE DEC 1   1417                      1237    180     1082
  SINCE JUL 1   2018                      1904    114     1466

 COOLING
  YESTERDAY        0                         0      0        0
  MONTH TO DATE    0                         0      0        0
  SINCE DEC 1      0                         1     -1        2
  SINCE JAN 1      0                         0      0        0
..................................................................


WIND (MPH)
  HIGHEST WIND SPEED    12   HIGHEST WIND DIRECTION     S (200)
  HIGHEST GUST SPEED    16   HIGHEST GUST DIRECTION    SW (240)
  AVERAGE WIND SPEED     4.6


SKY COVER
  POSSIBLE SUNSHINE  MM
  AVERAGE SKY COVER 0.0


WEATHER CONDITIONS
 THE FOLLOWING WEATHER WAS RECORDED YESTERDAY.
  NO SIGNIFICANT WEATHER WAS OBSERVED.


RELATIVE HUMIDITY (PERCENT)
 HIGHEST    95           400 AM
 LOWEST     38           300 PM
 AVERAGE    67

..........................................................


THE JACKSON CLIMATE NORMALS FOR TODAY
                         NORMAL    RECORD    YEAR
 MAXIMUM TEMPERATURE (F)   48        72      1951
 MINIMUM TEMPERATURE (F)   28         2      1984
                                             1977


SUNRISE AND SUNSET
JANUARY 19 2018.......SUNRISE   703 AM CST   SUNSET   510 PM CST
JANUARY 20 2018.......SUNRISE   703 AM CST   SUNSET   511 PM CST


-  INDICATES NEGATIVE NUMBERS.
R  INDICATES RECORD WAS SET OR TIED.
MM INDICATES DATA IS MISSING.
T  INDICATES TRACE AMOUNT.




$$
