000
CDUS42 KMLB 260626
CLIMLB


CLIMATE REPORT
NATIONAL WEATHER SERVICE MELBOURNE FL
225 AM EDT WED APR 26 2017


...................................

...THE MELBOURNE CLIMATE SUMMARY FOR APRIL 25 2017...

CLIMATE NORMAL PERIOD 1981 TO 2010
CLIMATE RECORD PERIOD 1939 TO 2017


WEATHER ITEM   OBSERVED TIME   RECORD YEAR NORMAL DEPARTURE LAST
                VALUE   (LST)  VALUE       VALUE  FROM      YEAR
                                                  NORMAL
..................................................................
TEMPERATURE (F)
 YESTERDAY
  MAXIMUM         84    205 PM  97    1967  82      2       81
  MINIMUM         61    601 AM  40    1968  62     -1       73
  AVERAGE         73                        72      1       77

PRECIPITATION (IN)
  YESTERDAY        0.00          1.42 1991   0.06  -0.06     0.00
  MONTH TO DATE    0.22                      1.80  -1.58     1.34
  SINCE MAR 1      0.63                      5.08  -4.45     4.42
  SINCE JAN 1      5.52                      9.88  -4.36    14.28

SNOWFALL (IN)
  YESTERDAY        0.0
  MONTH TO DATE    0.0
  SINCE JUL 1      0.0

DEGREE DAYS
 HEATING
  YESTERDAY        0                         0      0        0
  MONTH TO DATE    3                        15    -12        3
  SINCE MAR 1     42                        86    -44       20
  SINCE JUL 1    220                       575   -355      341

 COOLING
  YESTERDAY        8                         7      1       12
  MONTH TO DATE  264                       138    126      181
  SINCE MAR 1    449                       237    212      417
  SINCE JAN 1    627                       335    292      507
..................................................................


WIND (MPH)
  HIGHEST WIND SPEED    18   HIGHEST WIND DIRECTION     E (100)
  HIGHEST GUST SPEED    23   HIGHEST GUST DIRECTION    SW (240)
  AVERAGE WIND SPEED     9.0


SKY COVER
  AVERAGE SKY COVER 0.3


WEATHER CONDITIONS
 THE FOLLOWING WEATHER WAS RECORDED YESTERDAY.
  NO SIGNIFICANT WEATHER WAS OBSERVED.


RELATIVE HUMIDITY (PERCENT)
 HIGHEST    84           100 AM
 LOWEST     36           100 PM
 AVERAGE    60

..........................................................


THE MELBOURNE CLIMATE NORMALS FOR TODAY
                         NORMAL    RECORD    YEAR
 MAXIMUM TEMPERATURE (F)   82        93      2015
 MINIMUM TEMPERATURE (F)   62        47      1983
                                             1968


SUNRISE AND SUNSET
APRIL 26 2017.........SUNRISE   647 AM EDT   SUNSET   754 PM EDT
APRIL 27 2017.........SUNRISE   646 AM EDT   SUNSET   755 PM EDT


-  INDICATES NEGATIVE NUMBERS.
R  INDICATES RECORD WAS SET OR TIED.
MM INDICATES DATA IS MISSING.
T  INDICATES TRACE AMOUNT.




$$
