000
CDUS42 KMLB 260630
CLIMLB


CLIMATE REPORT
NATIONAL WEATHER SERVICE MELBOURNE FL
130 AM EST MON JAN 26 2015


...................................

...THE MELBOURNE CLIMATE SUMMARY FOR JANUARY 25 2015...

CLIMATE NORMAL PERIOD 1981 TO 2010
CLIMATE RECORD PERIOD 1939 TO 2015


WEATHER ITEM   OBSERVED TIME   RECORD YEAR NORMAL DEPARTURE LAST
                VALUE   (LST)  VALUE       VALUE  FROM      YEAR
                                                  NORMAL
..................................................................
TEMPERATURE (F)
 YESTERDAY
  MAXIMUM         66    354 PM  85    1990  72     -6       72
                                      1975
  MINIMUM         43    332 AM  32    2003  49     -6       43
  AVERAGE         55                        60     -5       58

PRECIPITATION (IN)
  YESTERDAY        0.00          1.96 2011   0.08  -0.08      T
  MONTH TO DATE    2.34                      1.79   0.55     1.17
  SINCE DEC 1      3.96                      4.36  -0.40     3.32
  SINCE JAN 1      2.34                      1.79   0.55     1.17

SNOWFALL (IN)
  YESTERDAY        0.0
  MONTH TO DATE    0.0
  SINCE JUL 1      0.0

DEGREE DAYS
 HEATING
  YESTERDAY       10                         6      4        7
  MONTH TO DATE   71                       150    -79      183
  SINCE DEC 1    153                       287   -134      208
  SINCE JUL 1    218                       329   -111      222

 COOLING
  YESTERDAY        0                         1     -1        0
  MONTH TO DATE   67                        28     39       48
  SINCE DEC 1    198                       104     94      199
  SINCE JAN 1     67                        28     39       48
..................................................................


WIND (MPH)
  HIGHEST WIND SPEED    12   HIGHEST WIND DIRECTION    NW (310)
  HIGHEST GUST SPEED    16   HIGHEST GUST DIRECTION    NW (320)
  AVERAGE WIND SPEED     4.8


SKY COVER
  AVERAGE SKY COVER 0.0


WEATHER CONDITIONS
 THE FOLLOWING WEATHER WAS RECORDED YESTERDAY.
  NO SIGNIFICANT WEATHER WAS OBSERVED.


RELATIVE HUMIDITY (PERCENT)
 HIGHEST    93           100 AM
 LOWEST     28           300 PM
 AVERAGE    61

..........................................................


THE MELBOURNE CLIMATE NORMALS FOR TODAY
                         NORMAL    RECORD    YEAR
 MAXIMUM TEMPERATURE (F)   72        88      1965
 MINIMUM TEMPERATURE (F)   49        33      2000
                                             1977


SUNRISE AND SUNSET
JANUARY 26 2015.......SUNRISE   713 AM EST   SUNSET   558 PM EST
JANUARY 27 2015.......SUNRISE   712 AM EST   SUNSET   559 PM EST


-  INDICATES NEGATIVE NUMBERS.
R  INDICATES RECORD WAS SET OR TIED.
MM INDICATES DATA IS MISSING.
T  INDICATES TRACE AMOUNT.




$$
