000
CDUS42 KMLB 240628
CLIMLB


CLIMATE REPORT
NATIONAL WEATHER SERVICE MELBOURNE FL
128 AM EST SAT FEB 24 2018


...................................

...THE MELBOURNE CLIMATE SUMMARY FOR FEBRUARY 23 2018...

CLIMATE NORMAL PERIOD 1981 TO 2010
CLIMATE RECORD PERIOD 1939 TO 2018


WEATHER ITEM   OBSERVED TIME   RECORD YEAR NORMAL DEPARTURE LAST
                VALUE   (LST)  VALUE       VALUE  FROM      YEAR
                                                  NORMAL
..................................................................
TEMPERATURE (F)
 YESTERDAY
  MAXIMUM         83    100 PM  90    1961  74      9       78
  MINIMUM         72    422 AM  28    1978  53     19       59
  AVERAGE         78                        64     14       69

PRECIPITATION (IN)
  YESTERDAY        0.03          3.39 1966   0.09  -0.06     0.00
  MONTH TO DATE    0.24                      2.04  -1.80     3.43
  SINCE DEC 1      4.24                      6.88  -2.64     5.21
  SINCE JAN 1      3.17                      4.31  -1.14     4.89

SNOWFALL (IN)
  YESTERDAY        0.0
  MONTH TO DATE    0.0
  SINCE JUL 1      0.0

DEGREE DAYS
 HEATING
  YESTERDAY        0                         4     -4        0
  MONTH TO DATE    4                       104   -100       30
  SINCE DEC 1    240                       431   -191      159
  SINCE JUL 1    253                       473   -220      178

 COOLING
  YESTERDAY       13                         2     11        4
  MONTH TO DATE  198                        46    152       63
  SINCE DEC 1    420                       166    254      317
  SINCE JAN 1    277                        90    187      141
..................................................................


WIND (MPH)
  HIGHEST WIND SPEED    20   HIGHEST WIND DIRECTION     E (110)
  HIGHEST GUST SPEED    24   HIGHEST GUST DIRECTION    SE (120)
  AVERAGE WIND SPEED    10.4


SKY COVER
  AVERAGE SKY COVER 0.3


WEATHER CONDITIONS
 THE FOLLOWING WEATHER WAS RECORDED YESTERDAY.
  LIGHT RAIN
  FOG


RELATIVE HUMIDITY (PERCENT)
 HIGHEST    87           400 AM
 LOWEST     51           200 PM
 AVERAGE    69

..........................................................


THE MELBOURNE CLIMATE NORMALS FOR TODAY
                         NORMAL    RECORD    YEAR
 MAXIMUM TEMPERATURE (F)   75        92      1962
 MINIMUM TEMPERATURE (F)   53        29      1989


SUNRISE AND SUNSET
FEBRUARY 24 2018......SUNRISE   652 AM EST   SUNSET   620 PM EST
FEBRUARY 25 2018......SUNRISE   651 AM EST   SUNSET   620 PM EST


-  INDICATES NEGATIVE NUMBERS.
R  INDICATES RECORD WAS SET OR TIED.
MM INDICATES DATA IS MISSING.
T  INDICATES TRACE AMOUNT.




$$
