000
CDUS42 KMLB 102038
CLIMLB


CLIMATE REPORT
NATIONAL WEATHER SERVICE MELBOURNE FL
438 PM EDT THU JUL 10 2014


...................................

...THE MELBOURNE CLIMATE SUMMARY FOR JULY 10 2014...
VALID TODAY AS OF 0400 PM LOCAL TIME.

CLIMATE NORMAL PERIOD 1981 TO 2010
CLIMATE RECORD PERIOD 1939 TO 2014


WEATHER ITEM   OBSERVED TIME   RECORD YEAR NORMAL DEPARTURE LAST
                VALUE   (LST)  VALUE       VALUE  FROM      YEAR
                                                  NORMAL
..................................................................
TEMPERATURE (F)
 TODAY
  MAXIMUM         88    236 PM  98    1964  91     -3       88
  MINIMUM         74    558 AM  64    1979  72      2       77
  AVERAGE         81                        82     -1       83

PRECIPITATION (IN)
  TODAY            0.00          2.44 1944   0.18  -0.18     0.00
  MONTH TO DATE    2.93                      1.93   1.00     0.48
  SINCE JUN 1      8.99                      8.64   0.35     7.22
  SINCE JAN 1     25.21                     22.14   3.07    22.55

SNOWFALL (IN)
  TODAY            0.0
  MONTH TO DATE    0.0
  SINCE JUL 1      0.0

DEGREE DAYS
 HEATING
  TODAY            0                         0      0        0
  MONTH TO DATE    0                         0      0        0
  SINCE JUN 1      0                         0      0        0
  SINCE JUL 1      0                         0      0        0

 COOLING
  TODAY           16                        16      0       18
  MONTH TO DATE  169                       160      9      177
  SINCE JUN 1    630                       622      8      675
  SINCE JAN 1   1523                      1348    175     1536
..................................................................


WIND (MPH)
  HIGHEST WIND SPEED    18   HIGHEST WIND DIRECTION    SE (120)
  HIGHEST GUST SPEED    24   HIGHEST GUST DIRECTION     E (110)
  AVERAGE WIND SPEED     6.0


SKY COVER
  AVERAGE SKY COVER 0.2


WEATHER CONDITIONS
 THE FOLLOWING WEATHER WAS RECORDED TODAY.
  THUNDERSTORM


RELATIVE HUMIDITY (PERCENT)
 HIGHEST   100           600 AM
 LOWEST     57          1000 AM
 AVERAGE    79

..........................................................


THE MELBOURNE CLIMATE NORMALS FOR TOMORROW
                         NORMAL    RECORD    YEAR
 MAXIMUM TEMPERATURE (F)   91        97      2010
                                             1980
 MINIMUM TEMPERATURE (F)   72        68      1995
                                             1993
                                             1976


SUNRISE AND SUNSET
JULY 10 2014..........SUNRISE   633 AM EDT   SUNSET   822 PM EDT
JULY 11 2014..........SUNRISE   634 AM EDT   SUNSET   822 PM EDT


-  INDICATES NEGATIVE NUMBERS.
R  INDICATES RECORD WAS SET OR TIED.
MM INDICATES DATA IS MISSING.
T  INDICATES TRACE AMOUNT.




$$
