115
CDUS42 KMLB 300626
CLIMLB


CLIMATE REPORT
NATIONAL WEATHER SERVICE MELBOURNE FL
226 AM EDT MON MAY 30 2016


...................................

...THE MELBOURNE CLIMATE SUMMARY FOR MAY 29 2016...

CLIMATE NORMAL PERIOD 1981 TO 2010
CLIMATE RECORD PERIOD 1939 TO 2016


WEATHER ITEM   OBSERVED TIME   RECORD YEAR NORMAL DEPARTURE LAST
                VALUE   (LST)  VALUE       VALUE  FROM      YEAR
                                                  NORMAL
..................................................................
TEMPERATURE (F)
 YESTERDAY
  MAXIMUM         87   1212 PM  96    2000  88     -1       85
  MINIMUM         71    212 PM  58    1976  70      1       74
  AVERAGE         79                        79      0       80

PRECIPITATION (IN)
  YESTERDAY        0.45          2.00 1961   0.16   0.29      T
                                      1960
  MONTH TO DATE    7.69                      2.97   4.72     1.38
  SINCE MAR 1     12.11                      8.38   3.73     5.55
  SINCE JAN 1     21.97                     13.18   8.79    11.66

SNOWFALL (IN)
  YESTERDAY        0.0
  MONTH TO DATE    0.0
  SINCE JUL 1      0.0

DEGREE DAYS
 HEATING
  YESTERDAY        0                         0      0        0
  MONTH TO DATE    0                         0      0        0
  SINCE MAR 1     20                        87    -67       14
  SINCE JUL 1    341                       576   -235      424

 COOLING
  YESTERDAY       14                        14      0       15
  MONTH TO DATE  344                       324     20      376
  SINCE MAR 1    814                       601    213      987
  SINCE JAN 1    904                       699    205     1085
..................................................................


WIND (MPH)
  HIGHEST WIND SPEED    23   HIGHEST WIND DIRECTION    SW (240)
  HIGHEST GUST SPEED    27   HIGHEST GUST DIRECTION    SW (240)
  AVERAGE WIND SPEED     5.9


SKY COVER
  AVERAGE SKY COVER 0.2


WEATHER CONDITIONS
 THE FOLLOWING WEATHER WAS RECORDED YESTERDAY.
  THUNDERSTORM
  HEAVY RAIN
  RAIN
  FOG
  HAZE


RELATIVE HUMIDITY (PERCENT)
 HIGHEST    93           100 AM
 LOWEST     65          1100 AM
 AVERAGE    79

..........................................................


THE MELBOURNE CLIMATE NORMALS FOR TODAY
                         NORMAL    RECORD    YEAR
 MAXIMUM TEMPERATURE (F)   88        95      1969
 MINIMUM TEMPERATURE (F)   70        58      1941


SUNRISE AND SUNSET
MAY 30 2016...........SUNRISE   627 AM EDT   SUNSET   814 PM EDT
MAY 31 2016...........SUNRISE   626 AM EDT   SUNSET   815 PM EDT


-  INDICATES NEGATIVE NUMBERS.
R  INDICATES RECORD WAS SET OR TIED.
MM INDICATES DATA IS MISSING.
T  INDICATES TRACE AMOUNT.




$$
