000
CDUS42 KMLB 230628
CLIMLB


CLIMATE REPORT
NATIONAL WEATHER SERVICE MELBOURNE FL
228 AM EDT SUN JUL 23 2017


...................................

...THE MELBOURNE CLIMATE SUMMARY FOR JULY 22 2017...

CLIMATE NORMAL PERIOD 1981 TO 2010
CLIMATE RECORD PERIOD 1939 TO 2017


WEATHER ITEM   OBSERVED TIME   RECORD YEAR NORMAL DEPARTURE LAST
                VALUE   (LST)  VALUE       VALUE  FROM      YEAR
                                                  NORMAL
..................................................................
TEMPERATURE (F)
 YESTERDAY
  MAXIMUM         94   1251 PM  98    1981  91      3       92
                                      1942
  MINIMUM         73    340 PM  68    1982  73      0       73
  AVERAGE         84                        82      2       83

PRECIPITATION (IN)
  YESTERDAY        1.70          2.50 1990   0.19   1.51     0.00
  MONTH TO DATE    6.25                      4.11   2.14     1.09
  SINCE JUN 1     12.70                     10.82   1.88    10.00
  SINCE JAN 1     21.04                     24.32  -3.28    31.97

SNOWFALL (IN)
  YESTERDAY        0.0
  MONTH TO DATE    0.0
  SINCE JUL 1      0.0

DEGREE DAYS
 HEATING
  YESTERDAY        0                         0      0        0
  MONTH TO DATE    0                         0      0        0
  SINCE JUN 1      0                         0      0        0
  SINCE JUL 1      0                         0      0        0

 COOLING
  YESTERDAY       19                        17      2       18
  MONTH TO DATE  425                       363     62      442
  SINCE JUN 1    944                       825    119      952
  SINCE JAN 1   2091                      1551    540     1885
..................................................................


WIND (MPH)
  HIGHEST WIND SPEED    37   HIGHEST WIND DIRECTION     W (280)
  HIGHEST GUST SPEED    48   HIGHEST GUST DIRECTION     W (260)
  AVERAGE WIND SPEED     5.4


SKY COVER
  AVERAGE SKY COVER 0.2


WEATHER CONDITIONS
 THE FOLLOWING WEATHER WAS RECORDED YESTERDAY.
  THUNDERSTORM
  HEAVY RAIN
  RAIN
  LIGHT RAIN
  FOG


RELATIVE HUMIDITY (PERCENT)
 HIGHEST    94          1200 AM
 LOWEST     49           100 PM
 AVERAGE    72

..........................................................


THE MELBOURNE CLIMATE NORMALS FOR TODAY
                         NORMAL    RECORD    YEAR
 MAXIMUM TEMPERATURE (F)   91        97      1983
                                             1942
 MINIMUM TEMPERATURE (F)   73        67      1974


SUNRISE AND SUNSET
JULY 23 2017..........SUNRISE   640 AM EDT   SUNSET   818 PM EDT
JULY 24 2017..........SUNRISE   641 AM EDT   SUNSET   817 PM EDT


-  INDICATES NEGATIVE NUMBERS.
R  INDICATES RECORD WAS SET OR TIED.
MM INDICATES DATA IS MISSING.
T  INDICATES TRACE AMOUNT.




$$
