000
CDUS42 KMLB 272026
CLIMLB


CLIMATE REPORT
NATIONAL WEATHER SERVICE MELBOURNE FL
426 PM EDT THU AUG 27 2015


...................................

...THE MELBOURNE CLIMATE SUMMARY FOR AUGUST 27 2015...
VALID TODAY AS OF 0400 PM LOCAL TIME.

CLIMATE NORMAL PERIOD 1981 TO 2010
CLIMATE RECORD PERIOD 1939 TO 2015


WEATHER ITEM   OBSERVED TIME   RECORD YEAR NORMAL DEPARTURE LAST
                VALUE   (LST)  VALUE       VALUE  FROM      YEAR
                                                  NORMAL
..................................................................
TEMPERATURE (F)
 TODAY
  MAXIMUM         89    102 PM  98    1938  90     -1       90
  MINIMUM         72    450 AM  65    1964  73     -1       74
  AVERAGE         81                        82     -1       82

PRECIPITATION (IN)
  TODAY            0.41          6.81 1949   0.26   0.15     0.00
  MONTH TO DATE    7.92                      6.70   1.22     3.73
  SINCE JUN 1     24.83                     19.37   5.46    20.99
  SINCE JAN 1     37.68                     32.87   4.81    37.21

SNOWFALL (IN)
  TODAY            0.0
  MONTH TO DATE    0.0
  SINCE JUL 1      0.0

DEGREE DAYS
 HEATING
  TODAY            0                         0      0        0
  MONTH TO DATE    0                         0      0        0
  SINCE JUN 1      0                         0      0        0
  SINCE JUL 1      0                         0      0        0

 COOLING
  TODAY           16                        17     -1       17
  MONTH TO DATE  474                       459     15      514
  SINCE JUN 1   1485                      1437     48     1525
  SINCE JAN 1   2597                      2163    434     2418
..................................................................


WIND (MPH)
  HIGHEST WIND SPEED    29   HIGHEST WIND DIRECTION     W (250)
  HIGHEST GUST SPEED    38   HIGHEST GUST DIRECTION     W (250)
  AVERAGE WIND SPEED     3.9


SKY COVER
  AVERAGE SKY COVER 0.3


WEATHER CONDITIONS
 THE FOLLOWING WEATHER WAS RECORDED TODAY.
  THUNDERSTORM
  HEAVY RAIN
  RAIN
  LIGHT RAIN
  FOG


RELATIVE HUMIDITY (PERCENT)
 HIGHEST   100           700 AM
 LOWEST     63          1200 PM
 AVERAGE    82

..........................................................


THE MELBOURNE CLIMATE NORMALS FOR TOMORROW
                         NORMAL    RECORD    YEAR
 MAXIMUM TEMPERATURE (F)   90        97      1938
 MINIMUM TEMPERATURE (F)   73        67      1997


SUNRISE AND SUNSET
AUGUST 27 2015........SUNRISE   659 AM EDT   SUNSET   749 PM EDT
AUGUST 28 2015........SUNRISE   659 AM EDT   SUNSET   748 PM EDT


-  INDICATES NEGATIVE NUMBERS.
R  INDICATES RECORD WAS SET OR TIED.
MM INDICATES DATA IS MISSING.
T  INDICATES TRACE AMOUNT.




$$
