000
CDUS42 KMLB 220626
CLIMLB


CLIMATE REPORT
NATIONAL WEATHER SERVICE MELBOURNE FL
126 AM EST SUN JAN 22 2017


...................................

...THE MELBOURNE CLIMATE SUMMARY FOR JANUARY 21 2017...

CLIMATE NORMAL PERIOD 1981 TO 2010
CLIMATE RECORD PERIOD 1939 TO 2017


WEATHER ITEM   OBSERVED TIME   RECORD YEAR NORMAL DEPARTURE LAST
                VALUE   (LST)  VALUE       VALUE  FROM      YEAR
                                                  NORMAL
..................................................................
TEMPERATURE (F)
 YESTERDAY
  MAXIMUM         83    347 PM  85    1963  72     11       70
  MINIMUM         61    512 AM  23    1985  49     12       46
  AVERAGE         72                        60     12       58

PRECIPITATION (IN)
  YESTERDAY        0.00          1.48 1989   0.07  -0.07     0.00
  MONTH TO DATE    0.56                      1.48  -0.92     5.66
  SINCE DEC 1      0.88                      4.05  -3.17     9.35
  SINCE JAN 1      0.56                      1.48  -0.92     5.66

SNOWFALL (IN)
  YESTERDAY        0.0
  MONTH TO DATE    0.0
  SINCE JUL 1      0.0

DEGREE DAYS
 HEATING
  YESTERDAY        0                         6     -6        7
  MONTH TO DATE   39                       126    -87      102
  SINCE DEC 1     67                       263   -196      109
  SINCE JUL 1     86                       305   -219      114

 COOLING
  YESTERDAY        7                         1      6        0
  MONTH TO DATE   60                        24     36       31
  SINCE DEC 1    236                       100    136      315
  SINCE JAN 1     60                        24     36       31
..................................................................


WIND (MPH)
  HIGHEST WIND SPEED    20   HIGHEST WIND DIRECTION     S (200)
  HIGHEST GUST SPEED    26   HIGHEST GUST DIRECTION     S (180)
  AVERAGE WIND SPEED     8.3


SKY COVER
  AVERAGE SKY COVER 0.0


WEATHER CONDITIONS
 THE FOLLOWING WEATHER WAS RECORDED YESTERDAY.
  FOG


RELATIVE HUMIDITY (PERCENT)
 HIGHEST   100           500 AM
 LOWEST     40           300 PM
 AVERAGE    70

..........................................................


THE MELBOURNE CLIMATE NORMALS FOR TODAY
                         NORMAL    RECORD    YEAR
 MAXIMUM TEMPERATURE (F)   72        86      2007
 MINIMUM TEMPERATURE (F)   49        22      1985


SUNRISE AND SUNSET
JANUARY 22 2017.......SUNRISE   714 AM EST   SUNSET   555 PM EST
JANUARY 23 2017.......SUNRISE   714 AM EST   SUNSET   556 PM EST


-  INDICATES NEGATIVE NUMBERS.
R  INDICATES RECORD WAS SET OR TIED.
MM INDICATES DATA IS MISSING.
T  INDICATES TRACE AMOUNT.




$$
