000
CDUS42 KMLB 240635
CLIMLB


CLIMATE REPORT
NATIONAL WEATHER SERVICE MELBOURNE
235 AM EDT THU APR 24 2014


...................................

...THE MELBOURNE CLIMATE SUMMARY FOR APRIL 23 2014...

CLIMATE NORMAL PERIOD 1981 TO 2010
CLIMATE RECORD PERIOD 1939 TO 2014


WEATHER ITEM   OBSERVED TIME   RECORD YEAR NORMAL DEPARTURE LAST
                VALUE   (LST)  VALUE       VALUE  FROM      YEAR
                                                  NORMAL
..................................................................
TEMPERATURE (F)
 YESTERDAY
  MAXIMUM         80    227 PM  94    1971  82     -2       79
  MINIMUM         61    549 AM  40    1982  62     -1       66
  AVERAGE         71                        72     -1       73

PRECIPITATION (IN)
  YESTERDAY        0.00          1.36 1991   0.06  -0.06      T
  MONTH TO DATE    3.36                      1.67   1.69     5.30
  SINCE MAR 1      5.38                      4.95   0.43     5.88
  SINCE JAN 1     12.44                      9.75   2.69     8.54

SNOWFALL (IN)
  YESTERDAY        0.0
  MONTH TO DATE    0.0
  SINCE JUL 1      0.0

DEGREE DAYS
 HEATING
  YESTERDAY        0                         0      0        0
  MONTH TO DATE    3                        15    -12        0
  SINCE MAR 1     52                        86    -34      179
  SINCE JUL 1    358                       575   -217      463

 COOLING
  YESTERDAY        6                         7     -1        8
  MONTH TO DATE  149                       124     25      212
  SINCE MAR 1    260                       223     37      264
  SINCE JAN 1    428                       321    107      470
..................................................................


WIND (MPH)
  HIGHEST WIND SPEED    13   HIGHEST WIND DIRECTION     E (100)
  HIGHEST GUST SPEED    16   HIGHEST GUST DIRECTION     E (70)
  AVERAGE WIND SPEED     6.9


SKY COVER
  AVERAGE SKY COVER 0.1


WEATHER CONDITIONS
 THE FOLLOWING WEATHER WAS RECORDED YESTERDAY.
  NO SIGNIFICANT WEATHER WAS OBSERVED.


RELATIVE HUMIDITY (PERCENT)
 HIGHEST    97           500 AM
 LOWEST     54          1100 AM
 AVERAGE    76

..........................................................


THE MELBOURNE CLIMATE NORMALS FOR TODAY
                         NORMAL    RECORD    YEAR
 MAXIMUM TEMPERATURE (F)   82        92      1963
 MINIMUM TEMPERATURE (F)   62        47      2012


SUNRISE AND SUNSET
APRIL 24 2014.........SUNRISE   649 AM EDT   SUNSET   753 PM EDT
APRIL 25 2014.........SUNRISE   648 AM EDT   SUNSET   754 PM EDT


-  INDICATES NEGATIVE NUMBERS.
R  INDICATES RECORD WAS SET OR TIED.
MM INDICATES DATA IS MISSING.
T  INDICATES TRACE AMOUNT.




$$
