429
CDUS43 KDVN 290923
CLIMLI


CLIMATE REPORT
NATIONAL WEATHER SERVICE QUAD CITIES IA IL
421 AM CDT WED MAR 29 2017


...................................

...THE MOLINE IL CLIMATE SUMMARY FOR MARCH 28 2017...

CLIMATE NORMAL PERIOD 1981 TO 2010
CLIMATE RECORD PERIOD 1872 TO 2017


WEATHER ITEM   OBSERVED TIME   RECORD YEAR NORMAL DEPARTURE LAST
                VALUE   (LST)  VALUE       VALUE  FROM      YEAR
                                                  NORMAL
..................................................................
TEMPERATURE (F)
 YESTERDAY
  MAXIMUM         53    319 PM  81    1910  55     -2       60
  MINIMUM         34   1120 PM  11    1970  34      0       35
  AVERAGE         44                        44      0       48

PRECIPITATION (IN)
  YESTERDAY        0.01          1.69 1914   0.10  -0.09     0.00
  MONTH TO DATE    1.78                      2.56  -0.78     2.71
  SINCE MAR 1      1.78                      2.56  -0.78     2.71
  SINCE JAN 1      4.19                      5.65  -1.46     4.04

SNOWFALL (IN)
  YESTERDAY        0.0          MM      MM   0.1   -0.1      0.0
  MONTH TO DATE    5.9                       3.8    2.1      2.9
  SINCE MAR 1      5.9                       3.8    2.1      2.9
  SINCE JUL 1     22.4                      30.5   -8.1     24.1
  SNOW DEPTH       0

DEGREE DAYS
 HEATING
  YESTERDAY       21                        21      0       17
  MONTH TO DATE  678                       745    -67      562
  SINCE MAR 1    678                       745    -67      562
  SINCE JUL 1   4481                      5543  -1062     4551

 COOLING
  YESTERDAY        0                         0      0        0
  MONTH TO DATE    0                         0      0        3
  SINCE MAR 1      0                         0      0        3
  SINCE JAN 1      0                         0      0        3
..................................................................


WIND (MPH)
  HIGHEST WIND SPEED    17   HIGHEST WIND DIRECTION     E (80)
  HIGHEST GUST SPEED    21   HIGHEST GUST DIRECTION     E (80)
  AVERAGE WIND SPEED     6.4


SKY COVER
  POSSIBLE SUNSHINE  MM
  AVERAGE SKY COVER 0.9


WEATHER CONDITIONS
 THE FOLLOWING WEATHER WAS RECORDED YESTERDAY.
  LIGHT RAIN
  FOG
  HAZE


RELATIVE HUMIDITY (PERCENT)
 HIGHEST    92          1000 PM
 LOWEST     66           100 PM
 AVERAGE    79

..........................................................


THE MOLINE IL CLIMATE NORMALS FOR TODAY
                         NORMAL    RECORD    YEAR
 MAXIMUM TEMPERATURE (F)   55        88      1986
 MINIMUM TEMPERATURE (F)   34         9      1887


SUNRISE AND SUNSET
MARCH 29 2017.........SUNRISE   650 AM CDT   SUNSET   724 PM CDT
MARCH 30 2017.........SUNRISE   648 AM CDT   SUNSET   725 PM CDT


-  INDICATES NEGATIVE NUMBERS.
R  INDICATES RECORD WAS SET OR TIED.
MM INDICATES DATA IS MISSING.
T  INDICATES TRACE AMOUNT.




$$
