000
CDUS43 KDVN 251005
CLIMLI


CLIMATE REPORT
NATIONAL WEATHER SERVICE QUAD CITIES IA IL
404 AM CST SUN JAN 25 2015


...................................

...THE MOLINE IL CLIMATE SUMMARY FOR JANUARY 24 2015...

CLIMATE NORMAL PERIOD 1981 TO 2010
CLIMATE RECORD PERIOD 1872 TO 2015


WEATHER ITEM   OBSERVED TIME   RECORD YEAR NORMAL DEPARTURE LAST
                VALUE   (LST)  VALUE       VALUE  FROM      YEAR
                                                  NORMAL
..................................................................
TEMPERATURE (F)
 YESTERDAY
  MAXIMUM         48    247 PM  65    1950  31     17       33
  MINIMUM         24    656 AM -16    1884  14     10       -5
  AVERAGE         36                        22     14       14

PRECIPITATION (IN)
  YESTERDAY        0.00          0.83 1938   0.05  -0.05      T
  MONTH TO DATE    0.95                      1.17  -0.22     1.08
  SINCE DEC 1      1.67                      3.35  -1.68     2.30
  SINCE JAN 1      0.95                      1.17  -0.22     1.08

SNOWFALL (IN)
  YESTERDAY        0.0          MM      MM   0.3   -0.3      0.2
  MONTH TO DATE   11.4                       7.3    4.1     16.1
  SINCE DEC 1     11.4                      16.6   -5.2     29.9
  SINCE JUL 1     16.0                      17.8   -1.8     30.9
  SNOW DEPTH       0

DEGREE DAYS
 HEATING
  YESTERDAY       29                        42    -13       51
  MONTH TO DATE 1061                      1020     41     1187
  SINCE DEC 1   2096                      2210   -114     2557
  SINCE JUL 1   3601                      3441    160     3903

 COOLING
  YESTERDAY        0                         0      0        0
  MONTH TO DATE    0                         0      0        0
  SINCE DEC 1      0                         0      0        0
  SINCE JAN 1      0                         0      0        0
..................................................................


WIND (MPH)
  HIGHEST WIND SPEED    15   HIGHEST WIND DIRECTION     W (260)
  HIGHEST GUST SPEED    19   HIGHEST GUST DIRECTION     W (250)
  AVERAGE WIND SPEED     6.7


SKY COVER
  POSSIBLE SUNSHINE  MM
  AVERAGE SKY COVER 0.0


WEATHER CONDITIONS
 THE FOLLOWING WEATHER WAS RECORDED YESTERDAY.
  FOG


RELATIVE HUMIDITY (PERCENT)
 HIGHEST    92           500 AM
 LOWEST     60           400 PM
 AVERAGE    76

..........................................................


THE MOLINE IL CLIMATE NORMALS FOR TODAY
                         NORMAL    RECORD    YEAR
 MAXIMUM TEMPERATURE (F)   31        62      1981
 MINIMUM TEMPERATURE (F)   14       -21      1894


SUNRISE AND SUNSET
JANUARY 25 2015.......SUNRISE   720 AM CST   SUNSET   509 PM CST
JANUARY 26 2015.......SUNRISE   719 AM CST   SUNSET   510 PM CST


-  INDICATES NEGATIVE NUMBERS.
R  INDICATES RECORD WAS SET OR TIED.
MM INDICATES DATA IS MISSING.
T  INDICATES TRACE AMOUNT.




$$
