000
CDUS43 KDVN 272130
CLIMLI


CLIMATE REPORT
NATIONAL WEATHER SERVICE QUAD CITIES IA IL
430 PM CDT THU JUL 27 2017


...................................

...THE MOLINE IL CLIMATE SUMMARY FOR JULY 27 2017...
VALID TODAY AS OF 0400 PM LOCAL TIME.

CLIMATE NORMAL PERIOD 1981 TO 2010
CLIMATE RECORD PERIOD 1872 TO 2017


WEATHER ITEM   OBSERVED TIME   RECORD YEAR NORMAL DEPARTURE LAST
                VALUE   (LST)  VALUE       VALUE  FROM      YEAR
                                                  NORMAL
..................................................................
TEMPERATURE (F)
 TODAY
  MAXIMUM         86    239 PM 105    1930  85      1       88
  MINIMUM         72    648 AM  50    1962  65      7       65
                                      1937
  AVERAGE         79                        75      4       77

PRECIPITATION (IN)
  TODAY            0.00          2.86 1875   0.12  -0.12     0.00
  MONTH TO DATE    6.94                      3.80   3.14     7.41
  SINCE JUN 1     11.09                      8.29   2.80    11.21
  SINCE JAN 1     25.44                     22.15   3.29    21.21

SNOWFALL (IN)
  TODAY            0.0          MM      MM   0.0    0.0      0.0
  MONTH TO DATE    0.0                       0.0    0.0      0.0
  SINCE JUN 1      0.0                       0.0    0.0      0.0
  SINCE JUL 1      0.0                       0.0    0.0      0.0
  SNOW DEPTH       0

DEGREE DAYS
 HEATING
  TODAY            0                         0      0        0
  MONTH TO DATE    0                         0      0        1
  SINCE JUN 1      9                        19    -10        2
  SINCE JUL 1      0                         0      0        1

 COOLING
  TODAY           14                        10      4       12
  MONTH TO DATE  311                       286     25      298
  SINCE JUN 1    577                       500     77      600
  SINCE JAN 1    638                       576     62      702
..................................................................


WIND (MPH)
  HIGHEST WIND SPEED    15   HIGHEST WIND DIRECTION    NE (30)
  HIGHEST GUST SPEED    20   HIGHEST GUST DIRECTION    NE (30)
  AVERAGE WIND SPEED     5.8


SKY COVER
  POSSIBLE SUNSHINE  MM
  AVERAGE SKY COVER 0.9


WEATHER CONDITIONS
 THE FOLLOWING WEATHER WAS RECORDED TODAY.
  FOG


RELATIVE HUMIDITY (PERCENT)
 HIGHEST    93          1200 AM
 LOWEST     61          1200 PM
 AVERAGE    77

..........................................................


THE MOLINE IL CLIMATE NORMALS FOR TOMORROW
                         NORMAL    RECORD    YEAR
 MAXIMUM TEMPERATURE (F)   85       102      1983
                                             1916
 MINIMUM TEMPERATURE (F)   65        52      1925


SUNRISE AND SUNSET
JULY 27 2017..........SUNRISE   552 AM CDT   SUNSET   824 PM CDT
JULY 28 2017..........SUNRISE   553 AM CDT   SUNSET   823 PM CDT


-  INDICATES NEGATIVE NUMBERS.
R  INDICATES RECORD WAS SET OR TIED.
MM INDICATES DATA IS MISSING.
T  INDICATES TRACE AMOUNT.




$$
