000
CDUS43 KDVN 280916
CLIMLI


CLIMATE REPORT
NATIONAL WEATHER SERVICE QUAD CITIES IA IL
413 AM CDT FRI AUG 28 2015


...................................

...THE MOLINE IL CLIMATE SUMMARY FOR AUGUST 27 2015...

CLIMATE NORMAL PERIOD 1981 TO 2010
CLIMATE RECORD PERIOD 1872 TO 2015


WEATHER ITEM   OBSERVED TIME   RECORD YEAR NORMAL DEPARTURE LAST
                VALUE   (LST)  VALUE       VALUE  FROM      YEAR
                                                  NORMAL
..................................................................
TEMPERATURE (F)
 YESTERDAY
  MAXIMUM         75    314 PM  97    1976  83     -8       80
  MINIMUM         52    534 AM  46    1915  62    -10       64
  AVERAGE         64                        72     -8       72

PRECIPITATION (IN)
  YESTERDAY        0.00          2.00 1903   0.14  -0.14     0.00
  MONTH TO DATE    3.76                      3.96  -0.20     2.00
  SINCE JUN 1     19.45                     12.74   6.71    14.69
  SINCE JAN 1     28.39                     26.60   1.79    26.25

SNOWFALL (IN)
  YESTERDAY        0.0          MM      MM   0.0    0.0      0.0
  MONTH TO DATE    T                         0.0    0.0      0.0
  SINCE JUN 1      T                         0.0    0.0      0.0
  SINCE JUL 1      T                         0.0    0.0      0.0
  SNOW DEPTH       0

DEGREE DAYS
 HEATING
  YESTERDAY        1                         0      1        0
  MONTH TO DATE    3                         0      3        1
  SINCE JUN 1     14                        21     -7        9
  SINCE JUL 1      7                         2      5        5

 COOLING
  YESTERDAY        0                         7     -7        7
  MONTH TO DATE  195                       242    -47      226
  SINCE JUN 1    688                       780    -92      625
  SINCE JAN 1    769                       856    -87      730
..................................................................


WIND (MPH)
  HIGHEST WIND SPEED    14   HIGHEST WIND DIRECTION    SE (140)
  HIGHEST GUST SPEED    17   HIGHEST GUST DIRECTION    SE (130)
  AVERAGE WIND SPEED     4.8


SKY COVER
  POSSIBLE SUNSHINE  MM
  AVERAGE SKY COVER 0.1


WEATHER CONDITIONS
 THE FOLLOWING WEATHER WAS RECORDED YESTERDAY.
  NO SIGNIFICANT WEATHER WAS OBSERVED.


RELATIVE HUMIDITY (PERCENT)
 HIGHEST    93           300 AM
 LOWEST     57           300 PM
 AVERAGE    75

..........................................................


THE MOLINE IL CLIMATE NORMALS FOR TODAY
                         NORMAL    RECORD    YEAR
 MAXIMUM TEMPERATURE (F)   83        97      2013
 MINIMUM TEMPERATURE (F)   61        40      1986


SUNRISE AND SUNSET
AUGUST 28 2015........SUNRISE   624 AM CDT   SUNSET   742 PM CDT
AUGUST 29 2015........SUNRISE   625 AM CDT   SUNSET   740 PM CDT


-  INDICATES NEGATIVE NUMBERS.
R  INDICATES RECORD WAS SET OR TIED.
MM INDICATES DATA IS MISSING.
T  INDICATES TRACE AMOUNT.




$$
