000
CDUS43 KDVN 171015
CLIMLI


CLIMATE REPORT
NATIONAL WEATHER SERVICE QUAD CITIES IA IL
413 AM CST FRI NOV 17 2017


...................................

...THE MOLINE IL CLIMATE SUMMARY FOR NOVEMBER 16 2017...

CLIMATE NORMAL PERIOD 1981 TO 2010
CLIMATE RECORD PERIOD 1872 TO 2017


WEATHER ITEM   OBSERVED TIME   RECORD YEAR NORMAL DEPARTURE LAST
                VALUE   (LST)  VALUE       VALUE  FROM      YEAR
                                                  NORMAL
..................................................................
TEMPERATURE (F)
 YESTERDAY
  MAXIMUM         39    342 PM  76    1931  49    -10       64
  MINIMUM         28    330 AM   3    1959  31     -3       36
                                      1933
  AVERAGE         34                        40     -6       50

PRECIPITATION (IN)
  YESTERDAY        0.00          1.55 1928   0.07  -0.07     0.00
  MONTH TO DATE    0.66                      1.39  -0.73     0.79
  SINCE SEP 1      9.16                      7.45   1.71     4.68
  SINCE JAN 1     35.28                     34.61   0.67    34.10

SNOWFALL (IN)
  YESTERDAY        0.0          MM      MM   0.0    0.0      0.0
  MONTH TO DATE    T                         0.2   -0.2      0.0
  SINCE SEP 1      T                         0.2   -0.2      0.0
  SINCE JUL 1      T                         0.2   -0.2      0.0
  SNOW DEPTH       0

DEGREE DAYS
 HEATING
  YESTERDAY       31                        25      6       15
  MONTH TO DATE  421                       339     82      203
  SINCE SEP 1    733                       813    -80      452
  SINCE JUL 1    734                       821    -87      453

 COOLING
  YESTERDAY        0                         0      0        0
  MONTH TO DATE    0                         0      0        3
  SINCE SEP 1    182                       120     62      241
  SINCE JAN 1    993                      1003    -10     1314
..................................................................


WIND (MPH)
  HIGHEST WIND SPEED    17   HIGHEST WIND DIRECTION    NW (310)
  HIGHEST GUST SPEED    21   HIGHEST GUST DIRECTION    NW (300)
  AVERAGE WIND SPEED     8.3


SKY COVER
  POSSIBLE SUNSHINE  MM
  AVERAGE SKY COVER 0.4


WEATHER CONDITIONS
 THE FOLLOWING WEATHER WAS RECORDED YESTERDAY.
  NO SIGNIFICANT WEATHER WAS OBSERVED.


RELATIVE HUMIDITY (PERCENT)
 HIGHEST    85           700 PM
 LOWEST     61          1200 AM
 AVERAGE    73

..........................................................


THE MOLINE IL CLIMATE NORMALS FOR TODAY
                         NORMAL    RECORD    YEAR
 MAXIMUM TEMPERATURE (F)   48        76      2016
 MINIMUM TEMPERATURE (F)   30        -1      1959


SUNRISE AND SUNSET
NOVEMBER 17 2017......SUNRISE   653 AM CST   SUNSET   440 PM CST
NOVEMBER 18 2017......SUNRISE   655 AM CST   SUNSET   440 PM CST


-  INDICATES NEGATIVE NUMBERS.
R  INDICATES RECORD WAS SET OR TIED.
MM INDICATES DATA IS MISSING.
T  INDICATES TRACE AMOUNT.




$$
