000
CDUS43 KDVN 310919
CLIMLI


CLIMATE REPORT
NATIONAL WEATHER SERVICE QUAD CITIES IA IL
417 AM CDT TUE MAY 31 2016


...................................

...THE MOLINE IL CLIMATE SUMMARY FOR MAY 30 2016...

CLIMATE NORMAL PERIOD 1981 TO 2010
CLIMATE RECORD PERIOD 1872 TO 2016


WEATHER ITEM   OBSERVED TIME   RECORD YEAR NORMAL DEPARTURE LAST
                VALUE   (LST)  VALUE       VALUE  FROM      YEAR
                                                  NORMAL
..................................................................
TEMPERATURE (F)
 YESTERDAY
  MAXIMUM         88    353 PM  98    1934  77     11       71
  MINIMUM         61    307 AM  38    1889  55      6       53
  AVERAGE         75                        66      9       62

PRECIPITATION (IN)
  YESTERDAY        0.01          2.47 2004   0.15  -0.14     0.19
  MONTH TO DATE    3.05                      4.17  -1.12     3.64
  SINCE MAR 1      8.40                     10.62  -2.22     6.01
  SINCE JAN 1      9.73                     13.71  -3.98     8.94

SNOWFALL (IN)
  YESTERDAY        0.0          MM      MM   0.0    0.0      0.0
  MONTH TO DATE    0.0                       0.0    0.0      0.0
  SINCE MAR 1      2.9                       4.9   -2.0      0.1
  SINCE JUL 1     24.1                      31.6   -7.5     39.1
  SNOW DEPTH       0

DEGREE DAYS
 HEATING
  YESTERDAY        0                         2     -2        3
  MONTH TO DATE  158                       158      0      111
  SINCE MAR 1   1174                      1383   -209     1324
  SINCE JUL 1   5163                      6181  -1018     6582

 COOLING
  YESTERDAY       10                         4      6        0
  MONTH TO DATE   82                        59     23       81
  SINCE MAR 1     93                        73     20       81
  SINCE JAN 1     93                        73     20       81
..................................................................


WIND (MPH)
  HIGHEST WIND SPEED    16   HIGHEST WIND DIRECTION     W (250)
  HIGHEST GUST SPEED    19   HIGHEST GUST DIRECTION    SW (230)
  AVERAGE WIND SPEED     3.3


SKY COVER
  POSSIBLE SUNSHINE  MM
  AVERAGE SKY COVER 0.1


WEATHER CONDITIONS
 THE FOLLOWING WEATHER WAS RECORDED YESTERDAY.
  THUNDERSTORM
  LIGHT RAIN


RELATIVE HUMIDITY (PERCENT)
 HIGHEST    84           400 AM
 LOWEST     39           500 PM
 AVERAGE    62

..........................................................


THE MOLINE IL CLIMATE NORMALS FOR TODAY
                         NORMAL    RECORD    YEAR
 MAXIMUM TEMPERATURE (F)   78       104      1934
 MINIMUM TEMPERATURE (F)   56        40      1897
                                             1889


SUNRISE AND SUNSET
MAY 31 2016...........SUNRISE   531 AM CDT   SUNSET   829 PM CDT
JUNE  1 2016..........SUNRISE   531 AM CDT   SUNSET   830 PM CDT


-  INDICATES NEGATIVE NUMBERS.
R  INDICATES RECORD WAS SET OR TIED.
MM INDICATES DATA IS MISSING.
T  INDICATES TRACE AMOUNT.




$$
