000
CDUS45 KBYZ 141039
CLIMLS


CLIMATE REPORT
NATIONAL WEATHER SERVICE BILLINGS MT
338 AM MST SUN FEB 14 2016


...................................

...THE MILES CITY MT CLIMATE SUMMARY FOR FEBRUARY 13 2016...

CLIMATE NORMAL PERIOD 1981 TO 2010
CLIMATE RECORD PERIOD 1937 TO 2016


WEATHER ITEM   OBSERVED TIME   RECORD YEAR NORMAL DEPARTURE LAST
                VALUE   (LST)  VALUE       VALUE  FROM      YEAR
                                                  NORMAL
..................................................................
TEMPERATURE (F)
 YESTERDAY
  MAXIMUM         46   1251 PM  60    2015  35     11       60
  MINIMUM         29    545 AM -25    1949  13     16       33
  AVERAGE         38                        24     14       47

PRECIPITATION (IN)
  YESTERDAY        0.11R         0.10 1980   0.01   0.10     0.00
  MONTH TO DATE    0.11                      0.09   0.02     0.12
  SINCE OCT 1      1.71                      2.01  -0.30     1.35
  SINCE JAN 1      0.45                      0.41   0.04     0.34

DEGREE DAYS
 HEATING
  YESTERDAY       27                        41    -14       18
  MONTH TO DATE  397                       554   -157      469
  SINCE DEC 1   2870                      3351   -481     3007
  SINCE JUL 1   4298                      5150   -852     4837

 COOLING
  YESTERDAY        0                         0      0        0
  MONTH TO DATE    0                         0      0        0
  SINCE DEC 1      0                         0      0        0
  SINCE JAN 1      0                         0      0        0
..................................................................


WIND (MPH)
  HIGHEST WIND SPEED    28   HIGHEST WIND DIRECTION    NW (300)
  HIGHEST GUST SPEED    35   HIGHEST GUST DIRECTION    NW (300)
  AVERAGE WIND SPEED    12.7


SKY COVER
  POSSIBLE SUNSHINE  MM
  AVERAGE SKY COVER 0.6


WEATHER CONDITIONS
 THE FOLLOWING WEATHER WAS RECORDED YESTERDAY.
  RAIN
  LIGHT RAIN
  FOG


RELATIVE HUMIDITY (PERCENT)
 HIGHEST    96           400 PM
 LOWEST     65           600 PM
 AVERAGE    81

..........................................................


THE MILES CITY MT CLIMATE NORMALS FOR TODAY
                         NORMAL    RECORD    YEAR
 MAXIMUM TEMPERATURE (F)   35        57      1981
 MINIMUM TEMPERATURE (F)   13       -17      1938


SUNRISE AND SUNSET
FEBRUARY 14 2016......SUNRISE   709 AM MST   SUNSET   527 PM MST
FEBRUARY 15 2016......SUNRISE   708 AM MST   SUNSET   528 PM MST


-  INDICATES NEGATIVE NUMBERS.
R  INDICATES RECORD WAS SET OR TIED.
MM INDICATES DATA IS MISSING.
T  INDICATES TRACE AMOUNT.





&&

THIS IS AN AUTOMATED...UNATTENDED WEATHER STATION AND MAY
UNDERESTIMATE WINTER PRECIPITATION.

$$
