000
CDUS45 KBYZ 252235
CLIMLS


CLIMATE REPORT
NATIONAL WEATHER SERVICE BILLINGS MT
433 PM MDT SAT MAR 25 2017


...................................

...THE MILES CITY MT CLIMATE SUMMARY FOR MARCH 25 2017...
VALID TODAY AS OF 0400 PM LOCAL TIME.

CLIMATE NORMAL PERIOD 1981 TO 2010
CLIMATE RECORD PERIOD 1937 TO 2017


WEATHER ITEM   OBSERVED TIME   RECORD YEAR NORMAL DEPARTURE LAST
                VALUE   (LST)  VALUE       VALUE  FROM      YEAR
                                                  NORMAL
..................................................................
TEMPERATURE (F)
 TODAY
  MAXIMUM         58    259 PM  78    2007  50      8       45
  MINIMUM         42    618 AM -10    1937  26     16       21
  AVERAGE         50                        38     12       33

PRECIPITATION (IN)
  TODAY            0.00          0.32 1950   0.02  -0.02     0.19
  MONTH TO DATE    0.49                      0.43   0.06     0.21
  SINCE OCT 1      2.04                      2.58  -0.54     2.28
  SINCE JAN 1      0.95                      0.98  -0.03     1.02

DEGREE DAYS
 HEATING
  TODAY           15                        27    -12       32
  MONTH TO DATE  703                       789    -86      549
  SINCE MAR 1    703                       789    -86      549
  SINCE JUL 1   6255                      6523   -268     5242

 COOLING
  TODAY            0                         0      0        0
  MONTH TO DATE    0                         0      0        0
  SINCE MAR 1      0                         0      0        0
  SINCE JAN 1      0                         0      0        0
..................................................................


WIND (MPH)
  HIGHEST WIND SPEED    20   HIGHEST WIND DIRECTION    NW (320)
  HIGHEST GUST SPEED    23   HIGHEST GUST DIRECTION    NW (320)
  AVERAGE WIND SPEED     8.9


SKY COVER
  POSSIBLE SUNSHINE  MM
  AVERAGE SKY COVER 0.6


WEATHER CONDITIONS
 THE FOLLOWING WEATHER WAS RECORDED TODAY.
  NO SIGNIFICANT WEATHER WAS OBSERVED.


RELATIVE HUMIDITY (PERCENT)
 HIGHEST    65           600 AM
 LOWEST     30          1200 PM
 AVERAGE    48

..........................................................


THE MILES CITY MT CLIMATE NORMALS FOR TOMORROW
                         NORMAL    RECORD    YEAR
 MAXIMUM TEMPERATURE (F)   51        81      1999
 MINIMUM TEMPERATURE (F)   27        -6      1937


SUNRISE AND SUNSET
MARCH 25 2017.........SUNRISE   656 AM MDT   SUNSET   723 PM MDT
MARCH 26 2017.........SUNRISE   654 AM MDT   SUNSET   725 PM MDT


-  INDICATES NEGATIVE NUMBERS.
R  INDICATES RECORD WAS SET OR TIED.
MM INDICATES DATA IS MISSING.
T  INDICATES TRACE AMOUNT.





&&

THIS IS AN AUTOMATED...UNATTENDED WEATHER STATION AND MAY
UNDERESTIMATE WINTER PRECIPITATION.

$$
