000
CDUS45 KBYZ 260724
CLIMLS


CLIMATE REPORT
NATIONAL WEATHER SERVICE BILLINGS MT
124 AM MDT MON JUN 26 2017


...................................

...THE MILES CITY MT CLIMATE SUMMARY FOR JUNE 25 2017...

CLIMATE NORMAL PERIOD 1981 TO 2010
CLIMATE RECORD PERIOD 1937 TO 2017


WEATHER ITEM   OBSERVED TIME   RECORD YEAR NORMAL DEPARTURE LAST
                VALUE   (LST)  VALUE       VALUE  FROM      YEAR
                                                  NORMAL
..................................................................
TEMPERATURE (F)
 YESTERDAY
  MAXIMUM         83    322 PM 105    2012  82      1       79
  MINIMUM         47    430 AM  37    1958  55     -8       53
  AVERAGE         65                        69     -4       66

PRECIPITATION (IN)
  YESTERDAY        0.00          1.13 1991   0.07  -0.07     0.00
  MONTH TO DATE    0.72                      2.19  -1.47     0.69
  SINCE OCT 1      4.25                      8.49  -4.24     9.81
  SINCE JAN 1      3.16                      6.89  -3.73     8.55

DEGREE DAYS
 HEATING
  YESTERDAY        0                         1     -1        0
  MONTH TO DATE   17                        83    -66        9
  SINCE JUN 1     17                        83    -66        9
  SINCE JUL 1   7114                      7632   -518     6101

 COOLING
  YESTERDAY        0                         5     -5        1
  MONTH TO DATE  109                        78     31      158
  SINCE JUN 1    109                        78     31      158
  SINCE JAN 1    130                        98     32      182
..................................................................


WIND (MPH)
  HIGHEST WIND SPEED    18   HIGHEST WIND DIRECTION     N (20)
  HIGHEST GUST SPEED    24   HIGHEST GUST DIRECTION     W (280)
  AVERAGE WIND SPEED     8.1


SKY COVER
  POSSIBLE SUNSHINE  MM
  AVERAGE SKY COVER 0.0


WEATHER CONDITIONS
 THE FOLLOWING WEATHER WAS RECORDED YESTERDAY.
  NO SIGNIFICANT WEATHER WAS OBSERVED.


RELATIVE HUMIDITY (PERCENT)
 HIGHEST    50           400 AM
 LOWEST     13           300 PM
 AVERAGE    32

..........................................................


THE MILES CITY MT CLIMATE NORMALS FOR TODAY
                         NORMAL    RECORD    YEAR
 MAXIMUM TEMPERATURE (F)   83       111      2012
 MINIMUM TEMPERATURE (F)   56        40      1950


SUNRISE AND SUNSET
JUNE 26 2017..........SUNRISE   513 AM MDT   SUNSET   900 PM MDT
JUNE 27 2017..........SUNRISE   513 AM MDT   SUNSET   900 PM MDT


-  INDICATES NEGATIVE NUMBERS.
R  INDICATES RECORD WAS SET OR TIED.
MM INDICATES DATA IS MISSING.
T  INDICATES TRACE AMOUNT.




$$
