000
CDUS45 KBYZ 252321
CLIMLS


CLIMATE REPORT
NATIONAL WEATHER SERVICE BILLINGS MT
421 PM MST SUN FEB 25 2018


...................................

...THE MILES CITY MT CLIMATE SUMMARY FOR FEBRUARY 25 2018...
VALID TODAY AS OF 0400 PM LOCAL TIME.

CLIMATE NORMAL PERIOD 1981 TO 2010
CLIMATE RECORD PERIOD 1937 TO 2018


WEATHER ITEM   OBSERVED TIME   RECORD YEAR NORMAL DEPARTURE LAST
                VALUE   (LST)  VALUE       VALUE  FROM      YEAR
                                                  NORMAL
..................................................................
TEMPERATURE (F)
 TODAY
  MAXIMUM         31    310 PM  67    1995  39     -8       35
  MINIMUM          2    646 AM -28    2011  16    -14       23
  AVERAGE         17                        27    -10       29

PRECIPITATION (IN)
  TODAY            0.00          0.65 2000   0.01  -0.01      T
  MONTH TO DATE    0.54                      0.20   0.34     0.39
  SINCE OCT 1      1.97                      2.12  -0.15     1.55
  SINCE JAN 1      0.78                      0.52   0.26     0.46

DEGREE DAYS
 HEATING
  TODAY           48                        38     10       36
  MONTH TO DATE 1518                      1027    491      917
  SINCE DEC 1   4387                      3824    563     4126
  SINCE JUL 1   6130                      5623    507     5441

 COOLING
  TODAY            0                         0      0        0
  MONTH TO DATE    0                         0      0        0
  SINCE DEC 1      0                         0      0        0
  SINCE JAN 1      0                         0      0        0
..................................................................


WIND (MPH)
  HIGHEST WIND SPEED    20   HIGHEST WIND DIRECTION    SW (240)
  HIGHEST GUST SPEED    21   HIGHEST GUST DIRECTION     W (250)
  AVERAGE WIND SPEED     9.1


SKY COVER
  POSSIBLE SUNSHINE  MM
  AVERAGE SKY COVER 0.1


WEATHER CONDITIONS
 THE FOLLOWING WEATHER WAS RECORDED TODAY.
  NO SIGNIFICANT WEATHER WAS OBSERVED.


RELATIVE HUMIDITY (PERCENT)
 HIGHEST    91           700 AM
 LOWEST     69           200 PM
 AVERAGE    80

..........................................................


THE MILES CITY MT CLIMATE NORMALS FOR TOMORROW
                         NORMAL    RECORD    YEAR
 MAXIMUM TEMPERATURE (F)   39        63      2016
 MINIMUM TEMPERATURE (F)   16       -31      2011


SUNRISE AND SUNSET
FEBRUARY 25 2018......SUNRISE   650 AM MST   SUNSET   544 PM MST
FEBRUARY 26 2018......SUNRISE   648 AM MST   SUNSET   545 PM MST


-  INDICATES NEGATIVE NUMBERS.
R  INDICATES RECORD WAS SET OR TIED.
MM INDICATES DATA IS MISSING.
T  INDICATES TRACE AMOUNT.




$$
