000
CDUS45 KBYZ 292225
CLIMLS


CLIMATE REPORT
NATIONAL WEATHER SERVICE BILLINGS MT
423 PM MDT SUN MAY 29 2016


...................................

...THE MILES CITY MT CLIMATE SUMMARY FOR MAY 29 2016...
VALID TODAY AS OF 0400 PM LOCAL TIME.

CLIMATE NORMAL PERIOD 1981 TO 2010
CLIMATE RECORD PERIOD 1937 TO 2016


WEATHER ITEM   OBSERVED TIME   RECORD YEAR NORMAL DEPARTURE LAST
                VALUE   (LST)  VALUE       VALUE  FROM      YEAR
                                                  NORMAL
..................................................................
TEMPERATURE (F)
 TODAY
  MAXIMUM         79    242 PM 100    1988  72      7       63
  MINIMUM         45    404 AM  31    1947  47     -2       42
  AVERAGE         62                        60      2       53

PRECIPITATION (IN)
  TODAY            0.00          1.22 2013   0.08  -0.08     0.00
  MONTH TO DATE    1.56                      2.01  -0.45     0.99
  SINCE OCT 1      8.25                      6.13   2.12     2.90
  SINCE JAN 1      6.99                      4.53   2.46     1.89

DEGREE DAYS
 HEATING
  TODAY            3                         6     -3       12
  MONTH TO DATE  221                       290    -69      322
  SINCE MAR 1   1383                      1802   -419     1509
  SINCE JUL 1   6076                      7536  -1460     6979

 COOLING
  TODAY            0                         1     -1        0
  MONTH TO DATE   22                        16      6        1
  SINCE MAR 1     24                        17      7        1
  SINCE JAN 1     24                        17      7        1
..................................................................


WIND (MPH)
  HIGHEST WIND SPEED    15   HIGHEST WIND DIRECTION     W (270)
  HIGHEST GUST SPEED    20   HIGHEST GUST DIRECTION     W (290)
  AVERAGE WIND SPEED     4.4


SKY COVER
  POSSIBLE SUNSHINE  MM
  AVERAGE SKY COVER 0.0


WEATHER CONDITIONS
 THE FOLLOWING WEATHER WAS RECORDED TODAY.
  NO SIGNIFICANT WEATHER WAS OBSERVED.


RELATIVE HUMIDITY (PERCENT)
 HIGHEST    86           200 AM
 LOWEST     25          1200 PM
 AVERAGE    56

..........................................................


THE MILES CITY MT CLIMATE NORMALS FOR TOMORROW
                         NORMAL    RECORD    YEAR
 MAXIMUM TEMPERATURE (F)   73        98      1984
 MINIMUM TEMPERATURE (F)   48        36      1982


SUNRISE AND SUNSET
MAY 29 2016...........SUNRISE   516 AM MDT   SUNSET   846 PM MDT
MAY 30 2016...........SUNRISE   516 AM MDT   SUNSET   847 PM MDT


-  INDICATES NEGATIVE NUMBERS.
R  INDICATES RECORD WAS SET OR TIED.
MM INDICATES DATA IS MISSING.
T  INDICATES TRACE AMOUNT.





&&

THIS IS AN AUTOMATED...UNATTENDED WEATHER STATION AND MAY
UNDERESTIMATE WINTER PRECIPITATION.

$$
