000
CDUS45 KBYZ 220723
CLIMLS


CLIMATE REPORT
NATIONAL WEATHER SERVICE BILLINGS MT
123 AM MDT FRI SEP 22 2017


...................................

...THE MILES CITY MT CLIMATE SUMMARY FOR SEPTEMBER 21 2017...

CLIMATE NORMAL PERIOD 1981 TO 2010
CLIMATE RECORD PERIOD 1937 TO 2017


WEATHER ITEM   OBSERVED TIME   RECORD YEAR NORMAL DEPARTURE LAST
                VALUE   (LST)  VALUE       VALUE  FROM      YEAR
                                                  NORMAL
..................................................................
TEMPERATURE (F)
 YESTERDAY
  MAXIMUM         56    438 PM  94    1938  71    -15       59
  MINIMUM         47   1027 PM  19    1995  44      3       54
  AVERAGE         52                        57     -5       57

PRECIPITATION (IN)
  YESTERDAY        0.02          0.45 1941   0.04  -0.02     0.00
  MONTH TO DATE    1.36                      0.74   0.62     1.06
  SINCE OCT 1      5.78                     12.10  -6.32    12.98
  SINCE JAN 1      4.69                     10.50  -5.81    11.72

DEGREE DAYS
 HEATING
  YESTERDAY       13                         9      4        8
  MONTH TO DATE  113                       108      5       94
  SINCE SEP 1    113                       108      5       94
  SINCE JUL 1    117                       142    -25      108

 COOLING
  YESTERDAY        0                         1     -1        0
  MONTH TO DATE   91                        52     39       48
  SINCE SEP 1     91                        52     39       48
  SINCE JAN 1    985                       724    261      859
..................................................................


WIND (MPH)
  HIGHEST WIND SPEED    18   HIGHEST WIND DIRECTION    NW (330)
  HIGHEST GUST SPEED    23   HIGHEST GUST DIRECTION    NW (320)
  AVERAGE WIND SPEED     9.7


SKY COVER
  POSSIBLE SUNSHINE  MM
  AVERAGE SKY COVER 0.9


WEATHER CONDITIONS
 THE FOLLOWING WEATHER WAS RECORDED YESTERDAY.
  LIGHT RAIN


RELATIVE HUMIDITY (PERCENT)
 HIGHEST    80           600 AM
 LOWEST     43           100 PM
 AVERAGE    62

..........................................................


THE MILES CITY MT CLIMATE NORMALS FOR TODAY
                         NORMAL    RECORD    YEAR
 MAXIMUM TEMPERATURE (F)   71        97      1938
 MINIMUM TEMPERATURE (F)   43        27      1995


SUNRISE AND SUNSET
SEPTEMBER 22 2017.....SUNRISE   651 AM MDT   SUNSET   700 PM MDT
SEPTEMBER 23 2017.....SUNRISE   652 AM MDT   SUNSET   658 PM MDT


-  INDICATES NEGATIVE NUMBERS.
R  INDICATES RECORD WAS SET OR TIED.
MM INDICATES DATA IS MISSING.
T  INDICATES TRACE AMOUNT.




$$
