000
CDUS45 KBYZ 300934
CLIMLS


CLIMATE REPORT
NATIONAL WEATHER SERVICE BILLINGS MT
333 AM MDT SUN AUG 30 2015


...................................

...THE MILES CITY MT CLIMATE SUMMARY FOR AUGUST 29 2015...

CLIMATE NORMAL PERIOD 1981 TO 2010
CLIMATE RECORD PERIOD 1937 TO 2015


WEATHER ITEM   OBSERVED TIME   RECORD YEAR NORMAL DEPARTURE LAST
                VALUE   (LST)  VALUE       VALUE  FROM      YEAR
                                                  NORMAL
..................................................................
TEMPERATURE (F)
 YESTERDAY
  MAXIMUM        100    432 PM 101    1995  83     17       73
  MINIMUM         58    615 AM  41    1965  54      4       58
  AVERAGE         79                        69     10       66

PRECIPITATION (IN)
  YESTERDAY        0.00          0.96 1964   0.03  -0.03      T
  MONTH TO DATE    0.64                      0.86  -0.22     2.17
  SINCE OCT 1      7.95                     11.31  -3.36    13.62
  SINCE JAN 1      6.94                      9.71  -2.77    11.94

DEGREE DAYS
 HEATING
  YESTERDAY        0                         2     -2        0
  MONTH TO DATE   41                        15     26       33
  SINCE JUN 1     66                       116    -50      128
  SINCE JUL 1     41                        27     14       34

 COOLING
  YESTERDAY       14                         5      9        1
  MONTH TO DATE  267                       248     19      237
  SINCE JUN 1    725                       643     82      558
  SINCE JAN 1    726                       663     63      592
..................................................................


WIND (MPH)
  HIGHEST WIND SPEED    16   HIGHEST WIND DIRECTION    SE (150)
  HIGHEST GUST SPEED    23   HIGHEST GUST DIRECTION     S (160)
  AVERAGE WIND SPEED     8.4


SKY COVER
  POSSIBLE SUNSHINE  MM
  AVERAGE SKY COVER 0.0


WEATHER CONDITIONS
 THE FOLLOWING WEATHER WAS RECORDED YESTERDAY.
  HAZE


RELATIVE HUMIDITY (PERCENT)
 HIGHEST    56           700 AM
 LOWEST     13           300 PM
 AVERAGE    35

..........................................................


THE MILES CITY MT CLIMATE NORMALS FOR TODAY
                         NORMAL    RECORD    YEAR
 MAXIMUM TEMPERATURE (F)   83       105      1948
 MINIMUM TEMPERATURE (F)   54        40      1992


SUNRISE AND SUNSET
AUGUST 30 2015........SUNRISE   621 AM MDT   SUNSET   746 PM MDT
AUGUST 31 2015........SUNRISE   622 AM MDT   SUNSET   745 PM MDT


-  INDICATES NEGATIVE NUMBERS.
R  INDICATES RECORD WAS SET OR TIED.
MM INDICATES DATA IS MISSING.
T  INDICATES TRACE AMOUNT.





&&

THIS IS AN AUTOMATED...UNATTENDED WEATHER STATION AND MAY
UNDERESTIMATE WINTER PRECIPITATION.

$$
