000
CDUS45 KBYZ 280937
CLIMLS


CLIMATE REPORT
NATIONAL WEATHER SERVICE BILLINGS MT
333 AM MDT THU JUL 28 2016


...................................

...THE MILES CITY MT CLIMATE SUMMARY FOR JULY 27 2016...

CLIMATE NORMAL PERIOD 1981 TO 2010
CLIMATE RECORD PERIOD 1937 TO 2016


WEATHER ITEM   OBSERVED TIME   RECORD YEAR NORMAL DEPARTURE LAST
                VALUE   (LST)  VALUE       VALUE  FROM      YEAR
                                                  NORMAL
..................................................................
TEMPERATURE (F)
 YESTERDAY
  MAXIMUM         85    431 PM 104    2006  90     -5       91
                                      1998
  MINIMUM         64   1159 PM  51    1969  61      3       56
  AVERAGE         75                        76     -1       74

PRECIPITATION (IN)
  YESTERDAY        0.08          1.14 1993   0.04   0.04     0.44
  MONTH TO DATE    1.34                      1.45  -0.11     0.90
  SINCE OCT 1     11.15                     10.26   0.89     7.31
  SINCE JAN 1      9.89                      8.66   1.23     6.30

DEGREE DAYS
 HEATING
  YESTERDAY        0                         0      0        0
  MONTH TO DATE    2                        10     -8        0
  SINCE JUN 1     11                        99    -88       25
  SINCE JUL 1      2                        10     -8        0

 COOLING
  YESTERDAY       10                        11     -1        9
  MONTH TO DATE  291                       247     44      272
  SINCE JUN 1    490                       354    136      434
  SINCE JAN 1    514                       374    140      435
..................................................................


WIND (MPH)
  HIGHEST WIND SPEED    22   HIGHEST WIND DIRECTION     E (110)
  HIGHEST GUST SPEED    27   HIGHEST GUST DIRECTION     N (360)
  AVERAGE WIND SPEED     8.7


SKY COVER
  POSSIBLE SUNSHINE  MM
  AVERAGE SKY COVER 0.3


WEATHER CONDITIONS
 THE FOLLOWING WEATHER WAS RECORDED YESTERDAY.
  THUNDERSTORM
  LIGHT RAIN


RELATIVE HUMIDITY (PERCENT)
 HIGHEST    87           700 AM
 LOWEST     40           500 PM
 AVERAGE    64

..........................................................


THE MILES CITY MT CLIMATE NORMALS FOR TODAY
                         NORMAL    RECORD    YEAR
 MAXIMUM TEMPERATURE (F)   90       108      1999
                                             1947
 MINIMUM TEMPERATURE (F)   61        52      2009
                                             1971


SUNRISE AND SUNSET
JULY 28 2016..........SUNRISE   541 AM MDT   SUNSET   839 PM MDT
JULY 29 2016..........SUNRISE   542 AM MDT   SUNSET   837 PM MDT


-  INDICATES NEGATIVE NUMBERS.
R  INDICATES RECORD WAS SET OR TIED.
MM INDICATES DATA IS MISSING.
T  INDICATES TRACE AMOUNT.





&&

THIS IS AN AUTOMATED...UNATTENDED WEATHER STATION AND MAY
UNDERESTIMATE WINTER PRECIPITATION.

$$
