000
CDUS41 KCAR 240528
CLIMLT


CLIMATE REPORT
NATIONAL WEATHER SERVICE CARIBOU, ME
127 AM EDT THU JUL 24 2014


...................................

...THE MILLINOCKET ME CLIMATE SUMMARY FOR JULY 23 2014...

CLIMATE NORMAL PERIOD 1981 TO 2010
CLIMATE RECORD PERIOD 1903 TO 2014


WEATHER ITEM   OBSERVED TIME   RECORD YEAR NORMAL DEPARTURE LAST
                VALUE   (LST)  VALUE       VALUE  FROM      YEAR
                                                  NORMAL
..................................................................
TEMPERATURE (F)
 YESTERDAY
  MAXIMUM         91    158 PM  94    1952  79     12       68
  MINIMUM         66    505 AM  43    1923  58      8       59
  AVERAGE         79                        68     11       64

PRECIPITATION (IN)
  YESTERDAY        0.28          1.35 2013   0.12   0.16     1.35
  MONTH TO DATE    3.17                      2.96   0.21     1.96
  SINCE JUN 1      7.74                      7.03   0.71     7.67
  SINCE JAN 1     21.64                     22.10  -0.46    18.83

SNOWFALL (IN)
  YESTERDAY       MM            MM      MM  MM     MM       MM
  MONTH TO DATE   MM                        MM     MM       MM
  SINCE JUN 1     MM                        MM     MM       MM
  SINCE JUL 1     MM                        MM     MM       MM
  SNOW DEPTH      MM

DEGREE DAYS
 HEATING
  YESTERDAY        0                         1     -1        1
  MONTH TO DATE    6                        23    -17        5
  SINCE JUN 1     82                       139    -57      106
  SINCE JUL 1      6                        23    -17        5

 COOLING
  YESTERDAY       14                         4     10        0
  MONTH TO DATE  154                        89     65      188
  SINCE JUN 1    212                       138     74      249
  SINCE JAN 1    214                       144     70      257
..................................................................


WIND (MPH)
  HIGHEST WIND SPEED    21   HIGHEST WIND DIRECTION    NW (310)
  HIGHEST GUST SPEED    27   HIGHEST GUST DIRECTION    NW (320)
  AVERAGE WIND SPEED     3.1


SKY COVER
  POSSIBLE SUNSHINE  MM
  AVERAGE SKY COVER 0.3


WEATHER CONDITIONS
 THE FOLLOWING WEATHER WAS RECORDED YESTERDAY.
  THUNDERSTORM
  LIGHT RAIN
  FOG
  HAZE


RELATIVE HUMIDITY (PERCENT)
 HIGHEST    97           900 PM
 LOWEST     44           200 PM
 AVERAGE    71

..........................................................


THE MILLINOCKET ME CLIMATE NORMALS FOR TODAY
                         NORMAL    RECORD    YEAR
 MAXIMUM TEMPERATURE (F)   79        94      1952
 MINIMUM TEMPERATURE (F)   58        42      1923


SUNRISE AND SUNSET
JULY 24 2014..........SUNRISE   509 AM EDT   SUNSET   813 PM EDT
JULY 25 2014..........SUNRISE   510 AM EDT   SUNSET   812 PM EDT


-  INDICATES NEGATIVE NUMBERS.
R  INDICATES RECORD WAS SET OR TIED.
MM INDICATES DATA IS MISSING.
T  INDICATES TRACE AMOUNT.




$$
