000
CDUS41 KCAR 250536
CLIMLT


CLIMATE REPORT
NATIONAL WEATHER SERVICE CARIBOU, ME
133 AM EDT MON SEP 25 2017


...................................

...THE MILLINOCKET ME CLIMATE SUMMARY FOR SEPTEMBER 24 2017...

CLIMATE NORMAL PERIOD 1981 TO 2010
CLIMATE RECORD PERIOD 1903 TO 2017


WEATHER ITEM   OBSERVED TIME   RECORD YEAR NORMAL DEPARTURE LAST
                VALUE   (LST)  VALUE       VALUE  FROM      YEAR
                                                  NORMAL
..................................................................
TEMPERATURE (F)
 YESTERDAY
  MAXIMUM         87R   307 PM  86    1920  64     23       59
  MINIMUM         58    541 AM  28    1963  43     15       37
                                      1953
  AVERAGE         73                        54     19       48

PRECIPITATION (IN)
  YESTERDAY        0.00          3.03 1981   0.14  -0.14     0.00
  MONTH TO DATE    3.14                      2.87   0.27     1.17
  SINCE SEP 1      3.14                      2.87   0.27     1.17
  SINCE JAN 1     27.78                     29.80  -2.02    24.17

SNOWFALL (IN)
  YESTERDAY       MM            MM      MM  MM     MM       MM
  MONTH TO DATE   MM                        MM     MM       MM
  SINCE SEP 1     MM                        MM     MM       MM
  SINCE JUL 1     MM                        MM     MM       MM
  SNOW DEPTH      MM

DEGREE DAYS
 HEATING
  YESTERDAY        0                        11    -11       17
  MONTH TO DATE   75                       172    -97       89
  SINCE SEP 1     75                       172    -97       89
  SINCE JUL 1    174                       251    -77      129

 COOLING
  YESTERDAY        8                         0      8        0
  MONTH TO DATE   24                        15      9       43
  SINCE SEP 1     24                        15      9       43
  SINCE JAN 1    240                       266    -26      350
..................................................................


WIND (MPH)
  HIGHEST WIND SPEED    12   HIGHEST WIND DIRECTION     W (290)
  HIGHEST GUST SPEED    18   HIGHEST GUST DIRECTION    NW (310)
  AVERAGE WIND SPEED     2.6


SKY COVER
  POSSIBLE SUNSHINE  MM
  AVERAGE SKY COVER 0.1


WEATHER CONDITIONS
 THE FOLLOWING WEATHER WAS RECORDED YESTERDAY.
  FOG


RELATIVE HUMIDITY (PERCENT)
 HIGHEST   100           100 AM
 LOWEST     50           200 PM
 AVERAGE    75

..........................................................


THE MILLINOCKET ME CLIMATE NORMALS FOR TODAY
                         NORMAL    RECORD    YEAR
 MAXIMUM TEMPERATURE (F)   64        84      1920
 MINIMUM TEMPERATURE (F)   43        26      1974
                                             1939


SUNRISE AND SUNSET
SEPTEMBER 25 2017.....SUNRISE   626 AM EDT   SUNSET   626 PM EDT
SEPTEMBER 26 2017.....SUNRISE   627 AM EDT   SUNSET   624 PM EDT


-  INDICATES NEGATIVE NUMBERS.
R  INDICATES RECORD WAS SET OR TIED.
MM INDICATES DATA IS MISSING.
T  INDICATES TRACE AMOUNT.




$$
