000
CDUS41 KCAR 050528
CLIMLT


CLIMATE REPORT
NATIONAL WEATHER SERVICE CARIBOU, ME
127 AM EDT SUN JUL 5 2015


...................................

...THE MILLINOCKET ME CLIMATE SUMMARY FOR JULY 4 2015...

CLIMATE NORMAL PERIOD 1981 TO 2010
CLIMATE RECORD PERIOD 1903 TO 2015


WEATHER ITEM   OBSERVED TIME   RECORD YEAR NORMAL DEPARTURE LAST
                VALUE   (LST)  VALUE       VALUE  FROM      YEAR
                                                  NORMAL
..................................................................
TEMPERATURE (F)
 YESTERDAY
  MAXIMUM         79   1237 PM 100    1912  78      1       73
  MINIMUM         51    344 AM  43    1982  58     -7       64
  AVERAGE         65                        68     -3       69

PRECIPITATION (IN)
  YESTERDAY        0.00          1.60 1910   0.13  -0.13     0.58
  MONTH TO DATE    0.49                      0.53  -0.04     0.64
  SINCE JUN 1      5.01                      4.60   0.41     5.21
  SINCE JAN 1     16.70                     19.67  -2.97    19.11

SNOWFALL (IN)
  YESTERDAY       MM            MM      MM  MM     MM       MM
  MONTH TO DATE   MM                        MM     MM       MM
  SINCE JUN 1     MM                        MM     MM       MM
  SINCE JUL 1     MM                        MM     MM       MM
  SNOW DEPTH      MM

DEGREE DAYS
 HEATING
  YESTERDAY        0                         1     -1        0
  MONTH TO DATE    1                         4     -3        0
  SINCE JUN 1    161                       120     41       76
  SINCE JUL 1      1                         4     -3        0

 COOLING
  YESTERDAY        0                         4     -4        4
  MONTH TO DATE    1                        13    -12       49
  SINCE JUN 1     21                        62    -41      107
  SINCE JAN 1     55                        68    -13      109
..................................................................


WIND (MPH)
  HIGHEST WIND SPEED    15   HIGHEST WIND DIRECTION    SE (150)
  HIGHEST GUST SPEED    28   HIGHEST GUST DIRECTION     S (170)
  AVERAGE WIND SPEED     1.7


SKY COVER
  POSSIBLE SUNSHINE  MM
  AVERAGE SKY COVER 0.1


WEATHER CONDITIONS
 THE FOLLOWING WEATHER WAS RECORDED YESTERDAY.
  FOG


RELATIVE HUMIDITY (PERCENT)
 HIGHEST    89           500 AM
 LOWEST     36          1100 AM
 AVERAGE    63

..........................................................


THE MILLINOCKET ME CLIMATE NORMALS FOR TODAY
                         NORMAL    RECORD    YEAR
 MAXIMUM TEMPERATURE (F)   78        95      1912
 MINIMUM TEMPERATURE (F)   58        39      1926


SUNRISE AND SUNSET
JULY  5 2015..........SUNRISE   452 AM EDT   SUNSET   827 PM EDT
JULY  6 2015..........SUNRISE   452 AM EDT   SUNSET   826 PM EDT


-  INDICATES NEGATIVE NUMBERS.
R  INDICATES RECORD WAS SET OR TIED.
MM INDICATES DATA IS MISSING.
T  INDICATES TRACE AMOUNT.




$$
