000
CDUS41 KCAR 090535
CLIMLT


CLIMATE REPORT
NATIONAL WEATHER SERVICE CARIBOU, ME
1235 AM EST TUE FEB 9 2016


...................................

...THE MILLINOCKET ME CLIMATE SUMMARY FOR FEBRUARY 8 2016...

CLIMATE NORMAL PERIOD 1981 TO 2010
CLIMATE RECORD PERIOD 1903 TO 2016


WEATHER ITEM   OBSERVED TIME   RECORD YEAR NORMAL DEPARTURE LAST
                VALUE   (LST)  VALUE       VALUE  FROM      YEAR
                                                  NORMAL
..................................................................
TEMPERATURE (F)
 YESTERDAY
  MAXIMUM         21    615 PM  48    1951  26     -5        5
  MINIMUM          8    615 AM -31    1993   6      2       -7
  AVERAGE         15                        16     -1       -1

PRECIPITATION (IN)
  YESTERDAY        T             1.08 1983   0.06  -0.06     0.06
  MONTH TO DATE    0.77                      0.47   0.30     0.16
  SINCE DEC 1      7.24                      6.93   0.31     8.00
  SINCE JAN 1      2.84                      3.40  -0.56     2.00

SNOWFALL (IN)
  YESTERDAY       MM            MM      MM  MM     MM       MM
  MONTH TO DATE   MM                        MM     MM       MM
  SINCE DEC 1     MM                        MM     MM       MM
  SINCE JUL 1     MM                        MM     MM       MM
  SNOW DEPTH      MM

DEGREE DAYS
 HEATING
  YESTERDAY       50                        49      1       66
  MONTH TO DATE  297                       398   -101      505
  SINCE DEC 1   2574                      3301   -727     3307
  SINCE JUL 1   4115                      5144  -1029     4903

 COOLING
  YESTERDAY        0                         0      0        0
  MONTH TO DATE    0                         0      0        0
  SINCE DEC 1      0                         0      0        0
  SINCE JAN 1      0                         0      0        0
..................................................................


WIND (MPH)
  HIGHEST WIND SPEED    17   HIGHEST WIND DIRECTION    NE (30)
  HIGHEST GUST SPEED    24   HIGHEST GUST DIRECTION    NE (40)
  AVERAGE WIND SPEED     9.7


SKY COVER
  POSSIBLE SUNSHINE  MM
  AVERAGE SKY COVER 0.4


WEATHER CONDITIONS
 THE FOLLOWING WEATHER WAS RECORDED YESTERDAY.
  LIGHT SNOW


RELATIVE HUMIDITY (PERCENT)
 HIGHEST    67          1100 PM
 LOWEST     42           100 AM
 AVERAGE    55

..........................................................


THE MILLINOCKET ME CLIMATE NORMALS FOR TODAY
                         NORMAL    RECORD    YEAR
 MAXIMUM TEMPERATURE (F)   26        48      1925
 MINIMUM TEMPERATURE (F)    6       -25      1918


SUNRISE AND SUNSET
FEBRUARY  9 2016......SUNRISE   646 AM EST   SUNSET   452 PM EST
FEBRUARY 10 2016......SUNRISE   645 AM EST   SUNSET   454 PM EST


-  INDICATES NEGATIVE NUMBERS.
R  INDICATES RECORD WAS SET OR TIED.
MM INDICATES DATA IS MISSING.
T  INDICATES TRACE AMOUNT.




$$
