000
CDUS41 KCAR 280532
CLIMLT


CLIMATE REPORT
NATIONAL WEATHER SERVICE CARIBOU, ME
1231 AM EST SAT FEB 28 2015


...................................

...THE MILLINOCKET ME CLIMATE SUMMARY FOR FEBRUARY 27 2015...

CLIMATE NORMAL PERIOD 1981 TO 2010
CLIMATE RECORD PERIOD 1903 TO 2015


WEATHER ITEM   OBSERVED TIME   RECORD YEAR NORMAL DEPARTURE LAST
                VALUE   (LST)  VALUE       VALUE  FROM      YEAR
                                                  NORMAL
..................................................................
TEMPERATURE (F)
 YESTERDAY
  MAXIMUM         20    345 PM  52    1903  33    -13       20
  MINIMUM          1    651 AM -24    1963  12    -11      -10
  AVERAGE         11                        22    -11        5

PRECIPITATION (IN)
  YESTERDAY        0.00          1.80 1979   0.10  -0.10     0.00
  MONTH TO DATE    1.39                      2.08  -0.69     1.61
  SINCE DEC 1      9.23                      8.54   0.69     7.43
  SINCE JAN 1      3.23                      5.01  -1.78     5.19

SNOWFALL (IN)
  YESTERDAY       MM            MM      MM  MM     MM       MM
  MONTH TO DATE   MM                        MM     MM       MM
  SINCE DEC 1     MM                        MM     MM       MM
  SINCE JUL 1     MM                        MM     MM       MM
  SNOW DEPTH      MM

DEGREE DAYS
 HEATING
  YESTERDAY       54                        42     12       60
  MONTH TO DATE 1594                      1264    330     1305
  SINCE DEC 1   4396                      4167    229     4291
  SINCE JUL 1   5992                      6010    -18     5983

 COOLING
  YESTERDAY        0                         0      0        0
  MONTH TO DATE    0                         0      0        0
  SINCE DEC 1      0                         0      0        0
  SINCE JAN 1      0                         0      0        0
..................................................................


WIND (MPH)
  HIGHEST WIND SPEED    18   HIGHEST WIND DIRECTION    NW (310)
  HIGHEST GUST SPEED    22   HIGHEST GUST DIRECTION    NW (320)
  AVERAGE WIND SPEED     7.4


SKY COVER
  POSSIBLE SUNSHINE  MM
  AVERAGE SKY COVER 0.2


WEATHER CONDITIONS
 THE FOLLOWING WEATHER WAS RECORDED YESTERDAY.
  NO SIGNIFICANT WEATHER WAS OBSERVED.


RELATIVE HUMIDITY (PERCENT)
 HIGHEST    57           500 AM
 LOWEST     31           200 PM
 AVERAGE    44

..........................................................


THE MILLINOCKET ME CLIMATE NORMALS FOR TODAY
                         NORMAL    RECORD    YEAR
 MAXIMUM TEMPERATURE (F)   33        55      1903
 MINIMUM TEMPERATURE (F)   13       -19      1963


SUNRISE AND SUNSET
FEBRUARY 28 2015......SUNRISE   615 AM EST   SUNSET   520 PM EST
MARCH  1 2015.........SUNRISE   614 AM EST   SUNSET   521 PM EST


-  INDICATES NEGATIVE NUMBERS.
R  INDICATES RECORD WAS SET OR TIED.
MM INDICATES DATA IS MISSING.
T  INDICATES TRACE AMOUNT.




$$
