000
CDUS41 KCAR 310529
CLIMLT


CLIMATE REPORT
NATIONAL WEATHER SERVICE CARIBOU, ME
128 AM EDT FRI JUL 31 2015


...................................

...THE MILLINOCKET ME CLIMATE SUMMARY FOR JULY 30 2015...

CLIMATE NORMAL PERIOD 1981 TO 2010
CLIMATE RECORD PERIOD 1903 TO 2015


WEATHER ITEM   OBSERVED TIME   RECORD YEAR NORMAL DEPARTURE LAST
                VALUE   (LST)  VALUE       VALUE  FROM      YEAR
                                                  NORMAL
..................................................................
TEMPERATURE (F)
 YESTERDAY
  MAXIMUM         85    243 PM  93    1959  78      7       77
  MINIMUM         58    444 AM  40    1952  57      1       50
  AVERAGE         72                        68      4       64

PRECIPITATION (IN)
  YESTERDAY        0.07          1.62 1957   0.12  -0.05     0.00
  MONTH TO DATE    3.51                      3.73  -0.22     4.34
  SINCE JUN 1      8.03                      7.80   0.23     8.91
  SINCE JAN 1     19.72                     22.87  -3.15    22.81

SNOWFALL (IN)
  YESTERDAY       MM            MM      MM  MM     MM       MM
  MONTH TO DATE   MM                        MM     MM       MM
  SINCE JUN 1     MM                        MM     MM       MM
  SINCE JUL 1     MM                        MM     MM       MM
  SNOW DEPTH      MM

DEGREE DAYS
 HEATING
  YESTERDAY        0                         1     -1        1
  MONTH TO DATE   21                        30     -9        9
  SINCE JUN 1    181                       146     35       85
  SINCE JUL 1     21                        30     -9        9

 COOLING
  YESTERDAY        7                         3      4        0
  MONTH TO DATE   96                       116    -20      171
  SINCE JUN 1    116                       165    -49      229
  SINCE JAN 1    150                       171    -21      231
..................................................................


WIND (MPH)
  HIGHEST WIND SPEED    13   HIGHEST WIND DIRECTION     S (160)
  HIGHEST GUST SPEED    20   HIGHEST GUST DIRECTION     S (170)
  AVERAGE WIND SPEED     2.9


SKY COVER
  POSSIBLE SUNSHINE  MM
  AVERAGE SKY COVER 0.2


WEATHER CONDITIONS
 THE FOLLOWING WEATHER WAS RECORDED YESTERDAY.
  LIGHT RAIN
  FOG


RELATIVE HUMIDITY (PERCENT)
 HIGHEST    97           100 AM
 LOWEST     58          1100 AM
 AVERAGE    78

..........................................................


THE MILLINOCKET ME CLIMATE NORMALS FOR TODAY
                         NORMAL    RECORD    YEAR
 MAXIMUM TEMPERATURE (F)   78        96      1908
 MINIMUM TEMPERATURE (F)   57        41      1932


SUNRISE AND SUNSET
JULY 31 2015..........SUNRISE   517 AM EDT   SUNSET   805 PM EDT
AUGUST  1 2015........SUNRISE   518 AM EDT   SUNSET   804 PM EDT


-  INDICATES NEGATIVE NUMBERS.
R  INDICATES RECORD WAS SET OR TIED.
MM INDICATES DATA IS MISSING.
T  INDICATES TRACE AMOUNT.




$$
