000
CDUS41 KCAR 220543
CLIMLT


CLIMATE REPORT
NATIONAL WEATHER SERVICE CARIBOU, ME
143 AM EDT FRI AUG 22 2014


...................................

...THE MILLINOCKET ME CLIMATE SUMMARY FOR AUGUST 21 2014...

CLIMATE NORMAL PERIOD 1981 TO 2010
CLIMATE RECORD PERIOD 1903 TO 2014


WEATHER ITEM   OBSERVED TIME   RECORD YEAR NORMAL DEPARTURE LAST
                VALUE   (LST)  VALUE       VALUE  FROM      YEAR
                                                  NORMAL
..................................................................
TEMPERATURE (F)
 YESTERDAY
  MAXIMUM         75    326 PM  93    1916  76     -1       88
  MINIMUM         57    350 AM  35    1926  54      3       60
  AVERAGE         66                        65      1       74

PRECIPITATION (IN)
  YESTERDAY        0.00          2.20 1967   0.15  -0.15     0.00
  MONTH TO DATE    2.26                      2.60  -0.34     3.90
  SINCE JUN 1     11.24                     10.52   0.72    13.20
  SINCE JAN 1     25.14                     25.59  -0.45    24.36

SNOWFALL (IN)
  YESTERDAY       MM            MM      MM  MM     MM       MM
  MONTH TO DATE   MM                        MM     MM       MM
  SINCE JUN 1     MM                        MM     MM       MM
  SINCE JUL 1     MM                        MM     MM       MM
  SNOW DEPTH      MM

DEGREE DAYS
 HEATING
  YESTERDAY        0                         2     -2        0
  MONTH TO DATE   13                        27    -14       17
  SINCE JUN 1     98                       167    -69      128
  SINCE JUL 1     22                        51    -29       27

 COOLING
  YESTERDAY        1                         2     -1        9
  MONTH TO DATE   47                        59    -12       38
  SINCE JUN 1    279                       225     54      312
  SINCE JAN 1    281                       231     50      320
..................................................................


WIND (MPH)
  HIGHEST WIND SPEED    10   HIGHEST WIND DIRECTION     E (90)
  HIGHEST GUST SPEED    13   HIGHEST GUST DIRECTION     E (100)
  AVERAGE WIND SPEED     3.1


SKY COVER
  POSSIBLE SUNSHINE  MM
  AVERAGE SKY COVER 0.5


WEATHER CONDITIONS
 THE FOLLOWING WEATHER WAS RECORDED YESTERDAY.
  NO SIGNIFICANT WEATHER WAS OBSERVED.


RELATIVE HUMIDITY (PERCENT)
 HIGHEST    93           300 AM
 LOWEST     60           100 PM
 AVERAGE    77

..........................................................


THE MILLINOCKET ME CLIMATE NORMALS FOR TODAY
                         NORMAL    RECORD    YEAR
 MAXIMUM TEMPERATURE (F)   76        93      1906
 MINIMUM TEMPERATURE (F)   54        36      1926


SUNRISE AND SUNSET
AUGUST 22 2014........SUNRISE   544 AM EDT   SUNSET   731 PM EDT
AUGUST 23 2014........SUNRISE   545 AM EDT   SUNSET   729 PM EDT


-  INDICATES NEGATIVE NUMBERS.
R  INDICATES RECORD WAS SET OR TIED.
MM INDICATES DATA IS MISSING.
T  INDICATES TRACE AMOUNT.




$$
