000
CDUS41 KCAR 290536
CLIMLT


CLIMATE REPORT
NATIONAL WEATHER SERVICE CARIBOU, ME
132 AM EDT SUN MAR 29 2015


...................................

...THE MILLINOCKET ME CLIMATE SUMMARY FOR MARCH 28 2015...

CLIMATE NORMAL PERIOD 1981 TO 2010
CLIMATE RECORD PERIOD 1903 TO 2015


WEATHER ITEM   OBSERVED TIME   RECORD YEAR NORMAL DEPARTURE LAST
                VALUE   (LST)  VALUE       VALUE  FROM      YEAR
                                                  NORMAL
..................................................................
TEMPERATURE (F)
 YESTERDAY
  MAXIMUM         37    407 PM  67    1993  42     -5       40
  MINIMUM         23   1159 PM   0    1974  22      1       24
  AVERAGE         30                        32     -2       32

PRECIPITATION (IN)
  YESTERDAY        0.00          1.49 1932   0.12  -0.12     0.03
  MONTH TO DATE    1.78                      2.69  -0.91     1.69
  SINCE MAR 1      1.78                      2.69  -0.91     1.69
  SINCE JAN 1      5.01                      7.80  -2.79     6.88

SNOWFALL (IN)
  YESTERDAY       MM            MM      MM  MM     MM       MM
  MONTH TO DATE   MM                        MM     MM       MM
  SINCE MAR 1     MM                        MM     MM       MM
  SINCE JUL 1     MM                        MM     MM       MM
  SNOW DEPTH      MM

DEGREE DAYS
 HEATING
  YESTERDAY       35                        33      2       33
  MONTH TO DATE 1152                      1050    102     1290
  SINCE MAR 1   1152                      1050    102     1290
  SINCE JUL 1   7197                      7102     95     7328

 COOLING
  YESTERDAY        0                         0      0        0
  MONTH TO DATE    0                         0      0        0
  SINCE MAR 1      0                         0      0        0
  SINCE JAN 1      0                         0      0        0
..................................................................


WIND (MPH)
  HIGHEST WIND SPEED    16   HIGHEST WIND DIRECTION     N (350)
  HIGHEST GUST SPEED    22   HIGHEST GUST DIRECTION    NW (330)
  AVERAGE WIND SPEED     8.7


SKY COVER
  POSSIBLE SUNSHINE  MM
  AVERAGE SKY COVER 0.4


WEATHER CONDITIONS
 THE FOLLOWING WEATHER WAS RECORDED YESTERDAY.
  NO SIGNIFICANT WEATHER WAS OBSERVED.


RELATIVE HUMIDITY (PERCENT)
 HIGHEST    60           500 AM
 LOWEST     35           400 PM
 AVERAGE    48

..........................................................


THE MILLINOCKET ME CLIMATE NORMALS FOR TODAY
                         NORMAL    RECORD    YEAR
 MAXIMUM TEMPERATURE (F)   42        73      1945
 MINIMUM TEMPERATURE (F)   23       -12      1923


SUNRISE AND SUNSET
MARCH 29 2015.........SUNRISE   621 AM EDT   SUNSET   659 PM EDT
MARCH 30 2015.........SUNRISE   619 AM EDT   SUNSET   700 PM EDT


-  INDICATES NEGATIVE NUMBERS.
R  INDICATES RECORD WAS SET OR TIED.
MM INDICATES DATA IS MISSING.
T  INDICATES TRACE AMOUNT.




$$
