000
CDUS41 KCAR 200527
CLIMLT


CLIMATE REPORT
NATIONAL WEATHER SERVICE CARIBOU, ME
126 AM EDT MON OCT 20 2014


...................................

...THE MILLINOCKET ME CLIMATE SUMMARY FOR OCTOBER 19 2014...

CLIMATE NORMAL PERIOD 1981 TO 2010
CLIMATE RECORD PERIOD 1903 TO 2014


WEATHER ITEM   OBSERVED TIME   RECORD YEAR NORMAL DEPARTURE LAST
                VALUE   (LST)  VALUE       VALUE  FROM      YEAR
                                                  NORMAL
..................................................................
TEMPERATURE (F)
 YESTERDAY
  MAXIMUM         54        MM  80    1968  54      0       61
  MINIMUM         41        MM  16    1972  35      6       43
  AVERAGE         48                        44      4       52

PRECIPITATION (IN)
  YESTERDAY        0.00          1.52 1916   0.12  -0.12      T
  MONTH TO DATE    3.46                      2.62   0.84     0.99
  SINCE SEP 1      4.06                      6.34  -2.28     5.67
  SINCE JAN 1     29.20                     33.27  -4.07    31.16

SNOWFALL (IN)
  YESTERDAY       MM            MM      MM  MM     MM       MM
  MONTH TO DATE   MM                        MM     MM       MM
  SINCE SEP 1     MM                        MM     MM       MM
  SINCE JUL 1     MM                        MM     MM       MM
  SNOW DEPTH      MM

DEGREE DAYS
 HEATING
  YESTERDAY       17                        21     -4       13
  MONTH TO DATE  221                       334   -113      217
  SINCE SEP 1    457                       583   -126      418
  SINCE JUL 1    485                       662   -177      463

 COOLING
  YESTERDAY        0                         0      0        0
  MONTH TO DATE    4                         0      4        0
  SINCE SEP 1     47                        17     30       28
  SINCE JAN 1    375                       268    107      380
..................................................................


WIND (MPH)
  HIGHEST WIND SPEED    21   HIGHEST WIND DIRECTION    NW (300)
  HIGHEST GUST SPEED    30   HIGHEST GUST DIRECTION    NW (300)
  AVERAGE WIND SPEED    11.4


SKY COVER
  POSSIBLE SUNSHINE  MM
  AVERAGE SKY COVER 1.0


WEATHER CONDITIONS
 THE FOLLOWING WEATHER WAS RECORDED YESTERDAY.
  FOG


RELATIVE HUMIDITY (PERCENT)
 HIGHEST    96          1200 AM
 LOWEST     58           200 PM
 AVERAGE    77

..........................................................


THE MILLINOCKET ME CLIMATE NORMALS FOR TODAY
                         NORMAL    RECORD    YEAR
 MAXIMUM TEMPERATURE (F)   53        78      1963
 MINIMUM TEMPERATURE (F)   35        18      1972


SUNRISE AND SUNSET
OCTOBER 20 2014.......SUNRISE   658 AM EDT   SUNSET   540 PM EDT
OCTOBER 21 2014.......SUNRISE   659 AM EDT   SUNSET   539 PM EDT


-  INDICATES NEGATIVE NUMBERS.
R  INDICATES RECORD WAS SET OR TIED.
MM INDICATES DATA IS MISSING.
T  INDICATES TRACE AMOUNT.




$$
