000
CDUS41 KCAR 240527
CLIMLT


CLIMATE REPORT
NATIONAL WEATHER SERVICE CARIBOU, ME
126 AM EDT FRI OCT 24 2014


...................................

...THE MILLINOCKET ME CLIMATE SUMMARY FOR OCTOBER 23 2014...

CLIMATE NORMAL PERIOD 1981 TO 2010
CLIMATE RECORD PERIOD 1903 TO 2014


WEATHER ITEM   OBSERVED TIME   RECORD YEAR NORMAL DEPARTURE LAST
                VALUE   (LST)  VALUE       VALUE  FROM      YEAR
                                                  NORMAL
..................................................................
TEMPERATURE (F)
 YESTERDAY
  MAXIMUM         48    219 PM  80    1979  52     -4       50
  MINIMUM         44   1159 PM  18    1959  34     10       31
  AVERAGE         46                        43      3       41

PRECIPITATION (IN)
  YESTERDAY        1.44          3.57 1937   0.12   1.32     0.00
  MONTH TO DATE    5.04                      3.12   1.92     1.11
  SINCE SEP 1      5.64                      6.84  -1.20     5.79
  SINCE JAN 1     30.78                     33.77  -2.99    31.28

SNOWFALL (IN)
  YESTERDAY       MM            MM      MM  MM     MM       MM
  MONTH TO DATE   MM                        MM     MM       MM
  SINCE SEP 1     MM                        MM     MM       MM
  SINCE JUL 1     MM                        MM     MM       MM
  SNOW DEPTH      MM

DEGREE DAYS
 HEATING
  YESTERDAY       19                        22     -3       24
  MONTH TO DATE  303                       420   -117      287
  SINCE SEP 1    539                       669   -130      488
  SINCE JUL 1    567                       748   -181      533

 COOLING
  YESTERDAY        0                         0      0        0
  MONTH TO DATE    4                         0      4        0
  SINCE SEP 1     47                        17     30       28
  SINCE JAN 1    375                       268    107      380
..................................................................


WIND (MPH)
  HIGHEST WIND SPEED    17   HIGHEST WIND DIRECTION     N (20)
  HIGHEST GUST SPEED    27   HIGHEST GUST DIRECTION    NE (40)
  AVERAGE WIND SPEED    11.1


SKY COVER
  POSSIBLE SUNSHINE  MM
  AVERAGE SKY COVER 1.0


WEATHER CONDITIONS
 THE FOLLOWING WEATHER WAS RECORDED YESTERDAY.
  HEAVY RAIN
  RAIN
  LIGHT RAIN
  FOG


RELATIVE HUMIDITY (PERCENT)
 HIGHEST    93           900 AM
 LOWEST     86           800 PM
 AVERAGE    90

..........................................................


THE MILLINOCKET ME CLIMATE NORMALS FOR TODAY
                         NORMAL    RECORD    YEAR
 MAXIMUM TEMPERATURE (F)   52        76      1979
 MINIMUM TEMPERATURE (F)   34        19      1905


SUNRISE AND SUNSET
OCTOBER 24 2014.......SUNRISE   703 AM EDT   SUNSET   534 PM EDT
OCTOBER 25 2014.......SUNRISE   705 AM EDT   SUNSET   532 PM EDT


-  INDICATES NEGATIVE NUMBERS.
R  INDICATES RECORD WAS SET OR TIED.
MM INDICATES DATA IS MISSING.
T  INDICATES TRACE AMOUNT.




$$
