000
CDUS41 KCAR 262027
CLIMLT


CLIMATE REPORT
NATIONAL WEATHER SERVICE CARIBOU, ME
427 PM EDT WED JUL 26 2017


...................................

...THE MILLINOCKET ME CLIMATE SUMMARY FOR JULY 26 2017...
VALID TODAY AS OF 0400 PM LOCAL TIME.

CLIMATE NORMAL PERIOD 1981 TO 2010
CLIMATE RECORD PERIOD 1903 TO 2017


WEATHER ITEM   OBSERVED TIME   RECORD YEAR NORMAL DEPARTURE LAST
                VALUE   (LST)  VALUE       VALUE  FROM      YEAR
                                                  NORMAL
..................................................................
TEMPERATURE (F)
 TODAY
  MAXIMUM         82    155 PM  95    1963  79      3       86
  MINIMUM         48    430 AM  40    1926  57     -9       63
  AVERAGE         65                        68     -3       75

PRECIPITATION (IN)
  TODAY            0.00          3.00 1972   0.10  -0.10     0.05
  MONTH TO DATE    1.39                      3.28  -1.89     2.15
  SINCE JUN 1      7.55                      7.35   0.20     5.07
  SINCE JAN 1     23.23                     22.42   0.81    18.68

SNOWFALL (IN)
  TODAY           MM            MM      MM  MM     MM       MM
  MONTH TO DATE   MM                        MM     MM       MM
  SINCE JUN 1     MM                        MM     MM       MM
  SINCE JUL 1     MM                        MM     MM       MM
  SNOW DEPTH      MM

DEGREE DAYS
 HEATING
  TODAY            0                         1     -1        0
  MONTH TO DATE   24                        26     -2       33
  SINCE JUN 1    144                       142      2      149
  SINCE JUL 1     24                        26     -2       33

 COOLING
  TODAY            0                         4     -4       10
  MONTH TO DATE   84                       101    -17      126
  SINCE JUN 1    136                       150    -14      152
  SINCE JAN 1    145                       156    -11      158
..................................................................


WIND (MPH)
  HIGHEST WIND SPEED    10   HIGHEST WIND DIRECTION     S (160)
  HIGHEST GUST SPEED    16   HIGHEST GUST DIRECTION     S (170)
  AVERAGE WIND SPEED     2.7


SKY COVER
  POSSIBLE SUNSHINE  MM
  AVERAGE SKY COVER 0.0


WEATHER CONDITIONS
 THE FOLLOWING WEATHER WAS RECORDED TODAY.
  NO SIGNIFICANT WEATHER WAS OBSERVED.


RELATIVE HUMIDITY (PERCENT)
 HIGHEST   100          1200 AM
 LOWEST     33           200 PM
 AVERAGE    67

..........................................................


THE MILLINOCKET ME CLIMATE NORMALS FOR TOMORROW
                         NORMAL    RECORD    YEAR
 MAXIMUM TEMPERATURE (F)   79        94      1989
                                             1949
 MINIMUM TEMPERATURE (F)   57        41      1946
                                             1923


SUNRISE AND SUNSET
JULY 26 2017..........SUNRISE   512 AM EDT   SUNSET   810 PM EDT
JULY 27 2017..........SUNRISE   513 AM EDT   SUNSET   809 PM EDT


-  INDICATES NEGATIVE NUMBERS.
R  INDICATES RECORD WAS SET OR TIED.
MM INDICATES DATA IS MISSING.
T  INDICATES TRACE AMOUNT.




$$
