000
CDUS44 KSHV 190733
CLIMLU


CLIMATE REPORT
NATIONAL WEATHER SERVICE SHREVEPORT, LA
231 AM CDT SAT APR 19 2014


...................................

...THE MONROE CLIMATE SUMMARY FOR APRIL 18 2014...

CLIMATE NORMAL PERIOD 1981 TO 2010
CLIMATE RECORD PERIOD 1930 TO 2014


WEATHER ITEM   OBSERVED TIME   RECORD YEAR NORMAL DEPARTURE LAST
                VALUE   (LST)  VALUE       VALUE  FROM      YEAR
                                                  NORMAL
..................................................................
TEMPERATURE (F)
 YESTERDAY
  MAXIMUM         75    403 PM  93    1987  79     -4       83
  MINIMUM         53    223 AM  39    2001  54     -1       49
                                      1999
  AVERAGE         64                        66     -2       66

PRECIPITATION (IN)
  YESTERDAY        T             1.10 1991   0.15  -0.15     0.78
  MONTH TO DATE    7.88                      2.64   5.24     5.09
  SINCE DEC 1     19.91                     22.29  -2.38    26.03
  SINCE JAN 1     16.65                     17.00  -0.35    21.30

SNOWFALL (IN)
  YESTERDAY        0.0
  MONTH TO DATE    0.0
  SINCE MAR 1      0.0
  SINCE JUL 1      0.5
  SNOW DEPTH       0

DEGREE DAYS
 HEATING
  YESTERDAY        1                         2     -1        0
  MONTH TO DATE  105                        65     40       86
  SINCE MAR 1    479                       315    164      451
  SINCE JUL 1   2805                      2209    596     2113

 COOLING
  YESTERDAY        0                         4     -4        1
  MONTH TO DATE   35                        48    -13       55
  SINCE MAR 1     42                        80    -38       63
  SINCE JAN 1     44                        91    -47       76
..................................................................


WIND (MPH)
  HIGHEST WIND SPEED    20   HIGHEST WIND DIRECTION    NE (60)
  HIGHEST GUST SPEED    25   HIGHEST GUST DIRECTION    NE (50)
  AVERAGE WIND SPEED     4.6


SKY COVER
  POSSIBLE SUNSHINE  MM
  AVERAGE SKY COVER 0.6


WEATHER CONDITIONS
 THE FOLLOWING WEATHER WAS RECORDED YESTERDAY.
  LIGHT RAIN
  FOG


RELATIVE HUMIDITY (PERCENT)
 HIGHEST    93          1200 AM
 LOWEST     49           400 PM
 AVERAGE    71

..........................................................


THE MONROE CLIMATE NORMALS FOR TODAY
                         NORMAL    RECORD    YEAR
 MAXIMUM TEMPERATURE (F)   79        93      1987
 MINIMUM TEMPERATURE (F)   55        38      1983


SUNRISE AND SUNSET
APRIL 19 2014.........SUNRISE   634 AM CDT   SUNSET   741 PM CDT
APRIL 20 2014.........SUNRISE   633 AM CDT   SUNSET   742 PM CDT


-  INDICATES NEGATIVE NUMBERS.
R  INDICATES RECORD WAS SET OR TIED.
MM INDICATES DATA IS MISSING.
T  INDICATES TRACE AMOUNT.




$$
