000
CDUS44 KSHV 250751
CLIMLU


CLIMATE REPORT
NATIONAL WEATHER SERVICE SHREVEPORT, LA
250 AM CDT TUE APR 25 2017


...................................

...THE MONROE CLIMATE SUMMARY FOR APRIL 24 2017...

CLIMATE NORMAL PERIOD 1981 TO 2010
CLIMATE RECORD PERIOD 1930 TO 2017


WEATHER ITEM   OBSERVED TIME   RECORD YEAR NORMAL DEPARTURE LAST
                VALUE   (LST)  VALUE       VALUE  FROM      YEAR
                                                  NORMAL
..................................................................
TEMPERATURE (F)
 YESTERDAY
  MAXIMUM         80    324 PM  91    1965  80      0       81
  MINIMUM         47    332 AM  43    2005  56     -9       53
  AVERAGE         64                        68     -4       67

PRECIPITATION (IN)
  YESTERDAY        0.00          3.03 1964   0.16  -0.16     0.00
  MONTH TO DATE    2.72                      3.60  -0.88     7.06
  SINCE DEC 1     21.24                     23.25  -2.01    45.24
  SINCE JAN 1     16.41                     17.96  -1.55    38.85

SNOWFALL (IN)
  YESTERDAY        0.0
  MONTH TO DATE    0.0
  SINCE MAR 1      0.0
  SINCE JUL 1      0.2
  SNOW DEPTH       0

DEGREE DAYS
 HEATING
  YESTERDAY        1                         1      0        0
  MONTH TO DATE   24                        75    -51       34
  SINCE MAR 1    189                       325   -136      166
  SINCE JUL 1   1385                      2219   -834     1594

 COOLING
  YESTERDAY        0                         4     -4        2
  MONTH TO DATE  114                        72     42       45
  SINCE MAR 1    205                       104    101       86
  SINCE JAN 1    264                       115    149       94
..................................................................


WIND (MPH)
  HIGHEST WIND SPEED    14   HIGHEST WIND DIRECTION    NW (330)
  HIGHEST GUST SPEED    18   HIGHEST GUST DIRECTION     N (350)
  AVERAGE WIND SPEED     3.9


SKY COVER
  POSSIBLE SUNSHINE  MM
  AVERAGE SKY COVER 0.0


WEATHER CONDITIONS
 THE FOLLOWING WEATHER WAS RECORDED YESTERDAY.
  FOG


RELATIVE HUMIDITY (PERCENT)
 HIGHEST   100           200 AM
 LOWEST     26           100 PM
 AVERAGE    63

..........................................................


THE MONROE CLIMATE NORMALS FOR TODAY
                         NORMAL    RECORD    YEAR
 MAXIMUM TEMPERATURE (F)   80        90      1989
 MINIMUM TEMPERATURE (F)   56        43      1969


SUNRISE AND SUNSET
APRIL 25 2017.........SUNRISE   627 AM CDT   SUNSET   745 PM CDT
APRIL 26 2017.........SUNRISE   626 AM CDT   SUNSET   746 PM CDT


-  INDICATES NEGATIVE NUMBERS.
R  INDICATES RECORD WAS SET OR TIED.
MM INDICATES DATA IS MISSING.
T  INDICATES TRACE AMOUNT.




$$
