000
CDUS44 KSHV 072344
CLIMLU


CLIMATE REPORT
NATIONAL WEATHER SERVICE SHREVEPORT, LA
543 PM CST SUN FEB 7 2016


...................................

...THE MONROE CLIMATE SUMMARY FOR FEBRUARY 7 2016...
VALID TODAY AS OF 0500 PM LOCAL TIME.

CLIMATE NORMAL PERIOD 1981 TO 2010
CLIMATE RECORD PERIOD 1930 TO 2016


WEATHER ITEM   OBSERVED TIME   RECORD YEAR NORMAL DEPARTURE LAST
                VALUE   (LST)  VALUE       VALUE  FROM      YEAR
                                                  NORMAL
..................................................................
TEMPERATURE (F)
 TODAY
  MAXIMUM         63    300 PM  82    1999  60      3       68
  MINIMUM         29    642 AM  20    1988  38     -9       32
  AVERAGE         46                        49     -3       50

PRECIPITATION (IN)
  TODAY            0.00          1.59 2005   0.16  -0.16     0.00
  MONTH TO DATE    0.22                      1.11  -0.89     0.39
  SINCE DEC 1     11.33                     11.41  -0.08     9.78
  SINCE JAN 1      4.94                      6.12  -1.18     5.30

SNOWFALL (IN)
  TODAY            0.0
  MONTH TO DATE    0.0
  SINCE DEC 1      T
  SINCE JUL 1      T
  SNOW DEPTH       0

DEGREE DAYS
 HEATING
  TODAY           19                        16      3       15
  MONTH TO DATE  101                       118    -17      148
  SINCE DEC 1    997                      1227   -230     1251
  SINCE JUL 1   1185                      1599   -414     1725

 COOLING
  TODAY            0                         0      0        0
  MONTH TO DATE    1                         0      1        0
  SINCE DEC 1     57                        11     46        1
  SINCE JAN 1      4                         4      0        0
..................................................................


WIND (MPH)
  HIGHEST WIND SPEED    17   HIGHEST WIND DIRECTION     W (270)
  HIGHEST GUST SPEED    21   HIGHEST GUST DIRECTION     W (280)
  AVERAGE WIND SPEED     3.7


SKY COVER
  POSSIBLE SUNSHINE  MM
  AVERAGE SKY COVER 0.0


WEATHER CONDITIONS
 THE FOLLOWING WEATHER WAS RECORDED TODAY.
  NO SIGNIFICANT WEATHER WAS OBSERVED.


RELATIVE HUMIDITY (PERCENT)
 HIGHEST   100           500 AM
 LOWEST     27           300 PM
 AVERAGE    64

..........................................................


THE MONROE CLIMATE NORMALS FOR TOMORROW
                         NORMAL    RECORD    YEAR
 MAXIMUM TEMPERATURE (F)   60        83      1937
 MINIMUM TEMPERATURE (F)   38        12      1933


SUNRISE AND SUNSET
FEBRUARY  7 2016......SUNRISE   658 AM CST   SUNSET   546 PM CST
FEBRUARY  8 2016......SUNRISE   658 AM CST   SUNSET   547 PM CST


-  INDICATES NEGATIVE NUMBERS.
R  INDICATES RECORD WAS SET OR TIED.
MM INDICATES DATA IS MISSING.
T  INDICATES TRACE AMOUNT.




$$
