000
CDUS44 KSHV 290740
CLIMLU


CLIMATE REPORT
NATIONAL WEATHER SERVICE SHREVEPORT, LA
239 AM CDT FRI APR 29 2016


...................................

...THE MONROE CLIMATE SUMMARY FOR APRIL 28 2016...

CLIMATE NORMAL PERIOD 1981 TO 2010
CLIMATE RECORD PERIOD 1930 TO 2016


WEATHER ITEM   OBSERVED TIME   RECORD YEAR NORMAL DEPARTURE LAST
                VALUE   (LST)  VALUE       VALUE  FROM      YEAR
                                                  NORMAL
..................................................................
TEMPERATURE (F)
 YESTERDAY
  MAXIMUM         87    418 PM  92    2002  81      6       64
  MINIMUM         60    537 AM  43    1965  57      3       53
  AVERAGE         74                        69      5       59

PRECIPITATION (IN)
  YESTERDAY        0.00          6.73 1991   0.15  -0.15     0.18
  MONTH TO DATE    8.26                      4.21   4.05     4.73
  SINCE DEC 1     46.44                     23.86  22.58    22.95
  SINCE JAN 1     40.05                     18.57  21.48    18.47

SNOWFALL (IN)
  YESTERDAY        0.0
  MONTH TO DATE    0.0
  SINCE MAR 1      0.0
  SINCE JUL 1      T
  SNOW DEPTH       0

DEGREE DAYS
 HEATING
  YESTERDAY        0                         1     -1        6
  MONTH TO DATE   34                        79    -45       42
  SINCE MAR 1    166                       329   -163      306
  SINCE JUL 1   1594                      2223   -629     2510

 COOLING
  YESTERDAY        9                         5      4        0
  MONTH TO DATE   82                        92    -10      126
  SINCE MAR 1    123                       124     -1      142
  SINCE JAN 1    131                       135     -4      142
..................................................................


WIND (MPH)
  HIGHEST WIND SPEED     9   HIGHEST WIND DIRECTION    NE (50)
  HIGHEST GUST SPEED    12   HIGHEST GUST DIRECTION    NE (60)
  AVERAGE WIND SPEED     2.8


SKY COVER
  POSSIBLE SUNSHINE  MM
  AVERAGE SKY COVER 0.1


WEATHER CONDITIONS
 THE FOLLOWING WEATHER WAS RECORDED YESTERDAY.
  FOG
  FOG W/VISIBILITY <= 1/4 MILE


RELATIVE HUMIDITY (PERCENT)
 HIGHEST   100          1200 AM
 LOWEST     37           300 PM
 AVERAGE    69

..........................................................


THE MONROE CLIMATE NORMALS FOR TODAY
                         NORMAL    RECORD    YEAR
 MAXIMUM TEMPERATURE (F)   81        92      1970
 MINIMUM TEMPERATURE (F)   58        41      1965


SUNRISE AND SUNSET
APRIL 29 2016.........SUNRISE   623 AM CDT   SUNSET   748 PM CDT
APRIL 30 2016.........SUNRISE   622 AM CDT   SUNSET   749 PM CDT


-  INDICATES NEGATIVE NUMBERS.
R  INDICATES RECORD WAS SET OR TIED.
MM INDICATES DATA IS MISSING.
T  INDICATES TRACE AMOUNT.




$$
