000
CDUS44 KSHV 100914
CLIMLU


CLIMATE REPORT
NATIONAL WEATHER SERVICE SHREVEPORT, LA
250 AM CST SAT DEC 10 2016


...................................

...THE MONROE CLIMATE SUMMARY FOR DECEMBER 9 2016...

CLIMATE NORMAL PERIOD 1981 TO 2010
CLIMATE RECORD PERIOD 1930 TO 2016


WEATHER ITEM   OBSERVED TIME   RECORD YEAR NORMAL DEPARTURE LAST
                VALUE   (LST)  VALUE       VALUE  FROM      YEAR
                                                  NORMAL
..................................................................
TEMPERATURE (F)
 YESTERDAY
  MAXIMUM         43    332 PM  81    2007  60    -17       70
  MINIMUM         27    701 AM  19    2006  38    -11       44
  AVERAGE         35                        49    -14       57

PRECIPITATION (IN)
  YESTERDAY        0.00          3.20 1961   0.18  -0.18     0.00
  MONTH TO DATE    3.72                      1.57   2.15     0.01
  SINCE DEC 1      3.72                      1.57   2.15     0.01
  SINCE JAN 1     67.33                     50.30  17.03    47.16

SNOWFALL (IN)
  YESTERDAY        0.0
  MONTH TO DATE    0.0
  SINCE DEC 1      0.0
  SINCE JUL 1      0.0
  SNOW DEPTH       0

DEGREE DAYS
 HEATING
  YESTERDAY       30                        16     14        8
  MONTH TO DATE  162                       136     26      125
  SINCE DEC 1    162                       136     26      125
  SINCE JUL 1    375                       508   -133      313

 COOLING
  YESTERDAY        0                         0      0        0
  MONTH TO DATE    0                         0      0        0
  SINCE DEC 1      0                         0      0        0
  SINCE JAN 1   2732                      2508    224     2689
..................................................................


WIND (MPH)
  HIGHEST WIND SPEED    16   HIGHEST WIND DIRECTION     N (20)
  HIGHEST GUST SPEED    19   HIGHEST GUST DIRECTION     N (20)
  AVERAGE WIND SPEED     7.9


SKY COVER
  POSSIBLE SUNSHINE  MM
  AVERAGE SKY COVER 0.0


WEATHER CONDITIONS
 THE FOLLOWING WEATHER WAS RECORDED YESTERDAY.
  NO SIGNIFICANT WEATHER WAS OBSERVED.


RELATIVE HUMIDITY (PERCENT)
 HIGHEST    78          1100 PM
 LOWEST     43           100 PM
 AVERAGE    61

..........................................................


THE MONROE CLIMATE NORMALS FOR TODAY
                         NORMAL    RECORD    YEAR
 MAXIMUM TEMPERATURE (F)   60        79      2007
 MINIMUM TEMPERATURE (F)   38        18      1995


SUNRISE AND SUNSET
DECEMBER 10 2016......SUNRISE   659 AM CST   SUNSET   503 PM CST
DECEMBER 11 2016......SUNRISE   700 AM CST   SUNSET   503 PM CST


-  INDICATES NEGATIVE NUMBERS.
R  INDICATES RECORD WAS SET OR TIED.
MM INDICATES DATA IS MISSING.
T  INDICATES TRACE AMOUNT.




$$
