742
CDUS44 KSHV 270731
CLIMLU


CLIMATE REPORT
NATIONAL WEATHER SERVICE SHREVEPORT, LA
231 AM CDT TUE JUN 27 2017


...................................

...THE MONROE CLIMATE SUMMARY FOR JUNE 26 2017...

CLIMATE NORMAL PERIOD 1981 TO 2010
CLIMATE RECORD PERIOD 1930 TO 2017


WEATHER ITEM   OBSERVED TIME   RECORD YEAR NORMAL DEPARTURE LAST
                VALUE   (LST)  VALUE       VALUE  FROM      YEAR
                                                  NORMAL
..................................................................
TEMPERATURE (F)
 YESTERDAY
  MAXIMUM         87    355 PM 108    1931  93     -6       95
  MINIMUM         63    456 AM  58    1974  71     -8       75
  AVERAGE         75                        82     -7       85

PRECIPITATION (IN)
  YESTERDAY        0.00          1.72 1999   0.16  -0.16     0.00
  MONTH TO DATE    8.50                      4.05   4.45     4.09
  SINCE DEC 1     38.96                     33.39   5.57    54.21
  SINCE JAN 1     34.13                     28.10   6.03    47.82

SNOWFALL (IN)
  YESTERDAY        0.0
  MONTH TO DATE    0.0
  SINCE JUN 1      0.0
  SINCE JUL 1      0.2
  SNOW DEPTH       0

DEGREE DAYS
 HEATING
  YESTERDAY        0                         0      0        0
  MONTH TO DATE    0                         0      0        0
  SINCE JUN 1      0                         0      0        0
  SINCE JUL 1   1400                      2230   -830     1595

 COOLING
  YESTERDAY       10                        17     -7       20
  MONTH TO DATE  348                       397    -49      419
  SINCE JUN 1    348                       397    -49      419
  SINCE JAN 1    866                       832     34      800
..................................................................


WIND (MPH)
  HIGHEST WIND SPEED    13   HIGHEST WIND DIRECTION    NE (50)
  HIGHEST GUST SPEED    16   HIGHEST GUST DIRECTION    NE (60)
  AVERAGE WIND SPEED     3.1


SKY COVER
  POSSIBLE SUNSHINE  MM
  AVERAGE SKY COVER 0.0


WEATHER CONDITIONS
 THE FOLLOWING WEATHER WAS RECORDED YESTERDAY.
  NO SIGNIFICANT WEATHER WAS OBSERVED.


RELATIVE HUMIDITY (PERCENT)
 HIGHEST   100           500 AM
 LOWEST     40           300 PM
 AVERAGE    70

..........................................................


THE MONROE CLIMATE NORMALS FOR TODAY
                         NORMAL    RECORD    YEAR
 MAXIMUM TEMPERATURE (F)   93       103      2009
 MINIMUM TEMPERATURE (F)   71        59      1974


SUNRISE AND SUNSET
JUNE 27 2017..........SUNRISE   603 AM CDT   SUNSET   819 PM CDT
JUNE 28 2017..........SUNRISE   603 AM CDT   SUNSET   819 PM CDT


-  INDICATES NEGATIVE NUMBERS.
R  INDICATES RECORD WAS SET OR TIED.
MM INDICATES DATA IS MISSING.
T  INDICATES TRACE AMOUNT.




$$
