000
CDUS46 KPQR 061141
CLIMMV


CLIMATE REPORT
NATIONAL WEATHER SERVICE PORTLAND OREGON
340 AM PST FRI MAR 6 2015


...................................

...THE MCMINNVILLE OR CLIMATE SUMMARY FOR MARCH 5 2015...

CLIMATE NORMAL PERIOD 1981 TO 2010
CLIMATE RECORD PERIOD 1894 TO 2015


WEATHER ITEM   OBSERVED TIME   RECORD YEAR NORMAL DEPARTURE LAST
                VALUE   (LST)  VALUE       VALUE  FROM      YEAR
                                                  NORMAL
..................................................................
TEMPERATURE (F)
 YESTERDAY
  MAXIMUM         61    342 PM  68    1984  54      7       59
  MINIMUM         31    717 AM  23    1920  36     -5       51
  AVERAGE         46                        45      1       55

PRECIPITATION (IN)
  YESTERDAY        0.00          1.25 1919   0.13  -0.13     1.05
  MONTH TO DATE    0.02                      0.61  -0.59     1.99
  SINCE OCT 1     25.54                     27.18  -1.64    15.22
  SINCE JAN 1      9.30                     11.15  -1.85    10.26

DEGREE DAYS
 HEATING
  YESTERDAY       19                        20     -1       10
  MONTH TO DATE  102                       102      0       77
  SINCE JUL 1   2579                      3481   -902     3502

 COOLING
  YESTERDAY        0                         0      0        0
  MONTH TO DATE    0                         0      0        0
  SINCE JAN 1      0                         0      0        0
..................................................................


WIND (MPH)
  HIGHEST WIND SPEED     6   HIGHEST WIND DIRECTION    NW (320)
  HIGHEST GUST SPEED     7   HIGHEST GUST DIRECTION     E (100)
  AVERAGE WIND SPEED     0.8


SKY COVER
  POSSIBLE SUNSHINE  MM
  AVERAGE SKY COVER 0.0


WEATHER CONDITIONS
 THE FOLLOWING WEATHER WAS RECORDED YESTERDAY.
  NO SIGNIFICANT WEATHER WAS OBSERVED.


RELATIVE HUMIDITY (PERCENT)
 HIGHEST    92           500 AM
 LOWEST     36           400 PM
 AVERAGE    64

..........................................................


THE MCMINNVILLE OR CLIMATE NORMALS FOR TODAY
                         NORMAL    RECORD    YEAR
 MAXIMUM TEMPERATURE (F)   54        69      2001
 MINIMUM TEMPERATURE (F)   36        15      1956


SUNRISE AND SUNSET
MARCH  6 2015.........SUNRISE   642 AM PST   SUNSET   606 PM PST
MARCH  7 2015.........SUNRISE   640 AM PST   SUNSET   608 PM PST


-  INDICATES NEGATIVE NUMBERS.
R  INDICATES RECORD WAS SET OR TIED.
MM INDICATES DATA IS MISSING.
T  INDICATES TRACE AMOUNT.




$$
