000
CDUS46 KPQR 291141
CLIMMV


CLIMATE REPORT
NATIONAL WEATHER SERVICE PORTLAND OREGON
441 AM PDT FRI AUG 29 2014


...................................

...THE MCMINNVILLE OR CLIMATE SUMMARY FOR AUGUST 28 2014...

CLIMATE NORMAL PERIOD 1981 TO 2010
CLIMATE RECORD PERIOD 1894 TO 2014


WEATHER ITEM   OBSERVED TIME   RECORD YEAR NORMAL DEPARTURE LAST
                VALUE   (LST)  VALUE       VALUE  FROM      YEAR
                                                  NORMAL
..................................................................
TEMPERATURE (F)
 YESTERDAY
  MAXIMUM         86    454 PM 103    1923  81      5       80
  MINIMUM         56    545 AM  36    1957  50      6       59
  AVERAGE         71                        65      6       70

PRECIPITATION (IN)
  YESTERDAY        0.00          0.55 1983   0.03  -0.03     0.10
  MONTH TO DATE    0.01                      0.50  -0.49     0.58
  SINCE OCT 1     27.47                     38.28 -10.81    32.12
  SINCE JAN 1     22.51                     22.25   0.26    10.98

DEGREE DAYS
 HEATING
  YESTERDAY        0                         2     -2        0
  MONTH TO DATE    1                        33    -32        6
  SINCE JUL 1      5                        77    -72       17

 COOLING
  YESTERDAY        6                         2      4        5
  MONTH TO DATE  201                        75    126      133
  SINCE JAN 1    441                       175    266      319
..................................................................


WIND (MPH)
  HIGHEST WIND SPEED    13   HIGHEST WIND DIRECTION     S (200)
  HIGHEST GUST SPEED    15   HIGHEST GUST DIRECTION    SW (210)
  AVERAGE WIND SPEED     4.2


SKY COVER
  POSSIBLE SUNSHINE  MM
  AVERAGE SKY COVER 0.0


WEATHER CONDITIONS
 THE FOLLOWING WEATHER WAS RECORDED YESTERDAY.
  NO SIGNIFICANT WEATHER WAS OBSERVED.


RELATIVE HUMIDITY (PERCENT)
 HIGHEST    86           400 AM
 LOWEST     34           300 PM
 AVERAGE    60

..........................................................


THE MCMINNVILLE OR CLIMATE NORMALS FOR TODAY
                         NORMAL    RECORD    YEAR
 MAXIMUM TEMPERATURE (F)   81       105      1931
 MINIMUM TEMPERATURE (F)   50        34      1969


SUNRISE AND SUNSET
AUGUST 29 2014........SUNRISE   531 AM PST   SUNSET   655 PM PST
AUGUST 30 2014........SUNRISE   532 AM PST   SUNSET   653 PM PST


-  INDICATES NEGATIVE NUMBERS.
R  INDICATES RECORD WAS SET OR TIED.
MM INDICATES DATA IS MISSING.
T  INDICATES TRACE AMOUNT.




$$
