000
CDUS46 KPQR 011144
CLIMMV


CLIMATE REPORT
NATIONAL WEATHER SERVICE PORTLAND OREGON
443 AM PDT SAT AUG 1 2015


...................................

...THE MCMINNVILLE OR CLIMATE SUMMARY FOR JULY 31 2015...

CLIMATE NORMAL PERIOD 1981 TO 2010
CLIMATE RECORD PERIOD 1894 TO 2015


WEATHER ITEM   OBSERVED TIME   RECORD YEAR NORMAL DEPARTURE LAST
                VALUE   (LST)  VALUE       VALUE  FROM      YEAR
                                                  NORMAL
..................................................................
TEMPERATURE (F)
 YESTERDAY
  MAXIMUM        103    449 PM 105    1965  84     19       95
  MINIMUM         58    533 AM  37    1953  52      6       55
  AVERAGE         81                        68     13       75

PRECIPITATION (IN)
  YESTERDAY        0.00          0.48 1989   0.01  -0.01     0.00
  MONTH TO DATE    T                         0.50  -0.50     0.38
  SINCE OCT 1     32.44                     37.78  -5.34    27.46
  SINCE JAN 1     16.20                     21.75  -5.55    22.50

DEGREE DAYS
 HEATING
  YESTERDAY        0                         1     -1        0
  MONTH TO DATE    5                        45    -40        4
  SINCE JUL 1      5                        44    -39        4

 COOLING
  YESTERDAY       16                         3     13       10
  MONTH TO DATE  216                        78    138      210
  SINCE JAN 1    346                       100    246      240
..................................................................


WIND (MPH)
  HIGHEST WIND SPEED    16   HIGHEST WIND DIRECTION     W (280)
  HIGHEST GUST SPEED    MM   HIGHEST GUST DIRECTION    MM
  AVERAGE WIND SPEED     3.6


SKY COVER
  POSSIBLE SUNSHINE  MM
  AVERAGE SKY COVER 0.0


WEATHER CONDITIONS
 THE FOLLOWING WEATHER WAS RECORDED YESTERDAY.
  NO SIGNIFICANT WEATHER WAS OBSERVED.


RELATIVE HUMIDITY (PERCENT)
 HIGHEST    78           200 AM
 LOWEST     13           300 PM
 AVERAGE    46

..........................................................


THE MCMINNVILLE OR CLIMATE NORMALS FOR TODAY
                         NORMAL    RECORD    YEAR
 MAXIMUM TEMPERATURE (F)   84       100      1965
 MINIMUM TEMPERATURE (F)   52        37      1957


SUNRISE AND SUNSET
AUGUST  1 2015........SUNRISE   457 AM PST   SUNSET   740 PM PST
AUGUST  2 2015........SUNRISE   458 AM PST   SUNSET   739 PM PST


-  INDICATES NEGATIVE NUMBERS.
R  INDICATES RECORD WAS SET OR TIED.
MM INDICATES DATA IS MISSING.
T  INDICATES TRACE AMOUNT.




$$
