000
CDUS46 KPQR 241146
CLIMMV


CLIMATE REPORT
NATIONAL WEATHER SERVICE PORTLAND OREGON
446 AM PDT FRI OCT 24 2014


...................................

...THE MCMINNVILLE OR CLIMATE SUMMARY FOR OCTOBER 23 2014...

CLIMATE NORMAL PERIOD 1981 TO 2010
CLIMATE RECORD PERIOD 1894 TO 2014


WEATHER ITEM   OBSERVED TIME   RECORD YEAR NORMAL DEPARTURE LAST
                VALUE   (LST)  VALUE       VALUE  FROM      YEAR
                                                  NORMAL
..................................................................
TEMPERATURE (F)
 YESTERDAY
  MAXIMUM         61   1116 AM  86    1929  60      1       71
  MINIMUM         51   1159 PM  28    1945  40     11       38
  AVERAGE         56                        50      6       55

PRECIPITATION (IN)
  YESTERDAY        0.42          1.51 1951   0.12   0.30     0.00
  MONTH TO DATE    4.38                      2.14   2.24     0.70
  SINCE OCT 1      4.38                      2.14   2.24     0.70
  SINCE JAN 1     28.16                     25.85   2.31    17.95

DEGREE DAYS
 HEATING
  YESTERDAY        9                        15     -6       10
  MONTH TO DATE  110                       275   -165      287
  SINCE JUL 1    150                       491   -341      422

 COOLING
  YESTERDAY        0                         0      0        0
  MONTH TO DATE   11                         0     11        0
  SINCE JAN 1    529                       214    315      405
..................................................................


WIND (MPH)
  HIGHEST WIND SPEED    15   HIGHEST WIND DIRECTION    NW (310)
  HIGHEST GUST SPEED    23   HIGHEST GUST DIRECTION    NW (310)
  AVERAGE WIND SPEED     4.8


SKY COVER
  POSSIBLE SUNSHINE  MM
  AVERAGE SKY COVER 0.8


WEATHER CONDITIONS
 THE FOLLOWING WEATHER WAS RECORDED YESTERDAY.
  HEAVY RAIN
  LIGHT RAIN
  FOG
  HAZE


RELATIVE HUMIDITY (PERCENT)
 HIGHEST   100          1200 AM
 LOWEST     75           300 PM
 AVERAGE    88

..........................................................


THE MCMINNVILLE OR CLIMATE NORMALS FOR TODAY
                         NORMAL    RECORD    YEAR
 MAXIMUM TEMPERATURE (F)   59        87      1929
 MINIMUM TEMPERATURE (F)   40        25      1916


SUNRISE AND SUNSET
OCTOBER 24 2014.......SUNRISE   641 AM PST   SUNSET   512 PM PST
OCTOBER 25 2014.......SUNRISE   642 AM PST   SUNSET   511 PM PST


-  INDICATES NEGATIVE NUMBERS.
R  INDICATES RECORD WAS SET OR TIED.
MM INDICATES DATA IS MISSING.
T  INDICATES TRACE AMOUNT.




$$
