000
CDUS46 KPQR 221144
CLIMMV


CLIMATE REPORT
NATIONAL WEATHER SERVICE PORTLAND OREGON
444 AM PDT WED OCT 22 2014


...................................

...THE MCMINNVILLE OR CLIMATE SUMMARY FOR OCTOBER 21 2014...

CLIMATE NORMAL PERIOD 1981 TO 2010
CLIMATE RECORD PERIOD 1894 TO 2014


WEATHER ITEM   OBSERVED TIME   RECORD YEAR NORMAL DEPARTURE LAST
                VALUE   (LST)  VALUE       VALUE  FROM      YEAR
                                                  NORMAL
..................................................................
TEMPERATURE (F)
 YESTERDAY
  MAXIMUM         62    143 PM  80    1929  60      2       75
  MINIMUM         52    624 AM  26    1928  40     12       41
  AVERAGE         57                        50      7       58

PRECIPITATION (IN)
  YESTERDAY        0.11          1.13 1954   0.12  -0.01     0.00
  MONTH TO DATE    2.06                      1.89   0.17     0.70
  SINCE OCT 1      2.06                      1.89   0.17     0.70
  SINCE JAN 1     25.84                     25.60   0.24    17.95

DEGREE DAYS
 HEATING
  YESTERDAY        8                        15     -7        7
  MONTH TO DATE   92                       245   -153      270
  SINCE JUL 1    132                       461   -329      405

 COOLING
  YESTERDAY        0                         0      0        0
  MONTH TO DATE   11                         0     11        0
  SINCE JAN 1    529                       214    315      405
..................................................................


WIND (MPH)
  HIGHEST WIND SPEED    21   HIGHEST WIND DIRECTION     S (180)
  HIGHEST GUST SPEED    26   HIGHEST GUST DIRECTION     S (180)
  AVERAGE WIND SPEED     9.4


SKY COVER
  POSSIBLE SUNSHINE  MM
  AVERAGE SKY COVER 0.9


WEATHER CONDITIONS
 THE FOLLOWING WEATHER WAS RECORDED YESTERDAY.
  LIGHT RAIN
  FOG


RELATIVE HUMIDITY (PERCENT)
 HIGHEST    96           600 AM
 LOWEST     67           900 PM
 AVERAGE    82

..........................................................


THE MCMINNVILLE OR CLIMATE NORMALS FOR TODAY
                         NORMAL    RECORD    YEAR
 MAXIMUM TEMPERATURE (F)   60        83      1929
 MINIMUM TEMPERATURE (F)   40        29      1905


SUNRISE AND SUNSET
OCTOBER 22 2014.......SUNRISE   638 AM PST   SUNSET   515 PM PST
OCTOBER 23 2014.......SUNRISE   639 AM PST   SUNSET   514 PM PST


-  INDICATES NEGATIVE NUMBERS.
R  INDICATES RECORD WAS SET OR TIED.
MM INDICATES DATA IS MISSING.
T  INDICATES TRACE AMOUNT.




$$
