000
CDUS46 KPQR 241145
CLIMMV


CLIMATE REPORT
NATIONAL WEATHER SERVICE PORTLAND OREGON
344 AM PST SAT JAN 24 2015


...................................

...THE MCMINNVILLE OR CLIMATE SUMMARY FOR JANUARY 23 2015...

CLIMATE NORMAL PERIOD 1981 TO 2010
CLIMATE RECORD PERIOD 1894 TO 2015


WEATHER ITEM   OBSERVED TIME   RECORD YEAR NORMAL DEPARTURE LAST
                VALUE   (LST)  VALUE       VALUE  FROM      YEAR
                                                  NORMAL
..................................................................
TEMPERATURE (F)
 YESTERDAY
  MAXIMUM         49   1016 PM  61    1970  49      0       54
  MINIMUM         43    330 AM   5    1943  34      9       38
  AVERAGE         46                        42      4       46

PRECIPITATION (IN)
  YESTERDAY        0.09          1.71 1905   0.18  -0.09     0.00
  MONTH TO DATE    3.29                      4.73  -1.44     2.09
  SINCE OCT 1     19.53                     20.76  -1.23     7.05
  SINCE JAN 1      3.29                      4.73  -1.44     2.09

DEGREE DAYS
 HEATING
  YESTERDAY       19                        24     -5       19
  MONTH TO DATE  499                       564    -65      547
  SINCE JUL 1   1889                      2569   -680     2587

 COOLING
  YESTERDAY        0                         0      0        0
  MONTH TO DATE    0                         0      0        0
  SINCE JAN 1      0                         0      0        0
..................................................................


WIND (MPH)
  HIGHEST WIND SPEED     8   HIGHEST WIND DIRECTION    SE (120)
  HIGHEST GUST SPEED     9   HIGHEST GUST DIRECTION    SE (120)
  AVERAGE WIND SPEED     1.5


SKY COVER
  POSSIBLE SUNSHINE  MM
  AVERAGE SKY COVER 1.0


WEATHER CONDITIONS
 THE FOLLOWING WEATHER WAS RECORDED YESTERDAY.
  RAIN
  LIGHT RAIN
  FOG


RELATIVE HUMIDITY (PERCENT)
 HIGHEST    96           200 AM
 LOWEST     86           900 AM
 AVERAGE    91

..........................................................


THE MCMINNVILLE OR CLIMATE NORMALS FOR TODAY
                         NORMAL    RECORD    YEAR
 MAXIMUM TEMPERATURE (F)   49        64      1958
 MINIMUM TEMPERATURE (F)   34        -2      1943


SUNRISE AND SUNSET
JANUARY 24 2015.......SUNRISE   741 AM PST   SUNSET   508 PM PST
JANUARY 25 2015.......SUNRISE   740 AM PST   SUNSET   510 PM PST


-  INDICATES NEGATIVE NUMBERS.
R  INDICATES RECORD WAS SET OR TIED.
MM INDICATES DATA IS MISSING.
T  INDICATES TRACE AMOUNT.




$$
