911
CDUS46 KPQR 190228
CLIMMV


CLIMATE REPORT
NATIONAL WEATHER SERVICE PORTLAND OREGON
728 PM PDT WED OCT 18 2017


...................................

...THE MCMINNVILLE OR CLIMATE SUMMARY FOR OCTOBER 18 2017...
VALID TODAY AS OF 0700 PM LOCAL TIME.

CLIMATE NORMAL PERIOD 1981 TO 2010
CLIMATE RECORD PERIOD 1894 TO 2017


WEATHER ITEM   OBSERVED TIME   RECORD YEAR NORMAL DEPARTURE LAST
                VALUE   (LST)  VALUE       VALUE  FROM      YEAR
                                                  NORMAL
..................................................................
TEMPERATURE (F)
 TODAY
  MAXIMUM         65    145 PM  80    1978  62      3       61
  MINIMUM         52    730 AM  22    1908  41     11       44
  AVERAGE         59                        51      8       53

PRECIPITATION (IN)
  TODAY            T                         0.12  -0.12     0.14
  MONTH TO DATE    0.52                      1.52  -1.00     7.51
  SINCE OCT 1      0.52                      1.52  -1.00     7.51
  SINCE JAN 1     32.26                     25.23   7.03    32.78

DEGREE DAYS
 HEATING
  TODAY            6                                        12
  MONTH TO DATE  221                                       168
  SINCE SEP 1    312                                       290
  SINCE JUL 1    321                                       326

 COOLING
  TODAY            0                                         0
  MONTH TO DATE    0                                         0
  SINCE SEP 1    111                                        14
  SINCE JAN 1    507                                       363
..................................................................


WIND (MPH)
  HIGHEST WIND SPEED    23   HIGHEST WIND DIRECTION     S (200)
  HIGHEST GUST SPEED    30   HIGHEST GUST DIRECTION    SW (210)
  AVERAGE WIND SPEED     8.0


SKY COVER
  POSSIBLE SUNSHINE  MM
  AVERAGE SKY COVER 0.9


WEATHER CONDITIONS
 THE FOLLOWING WEATHER WAS RECORDED TODAY.
  LIGHT RAIN
  FOG


RELATIVE HUMIDITY (PERCENT)
 HIGHEST   100          1200 AM
 LOWEST     67           400 PM
 AVERAGE    84

..........................................................


THE MCMINNVILLE OR CLIMATE NORMALS FOR TOMORROW
                         NORMAL    RECORD    YEAR
 MAXIMUM TEMPERATURE (F)   61        81      1940
 MINIMUM TEMPERATURE (F)   40        26      1949


SUNRISE AND SUNSET
OCTOBER 18 2017.......SUNRISE   633 AM PST   SUNSET   522 PM PST
OCTOBER 19 2017.......SUNRISE   634 AM PST   SUNSET   520 PM PST


-  INDICATES NEGATIVE NUMBERS.
R  INDICATES RECORD WAS SET OR TIED.
MM INDICATES DATA IS MISSING.
T  INDICATES TRACE AMOUNT.




$$
