000
CDUS46 KPQR 241141
CLIMMV


CLIMATE REPORT
NATIONAL WEATHER SERVICE PORTLAND OREGON
441 AM PDT SUN JUL 24 2016


...................................

...THE MCMINNVILLE OR CLIMATE SUMMARY FOR JULY 23 2016...

CLIMATE NORMAL PERIOD 1981 TO 2010
CLIMATE RECORD PERIOD 1894 TO 2016


WEATHER ITEM   OBSERVED TIME   RECORD YEAR NORMAL DEPARTURE LAST
                VALUE   (LST)  VALUE       VALUE  FROM      YEAR
                                                  NORMAL
..................................................................
TEMPERATURE (F)
 YESTERDAY
  MAXIMUM         78    450 PM 108    1924  83     -5       83
  MINIMUM         57    434 AM  36    1960  52      5       56
  AVERAGE         68                        67      1       70

PRECIPITATION (IN)
  YESTERDAY        0.00          0.30 2014   0.01  -0.01     0.00
  MONTH TO DATE    0.35                      0.43  -0.08      T
  SINCE OCT 1     49.54                     37.71  11.83    32.44
  SINCE JAN 1     24.47                     21.68   2.79    16.20

DEGREE DAYS
 HEATING
  YESTERDAY        0                         1     -1        0
  MONTH TO DATE   17                        37    -20        3
  SINCE JUL 1     17                        37    -20        3

 COOLING
  YESTERDAY        3                         3      0        5
  MONTH TO DATE   33                        53    -20      165
  SINCE JAN 1    124                        75     49      295
..................................................................


WIND (MPH)
  HIGHEST WIND SPEED    17   HIGHEST WIND DIRECTION     N (10)
  HIGHEST GUST SPEED    22   HIGHEST GUST DIRECTION     N (10)
  AVERAGE WIND SPEED     5.4


SKY COVER
  POSSIBLE SUNSHINE  MM
  AVERAGE SKY COVER 0.4


WEATHER CONDITIONS
 THE FOLLOWING WEATHER WAS RECORDED YESTERDAY.
  NO SIGNIFICANT WEATHER WAS OBSERVED.


RELATIVE HUMIDITY (PERCENT)
 HIGHEST    86           400 AM
 LOWEST     39           300 PM
 AVERAGE    63

..........................................................


THE MCMINNVILLE OR CLIMATE NORMALS FOR TODAY
                         NORMAL    RECORD    YEAR
 MAXIMUM TEMPERATURE (F)   83       110      1924
 MINIMUM TEMPERATURE (F)   52        35      1960


SUNRISE AND SUNSET
JULY 24 2016..........SUNRISE   449 AM PST   SUNSET   748 PM PST
JULY 25 2016..........SUNRISE   450 AM PST   SUNSET   747 PM PST


-  INDICATES NEGATIVE NUMBERS.
R  INDICATES RECORD WAS SET OR TIED.
MM INDICATES DATA IS MISSING.
T  INDICATES TRACE AMOUNT.




$$
