000
CDUS46 KPQR 031147
CLIMMV


CLIMATE REPORT
NATIONAL WEATHER SERVICE PORTLAND OREGON
446 AM PDT TUE MAY 3 2016


...................................

...THE MCMINNVILLE OR CLIMATE SUMMARY FOR MAY 2 2016...

CLIMATE NORMAL PERIOD 1981 TO 2010
CLIMATE RECORD PERIOD 1894 TO 2016


WEATHER ITEM   OBSERVED TIME   RECORD YEAR NORMAL DEPARTURE LAST
                VALUE   (LST)  VALUE       VALUE  FROM      YEAR
                                                  NORMAL
..................................................................
TEMPERATURE (F)
 YESTERDAY
  MAXIMUM         83    239 PM  85    1998  65     18       72
  MINIMUM         48    439 AM  29    1964  41      7       39
  AVERAGE         66                        53     13       56

PRECIPITATION (IN)
  YESTERDAY        0.01          1.06 1896   0.07  -0.06     0.00
  MONTH TO DATE    0.01                      0.13  -0.12     0.00
  SINCE OCT 1     46.77                     33.64  13.13    30.88
  SINCE JAN 1     21.70                     17.61   4.09    14.64

DEGREE DAYS
 HEATING
  YESTERDAY        0                        12    -12        9
  MONTH TO DATE    3                        24    -21       15
  SINCE JUL 1   3532                      4422   -890     3361

 COOLING
  YESTERDAY        1                         0      1        0
  MONTH TO DATE    1                         0      1        0
  SINCE JAN 1     12                         0     12        0
..................................................................


WIND (MPH)
  HIGHEST WIND SPEED    20   HIGHEST WIND DIRECTION    SW (240)
  HIGHEST GUST SPEED    24   HIGHEST GUST DIRECTION    SW (240)
  AVERAGE WIND SPEED     5.1


SKY COVER
  POSSIBLE SUNSHINE  MM
  AVERAGE SKY COVER 0.0


WEATHER CONDITIONS
 THE FOLLOWING WEATHER WAS RECORDED YESTERDAY.
  LIGHT RAIN


RELATIVE HUMIDITY (PERCENT)
 HIGHEST    80           500 AM
 LOWEST     31           500 PM
 AVERAGE    56

..........................................................


THE MCMINNVILLE OR CLIMATE NORMALS FOR TODAY
                         NORMAL    RECORD    YEAR
 MAXIMUM TEMPERATURE (F)   65        87      1992
 MINIMUM TEMPERATURE (F)   41        26      1952


SUNRISE AND SUNSET
MAY  3 2016...........SUNRISE   458 AM PST   SUNSET   722 PM PST
MAY  4 2016...........SUNRISE   456 AM PST   SUNSET   723 PM PST


-  INDICATES NEGATIVE NUMBERS.
R  INDICATES RECORD WAS SET OR TIED.
MM INDICATES DATA IS MISSING.
T  INDICATES TRACE AMOUNT.




$$
