000
CDUS46 KPQR 010225
CLIMMV


CLIMATE REPORT
NATIONAL WEATHER SERVICE PORTLAND OREGON
725 PM PDT SUN AUG 31 2014


...................................

...THE MCMINNVILLE OR CLIMATE SUMMARY FOR AUGUST 31 2014...
VALID TODAY AS OF 0700 PM LOCAL TIME.

CLIMATE NORMAL PERIOD 1981 TO 2010
CLIMATE RECORD PERIOD 1894 TO 2014


WEATHER ITEM   OBSERVED TIME   RECORD YEAR NORMAL DEPARTURE LAST
                VALUE   (LST)  VALUE       VALUE  FROM      YEAR
                                                  NORMAL
..................................................................
TEMPERATURE (F)
 TODAY
  MAXIMUM         77        MM 101    1987  81     -4       89
  MINIMUM         55        MM  34    1905  49      6       52
  AVERAGE         66                        65      1       71

PRECIPITATION (IN)
  TODAY            0.00          0.50 1997   0.03  -0.03     0.00
  MONTH TO DATE    0.14                      0.58  -0.44     0.66
  SINCE OCT 1     27.60                     38.36 -10.76    32.20
  SINCE JAN 1     22.64                     22.33   0.31    11.06

DEGREE DAYS
 HEATING
  TODAY            0                         2     -2        0
  MONTH TO DATE    2                        39    -37        6
  SINCE JUL 1      6                        85    -79       17

 COOLING
  TODAY            1                         2     -1        6
  MONTH TO DATE  205                        84    121      151
  SINCE JAN 1    445                       184    261      337
..................................................................


WIND (MPH)
  HIGHEST WIND SPEED    10   HIGHEST WIND DIRECTION     W (250)
  HIGHEST GUST SPEED    MM   HIGHEST GUST DIRECTION    MM
  AVERAGE WIND SPEED     3.4


SKY COVER
  POSSIBLE SUNSHINE  MM
  AVERAGE SKY COVER 0.6


WEATHER CONDITIONS
 THE FOLLOWING WEATHER WAS RECORDED TODAY.
  NO SIGNIFICANT WEATHER WAS OBSERVED.


RELATIVE HUMIDITY (PERCENT)
 HIGHEST    93           100 AM
 LOWEST     36           400 PM
 AVERAGE    65

..........................................................


THE MCMINNVILLE OR CLIMATE NORMALS FOR TOMORROW
                         NORMAL    RECORD    YEAR
 MAXIMUM TEMPERATURE (F)   80       101      1988
 MINIMUM TEMPERATURE (F)   49        34      1973


SUNRISE AND SUNSET
AUGUST 31 2014........SUNRISE   533 AM PST   SUNSET   651 PM PST
SEPTEMBER  1 2014.....SUNRISE   534 AM PST   SUNSET   650 PM PST


-  INDICATES NEGATIVE NUMBERS.
R  INDICATES RECORD WAS SET OR TIED.
MM INDICATES DATA IS MISSING.
T  INDICATES TRACE AMOUNT.




$$
