000
CDUS46 KPQR 221143
CLIMMV


CLIMATE REPORT
NATIONAL WEATHER SERVICE PORTLAND OREGON
343 AM PST SUN JAN 22 2017


...................................

...THE MCMINNVILLE OR CLIMATE SUMMARY FOR JANUARY 21 2017...

CLIMATE NORMAL PERIOD 1981 TO 2010
CLIMATE RECORD PERIOD 1894 TO 2017


WEATHER ITEM   OBSERVED TIME   RECORD YEAR NORMAL DEPARTURE LAST
                VALUE   (LST)  VALUE       VALUE  FROM      YEAR
                                                  NORMAL
..................................................................
TEMPERATURE (F)
 YESTERDAY
  MAXIMUM         50    329 PM  63    1926  48      2       52
  MINIMUM         39   1057 PM  12    1962  34      5       45
  AVERAGE         45                        41      4       49

PRECIPITATION (IN)
  YESTERDAY        0.24          1.42 1914   0.19   0.05     0.26
  MONTH TO DATE    3.58                      4.38  -0.80     6.31
  SINCE OCT 1     27.39                     20.41   6.98    31.38
  SINCE JAN 1      3.58                      4.38  -0.80     6.31

DEGREE DAYS
 HEATING
  YESTERDAY       20                        24     -4       16
  MONTH TO DATE  669                       516    153      495
  SINCE JUL 1   2438                      2521    -83     2110

 COOLING
  YESTERDAY        0                         0      0        0
  MONTH TO DATE    0                         0      0        0
  SINCE JAN 1      0                         0      0        0
..................................................................


WIND (MPH)
  HIGHEST WIND SPEED    22   HIGHEST WIND DIRECTION     S (190)
  HIGHEST GUST SPEED    29   HIGHEST GUST DIRECTION     S (190)
  AVERAGE WIND SPEED     7.8


SKY COVER
  POSSIBLE SUNSHINE  MM
  AVERAGE SKY COVER 0.7


WEATHER CONDITIONS
 THE FOLLOWING WEATHER WAS RECORDED YESTERDAY.
  RAIN
  LIGHT RAIN
  FOG


RELATIVE HUMIDITY (PERCENT)
 HIGHEST    93           700 AM
 LOWEST     80           400 PM
 AVERAGE    87

..........................................................


THE MCMINNVILLE OR CLIMATE NORMALS FOR TODAY
                         NORMAL    RECORD    YEAR
 MAXIMUM TEMPERATURE (F)   48        58      2016
                                             1958
 MINIMUM TEMPERATURE (F)   34        10      1927


SUNRISE AND SUNSET
JANUARY 22 2017.......SUNRISE   743 AM PST   SUNSET   506 PM PST
JANUARY 23 2017.......SUNRISE   742 AM PST   SUNSET   508 PM PST


-  INDICATES NEGATIVE NUMBERS.
R  INDICATES RECORD WAS SET OR TIED.
MM INDICATES DATA IS MISSING.
T  INDICATES TRACE AMOUNT.




$$
