505
CDUS46 KPQR 192321
CLIMMV


CLIMATE REPORT
NATIONAL WEATHER SERVICE PORTLAND OREGON
421 PM PDT SAT AUG 19 2017


...................................

...THE MCMINNVILLE OR CLIMATE SUMMARY FOR AUGUST 19 2017...
VALID TODAY AS OF 0400 PM LOCAL TIME.

CLIMATE NORMAL PERIOD 1981 TO 2010
CLIMATE RECORD PERIOD 1894 TO 2017


WEATHER ITEM   OBSERVED TIME   RECORD YEAR NORMAL DEPARTURE LAST
                VALUE   (LST)  VALUE       VALUE  FROM      YEAR
                                                  NORMAL
..................................................................
TEMPERATURE (F)
 TODAY
  MAXIMUM         83    259 PM 104    1897  82      1      102
  MINIMUM         51    451 AM  37    1916  50      1       59
  AVERAGE         67                        66      1       81

PRECIPITATION (IN)
  TODAY            0.00                      0.02  -0.02     0.00
  MONTH TO DATE    0.19                      0.29  -0.10     0.26
  SINCE OCT 1     53.51                     38.07  15.44    49.80
  SINCE JAN 1     29.70                     22.04   7.66    24.73

DEGREE DAYS
 HEATING
  TODAY            0                                         0
  MONTH TO DATE    4                                        13
  SINCE JUN 1    109                                       131
  SINCE JUL 1      9                                        30

 COOLING
  TODAY            2                                        16
  MONTH TO DATE  138                                       110
  SINCE JUN 1    312                                       271
  SINCE JAN 1    336                                       290
..................................................................


WIND (MPH)
  HIGHEST WIND SPEED    16   HIGHEST WIND DIRECTION     N (360)
  HIGHEST GUST SPEED    19   HIGHEST GUST DIRECTION    NE (30)
  AVERAGE WIND SPEED     5.5


SKY COVER
  POSSIBLE SUNSHINE  MM
  AVERAGE SKY COVER 0.0


WEATHER CONDITIONS
 THE FOLLOWING WEATHER WAS RECORDED TODAY.
  FOG


RELATIVE HUMIDITY (PERCENT)
 HIGHEST   100           100 AM
 LOWEST     30           300 PM
 AVERAGE    65

..........................................................


THE MCMINNVILLE OR CLIMATE NORMALS FOR TOMORROW
                         NORMAL    RECORD    YEAR
 MAXIMUM TEMPERATURE (F)   82       101      1951
 MINIMUM TEMPERATURE (F)   50        34      1899


SUNRISE AND SUNSET
AUGUST 19 2017........SUNRISE   519 AM PST   SUNSET   712 PM PST
AUGUST 20 2017........SUNRISE   520 AM PST   SUNSET   710 PM PST


-  INDICATES NEGATIVE NUMBERS.
R  INDICATES RECORD WAS SET OR TIED.
MM INDICATES DATA IS MISSING.
T  INDICATES TRACE AMOUNT.




$$
