696
CDUS46 KPQR 311150
CLIMMV


CLIMATE REPORT
NATIONAL WEATHER SERVICE PORTLAND OREGON
449 AM PDT TUE MAY 31 2016


...................................

...THE MCMINNVILLE OR CLIMATE SUMMARY FOR MAY 30 2016...

CLIMATE NORMAL PERIOD 1981 TO 2010
CLIMATE RECORD PERIOD 1894 TO 2016


WEATHER ITEM   OBSERVED TIME   RECORD YEAR NORMAL DEPARTURE LAST
                VALUE   (LST)  VALUE       VALUE  FROM      YEAR
                                                  NORMAL
..................................................................
TEMPERATURE (F)
 YESTERDAY
  MAXIMUM         79    458 PM  97    1922  70      9       79
  MINIMUM         41    418 AM  33    1966  45     -4       49
  AVERAGE         60                        57      3       64

PRECIPITATION (IN)
  YESTERDAY        0.00          0.99 1997   0.07  -0.07     0.00
  MONTH TO DATE    0.87                      2.18  -1.31     0.89
  SINCE OCT 1     47.63                     35.69  11.94    31.77
  SINCE JAN 1     22.56                     19.66   2.90    15.53

DEGREE DAYS
 HEATING
  YESTERDAY        5                         8     -3        1
  MONTH TO DATE  175                       296   -121      183
  SINCE JUL 1   3704                      4694   -990     3529

 COOLING
  YESTERDAY        0                         0      0        0
  MONTH TO DATE    5                         0      5        4
  SINCE JAN 1     16                         0     16        4
..................................................................


WIND (MPH)
  HIGHEST WIND SPEED    13   HIGHEST WIND DIRECTION     N (10)
  HIGHEST GUST SPEED    16   HIGHEST GUST DIRECTION     N (340)
  AVERAGE WIND SPEED     5.4


SKY COVER
  POSSIBLE SUNSHINE  MM
  AVERAGE SKY COVER 0.0


WEATHER CONDITIONS
 THE FOLLOWING WEATHER WAS RECORDED YESTERDAY.
  NO SIGNIFICANT WEATHER WAS OBSERVED.


RELATIVE HUMIDITY (PERCENT)
 HIGHEST    96           500 AM
 LOWEST     23           500 PM
 AVERAGE    60

..........................................................


THE MCMINNVILLE OR CLIMATE NORMALS FOR TODAY
                         NORMAL    RECORD    YEAR
 MAXIMUM TEMPERATURE (F)   70       100      1922
 MINIMUM TEMPERATURE (F)   45        33      1973


SUNRISE AND SUNSET
MAY 31 2016...........SUNRISE   429 AM PST   SUNSET   753 PM PST
JUNE  1 2016..........SUNRISE   428 AM PST   SUNSET   753 PM PST


-  INDICATES NEGATIVE NUMBERS.
R  INDICATES RECORD WAS SET OR TIED.
MM INDICATES DATA IS MISSING.
T  INDICATES TRACE AMOUNT.




$$
