000
CDUS44 KMOB 190645
CLIMOB


CLIMATE REPORT
NATIONAL WEATHER SERVICE MOBILE AL
145 AM CDT SAT AUG 19 2017


...................................

...THE MOBILE CLIMATE SUMMARY FOR AUGUST 18 2017...

CLIMATE NORMAL PERIOD 1981 TO 2010
CLIMATE RECORD PERIOD 1842 TO 2017


WEATHER ITEM   OBSERVED TIME   RECORD YEAR NORMAL DEPARTURE LAST
                VALUE   (LST)  VALUE       VALUE  FROM      YEAR
                                                  NORMAL
..................................................................
TEMPERATURE (F)
 YESTERDAY
  MAXIMUM         96    235 PM 101    1909  91      5       90
  MINIMUM         75   1159 PM  65    2004  73      2       74
                                      1879
  AVERAGE         86                        82      4       82

PRECIPITATION (IN)
  YESTERDAY        T             3.34 1897   0.22  -0.22     0.55
  MONTH TO DATE    6.16                      4.38   1.78     4.20
  SINCE MAR 1     43.62                     33.81   9.81    37.13
  SINCE JAN 1     55.83                     44.58  11.25    46.58

DEGREE DAYS
 COOLING
  YESTERDAY       21                        17      4       17
  MONTH TO DATE  305                       306     -1      309
  SINCE JUN 1   1267                      1272     -5     1352
  SINCE JAN 1   1868                      1717    151     1811
..................................................................


WIND (MPH)
  HIGHEST WIND SPEED    28   HIGHEST WIND DIRECTION     N (360)
  HIGHEST GUST SPEED    33   HIGHEST GUST DIRECTION     N (350)
  AVERAGE WIND SPEED     4.5


SKY COVER
  POSSIBLE SUNSHINE  MM
  AVERAGE SKY COVER 0.4


WEATHER CONDITIONS
 THE FOLLOWING WEATHER WAS RECORDED YESTERDAY.
  THUNDERSTORM
  LIGHT RAIN
  HAZE


RELATIVE HUMIDITY (PERCENT)
 HIGHEST    97           100 AM
 LOWEST     49           200 PM
 AVERAGE    73

..........................................................


THE MOBILE CLIMATE NORMALS FOR TODAY
                         NORMAL    RECORD    YEAR
 MAXIMUM TEMPERATURE (F)   91       101      2000
 MINIMUM TEMPERATURE (F)   73        64      1976


SUNRISE AND SUNSET
AUGUST 19 2017........SUNRISE   622 AM CDT   SUNSET   731 PM CDT
AUGUST 20 2017........SUNRISE   623 AM CDT   SUNSET   729 PM CDT


-  INDICATES NEGATIVE NUMBERS.
R  INDICATES RECORD WAS SET OR TIED.
MM INDICATES DATA IS MISSING.
T  INDICATES TRACE AMOUNT.




$$
