000
CDUS44 KMOB 230645
CLIMOB


CLIMATE REPORT
NATIONAL WEATHER SERVICE MOBILE AL
1245 AM CST SUN NOV 23 2014


...................................

...THE MOBILE CLIMATE SUMMARY FOR NOVEMBER 22 2014...

CLIMATE NORMAL PERIOD 1981 TO 2010
CLIMATE RECORD PERIOD 1842 TO 2014


WEATHER ITEM   OBSERVED TIME   RECORD YEAR NORMAL DEPARTURE LAST
                VALUE   (LST)  VALUE       VALUE  FROM      YEAR
                                                  NORMAL
..................................................................
TEMPERATURE (F)
 YESTERDAY
  MAXIMUM         70   1156 AM  81    1973  69      1       77
  MINIMUM         47    650 AM  26    2000  47      0       60
  AVERAGE         59                        58      1       69

PRECIPITATION (IN)
  YESTERDAY        T             4.87 1907   0.17  -0.17     0.28
  MONTH TO DATE    1.31                      3.80  -2.49     1.53
  SINCE MAR 1     60.15                     48.99  11.16    45.83
  SINCE JAN 1     67.27                     59.76   7.51    60.01

SNOWFALL (IN)
  YESTERDAY       MM             0.0  2002   0.0   MM        0.0
                                      2001
                                      2000
  MONTH TO DATE    0.0                       0.0    0.0      0.0
  SINCE MAR 1      0.0                       0.1   -0.1      0.0
  SINCE JUL 1      0.0                       0.0    0.0      0.0
  SNOW DEPTH       0

DEGREE DAYS
 HEATING
  YESTERDAY        6                         8     -2        0
  MONTH TO DATE  279                       128    151      108
  SINCE SEP 1    319                       183    136      138
  SINCE JUL 1    319                       183    136      138

 COOLING
  YESTERDAY        0                         1     -1        4
  MONTH TO DATE    5                        34    -29       15
  SINCE SEP 1    553                       569    -16      665
  SINCE JAN 1   2301                      2496   -195     2495
..................................................................


WIND (MPH)
  HIGHEST WIND SPEED    16   HIGHEST WIND DIRECTION    SE (130)
  HIGHEST GUST SPEED    22   HIGHEST GUST DIRECTION    SE (130)
  AVERAGE WIND SPEED    10.8


SKY COVER
  POSSIBLE SUNSHINE  MM
  AVERAGE SKY COVER 0.6


WEATHER CONDITIONS
 THE FOLLOWING WEATHER WAS RECORDED YESTERDAY.
  LIGHT RAIN
  FOG
  HAZE


RELATIVE HUMIDITY (PERCENT)
 HIGHEST   100          1000 PM
 LOWEST     53          1200 PM
 AVERAGE    77

..........................................................


THE MOBILE CLIMATE NORMALS FOR TODAY
                         NORMAL    RECORD    YEAR
 MAXIMUM TEMPERATURE (F)   68        83      1973
 MINIMUM TEMPERATURE (F)   47        25      1956


SUNRISE AND SUNSET
NOVEMBER 23 2014......SUNRISE   626 AM CST   SUNSET   453 PM CST
NOVEMBER 24 2014......SUNRISE   627 AM CST   SUNSET   452 PM CST


-  INDICATES NEGATIVE NUMBERS.
R  INDICATES RECORD WAS SET OR TIED.
MM INDICATES DATA IS MISSING.
T  INDICATES TRACE AMOUNT.




$$
