000
CDUS44 KMOB 280645
CLIMOB


CLIMATE REPORT
NATIONAL WEATHER SERVICE MOBILE AL
1245 AM CST SUN DEC 28 2014


...................................

...THE MOBILE CLIMATE SUMMARY FOR DECEMBER 27 2014...

CLIMATE NORMAL PERIOD 1981 TO 2010
CLIMATE RECORD PERIOD 1842 TO 2014


WEATHER ITEM   OBSERVED TIME   RECORD YEAR NORMAL DEPARTURE LAST
                VALUE   (LST)  VALUE       VALUE  FROM      YEAR
                                                  NORMAL
..................................................................
TEMPERATURE (F)
 YESTERDAY
  MAXIMUM         62   1119 AM  79    1971  61      1       60
  MINIMUM         54    152 AM  18    1872  41     13       41
  AVERAGE         58                        51      7       51

PRECIPITATION (IN)
  YESTERDAY        2.29          2.90 1942   0.17   2.12     0.00
  MONTH TO DATE    4.92                      4.39   0.53     4.57
  SINCE MAR 1     65.24                     54.71  10.53    52.30
  SINCE JAN 1     72.36                     65.48   6.88    66.48

SNOWFALL (IN)
  YESTERDAY        0.0           0.0  2001   0.0    0.0      0.0
                                      2000
  MONTH TO DATE    0.0                       0.0    0.0      0.0
  SINCE MAR 1      0.0                       0.1   -0.1      0.0
  SINCE JUL 1      0.0                       0.0    0.0      0.0
  SNOW DEPTH       0

DEGREE DAYS
 HEATING
  YESTERDAY        7                        15     -8       14
  MONTH TO DATE  271                       345    -74      321
  SINCE DEC 1    271                       345    -74      321
  SINCE JUL 1    664                       603     61      605

 COOLING
  YESTERDAY        0                         0      0        0
  MONTH TO DATE    3                         8     -5       27
  SINCE DEC 1      3                         8     -5       27
  SINCE JAN 1   2307                      2511   -204     2522
..................................................................


WIND (MPH)
  HIGHEST WIND SPEED    20   HIGHEST WIND DIRECTION    SE (130)
  HIGHEST GUST SPEED    25   HIGHEST GUST DIRECTION    SE (120)
  AVERAGE WIND SPEED     9.3


SKY COVER
  POSSIBLE SUNSHINE  MM
  AVERAGE SKY COVER 1.0


WEATHER CONDITIONS
 THE FOLLOWING WEATHER WAS RECORDED YESTERDAY.
  THUNDERSTORM
  HEAVY RAIN
  RAIN
  LIGHT RAIN
  FOG


RELATIVE HUMIDITY (PERCENT)
 HIGHEST   100           300 PM
 LOWEST     66          1200 AM
 AVERAGE    83

..........................................................


THE MOBILE CLIMATE NORMALS FOR TODAY
                         NORMAL    RECORD    YEAR
 MAXIMUM TEMPERATURE (F)   61        81      1974
 MINIMUM TEMPERATURE (F)   41        18      1925


SUNRISE AND SUNSET
DECEMBER 28 2014......SUNRISE   649 AM CST   SUNSET   500 PM CST
DECEMBER 29 2014......SUNRISE   650 AM CST   SUNSET   501 PM CST


-  INDICATES NEGATIVE NUMBERS.
R  INDICATES RECORD WAS SET OR TIED.
MM INDICATES DATA IS MISSING.
T  INDICATES TRACE AMOUNT.




$$
