000
CDUS44 KMOB 260634
CLIMOB


CLIMATE REPORT
NATIONAL WEATHER SERVICE MOBILE AL
133 AM CDT SAT JUL 26 2014


...................................

...THE MOBILE CLIMATE SUMMARY FOR JULY 25 2014...

CLIMATE NORMAL PERIOD 1981 TO 2010
CLIMATE RECORD PERIOD 1842 TO 2014


WEATHER ITEM   OBSERVED TIME   RECORD YEAR NORMAL DEPARTURE LAST
                VALUE   (LST)  VALUE       VALUE  FROM      YEAR
                                                  NORMAL
..................................................................
TEMPERATURE (F)
 YESTERDAY
  MAXIMUM         91    226 PM 104    1952  91      0       90
  MINIMUM         71    440 AM  67    1904  73     -2       72
  AVERAGE         81                        82     -1       81

PRECIPITATION (IN)
  YESTERDAY        0.29          2.96 1938   0.23   0.06      T
  MONTH TO DATE    7.92                      5.82   2.10     8.52
  SINCE MAR 1     47.45                     28.00  19.45    26.99
  SINCE JAN 1     54.57                     38.77  15.80    41.17

DEGREE DAYS
 COOLING
  YESTERDAY       16                        17     -1       16
  MONTH TO DATE  371                       423    -52      380
  SINCE JUN 1    781                       867    -86      866
  SINCE JAN 1   1119                      1312   -193     1230
..................................................................


WIND (MPH)
  HIGHEST WIND SPEED    15   HIGHEST WIND DIRECTION     S (200)
  HIGHEST GUST SPEED    20   HIGHEST GUST DIRECTION     S (200)
  AVERAGE WIND SPEED     4.0


SKY COVER
  POSSIBLE SUNSHINE  MM
  AVERAGE SKY COVER 0.5


WEATHER CONDITIONS
 THE FOLLOWING WEATHER WAS RECORDED YESTERDAY.
  THUNDERSTORM
  HEAVY RAIN
  RAIN
  LIGHT RAIN
  FOG


RELATIVE HUMIDITY (PERCENT)
 HIGHEST   100          1200 AM
 LOWEST     59           100 PM
 AVERAGE    80

..........................................................


THE MOBILE CLIMATE NORMALS FOR TODAY
                         NORMAL    RECORD    YEAR
 MAXIMUM TEMPERATURE (F)   91        98      1983
                                             1912
 MINIMUM TEMPERATURE (F)   73        66      1911


SUNRISE AND SUNSET
JULY 26 2014..........SUNRISE   607 AM CDT   SUNSET   752 PM CDT
JULY 27 2014..........SUNRISE   608 AM CDT   SUNSET   751 PM CDT


-  INDICATES NEGATIVE NUMBERS.
R  INDICATES RECORD WAS SET OR TIED.
MM INDICATES DATA IS MISSING.
T  INDICATES TRACE AMOUNT.




$$
