000
CDUS44 KMOB 182341
CLIMOB


CLIMATE REPORT
NATIONAL WEATHER SERVICE MOBILE AL
540 PM CST THU JAN 18 2018


...................................

...THE MOBILE CLIMATE SUMMARY FOR JANUARY 18 2018...
VALID TODAY AS OF 0500 PM LOCAL TIME.

CLIMATE NORMAL PERIOD 1981 TO 2010
CLIMATE RECORD PERIOD 1842 TO 2018


WEATHER ITEM   OBSERVED TIME   RECORD YEAR NORMAL DEPARTURE LAST
                VALUE   (LST)  VALUE       VALUE  FROM      YEAR
                                                  NORMAL
..................................................................
TEMPERATURE (F)
 TODAY
  MAXIMUM         46    341 PM  80    2017  61    -15       80
  MINIMUM         17    714 AM  14    1948  40    -23       66
  AVERAGE         32                        50    -18       73

PRECIPITATION (IN)
  TODAY            0.00          3.82 1943   0.19  -0.19     0.00
  MONTH TO DATE    2.14                      3.22  -1.08     8.85
  SINCE MAR 1     73.71                     58.60  15.11    61.99
  SINCE JAN 1      2.14                      3.22  -1.08     8.85

DEGREE DAYS
 HEATING
  TODAY           33                        15     18        0
  MONTH TO DATE  413                       270    143      144
  SINCE DEC 1    797                       674    123      419
  SINCE JUL 1   1013                       932     81      553

 COOLING
  TODAY            0                         0      0        8
  MONTH TO DATE    2                         0      2       33
  SINCE DEC 1     18                        15      3       74
  SINCE JAN 1      2                         0      2       33
..................................................................


WIND (MPH)
  HIGHEST WIND SPEED    14   HIGHEST WIND DIRECTION     N (10)
  HIGHEST GUST SPEED    18   HIGHEST GUST DIRECTION     N (350)
  AVERAGE WIND SPEED     7.5


SKY COVER
  POSSIBLE SUNSHINE  MM
  AVERAGE SKY COVER 0.0


WEATHER CONDITIONS
 THE FOLLOWING WEATHER WAS RECORDED TODAY.
  NO SIGNIFICANT WEATHER WAS OBSERVED.


RELATIVE HUMIDITY (PERCENT)
 HIGHEST    80           600 AM
 LOWEST     22           400 PM
 AVERAGE    51

..........................................................


THE MOBILE CLIMATE NORMALS FOR TOMORROW
                         NORMAL    RECORD    YEAR
 MAXIMUM TEMPERATURE (F)   61        78      1950
 MINIMUM TEMPERATURE (F)   40        12      1977


SUNRISE AND SUNSET
JANUARY 18 2018.......SUNRISE   650 AM CST   SUNSET   517 PM CST
JANUARY 19 2018.......SUNRISE   650 AM CST   SUNSET   518 PM CST


-  INDICATES NEGATIVE NUMBERS.
R  INDICATES RECORD WAS SET OR TIED.
MM INDICATES DATA IS MISSING.
T  INDICATES TRACE AMOUNT.




$$
