000
CDUS44 KMOB 230645
CLIMOB


CLIMATE REPORT
NATIONAL WEATHER SERVICE MOBILE AL
145 AM CDT MON OCT 23 2017


...................................

...THE MOBILE CLIMATE SUMMARY FOR OCTOBER 22 2017...

CLIMATE NORMAL PERIOD 1981 TO 2010
CLIMATE RECORD PERIOD 1842 TO 2017


WEATHER ITEM   OBSERVED TIME   RECORD YEAR NORMAL DEPARTURE LAST
                VALUE   (LST)  VALUE       VALUE  FROM      YEAR
                                                  NORMAL
..................................................................
TEMPERATURE (F)
 YESTERDAY
  MAXIMUM         72   1057 AM  91    1963  78     -6       73
  MINIMUM         68   1159 PM  38    2011  56     12       45
                                      1987
  AVERAGE         70                        66      4       59

PRECIPITATION (IN)
  YESTERDAY        4.07R         3.28 1919   0.11   3.96     0.00
  MONTH TO DATE   13.38                      2.56  10.82     0.00
  SINCE MAR 1     66.66                     44.06  22.60    42.76
  SINCE JAN 1     78.87                     54.83  24.04    52.21

DEGREE DAYS
 HEATING
  YESTERDAY        0                         2     -2        6
  MONTH TO DATE    0                        24    -24        7
  SINCE SEP 1      0                        26    -26        7
  SINCE JUL 1      0                        26    -26        7

 COOLING
  YESTERDAY        5                         4      1        0
  MONTH TO DATE  233                       129    104      189
  SINCE SEP 1    632                       506    126      655
  SINCE JAN 1   2718                      2433    285     2705
..................................................................


WIND (MPH)
  HIGHEST WIND SPEED    17   HIGHEST WIND DIRECTION     E (100)
  HIGHEST GUST SPEED    21   HIGHEST GUST DIRECTION     E (100)
  AVERAGE WIND SPEED     6.7


SKY COVER
  POSSIBLE SUNSHINE  MM
  AVERAGE SKY COVER 0.8


WEATHER CONDITIONS
 THE FOLLOWING WEATHER WAS RECORDED YESTERDAY.
  THUNDERSTORM
  HEAVY RAIN
  RAIN
  LIGHT RAIN
  FOG


RELATIVE HUMIDITY (PERCENT)
 HIGHEST    97           900 PM
 LOWEST     90          1200 AM
 AVERAGE    94

..........................................................


THE MOBILE CLIMATE NORMALS FOR TODAY
                         NORMAL    RECORD    YEAR
 MAXIMUM TEMPERATURE (F)   77        90      1941
 MINIMUM TEMPERATURE (F)   55        38      1937


SUNRISE AND SUNSET
OCTOBER 23 2017.......SUNRISE   701 AM CDT   SUNSET   613 PM CDT
OCTOBER 24 2017.......SUNRISE   702 AM CDT   SUNSET   612 PM CDT


-  INDICATES NEGATIVE NUMBERS.
R  INDICATES RECORD WAS SET OR TIED.
MM INDICATES DATA IS MISSING.
T  INDICATES TRACE AMOUNT.




$$
