000
CDUS44 KMOB 270645
CLIMOB


CLIMATE REPORT
NATIONAL WEATHER SERVICE MOBILE AL
145 AM CDT MON MAR 27 2017


...................................

...THE MOBILE CLIMATE SUMMARY FOR MARCH 26 2017...

CLIMATE NORMAL PERIOD 1981 TO 2010
CLIMATE RECORD PERIOD 1842 TO 2017


WEATHER ITEM   OBSERVED TIME   RECORD YEAR NORMAL DEPARTURE LAST
                VALUE   (LST)  VALUE       VALUE  FROM      YEAR
                                                  NORMAL
..................................................................
TEMPERATURE (F)
 YESTERDAY
  MAXIMUM         81    314 PM  86    1935  73      8       77
  MINIMUM         60   1218 AM  30    1894  51      9       53
  AVERAGE         71                        62      9       65

PRECIPITATION (IN)
  YESTERDAY        0.00          4.28 1946   0.20  -0.20     0.16
  MONTH TO DATE    2.60                      5.17  -2.57     9.45
  SINCE MAR 1      2.60                      5.17  -2.57     9.45
  SINCE JAN 1     14.81                     15.94  -1.13    18.90

SNOWFALL (IN)
  YESTERDAY        0.0          MM      MM   0.0    0.0      0.0
  MONTH TO DATE    0.0                       0.1   -0.1      0.0
  SINCE MAR 1      0.0                       0.1   -0.1      0.0
  SINCE JUL 1      0.0                       0.2   -0.2      0.0
  SNOW DEPTH       0

DEGREE DAYS
 HEATING
  YESTERDAY        0                         4     -4        0
  MONTH TO DATE  119                       168    -49       96
  SINCE MAR 1    119                       168    -49       96
  SINCE JUL 1    890                      1610   -720     1194

 COOLING
  YESTERDAY        6                         2      4        0
  MONTH TO DATE   60                        27     33       51
  SINCE MAR 1     60                        27     33       51
  SINCE JAN 1    135                        43     92       65
..................................................................


WIND (MPH)
  HIGHEST WIND SPEED    17   HIGHEST WIND DIRECTION     S (190)
  HIGHEST GUST SPEED    21   HIGHEST GUST DIRECTION     S (200)
  AVERAGE WIND SPEED     8.7


SKY COVER
  POSSIBLE SUNSHINE  MM
  AVERAGE SKY COVER 0.6


WEATHER CONDITIONS
 THE FOLLOWING WEATHER WAS RECORDED YESTERDAY.
  FOG


RELATIVE HUMIDITY (PERCENT)
 HIGHEST   100           200 AM
 LOWEST     54          1200 PM
 AVERAGE    77

..........................................................


THE MOBILE CLIMATE NORMALS FOR TODAY
                         NORMAL    RECORD    YEAR
 MAXIMUM TEMPERATURE (F)   74        91      1910
 MINIMUM TEMPERATURE (F)   51        26      1955


SUNRISE AND SUNSET
MARCH 27 2017.........SUNRISE   648 AM CDT   SUNSET   709 PM CDT
MARCH 28 2017.........SUNRISE   647 AM CDT   SUNSET   710 PM CDT


-  INDICATES NEGATIVE NUMBERS.
R  INDICATES RECORD WAS SET OR TIED.
MM INDICATES DATA IS MISSING.
T  INDICATES TRACE AMOUNT.




$$
