000
CDUS44 KMOB 290625
CLIMOB


CLIMATE REPORT
NATIONAL WEATHER SERVICE MOBILE AL
125 AM CDT SAT APR 29 2017


...................................

...THE MOBILE CLIMATE SUMMARY FOR APRIL 28 2017...

CLIMATE NORMAL PERIOD 1981 TO 2010
CLIMATE RECORD PERIOD 1842 TO 2017


WEATHER ITEM   OBSERVED TIME   RECORD YEAR NORMAL DEPARTURE LAST
                VALUE   (LST)  VALUE       VALUE  FROM      YEAR
                                                  NORMAL
..................................................................
TEMPERATURE (F)
 YESTERDAY
  MAXIMUM         85   1242 PM  91    1971  80      5       80
  MINIMUM         75    303 AM  42    1992  59     16       66
  AVERAGE         80                        70     10       73

PRECIPITATION (IN)
  YESTERDAY        0.00          2.89 1998   0.16  -0.16     0.01
  MONTH TO DATE    3.39                      4.50  -1.11     4.67
  SINCE MAR 1      6.53                     10.64  -4.11    14.83
  SINCE JAN 1     18.74                     21.41  -2.67    24.28

DEGREE DAYS
 HEATING
  YESTERDAY        0                         1     -1        0
  MONTH TO DATE   23                        60    -37       21
  SINCE MAR 1    142                       249   -107      117
  SINCE JUL 1    913                      1691   -778     1215

 COOLING
  YESTERDAY       15                         5     10        8
  MONTH TO DATE  144                        92     52       82
  SINCE MAR 1    239                       131    108      152
  SINCE JAN 1    314                       147    167      166
..................................................................


WIND (MPH)
  HIGHEST WIND SPEED    22   HIGHEST WIND DIRECTION     S (170)
  HIGHEST GUST SPEED    29   HIGHEST GUST DIRECTION     S (160)
  AVERAGE WIND SPEED    14.7


SKY COVER
  POSSIBLE SUNSHINE  MM
  AVERAGE SKY COVER 0.9


WEATHER CONDITIONS
 THE FOLLOWING WEATHER WAS RECORDED YESTERDAY.
  NO SIGNIFICANT WEATHER WAS OBSERVED.


RELATIVE HUMIDITY (PERCENT)
 HIGHEST    88           800 PM
 LOWEST     65           100 PM
 AVERAGE    77

..........................................................


THE MOBILE CLIMATE NORMALS FOR TODAY
                         NORMAL    RECORD    YEAR
 MAXIMUM TEMPERATURE (F)   81        91      1970
 MINIMUM TEMPERATURE (F)   59        46      2008


SUNRISE AND SUNSET
APRIL 29 2017.........SUNRISE   611 AM CDT   SUNSET   730 PM CDT
APRIL 30 2017.........SUNRISE   610 AM CDT   SUNSET   731 PM CDT


-  INDICATES NEGATIVE NUMBERS.
R  INDICATES RECORD WAS SET OR TIED.
MM INDICATES DATA IS MISSING.
T  INDICATES TRACE AMOUNT.




$$
