000
CDUS44 KMOB 010631
CLIMOB


CLIMATE REPORT
NATIONAL WEATHER SERVICE MOBILE AL
130 AM CDT SAT NOV 1 2014


...................................

...THE MOBILE CLIMATE SUMMARY FOR OCTOBER 31 2014...

CLIMATE NORMAL PERIOD 1981 TO 2010
CLIMATE RECORD PERIOD 1842 TO 2014


WEATHER ITEM   OBSERVED TIME   RECORD YEAR NORMAL DEPARTURE LAST
                VALUE   (LST)  VALUE       VALUE  FROM      YEAR
                                                  NORMAL
..................................................................
TEMPERATURE (F)
 YESTERDAY
  MAXIMUM         74    239 PM  88    1950  75     -1       81
  MINIMUM         41    550 AM  30    1993  53    -12       69
  AVERAGE         58                        64     -6       75

PRECIPITATION (IN)
  YESTERDAY        0.00          5.20 1882   0.13  -0.13     0.11
  MONTH TO DATE    3.03                      3.69  -0.66     2.19
  SINCE MAR 1     58.84                     45.19  13.65    44.30
  SINCE JAN 1     65.96                     55.96  10.00    58.48

DEGREE DAYS
 HEATING
  YESTERDAY        7                         4      3        0
  MONTH TO DATE   40                        52    -12       30
  SINCE SEP 1     40                        55    -15       30
  SINCE JUL 1     40                        55    -15       30

 COOLING
  YESTERDAY        0                         3     -3       10
  MONTH TO DATE  134                       158    -24      200
  SINCE SEP 1    548                       535     13      650
  SINCE JAN 1   2296                      2462   -166     2480
..................................................................


WIND (MPH)
  HIGHEST WIND SPEED    26   HIGHEST WIND DIRECTION     N (350)
  HIGHEST GUST SPEED    35   HIGHEST GUST DIRECTION    NW (330)
  AVERAGE WIND SPEED     8.8


SKY COVER
  POSSIBLE SUNSHINE  MM
  AVERAGE SKY COVER 0.2


WEATHER CONDITIONS
 THE FOLLOWING WEATHER WAS RECORDED YESTERDAY.
  NO SIGNIFICANT WEATHER WAS OBSERVED.


RELATIVE HUMIDITY (PERCENT)
 HIGHEST    96           600 AM
 LOWEST     35           100 PM
 AVERAGE    66

..........................................................


THE MOBILE CLIMATE NORMALS FOR TODAY
                         NORMAL    RECORD    YEAR
 MAXIMUM TEMPERATURE (F)   75        87      1971
 MINIMUM TEMPERATURE (F)   53        28      1993


SUNRISE AND SUNSET
NOVEMBER  1 2014......SUNRISE   708 AM CDT   SUNSET   605 PM CDT
NOVEMBER  2 2014......SUNRISE   609 AM CST   SUNSET   504 PM CST


-  INDICATES NEGATIVE NUMBERS.
R  INDICATES RECORD WAS SET OR TIED.
MM INDICATES DATA IS MISSING.
T  INDICATES TRACE AMOUNT.




$$
