000
CDUS46 KSTO 260844
CLIMOD


CLIMATE REPORT
NATIONAL WEATHER SERVICE SACRAMENTO, CA
144 AM PDT FRI MAY 26 2017


...................................

...THE MODESTO CA CLIMATE SUMMARY FOR MAY 25 2017...

CLIMATE NORMAL PERIOD 1981 TO 2010
CLIMATE RECORD PERIOD 1931 TO 2017


WEATHER ITEM   OBSERVED TIME   RECORD YEAR NORMAL DEPARTURE LAST
                VALUE   (LST)  VALUE       VALUE  FROM      YEAR
                                                  NORMAL
..................................................................
TEMPERATURE (F)
 YESTERDAY
  MAXIMUM         80    357 PM  99    1979  85     -5       81
  MINIMUM         55    527 AM  42    1962  56     -1       55
  AVERAGE         68

PRECIPITATION (IN)
  YESTERDAY        0.00          1.06 1931   0.02  -0.02     0.00
  MONTH TO DATE    0.01                      0.54  -0.53     0.25
  SINCE OCT 1     16.79                     12.62   4.17    15.61
  SINCE JAN 1     11.76                      8.54   3.22    11.20

SNOWFALL (IN)
  YESTERDAY        0.0          MM      MM
  MONTH TO DATE    0.0
  SINCE MAR 1      0.0
  SINCE JUL 1      0.0
  SNOW DEPTH       0

DEGREE DAYS
 HEATING
  YESTERDAY        0                         1     -1        0
  MONTH TO DATE   22                        32    -10       16
  SINCE MAR 1    292                       398   -106      242
  SINCE JUL 1   1808                      2166   -358     1834

 COOLING
  YESTERDAY        3                         6     -3        3
  MONTH TO DATE  174                       114     60      121
  SINCE MAR 1    191                       158     33      175
  SINCE JAN 1    191                       158     33      175
..................................................................


WIND (MPH)
  RESULTANT WIND SPEED   4   RESULTANT WIND DIRECTION   N (350)
  HIGHEST WIND SPEED    16   HIGHEST WIND DIRECTION    NW (310)
  HIGHEST GUST SPEED    22   HIGHEST GUST DIRECTION     N (340)


SKY COVER
  POSSIBLE SUNSHINE  MM
  AVERAGE SKY COVER 0.1


WEATHER CONDITIONS
 THE FOLLOWING WEATHER WAS RECORDED YESTERDAY.
  NO SIGNIFICANT WEATHER WAS OBSERVED.


RELATIVE HUMIDITY (PERCENT)
 HIGHEST    83           300 AM
 LOWEST     35           300 PM
 AVERAGE    59

..........................................................


THE MODESTO CA CLIMATE NORMALS FOR TODAY
                         NORMAL    RECORD    YEAR
 MAXIMUM TEMPERATURE (F)   85       102      1951
 MINIMUM TEMPERATURE (F)   57        43      1962


SUNRISE AND SUNSET
MAY 26 2017...........SUNRISE   546 AM PDT   SUNSET   816 PM PDT
MAY 27 2017...........SUNRISE   546 AM PDT   SUNSET   816 PM PDT


-  INDICATES NEGATIVE NUMBERS.
R  INDICATES RECORD WAS SET OR TIED.
MM INDICATES DATA IS MISSING.
T  INDICATES TRACE AMOUNT.




$$
