000
CDUS46 KSTO 060835
CLIMOD


CLIMATE REPORT
NATIONAL WEATHER SERVICE SACRAMENTO, CA
1235 AM PST FRI MAR 6 2015


...................................

...THE MODESTO CA CLIMATE SUMMARY FOR MARCH 5 2015...

CLIMATE NORMAL PERIOD 1981 TO 2010
CLIMATE RECORD PERIOD 1931 TO 2015


WEATHER ITEM   OBSERVED TIME   RECORD YEAR NORMAL DEPARTURE LAST
                VALUE   (LST)  VALUE       VALUE  FROM      YEAR
                                                  NORMAL
..................................................................
TEMPERATURE (F)
 YESTERDAY
  MAXIMUM         73    421 PM  81    1972  67      6       71
  MINIMUM         39    623 AM  30    1939  46     -7       53
  AVERAGE         56

PRECIPITATION (IN)
  YESTERDAY        0.00          1.56 1987   0.07  -0.07     0.00
  MONTH TO DATE    T                         0.40  -0.40     0.46
  SINCE OCT 1      9.16                      9.47  -0.31     4.74
  SINCE JAN 1      1.76                      5.39  -3.63     3.38

SNOWFALL (IN)
  YESTERDAY        0.0          MM      MM
  MONTH TO DATE    0.0
  SINCE MAR 1      0.0
  SINCE JUL 1      0.0
  SNOW DEPTH       0

DEGREE DAYS
 HEATING
  YESTERDAY        9                         9      0        3
  MONTH TO DATE   56                        45     11       34
  SINCE MAR 1     56                        45     11       34
  SINCE JUL 1   1468                      1813   -345     1732

 COOLING
  YESTERDAY        0                         0      0        0
  MONTH TO DATE    0                         0      0        0
  SINCE MAR 1      0                         0      0        0
  SINCE JAN 1      0                         0      0        0
..................................................................


WIND (MPH)
  RESULTANT WIND SPEED   1   RESULTANT WIND DIRECTION  NW (320)
  HIGHEST WIND SPEED    10   HIGHEST WIND DIRECTION    NW (330)
  HIGHEST GUST SPEED    15   HIGHEST GUST DIRECTION    NW (320)


SKY COVER
  POSSIBLE SUNSHINE  MM
  AVERAGE SKY COVER 0.0


WEATHER CONDITIONS
 THE FOLLOWING WEATHER WAS RECORDED YESTERDAY.
  FOG


RELATIVE HUMIDITY (PERCENT)
 HIGHEST    92           500 AM
 LOWEST     24           400 PM
 AVERAGE    58

..........................................................


THE MODESTO CA CLIMATE NORMALS FOR TODAY
                         NORMAL    RECORD    YEAR
 MAXIMUM TEMPERATURE (F)   67        82      1972
 MINIMUM TEMPERATURE (F)   46        30      1956


SUNRISE AND SUNSET
MARCH  6 2015.........SUNRISE   628 AM PST   SUNSET   602 PM PST
MARCH  7 2015.........SUNRISE   627 AM PST   SUNSET   603 PM PST


-  INDICATES NEGATIVE NUMBERS.
R  INDICATES RECORD WAS SET OR TIED.
MM INDICATES DATA IS MISSING.
T  INDICATES TRACE AMOUNT.




$$
