000
CDUS46 KSTO 180045
CLIMOD


CLIMATE REPORT
NATIONAL WEATHER SERVICE SACRAMENTO, CA
445 PM PST SAT FEB 17 2018


...................................

...THE MODESTO CA CLIMATE SUMMARY FOR FEBRUARY 17 2018...
VALID TODAY AS OF 0400 PM LOCAL TIME.

CLIMATE NORMAL PERIOD 1981 TO 2010
CLIMATE RECORD PERIOD 1931 TO 2018


WEATHER ITEM   OBSERVED TIME   RECORD YEAR NORMAL DEPARTURE LAST
                VALUE   (LST)  VALUE       VALUE  FROM      YEAR
                                                  NORMAL
..................................................................
TEMPERATURE (F)
 TODAY
  MAXIMUM         70    359 PM  74    1977  64      6       59
  MINIMUM         34    709 AM  29    1938  44    -10       54
  AVERAGE         52

PRECIPITATION (IN)
  TODAY            0.00          0.74 2011   0.09  -0.09     0.29
  MONTH TO DATE    0.00                      1.47  -1.47     2.36
  SINCE OCT 1      3.55                      8.16  -4.61    12.91
  SINCE JAN 1      2.52                      4.08  -1.56     7.88

SNOWFALL (IN)
  TODAY            0.0          MM      MM
  MONTH TO DATE    0.0
  SINCE DEC 1      0.0
  SINCE JUL 1      0.0

DEGREE DAYS
 HEATING
  TODAY           13                        11      2        8
  MONTH TO DATE  167                       223    -56      133
  SINCE DEC 1   1105                      1294   -189     1151
  SINCE JUL 1   1372                      1655   -283     1364

 COOLING
  TODAY            0                         0      0        0
  MONTH TO DATE    0                         0      0        0
  SINCE DEC 1      0                         0      0        0
  SINCE JAN 1      0                         0      0        0
..................................................................


WIND (MPH)
  RESULTANT WIND SPEED   2   RESULTANT WIND DIRECTION  SE (120)
  HIGHEST WIND SPEED     6   HIGHEST WIND DIRECTION     E (110)
  HIGHEST GUST SPEED     9   HIGHEST GUST DIRECTION    SE (130)


SKY COVER
  POSSIBLE SUNSHINE  MM
  AVERAGE SKY COVER 0.0


WEATHER CONDITIONS
 THE FOLLOWING WEATHER WAS RECORDED TODAY.
  FOG


RELATIVE HUMIDITY (PERCENT)
 HIGHEST    92           300 AM
 LOWEST     26           300 PM
 AVERAGE    59

..........................................................


THE MODESTO CA CLIMATE NORMALS FOR TOMORROW
                         NORMAL    RECORD    YEAR
 MAXIMUM TEMPERATURE (F)   64        79      1977
 MINIMUM TEMPERATURE (F)   44        29      1956


SUNRISE AND SUNSET
FEBRUARY 17 2018......SUNRISE   651 AM PST   SUNSET   545 PM PST
FEBRUARY 18 2018......SUNRISE   649 AM PST   SUNSET   546 PM PST


-  INDICATES NEGATIVE NUMBERS.
R  INDICATES RECORD WAS SET OR TIED.
MM INDICATES DATA IS MISSING.
T  INDICATES TRACE AMOUNT.




$$
