618
CDUS46 KSTO 290835
CLIMOD


CLIMATE REPORT
NATIONAL WEATHER SERVICE SACRAMENTO, CA
135 AM PDT THU SEP 29 2016


...................................

...THE MODESTO CA CLIMATE SUMMARY FOR SEPTEMBER 28 2016...

CLIMATE NORMAL PERIOD 1981 TO 2010
CLIMATE RECORD PERIOD 1931 TO 2016


WEATHER ITEM   OBSERVED TIME   RECORD YEAR NORMAL DEPARTURE LAST
                VALUE   (LST)  VALUE       VALUE  FROM      YEAR
                                                  NORMAL
..................................................................
TEMPERATURE (F)
 YESTERDAY
  MAXIMUM         97    420 PM  99    2010  86     11       90
  MINIMUM         60    540 AM  43    1931  57      3       67
  AVERAGE         79

PRECIPITATION (IN)
  YESTERDAY        0.00          0.45 1989   0.02  -0.02     0.00
  MONTH TO DATE    T                         0.23  -0.23      T
  SINCE OCT 1     15.61                     13.08   2.53    10.25
  SINCE JAN 1     11.20                      9.00   2.20     2.85

SNOWFALL (IN)
  YESTERDAY        0.0          MM      MM
  MONTH TO DATE    0.0
  SINCE SEP 1      0.0
  SINCE JUL 1      0.0
  SNOW DEPTH       0

DEGREE DAYS
 HEATING
  YESTERDAY        0                         0      0        0
  MONTH TO DATE    3                         0      3        0
  SINCE SEP 1      3                         0      3        0
  SINCE JUL 1      3                         0      3        0

 COOLING
  YESTERDAY       14                         7      7       14
  MONTH TO DATE  279                       262     17      334
  SINCE SEP 1    279                       262     17      334
  SINCE JAN 1   1896                      1598    298     1881
..................................................................


WIND (MPH)
  RESULTANT WIND SPEED   1   RESULTANT WIND DIRECTION   N (10)
  HIGHEST WIND SPEED    12   HIGHEST WIND DIRECTION     W (290)
  HIGHEST GUST SPEED    12   HIGHEST GUST DIRECTION    NW (300)


SKY COVER
  POSSIBLE SUNSHINE  MM
  AVERAGE SKY COVER 0.1


WEATHER CONDITIONS
 THE FOLLOWING WEATHER WAS RECORDED YESTERDAY.
  NO SIGNIFICANT WEATHER WAS OBSERVED.


RELATIVE HUMIDITY (PERCENT)
 HIGHEST    72           500 AM
 LOWEST     15           100 PM
 AVERAGE    44

..........................................................


THE MODESTO CA CLIMATE NORMALS FOR TODAY
                         NORMAL    RECORD    YEAR
 MAXIMUM TEMPERATURE (F)   86       100      2010
                                             1997
 MINIMUM TEMPERATURE (F)   57        43      1955


SUNRISE AND SUNSET
SEPTEMBER 29 2016.....SUNRISE   658 AM PDT   SUNSET   649 PM PDT
SEPTEMBER 30 2016.....SUNRISE   659 AM PDT   SUNSET   647 PM PDT


-  INDICATES NEGATIVE NUMBERS.
R  INDICATES RECORD WAS SET OR TIED.
MM INDICATES DATA IS MISSING.
T  INDICATES TRACE AMOUNT.




$$
