000
CDUS43 KBIS 120731
CLIMOT


CLIMATE REPORT
NATIONAL WEATHER SERVICE BISMARCK ND
130 AM CST FRI FEB 12 2016


...................................

...THE MINOT ND CLIMATE SUMMARY FOR FEBRUARY 11 2016...

CLIMATE NORMAL PERIOD 1981 TO 2010
CLIMATE RECORD PERIOD 1897 TO 2016


WEATHER ITEM   OBSERVED TIME   RECORD YEAR NORMAL DEPARTURE LAST
                VALUE   (LST)  VALUE       VALUE  FROM      YEAR
                                                  NORMAL
..................................................................
TEMPERATURE (F)
 YESTERDAY
  MAXIMUM         22    446 PM  56    1928  24     -2        8
  MINIMUM         13   1249 AM -36    1899   7      6      -11
  AVERAGE         18                        16      2       -1

PRECIPITATION (IN)
  YESTERDAY        T             0.30 1916   0.01  -0.01      T
  MONTH TO DATE    0.05                      0.14  -0.09     0.07
  SINCE DEC 1      0.57                      1.03  -0.46     0.32
  SINCE JAN 1      0.26                      0.65  -0.39     0.31

DEGREE DAYS
 HEATING
  YESTERDAY       47                        49     -2       66
  MONTH TO DATE  421                       553   -132      601
  SINCE DEC 1   3104                      3727   -623     3507
  SINCE JUL 1   4805                      5785   -980     5686
..................................................................


WIND (MPH)
  HIGHEST WIND SPEED    14   HIGHEST WIND DIRECTION    NW (330)
  HIGHEST GUST SPEED    17   HIGHEST GUST DIRECTION    NW (330)
  AVERAGE WIND SPEED     5.3


SKY COVER
  POSSIBLE SUNSHINE  MM
  AVERAGE SKY COVER 1.0


WEATHER CONDITIONS
 THE FOLLOWING WEATHER WAS RECORDED YESTERDAY.
  LIGHT SNOW
  HAZE


RELATIVE HUMIDITY (PERCENT)
 HIGHEST    76          1200 AM
 LOWEST     62           300 PM
 AVERAGE    69

..........................................................


THE MINOT ND CLIMATE NORMALS FOR TODAY
                         NORMAL    RECORD    YEAR
 MAXIMUM TEMPERATURE (F)   25        59      1924
 MINIMUM TEMPERATURE (F)    8       -39      1936


SUNRISE AND SUNSET
FEBRUARY 12 2016......SUNRISE   758 AM CST   SUNSET   602 PM CST
FEBRUARY 13 2016......SUNRISE   756 AM CST   SUNSET   603 PM CST


-  INDICATES NEGATIVE NUMBERS.
R  INDICATES RECORD WAS SET OR TIED.
MM INDICATES DATA IS MISSING.
T  INDICATES TRACE AMOUNT.




$$
