000
CDUS43 KBIS 272221
CLIMOT


CLIMATE REPORT
NATIONAL WEATHER SERVICE BISMARCK ND
521 PM CDT WED AUG 27 2014


...................................

...THE MINOT ND CLIMATE SUMMARY FOR AUGUST 27 2014...
VALID TODAY AS OF 0500 PM LOCAL TIME.

CLIMATE NORMAL PERIOD 1981 TO 2010
CLIMATE RECORD PERIOD 1905 TO 2014


WEATHER ITEM   OBSERVED TIME   RECORD YEAR NORMAL DEPARTURE LAST
                VALUE   (LST)  VALUE       VALUE  FROM      YEAR
                                                  NORMAL
..................................................................
TEMPERATURE (F)
 TODAY
  MAXIMUM         78    359 PM  99    1973  79     -1       88
  MINIMUM         52    616 AM  31    1934  53     -1       65
  AVERAGE         65                        66     -1       77

PRECIPITATION (IN)
  TODAY            0.00          0.96 1998   0.06  -0.06     0.00
  MONTH TO DATE    2.84                      1.79   1.05     2.16
  SINCE JUN 1      9.90                      7.80   2.10    11.20
  SINCE JAN 1     13.71                     13.19   0.52    19.57

DEGREE DAYS
 HEATING
  TODAY            0                         3     -3        0
  MONTH TO DATE   29                        36     -7       33
  SINCE JUN 1    150                       166    -16      153
  SINCE JUL 1     59                        60     -1       69

 COOLING
  TODAY            0                         3     -3       12
  MONTH TO DATE  125                       140    -15      133
  SINCE JUN 1    256                       382   -126      320
  SINCE JAN 1    297                       398   -101      330
..................................................................


WIND (MPH)
  RESULTANT WIND SPEED   8   RESULTANT WIND DIRECTION   S (180)
  HIGHEST WIND SPEED    15   HIGHEST WIND DIRECTION    SE (150)
  HIGHEST GUST SPEED    23   HIGHEST GUST DIRECTION     S (180)
  AVERAGE WIND SPEED     8.9


SKY COVER
  POSSIBLE SUNSHINE  MM
  AVERAGE SKY COVER 0.0


WEATHER CONDITIONS
 THE FOLLOWING WEATHER WAS RECORDED TODAY.
  NO SIGNIFICANT WEATHER WAS OBSERVED.


RELATIVE HUMIDITY (PERCENT)
 HIGHEST    89           400 AM
 LOWEST     43           300 PM
 AVERAGE    66

..........................................................


THE MINOT ND CLIMATE NORMALS FOR TOMORROW
                         NORMAL    RECORD    YEAR
 MAXIMUM TEMPERATURE (F)   78       101      1971
 MINIMUM TEMPERATURE (F)   53        29      1917


SUNRISE AND SUNSET
AUGUST 27 2014........SUNRISE   656 AM CDT   SUNSET   836 PM CDT
AUGUST 28 2014........SUNRISE   657 AM CDT   SUNSET   834 PM CDT


-  INDICATES NEGATIVE NUMBERS.
R  INDICATES RECORD WAS SET OR TIED.
MM INDICATES DATA IS MISSING.
T  INDICATES TRACE AMOUNT.




$$
