000
CDUS43 KBIS 240727
CLIMOT


CLIMATE REPORT
NATIONAL WEATHER SERVICE BISMARCK ND
227 AM CDT THU APR 24 2014


...................................

...THE MINOT ND CLIMATE SUMMARY FOR APRIL 23 2014...

CLIMATE NORMAL PERIOD 1981 TO 2010
CLIMATE RECORD PERIOD 1905 TO 2014


WEATHER ITEM   OBSERVED TIME   RECORD YEAR NORMAL DEPARTURE LAST
                VALUE   (LST)  VALUE       VALUE  FROM      YEAR
                                                  NORMAL
..................................................................
TEMPERATURE (F)
 YESTERDAY
  MAXIMUM         50    135 PM  85    2012  59     -9       38
  MINIMUM         40   1159 PM  13    1967  35      5       17
  AVERAGE         45                        47     -2       28

PRECIPITATION (IN)
  YESTERDAY        0.47          0.69 1953   0.05   0.42     0.00
  MONTH TO DATE    0.77                      0.77   0.00     0.47
  SINCE MAR 1      0.82                      1.61  -0.79     1.08
  SINCE JAN 1      1.18                      2.52  -1.34     1.62

DEGREE DAYS
 HEATING
  YESTERDAY       20                        18      2       37
  MONTH TO DATE  619                       536     83      913
  SINCE MAR 1   1902                      1675    227     2493
  SINCE JUL 1   9135                      8251    884     9223

 COOLING
  YESTERDAY        0                         0      0        0
  MONTH TO DATE    0                         0      0        0
  SINCE MAR 1      0                         0      0        0
  SINCE JAN 1      0                         0      0        0
..................................................................


WIND (MPH)
  HIGHEST WIND SPEED    33   HIGHEST WIND DIRECTION    SE (120)
  HIGHEST GUST SPEED    43   HIGHEST GUST DIRECTION     E (110)
  AVERAGE WIND SPEED    17.7


SKY COVER
  POSSIBLE SUNSHINE  MM
  AVERAGE SKY COVER 0.8


WEATHER CONDITIONS
 THE FOLLOWING WEATHER WAS RECORDED YESTERDAY.
  HEAVY RAIN
  RAIN
  LIGHT RAIN
  FOG


RELATIVE HUMIDITY (PERCENT)
 HIGHEST    93           800 PM
 LOWEST     56          1200 AM
 AVERAGE    75

..........................................................


THE MINOT ND CLIMATE NORMALS FOR TODAY
                         NORMAL    RECORD    YEAR
 MAXIMUM TEMPERATURE (F)   59        88      2012
 MINIMUM TEMPERATURE (F)   35        11      1931


SUNRISE AND SUNSET
APRIL 24 2014.........SUNRISE   638 AM CDT   SUNSET   849 PM CDT
APRIL 25 2014.........SUNRISE   637 AM CDT   SUNSET   850 PM CDT


-  INDICATES NEGATIVE NUMBERS.
R  INDICATES RECORD WAS SET OR TIED.
MM INDICATES DATA IS MISSING.
T  INDICATES TRACE AMOUNT.




$$
