000
CDUS43 KBIS 040746
CLIMOT


CLIMATE REPORT
NATIONAL WEATHER SERVICE BISMARCK ND
246 AM CDT WED MAY 4 2016


...................................

...THE MINOT ND CLIMATE SUMMARY FOR MAY 3 2016...

CLIMATE NORMAL PERIOD 1981 TO 2010
CLIMATE RECORD PERIOD 1897 TO 2016


WEATHER ITEM   OBSERVED TIME   RECORD YEAR NORMAL DEPARTURE LAST
                VALUE   (LST)  VALUE       VALUE  FROM      YEAR
                                                  NORMAL
..................................................................
TEMPERATURE (F)
 YESTERDAY
  MAXIMUM         79    444 PM  90    1952  63     16       64
  MINIMUM         51   1108 PM  15    1907  39     12       40
  AVERAGE         65                        51     14       52

PRECIPITATION (IN)
  YESTERDAY        0.00          1.50 1899   0.06  -0.06     0.00
  MONTH TO DATE    0.01                      0.19  -0.18     0.00
  SINCE MAR 1      2.59                      2.17   0.42     0.96
  SINCE JAN 1      3.17                      3.08   0.09     1.43

DEGREE DAYS
 COOLING
  YESTERDAY        0                         0      0        0
  MONTH TO DATE    0                         0      0        0
  SINCE MAR 1      0                         1     -1        0
  SINCE JAN 1      0                         1     -1        0
..................................................................


WIND (MPH)
  HIGHEST WIND SPEED    25   HIGHEST WIND DIRECTION     N (340)
  HIGHEST GUST SPEED    34   HIGHEST GUST DIRECTION    NW (330)
  AVERAGE WIND SPEED    12.4


SKY COVER
  POSSIBLE SUNSHINE  MM
  AVERAGE SKY COVER 0.0


WEATHER CONDITIONS
 THE FOLLOWING WEATHER WAS RECORDED YESTERDAY.
  NO SIGNIFICANT WEATHER WAS OBSERVED.


RELATIVE HUMIDITY (PERCENT)
 HIGHEST    51          1200 AM
 LOWEST     15           500 PM
 AVERAGE    33

..........................................................


THE MINOT ND CLIMATE NORMALS FOR TODAY
                         NORMAL    RECORD    YEAR
 MAXIMUM TEMPERATURE (F)   63        95      1897
 MINIMUM TEMPERATURE (F)   39        20      1921


SUNRISE AND SUNSET
MAY  4 2016...........SUNRISE   621 AM CDT   SUNSET   904 PM CDT
MAY  5 2016...........SUNRISE   619 AM CDT   SUNSET   905 PM CDT


-  INDICATES NEGATIVE NUMBERS.
R  INDICATES RECORD WAS SET OR TIED.
MM INDICATES DATA IS MISSING.
T  INDICATES TRACE AMOUNT.




$$
