000
CDUS43 KBIS 280020
CLIMOT


CLIMATE REPORT
NATIONAL WEATHER SERVICE BISMARCK ND
720 PM CDT THU JUL 27 2017


...................................

...THE MINOT ND CLIMATE SUMMARY FOR JULY 27 2017...
VALID TODAY AS OF 0700 PM LOCAL TIME.

CLIMATE NORMAL PERIOD 1981 TO 2010
CLIMATE RECORD PERIOD 1897 TO 2017


WEATHER ITEM   OBSERVED TIME   RECORD YEAR NORMAL DEPARTURE LAST
                VALUE   (LST)  VALUE       VALUE  FROM      YEAR
                                                  NORMAL
..................................................................
TEMPERATURE (F)
 TODAY
  MAXIMUM         86    450 PM 108    1931  83      3       80
  MINIMUM         66    237 AM  40    1925  58      8       58
  AVERAGE         76                        71      5       69

PRECIPITATION (IN)
  TODAY            0.01          1.06 1993   0.06  -0.05     0.00
  MONTH TO DATE    0.37                      2.19  -1.82     2.72
  SINCE JUN 1      1.69                      5.77  -4.08     5.46
  SINCE JAN 1      3.05                     11.16  -8.11    10.61

DEGREE DAYS
 HEATING
  TODAY            0                         1     -1        0
  MONTH TO DATE    0                        23    -23        7
  SINCE JUN 1     51                       129    -78       22
  SINCE JUL 1      0                        23    -23        7

 COOLING
  TODAY           11                         6      5        4
  MONTH TO DATE  252                       144    108      209
  SINCE JUN 1    347                       217    130      340
  SINCE JAN 1    350                       233    117      380
..................................................................


WIND (MPH)
  RESULTANT WIND SPEED   7   RESULTANT WIND DIRECTION   S (160)
  HIGHEST WIND SPEED    17   HIGHEST WIND DIRECTION     S (200)
  HIGHEST GUST SPEED    24   HIGHEST GUST DIRECTION     S (180)
  AVERAGE WIND SPEED     8.7


SKY COVER
  POSSIBLE SUNSHINE  MM
  AVERAGE SKY COVER 0.2


WEATHER CONDITIONS
 THE FOLLOWING WEATHER WAS RECORDED TODAY.
  NO SIGNIFICANT WEATHER WAS OBSERVED.


RELATIVE HUMIDITY (PERCENT)
 HIGHEST    73           100 AM
 LOWEST     37           400 PM
 AVERAGE    55

..........................................................


THE MINOT ND CLIMATE NORMALS FOR TOMORROW
                         NORMAL    RECORD    YEAR
 MAXIMUM TEMPERATURE (F)   83       104      1917
 MINIMUM TEMPERATURE (F)   58        41      1925


SUNRISE AND SUNSET
JULY 27 2017..........SUNRISE   614 AM CDT   SUNSET   928 PM CDT
JULY 28 2017..........SUNRISE   616 AM CDT   SUNSET   927 PM CDT


-  INDICATES NEGATIVE NUMBERS.
R  INDICATES RECORD WAS SET OR TIED.
MM INDICATES DATA IS MISSING.
T  INDICATES TRACE AMOUNT.




$$
