000
CDUS43 KBIS 210725
CLIMOT


CLIMATE REPORT
NATIONAL WEATHER SERVICE BISMARCK ND
225 AM CDT SUN SEP 21 2014


...................................

...THE MINOT ND CLIMATE SUMMARY FOR SEPTEMBER 20 2014...

CLIMATE NORMAL PERIOD 1981 TO 2010
CLIMATE RECORD PERIOD 1905 TO 2014


WEATHER ITEM   OBSERVED TIME   RECORD YEAR NORMAL DEPARTURE LAST
                VALUE   (LST)  VALUE       VALUE  FROM      YEAR
                                                  NORMAL
..................................................................
TEMPERATURE (F)
 YESTERDAY
  MAXIMUM         71    401 PM  94    1960  68      3       63
  MINIMUM         52    223 AM  24    1918  44      8       39
  AVERAGE         62                        56      6       51

PRECIPITATION (IN)
  YESTERDAY        0.02          1.17 2011   0.04  -0.02     0.00
  MONTH TO DATE    0.31                      0.98  -0.67     1.10
  SINCE SEP 1      0.31                      0.98  -0.67     1.10
  SINCE JAN 1     14.95                     14.42   0.53    21.28

DEGREE DAYS
 HEATING
  YESTERDAY        3                        10     -7       14
  MONTH TO DATE  158                       131     27       56
  SINCE SEP 1    158                       131     27       56
  SINCE JUL 1    226                       202     24      125

 COOLING
  YESTERDAY        0                         1     -1        0
  MONTH TO DATE    4                        29    -25       50
  SINCE SEP 1      4                        29    -25       50
  SINCE JAN 1    309                       440   -131      421
..................................................................


WIND (MPH)
  HIGHEST WIND SPEED    35   HIGHEST WIND DIRECTION    NW (300)
  HIGHEST GUST SPEED    47   HIGHEST GUST DIRECTION    NW (300)
  AVERAGE WIND SPEED    17.4


SKY COVER
  POSSIBLE SUNSHINE  MM
  AVERAGE SKY COVER 0.2


WEATHER CONDITIONS
 THE FOLLOWING WEATHER WAS RECORDED YESTERDAY.
  THUNDERSTORM
  LIGHT RAIN


RELATIVE HUMIDITY (PERCENT)
 HIGHEST    89           200 AM
 LOWEST     28           500 PM
 AVERAGE    59

..........................................................


THE MINOT ND CLIMATE NORMALS FOR TODAY
                         NORMAL    RECORD    YEAR
 MAXIMUM TEMPERATURE (F)   67        96      1938
 MINIMUM TEMPERATURE (F)   44        25      1995


SUNRISE AND SUNSET
SEPTEMBER 21 2014.....SUNRISE   730 AM CDT   SUNSET   745 PM CDT
SEPTEMBER 22 2014.....SUNRISE   732 AM CDT   SUNSET   743 PM CDT


-  INDICATES NEGATIVE NUMBERS.
R  INDICATES RECORD WAS SET OR TIED.
MM INDICATES DATA IS MISSING.
T  INDICATES TRACE AMOUNT.




$$
