000
CDUS43 KBIS 010724
CLIMOT


CLIMATE REPORT
NATIONAL WEATHER SERVICE BISMARCK ND
123 AM CST SUN MAR 1 2015


...................................

...THE MINOT ND CLIMATE SUMMARY FOR FEBRUARY 28 2015...

CLIMATE NORMAL PERIOD 1981 TO 2010
CLIMATE RECORD PERIOD 1905 TO 2015


WEATHER ITEM   OBSERVED TIME   RECORD YEAR NORMAL DEPARTURE LAST
                VALUE   (LST)  VALUE       VALUE  FROM      YEAR
                                                  NORMAL
..................................................................
TEMPERATURE (F)
 YESTERDAY
  MAXIMUM         15    505 AM  61    1932  29    -14       13
  MINIMUM          1   1038 PM -31    1962  13    -12      -15
  AVERAGE          8                        21    -13       -1

PRECIPITATION (IN)
  YESTERDAY        0.00          0.38 1998   0.02  -0.02      T
  MONTH TO DATE    0.23                      0.40  -0.17     0.17
  SINCE DEC 1      0.48                      1.29  -0.81     0.54
  SINCE JAN 1      0.47                      0.91  -0.44     0.36

DEGREE DAYS
 HEATING
  YESTERDAY       57                        44     13       66
  MONTH TO DATE 1603                      1345    258     1651
  SINCE DEC 1   4509                      4518     -9     5178
  SINCE JUL 1   6688                      6576    112     7233
..................................................................


WIND (MPH)
  HIGHEST WIND SPEED    22   HIGHEST WIND DIRECTION     W (280)
  HIGHEST GUST SPEED    29   HIGHEST GUST DIRECTION     S (170)
  AVERAGE WIND SPEED    13.5


SKY COVER
  POSSIBLE SUNSHINE  MM
  AVERAGE SKY COVER 0.5


WEATHER CONDITIONS
 THE FOLLOWING WEATHER WAS RECORDED YESTERDAY.
  NO SIGNIFICANT WEATHER WAS OBSERVED.


RELATIVE HUMIDITY (PERCENT)
 HIGHEST    79           800 PM
 LOWEST     53           100 AM
 AVERAGE    66

..........................................................


THE MINOT ND CLIMATE NORMALS FOR TODAY
                         NORMAL    RECORD    YEAR
 MAXIMUM TEMPERATURE (F)   30        66      1992
 MINIMUM TEMPERATURE (F)   13       -29      1962


SUNRISE AND SUNSET
MARCH  1 2015.........SUNRISE   727 AM CST   SUNSET   629 PM CST
MARCH  2 2015.........SUNRISE   725 AM CST   SUNSET   630 PM CST


-  INDICATES NEGATIVE NUMBERS.
R  INDICATES RECORD WAS SET OR TIED.
MM INDICATES DATA IS MISSING.
T  INDICATES TRACE AMOUNT.




$$
