000
CDUS43 KBIS 200823
CLIMOT


CLIMATE REPORT
NATIONAL WEATHER SERVICE BISMARCK ND
203 AM CST MON NOV 20 2017


...................................

...THE MINOT ND CLIMATE SUMMARY FOR NOVEMBER 19 2017...

CLIMATE NORMAL PERIOD 1981 TO 2010
CLIMATE RECORD PERIOD 1897 TO 2017


WEATHER ITEM   OBSERVED TIME   RECORD YEAR NORMAL DEPARTURE LAST
                VALUE   (LST)  VALUE       VALUE  FROM      YEAR
                                                  NORMAL
..................................................................
TEMPERATURE (F)
 YESTERDAY
  MAXIMUM         41    343 PM  65    1936  35      6       33
  MINIMUM         19   1242 AM -25    1921  18      1       12
  AVERAGE         30                        26      4       23

PRECIPITATION (IN)
  YESTERDAY        0.00          0.77 1985   0.03  -0.03     0.00
  MONTH TO DATE    0.16                      0.54  -0.38     0.01
  SINCE SEP 1      2.17                      3.16  -0.99     4.35
  SINCE JAN 1      7.50                     16.60  -9.10    16.21

DEGREE DAYS
 HEATING
  YESTERDAY       35                        39     -4       42
  MONTH TO DATE  801                       638    163      374
  SINCE SEP 1   1542                      1527     15     1145
  SINCE JUL 1   1552                      1598    -46     1156
..................................................................


WIND (MPH)
  HIGHEST WIND SPEED    18   HIGHEST WIND DIRECTION    SW (230)
  HIGHEST GUST SPEED    24   HIGHEST GUST DIRECTION    SW (220)
  AVERAGE WIND SPEED     9.3


SKY COVER
  POSSIBLE SUNSHINE  MM
  AVERAGE SKY COVER 0.0


WEATHER CONDITIONS
 THE FOLLOWING WEATHER WAS RECORDED YESTERDAY.
  NO SIGNIFICANT WEATHER WAS OBSERVED.


RELATIVE HUMIDITY (PERCENT)
 HIGHEST    84           100 AM
 LOWEST     50          1000 PM
 AVERAGE    67

..........................................................


THE MINOT ND CLIMATE NORMALS FOR TODAY
                         NORMAL    RECORD    YEAR
 MAXIMUM TEMPERATURE (F)   34        65      1908
 MINIMUM TEMPERATURE (F)   18       -19      1921


SUNRISE AND SUNSET
NOVEMBER 20 2017......SUNRISE   800 AM CST   SUNSET   501 PM CST
NOVEMBER 21 2017......SUNRISE   802 AM CST   SUNSET   500 PM CST


-  INDICATES NEGATIVE NUMBERS.
R  INDICATES RECORD WAS SET OR TIED.
MM INDICATES DATA IS MISSING.
T  INDICATES TRACE AMOUNT.




$$
