000
CDUS43 KBIS 240728
CLIMOT


CLIMATE REPORT
NATIONAL WEATHER SERVICE BISMARCK ND
228 AM CDT FRI OCT 24 2014


...................................

...THE MINOT ND CLIMATE SUMMARY FOR OCTOBER 23 2014...

CLIMATE NORMAL PERIOD 1981 TO 2010
CLIMATE RECORD PERIOD 1905 TO 2014


WEATHER ITEM   OBSERVED TIME   RECORD YEAR NORMAL DEPARTURE LAST
                VALUE   (LST)  VALUE       VALUE  FROM      YEAR
                                                  NORMAL
..................................................................
TEMPERATURE (F)
 YESTERDAY
  MAXIMUM         68    334 PM  78    1963  51     17       41
  MINIMUM         42    740 AM  -1    1919  31     11       28
  AVERAGE         55                        41     14       35

PRECIPITATION (IN)
  YESTERDAY        0.00          0.33 2011   0.02  -0.02     0.06
  MONTH TO DATE    0.27                      0.92  -0.65     2.32
  SINCE SEP 1      1.12                      2.38  -1.26     4.48
  SINCE JAN 1     15.76                     15.82  -0.06    24.66

DEGREE DAYS
 HEATING
  YESTERDAY       10                        24    -14       30
  MONTH TO DATE  364                       431    -67      468
  SINCE SEP 1    576                       680   -104      590
  SINCE JUL 1    644                       751   -107      659

 COOLING
  YESTERDAY        0                         0      0        0
  MONTH TO DATE    0                         0      0        0
  SINCE SEP 1     36                        33      3       50
  SINCE JAN 1    341                       444   -103      421
..................................................................


WIND (MPH)
  HIGHEST WIND SPEED    16   HIGHEST WIND DIRECTION    SW (220)
  HIGHEST GUST SPEED    24   HIGHEST GUST DIRECTION    SW (220)
  AVERAGE WIND SPEED    10.4


SKY COVER
  POSSIBLE SUNSHINE  MM
  AVERAGE SKY COVER 0.0


WEATHER CONDITIONS
 THE FOLLOWING WEATHER WAS RECORDED YESTERDAY.
  NO SIGNIFICANT WEATHER WAS OBSERVED.


RELATIVE HUMIDITY (PERCENT)
 HIGHEST    70           500 AM
 LOWEST     24           200 PM
 AVERAGE    47

..........................................................


THE MINOT ND CLIMATE NORMALS FOR TODAY
                         NORMAL    RECORD    YEAR
 MAXIMUM TEMPERATURE (F)   51        79      1992
 MINIMUM TEMPERATURE (F)   31        10      1957


SUNRISE AND SUNSET
OCTOBER 24 2014.......SUNRISE   818 AM CDT   SUNSET   639 PM CDT
OCTOBER 25 2014.......SUNRISE   820 AM CDT   SUNSET   638 PM CDT


-  INDICATES NEGATIVE NUMBERS.
R  INDICATES RECORD WAS SET OR TIED.
MM INDICATES DATA IS MISSING.
T  INDICATES TRACE AMOUNT.




$$
