000
CDUS43 KBIS 160728
CLIMOT


CLIMATE REPORT
NATIONAL WEATHER SERVICE BISMARCK ND
127 AM CST TUE JAN 16 2018


...................................

...THE MINOT ND CLIMATE SUMMARY FOR JANUARY 15 2018...

CLIMATE NORMAL PERIOD 1981 TO 2010
CLIMATE RECORD PERIOD 1897 TO 2018


WEATHER ITEM   OBSERVED TIME   RECORD YEAR NORMAL DEPARTURE LAST
                VALUE   (LST)  VALUE       VALUE  FROM      YEAR
                                                  NORMAL
..................................................................
TEMPERATURE (F)
 YESTERDAY
  MAXIMUM         -5    429 PM  49    1914  21    -26       25
  MINIMUM        -15   1150 PM -39    1916   3    -18        9
  AVERAGE        -10                        12    -22       17

PRECIPITATION (IN)
  YESTERDAY        0.00          0.40 1967   0.02  -0.02     0.00
  MONTH TO DATE    0.07                      0.27  -0.20     0.06
  SINCE DEC 1      0.12                      0.65  -0.53     0.68
  SINCE JAN 1      0.07                      0.27  -0.20     0.06

DEGREE DAYS
 HEATING
  YESTERDAY       75                        53     22       48
  MONTH TO DATE  850                       795     55      972
  SINCE DEC 1   2319                      2332    -13     2616
  SINCE JUL 1   4197                      4390   -193     4131
..................................................................


WIND (MPH)
  HIGHEST WIND SPEED    25   HIGHEST WIND DIRECTION    NW (310)
  HIGHEST GUST SPEED    29   HIGHEST GUST DIRECTION    NW (310)
  AVERAGE WIND SPEED    13.2


SKY COVER
  POSSIBLE SUNSHINE  MM
  AVERAGE SKY COVER 0.0


WEATHER CONDITIONS
 THE FOLLOWING WEATHER WAS RECORDED YESTERDAY.
  NO SIGNIFICANT WEATHER WAS OBSERVED.


RELATIVE HUMIDITY (PERCENT)
 HIGHEST    77           800 PM
 LOWEST     59           200 PM
 AVERAGE    68

..........................................................


THE MINOT ND CLIMATE NORMALS FOR TODAY
                         NORMAL    RECORD    YEAR
 MAXIMUM TEMPERATURE (F)   21        50      1942
 MINIMUM TEMPERATURE (F)    3       -33      1954


SUNRISE AND SUNSET
JANUARY 16 2018.......SUNRISE   830 AM CST   SUNSET   520 PM CST
JANUARY 17 2018.......SUNRISE   829 AM CST   SUNSET   522 PM CST


-  INDICATES NEGATIVE NUMBERS.
R  INDICATES RECORD WAS SET OR TIED.
MM INDICATES DATA IS MISSING.
T  INDICATES TRACE AMOUNT.




$$
