000
CDUS43 KBIS 010021
CLIMOT


CLIMATE REPORT
NATIONAL WEATHER SERVICE BISMARCK ND
720 PM CDT TUE MAY 31 2016


...................................

...THE MINOT ND CLIMATE SUMMARY FOR MAY 31 2016...
VALID TODAY AS OF 0700 PM LOCAL TIME.

CLIMATE NORMAL PERIOD 1981 TO 2010
CLIMATE RECORD PERIOD 1897 TO 2016


WEATHER ITEM   OBSERVED TIME   RECORD YEAR NORMAL DEPARTURE LAST
                VALUE   (LST)  VALUE       VALUE  FROM      YEAR
                                                  NORMAL
..................................................................
TEMPERATURE (F)
 TODAY
  MAXIMUM         70    245 PM  94    1986  71     -1       65
  MINIMUM         53    712 AM  25    1897  48      5       46
  AVERAGE         62                        60      2       56

PRECIPITATION (IN)
  TODAY            0.29          1.32 2013   0.10   0.19     0.00
  MONTH TO DATE    1.93                      2.50  -0.57     2.70
  SINCE MAR 1      4.51                      4.48   0.03     3.66
  SINCE JAN 1      5.09                      5.39  -0.30     4.13

DEGREE DAYS
 HEATING
  TODAY            3                         7     -4        9
  MONTH TO DATE  137                       330   -193      379
  SINCE MAR 1   1522                      2119   -597     1962
  SINCE JUL 1   6954                      8695  -1741     8650

 COOLING
  TODAY            0                         1     -1        0
  MONTH TO DATE   40                        15     25        7
  SINCE MAR 1     40                        16     24        7
  SINCE JAN 1     40                        16     24        7
..................................................................


WIND (MPH)
  RESULTANT WIND SPEED   8   RESULTANT WIND DIRECTION   W (280)
  HIGHEST WIND SPEED    29   HIGHEST WIND DIRECTION    NW (310)
  HIGHEST GUST SPEED    36   HIGHEST GUST DIRECTION    NW (310)
  AVERAGE WIND SPEED    15.0


SKY COVER
  POSSIBLE SUNSHINE  MM
  AVERAGE SKY COVER 0.8


WEATHER CONDITIONS
 THE FOLLOWING WEATHER WAS RECORDED TODAY.
  THUNDERSTORM
  HEAVY RAIN
  RAIN
  LIGHT RAIN
  FOG
  HAZE


RELATIVE HUMIDITY (PERCENT)
 HIGHEST    93          1200 AM
 LOWEST     48           200 PM
 AVERAGE    71

..........................................................


THE MINOT ND CLIMATE NORMALS FOR TOMORROW
                         NORMAL    RECORD    YEAR
 MAXIMUM TEMPERATURE (F)   71        93      1997
                                             1933
 MINIMUM TEMPERATURE (F)   48        26      1935
                                             1917


SUNRISE AND SUNSET
MAY 31 2016...........SUNRISE   549 AM CDT   SUNSET   937 PM CDT
JUNE  1 2016..........SUNRISE   548 AM CDT   SUNSET   938 PM CDT


-  INDICATES NEGATIVE NUMBERS.
R  INDICATES RECORD WAS SET OR TIED.
MM INDICATES DATA IS MISSING.
T  INDICATES TRACE AMOUNT.




$$
