000
CDUS41 KPHI 220547
CLIMPO


CLIMATE REPORT
NATIONAL WEATHER SERVICE MOUNT HOLLY NJ
146 AM EDT SUN OCT 22 2017


...................................

...THE MOUNT POCONO PA CLIMATE SUMMARY FOR OCTOBER 21 2017...

CLIMATE NORMAL PERIOD 1981 TO 2010
CLIMATE RECORD PERIOD 1901 TO 2017


WEATHER ITEM   OBSERVED TIME   RECORD YEAR NORMAL DEPARTURE LAST
                VALUE   (LST)  VALUE       VALUE  FROM      YEAR
                                                  NORMAL
..................................................................
TEMPERATURE (F)
 YESTERDAY
  MAXIMUM         73   1241 PM  77    1979  56     17       72
  MINIMUM         36    612 AM  16    1972  38     -2       45
  AVERAGE         55                        47      8       59

PRECIPITATION (IN)
  YESTERDAY        0.00          2.20 1904   0.13  -0.13     0.08
  MONTH TO DATE    3.08                      2.97   0.11     0.45
  SINCE SEP 1      5.90                      8.33  -2.43     4.05
  SINCE JAN 1     36.51                     39.31  -2.80    33.64

DEGREE DAYS
 HEATING
  YESTERDAY       10                        18     -8        6
  MONTH TO DATE  183                       324   -141      236
  SINCE SEP 1    335                       529   -194      386
  SINCE JUL 1    433                       592   -159      418

 COOLING
  YESTERDAY        0                         0      0        0
  MONTH TO DATE   12                         0     12        0
  SINCE SEP 1     58                        17     41       51
  SINCE JAN 1    287                       313    -26      397
..................................................................


WIND (MPH)
  HIGHEST WIND SPEED    13   HIGHEST WIND DIRECTION     S (190)
  HIGHEST GUST SPEED    17   HIGHEST GUST DIRECTION    SW (230)
  AVERAGE WIND SPEED     3.5


SKY COVER
  POSSIBLE SUNSHINE  MM
  AVERAGE SKY COVER 0.0


WEATHER CONDITIONS
 THE FOLLOWING WEATHER WAS RECORDED YESTERDAY.
  NO SIGNIFICANT WEATHER WAS OBSERVED.


RELATIVE HUMIDITY (PERCENT)
 HIGHEST    92           300 AM
 LOWEST     22          1100 AM
 AVERAGE    57

..........................................................


THE MOUNT POCONO PA CLIMATE NORMALS FOR TODAY
                         NORMAL    RECORD    YEAR
 MAXIMUM TEMPERATURE (F)   56        81      1979
 MINIMUM TEMPERATURE (F)   37        16      1907


SUNRISE AND SUNSET
OCTOBER 22 2017.......SUNRISE   721 AM EDT   SUNSET   610 PM EDT
OCTOBER 23 2017.......SUNRISE   722 AM EDT   SUNSET   609 PM EDT


-  INDICATES NEGATIVE NUMBERS.
R  INDICATES RECORD WAS SET OR TIED.
MM INDICATES DATA IS MISSING.
T  INDICATES TRACE AMOUNT.




$$
