000
CDUS41 KPHI 142128
CLIMPO


CLIMATE REPORT
NATIONAL WEATHER SERVICE MOUNT HOLLY NJ
526 PM EDT SUN SEP 14 2014


...................................

...THE MOUNT POCONO PA CLIMATE SUMMARY FOR SEPTEMBER 14 2014...
VALID TODAY AS OF 0500 PM LOCAL TIME.

CLIMATE NORMAL PERIOD 1981 TO 2010
CLIMATE RECORD PERIOD 1901 TO 2014


WEATHER ITEM   OBSERVED TIME   RECORD YEAR NORMAL DEPARTURE LAST
                VALUE   (LST)  VALUE       VALUE  FROM      YEAR
                                                  NORMAL
..................................................................
TEMPERATURE (F)
 TODAY
  MAXIMUM         63    348 PM  83    1976  68     -5       52
  MINIMUM         46    740 AM  26    1911  51     -5       38
  AVERAGE         55                        60     -5       45

PRECIPITATION (IN)
  TODAY            0.00          4.20 1987   0.18  -0.18      T
  MONTH TO DATE    0.85                      2.32  -1.47     1.17
  SINCE SEP 1      0.85                      2.32  -1.47     1.17
  SINCE JAN 1     29.27                     33.30  -4.03    36.82

SNOWFALL (IN)
  TODAY           MM            MM      MM  MM     MM       MM
  MONTH TO DATE   MM                        MM     MM       MM
  SINCE SEP 1     MM                        MM     MM       MM
  SINCE JUL 1     MM                        MM     MM       MM
  SNOW DEPTH      MM

DEGREE DAYS
 HEATING
  TODAY           10                         6      4       20
  MONTH TO DATE   40                        59    -19       70
  SINCE SEP 1     40                        59    -19       70
  SINCE JUL 1    116                       122     -6      134

 COOLING
  TODAY            0                         0      0        0
  MONTH TO DATE   33                        13     20       40
  SINCE SEP 1     33                        13     20       40
  SINCE JAN 1    251                       309    -58      459
..................................................................


WIND (MPH)
  HIGHEST WIND SPEED    16   HIGHEST WIND DIRECTION    NW (330)
  HIGHEST GUST SPEED    26   HIGHEST GUST DIRECTION    NW (330)
  AVERAGE WIND SPEED     7.7


SKY COVER
  POSSIBLE SUNSHINE  MM
  AVERAGE SKY COVER 0.3


WEATHER CONDITIONS
 THE FOLLOWING WEATHER WAS RECORDED TODAY.
  NO SIGNIFICANT WEATHER WAS OBSERVED.


RELATIVE HUMIDITY (PERCENT)
 HIGHEST    86          1200 AM
 LOWEST     43           200 PM
 AVERAGE    65

..........................................................


THE MOUNT POCONO PA CLIMATE NORMALS FOR TOMORROW
                         NORMAL    RECORD    YEAR
 MAXIMUM TEMPERATURE (F)   68        88      1927
 MINIMUM TEMPERATURE (F)   50        30      1975


SUNRISE AND SUNSET
SEPTEMBER 14 2014.....SUNRISE   641 AM EDT   SUNSET   712 PM EDT
SEPTEMBER 15 2014.....SUNRISE   642 AM EDT   SUNSET   711 PM EDT


-  INDICATES NEGATIVE NUMBERS.
R  INDICATES RECORD WAS SET OR TIED.
MM INDICATES DATA IS MISSING.
T  INDICATES TRACE AMOUNT.




$$
