000
CDUS41 KPHI 282136
CLIMPO


CLIMATE REPORT
NATIONAL WEATHER SERVICE MOUNT HOLLY NJ
433 PM EST SAT FEB 28 2015


...................................

...THE MOUNT POCONO PA CLIMATE SUMMARY FOR FEBRUARY 28 2015...
VALID TODAY AS OF 0400 PM LOCAL TIME.

CLIMATE NORMAL PERIOD 1981 TO 2010
CLIMATE RECORD PERIOD 1901 TO 2015


WEATHER ITEM   OBSERVED TIME   RECORD YEAR NORMAL DEPARTURE LAST
                VALUE   (LST)  VALUE       VALUE  FROM      YEAR
                                                  NORMAL
..................................................................
TEMPERATURE (F)
 TODAY
  MAXIMUM         23    400 PM  64    1997  37    -14       18
  MINIMUM          3    700 AM -15    1907  20    -17       -5
  AVERAGE         13                        29    -16        7

PRECIPITATION (IN)
  TODAY            0.00          2.10 1902   0.11  -0.11     0.00
  MONTH TO DATE    1.63                      2.41  -0.78     3.04
  SINCE DEC 1      6.15                      9.13  -2.98     9.02
  SINCE JAN 1      3.35                      5.26  -1.91     6.39

SNOWFALL (IN)
  TODAY           MM            MM      MM  MM     MM       MM
  MONTH TO DATE   MM                        MM     MM       MM
  SINCE DEC 1     MM                        MM     MM       MM
  SINCE JUL 1     MM                        MM     MM       MM
  SNOW DEPTH      MM

DEGREE DAYS
 HEATING
  TODAY           52                        36     16       58
  MONTH TO DATE 1433                      1092    341     1249
  SINCE DEC 1   3867                      3544    323     3815
  SINCE JUL 1   5434                      5123    311     5427

 COOLING
  TODAY            0                         0      0        0
  MONTH TO DATE    0                         0      0        0
  SINCE DEC 1      0                         0      0        0
  SINCE JAN 1      0                         0      0        0
..................................................................


WIND (MPH)
  HIGHEST WIND SPEED    10   HIGHEST WIND DIRECTION    MM
  HIGHEST GUST SPEED    15   HIGHEST GUST DIRECTION    MM
  AVERAGE WIND SPEED     6.5


SKY COVER
  POSSIBLE SUNSHINE   0 PERCENT
  AVERAGE SKY COVER 0.0


WEATHER CONDITIONS
 THE FOLLOWING WEATHER WAS RECORDED TODAY.
  NO SIGNIFICANT WEATHER WAS OBSERVED.


RELATIVE HUMIDITY (PERCENT)
 HIGHEST     0          1200 AM
 LOWEST      0          1200 AM
 AVERAGE     0

..........................................................


THE MOUNT POCONO PA CLIMATE NORMALS FOR TOMORROW
                         NORMAL    RECORD    YEAR
 MAXIMUM TEMPERATURE (F)   37        67      1972
 MINIMUM TEMPERATURE (F)   21        -5      1980


SUNRISE AND SUNSET
FEBRUARY 28 2015......SUNRISE   638 AM EST   SUNSET   551 PM EST
MARCH  1 2015.........SUNRISE   636 AM EST   SUNSET   552 PM EST


-  INDICATES NEGATIVE NUMBERS.
R  INDICATES RECORD WAS SET OR TIED.
MM INDICATES DATA IS MISSING.
T  INDICATES TRACE AMOUNT.




$$
