000
CDUS41 KPHI 060630
CLIMPO


CLIMATE REPORT
NATIONAL WEATHER SERVICE MOUNT HOLLY NJ
129 AM EST TUE DEC 6 2016


...................................

...THE MOUNT POCONO PA CLIMATE SUMMARY FOR DECEMBER 5 2016...

CLIMATE NORMAL PERIOD 1981 TO 2010
CLIMATE RECORD PERIOD 1901 TO 2016


WEATHER ITEM   OBSERVED TIME   RECORD YEAR NORMAL DEPARTURE LAST
                VALUE   (LST)  VALUE       VALUE  FROM      YEAR
                                                  NORMAL
..................................................................
TEMPERATURE (F)
 YESTERDAY
  MAXIMUM         39    346 PM  66    1998  37      2       50
  MINIMUM         28    426 AM  -2    1971  25      3       27
  AVERAGE         34                        31      3       39

PRECIPITATION (IN)
  YESTERDAY        0.12          3.12 1951   0.14  -0.02     0.00
  MONTH TO DATE    0.38                      0.68  -0.30     0.98
  SINCE DEC 1      0.38                      0.68  -0.30     0.98
  SINCE JAN 1     38.28                     45.59  -7.31    40.88

SNOWFALL (IN)
  YESTERDAY       MM            MM      MM  MM     MM       MM
  MONTH TO DATE   MM                        MM     MM       MM
  SINCE DEC 1     MM                        MM     MM       MM
  SINCE JUL 1     MM                        MM     MM       MM
  SNOW DEPTH      MM

DEGREE DAYS
 HEATING
  YESTERDAY       31                        34     -3       26
  MONTH TO DATE  145                       166    -21      127
  SINCE DEC 1    145                       166    -21      127
  SINCE JUL 1   1538                      1745   -207     1394

 COOLING
  YESTERDAY        0                         0      0        0
  MONTH TO DATE    0                         0      0        0
  SINCE DEC 1      0                         0      0        0
  SINCE JAN 1    397                       314     83      403
..................................................................


WIND (MPH)
  HIGHEST WIND SPEED    18   HIGHEST WIND DIRECTION     W (290)
  HIGHEST GUST SPEED    26   HIGHEST GUST DIRECTION     W (290)
  AVERAGE WIND SPEED     9.0


SKY COVER
  POSSIBLE SUNSHINE  MM
  AVERAGE SKY COVER 0.8


WEATHER CONDITIONS
 THE FOLLOWING WEATHER WAS RECORDED YESTERDAY.
  LIGHT SNOW
  FOG


RELATIVE HUMIDITY (PERCENT)
 HIGHEST   100           500 AM
 LOWEST     70           200 PM
 AVERAGE    85

..........................................................


THE MOUNT POCONO PA CLIMATE NORMALS FOR TODAY
                         NORMAL    RECORD    YEAR
 MAXIMUM TEMPERATURE (F)   37        65      1951
 MINIMUM TEMPERATURE (F)   24       -14      1901


SUNRISE AND SUNSET
DECEMBER  6 2016......SUNRISE   713 AM EST   SUNSET   433 PM EST
DECEMBER  7 2016......SUNRISE   714 AM EST   SUNSET   433 PM EST


-  INDICATES NEGATIVE NUMBERS.
R  INDICATES RECORD WAS SET OR TIED.
MM INDICATES DATA IS MISSING.
T  INDICATES TRACE AMOUNT.




$$
