000
CDUS41 KBTV 260657
CLIMPV


CLIMATE REPORT
NATIONAL WEATHER SERVICE BURLINGTON VT
155 AM EST WED NOV 26 2014


...................................

...THE MONTPELIER VT CLIMATE SUMMARY FOR NOVEMBER 25 2014...

CLIMATE NORMAL PERIOD 1981 TO 2010
CLIMATE RECORD PERIOD 1948 TO 2014


WEATHER ITEM   OBSERVED TIME   RECORD YEAR NORMAL DEPARTURE LAST
                VALUE   (LST)  VALUE       VALUE  FROM      YEAR
                                                  NORMAL
..................................................................
TEMPERATURE (F)
 YESTERDAY
  MAXIMUM         60    224 AM  62    2004  40     20       27
  MINIMUM         38    555 PM   4    1993  24     14        6
  AVERAGE         49                        32     17       17

PRECIPITATION (IN)
  YESTERDAY        T             1.95        0.10  -0.10     0.00
  MONTH TO DATE    1.08                      2.66  -1.58     1.53
  SINCE SEP 1      7.01                      9.22  -2.21     8.65
  SINCE JAN 1     32.10                     34.02  -1.92    33.94

DEGREE DAYS
 HEATING
  YESTERDAY       16                        33    -17       48
  MONTH TO DATE  736                       716     20      792
  SINCE SEP 1   1505                      1564    -59     1634
  SINCE JUL 1   1618                      1672    -54     1727

 COOLING
  YESTERDAY        0                         0      0        0
  MONTH TO DATE    0                         0      0        0
  SINCE SEP 1     22                        20      2       29
  SINCE JAN 1    188                       264    -76      323
..................................................................


WIND (MPH)
  HIGHEST WIND SPEED    25   HIGHEST WIND DIRECTION    SW (220)
  HIGHEST GUST SPEED    39   HIGHEST GUST DIRECTION     W (260)
  AVERAGE WIND SPEED     8.9


SKY COVER
  AVERAGE SKY COVER 0.1


WEATHER CONDITIONS
 THE FOLLOWING WEATHER WAS RECORDED YESTERDAY.
  NO SIGNIFICANT WEATHER WAS OBSERVED.


RELATIVE HUMIDITY (PERCENT)
 HIGHEST    72           100 AM
 LOWEST     41           400 PM
 AVERAGE    57

..........................................................


THE MONTPELIER VT CLIMATE NORMALS FOR TODAY
                         NORMAL    RECORD    YEAR
 MAXIMUM TEMPERATURE (F)   39        61      1979
 MINIMUM TEMPERATURE (F)   23        -3      1949


SUNRISE AND SUNSET
NOVEMBER 26 2014......SUNRISE   700 AM EST   SUNSET   415 PM EST
NOVEMBER 27 2014......SUNRISE   701 AM EST   SUNSET   415 PM EST


-  INDICATES NEGATIVE NUMBERS.
R  INDICATES RECORD WAS SET OR TIED.
MM INDICATES DATA IS MISSING.
T  INDICATES TRACE AMOUNT.




$$
