000
CDUS41 KBTV 301245
CLIMPV


CLIMATE REPORT
NATIONAL WEATHER SERVICE BURLINGTON VT
845 AM EDT SAT JUL 30 2016


...................................

...THE MONTPELIER VT CLIMATE SUMMARY FOR JULY 29 2016...

CLIMATE NORMAL PERIOD 1981 TO 2010
CLIMATE RECORD PERIOD 1948 TO 2016


WEATHER ITEM   OBSERVED TIME   RECORD YEAR NORMAL DEPARTURE LAST
                VALUE   (LST)  VALUE       VALUE  FROM      YEAR
                                                  NORMAL
..................................................................
TEMPERATURE (F)
 YESTERDAY
  MAXIMUM         81    258 PM  92    1949  78      3       89
  MINIMUM         57   1139 PM  41    1987  56      1       59
  AVERAGE         69                        67      2       74

PRECIPITATION (IN)
  YESTERDAY        0.00          1.74        0.15  -0.15     0.00
  MONTH TO DATE    4.10                      3.78   0.32     3.50
  SINCE JUN 1      6.78                      7.58  -0.80    12.55
  SINCE JAN 1     19.06                     20.49  -1.43    23.25

DEGREE DAYS
 HEATING
  YESTERDAY        0                         1     -1        0
  MONTH TO DATE   29                        35     -6       51
  SINCE JUN 1    161                       156      5      213
  SINCE JUL 1     29                        35     -6       51

 COOLING
  YESTERDAY        4                         3      1        9
  MONTH TO DATE  103                        91     12       90
  SINCE JUN 1    135                       144     -9      102
  SINCE JAN 1    164                       154     10      136
..................................................................


WIND (MPH)
  HIGHEST WIND SPEED    14   HIGHEST WIND DIRECTION     N (360)
  HIGHEST GUST SPEED    19   HIGHEST GUST DIRECTION     N (350)
  AVERAGE WIND SPEED     3.5


SKY COVER
  AVERAGE SKY COVER 0.6


WEATHER CONDITIONS
 THE FOLLOWING WEATHER WAS RECORDED YESTERDAY.
  FOG
  FOG W/VISIBILITY <= 1/4 MILE


RELATIVE HUMIDITY (PERCENT)
 HIGHEST   100           200 AM
 LOWEST     42           300 PM
 AVERAGE    71

..........................................................


THE MONTPELIER VT CLIMATE NORMALS FOR TODAY
                         NORMAL    RECORD    YEAR
 MAXIMUM TEMPERATURE (F)   78        92      1959
 MINIMUM TEMPERATURE (F)   56        39      1952


SUNRISE AND SUNSET
JULY 30 2016..........SUNRISE   536 AM EDT   SUNSET   816 PM EDT
JULY 31 2016..........SUNRISE   537 AM EDT   SUNSET   815 PM EDT


-  INDICATES NEGATIVE NUMBERS.
R  INDICATES RECORD WAS SET OR TIED.
MM INDICATES DATA IS MISSING.
T  INDICATES TRACE AMOUNT.




$$
