000
CDUS41 KBTV 030602
CLIMPV


CLIMATE REPORT
NATIONAL WEATHER SERVICE BURLINGTON VT
200 AM EDT THU SEP 3 2015


...................................

...THE MONTPELIER VT CLIMATE SUMMARY FOR SEPTEMBER 2 2015...

CLIMATE NORMAL PERIOD 1981 TO 2010
CLIMATE RECORD PERIOD 1948 TO 2015


WEATHER ITEM   OBSERVED TIME   RECORD YEAR NORMAL DEPARTURE LAST
                VALUE   (LST)  VALUE       VALUE  FROM      YEAR
                                                  NORMAL
..................................................................
TEMPERATURE (F)
 YESTERDAY
  MAXIMUM         82    202 PM  90    1953  74      8       84
  MINIMUM         54    542 AM  34    1967  51      3       58
  AVERAGE         68                        62      6       71

PRECIPITATION (IN)
  YESTERDAY        0.00          0.75        0.10  -0.10     0.75
  MONTH TO DATE    0.00                      0.19  -0.19     0.75
  SINCE SEP 1      0.00                      0.19  -0.19     0.75
  SINCE JAN 1     25.94                     24.99   0.95    25.84

DEGREE DAYS
 HEATING
  YESTERDAY        0                         4     -4        0
  MONTH TO DATE    0                         8     -8        0
  SINCE SEP 1      0                         8     -8        0
  SINCE JUL 1     77                       116    -39      113

 COOLING
  YESTERDAY        3                         1      2        6
  MONTH TO DATE    6                         2      4       12
  SINCE SEP 1      6                         2      4       12
  SINCE JAN 1    247                       246      1      178
..................................................................


WIND (MPH)
  HIGHEST WIND SPEED    13   HIGHEST WIND DIRECTION     N (340)
  HIGHEST GUST SPEED    16   HIGHEST GUST DIRECTION     N (360)
  AVERAGE WIND SPEED     1.5


SKY COVER
  AVERAGE SKY COVER 0.3


WEATHER CONDITIONS
 THE FOLLOWING WEATHER WAS RECORDED YESTERDAY.
  FOG
  FOG W/VISIBILITY <= 1/4 MILE


RELATIVE HUMIDITY (PERCENT)
 HIGHEST   100          1200 AM
 LOWEST     51           200 PM
 AVERAGE    76

..........................................................


THE MONTPELIER VT CLIMATE NORMALS FOR TODAY
                         NORMAL    RECORD    YEAR
 MAXIMUM TEMPERATURE (F)   74        89      1953
 MINIMUM TEMPERATURE (F)   50        36      1970


SUNRISE AND SUNSET
SEPTEMBER  3 2015.....SUNRISE   615 AM EDT   SUNSET   723 PM EDT
SEPTEMBER  4 2015.....SUNRISE   616 AM EDT   SUNSET   721 PM EDT


-  INDICATES NEGATIVE NUMBERS.
R  INDICATES RECORD WAS SET OR TIED.
MM INDICATES DATA IS MISSING.
T  INDICATES TRACE AMOUNT.




$$
