000
CDUS41 KBTV 270606
CLIMPV


CLIMATE REPORT
NATIONAL WEATHER SERVICE BURLINGTON VT
100 AM EST MON FEB 27 2017


...................................

...THE MONTPELIER VT CLIMATE SUMMARY FOR FEBRUARY 26 2017...

CLIMATE NORMAL PERIOD 1981 TO 2010
CLIMATE RECORD PERIOD 1948 TO 2017


WEATHER ITEM   OBSERVED TIME   RECORD YEAR NORMAL DEPARTURE LAST
                VALUE   (LST)  VALUE       VALUE  FROM      YEAR
                                                  NORMAL
..................................................................
TEMPERATURE (F)
 YESTERDAY
  MAXIMUM         34    158 AM  58    1957  33      1       27
  MINIMUM         23    924 PM -18    2003  12     11       11
  AVERAGE         29                        23      6       19

PRECIPITATION (IN)
  YESTERDAY        0.03          1.09        0.07  -0.04      T
  MONTH TO DATE    2.15                      1.89   0.26     3.83
  SINCE DEC 1      6.51                      7.08  -0.57     8.78
  SINCE JAN 1      3.92                      4.34  -0.42     5.09

DEGREE DAYS
 HEATING
  YESTERDAY       36                        42     -6       46
  MONTH TO DATE 1028                      1178   -150     1111
  SINCE DEC 1   3575                      3977   -402     3415
  SINCE JUL 1   5164                      5823   -659     5058

 COOLING
  YESTERDAY        0                         0      0        0
  MONTH TO DATE    0                         0      0        0
  SINCE DEC 1      0                         0      0        0
  SINCE JAN 1      0                         0      0        0
..................................................................


WIND (MPH)
  HIGHEST WIND SPEED    25   HIGHEST WIND DIRECTION    NW (300)
  HIGHEST GUST SPEED    35   HIGHEST GUST DIRECTION     W (290)
  AVERAGE WIND SPEED    13.4


SKY COVER
  AVERAGE SKY COVER 0.7


WEATHER CONDITIONS
 THE FOLLOWING WEATHER WAS RECORDED YESTERDAY.
  LIGHT SNOW
  FOG


RELATIVE HUMIDITY (PERCENT)
 HIGHEST   100          1200 AM
 LOWEST     46           300 PM
 AVERAGE    73

..........................................................


THE MONTPELIER VT CLIMATE NORMALS FOR TODAY
                         NORMAL    RECORD    YEAR
 MAXIMUM TEMPERATURE (F)   33        52      2000
 MINIMUM TEMPERATURE (F)   12       -22      1963


SUNRISE AND SUNSET
FEBRUARY 27 2017......SUNRISE   630 AM EST   SUNSET   536 PM EST
FEBRUARY 28 2017......SUNRISE   629 AM EST   SUNSET   537 PM EST


-  INDICATES NEGATIVE NUMBERS.
R  INDICATES RECORD WAS SET OR TIED.
MM INDICATES DATA IS MISSING.
T  INDICATES TRACE AMOUNT.




$$
