000
CDUS41 KBTV 200534
CLIMPV


CLIMATE REPORT
NATIONAL WEATHER SERVICE BURLINGTON VT
1231 AM EST SAT DEC 20 2014


...................................

...THE MONTPELIER VT CLIMATE SUMMARY FOR DECEMBER 19 2014...

CLIMATE NORMAL PERIOD 1981 TO 2010
CLIMATE RECORD PERIOD 1948 TO 2014


WEATHER ITEM   OBSERVED TIME   RECORD YEAR NORMAL DEPARTURE LAST
                VALUE   (LST)  VALUE       VALUE  FROM      YEAR
                                                  NORMAL
..................................................................
TEMPERATURE (F)
 YESTERDAY
  MAXIMUM         25    124 AM  49    1949  30     -5       34
  MINIMUM         17   1159 PM -19    1985  13      4       21
  AVERAGE         21                        22     -1       28

PRECIPITATION (IN)
  YESTERDAY        0.00          0.35        0.08  -0.08     0.06
  MONTH TO DATE    2.95                      1.80   1.15     0.54
  SINCE DEC 1      2.95                      1.80   1.15     0.54
  SINCE JAN 1     35.74                     36.33  -0.59    35.63

DEGREE DAYS
 HEATING
  YESTERDAY       44                        43      1       37
  MONTH TO DATE  745                       756    -11      865
  SINCE DEC 1    745                       756    -11      865
  SINCE JUL 1   2563                      2602    -39     2769

 COOLING
  YESTERDAY        0                         0      0        0
  MONTH TO DATE    0                         0      0        0
  SINCE DEC 1      0                         0      0        0
  SINCE JAN 1    188                       264    -76      323
..................................................................


WIND (MPH)
  HIGHEST WIND SPEED    17   HIGHEST WIND DIRECTION    NW (300)
  HIGHEST GUST SPEED    22   HIGHEST GUST DIRECTION    NW (310)
  AVERAGE WIND SPEED     7.3


SKY COVER
  AVERAGE SKY COVER 1.0


WEATHER CONDITIONS
 THE FOLLOWING WEATHER WAS RECORDED YESTERDAY.
  FOG


RELATIVE HUMIDITY (PERCENT)
 HIGHEST    96           500 AM
 LOWEST     80          1100 PM
 AVERAGE    88

..........................................................


THE MONTPELIER VT CLIMATE NORMALS FOR TODAY
                         NORMAL    RECORD    YEAR
 MAXIMUM TEMPERATURE (F)   30        56      1957
 MINIMUM TEMPERATURE (F)   12       -19      1980


SUNRISE AND SUNSET
DECEMBER 20 2014......SUNRISE   722 AM EST   SUNSET   414 PM EST
DECEMBER 21 2014......SUNRISE   722 AM EST   SUNSET   414 PM EST


-  INDICATES NEGATIVE NUMBERS.
R  INDICATES RECORD WAS SET OR TIED.
MM INDICATES DATA IS MISSING.
T  INDICATES TRACE AMOUNT.




$$
