000
CDUS41 KBTV 270528
CLIMPV


CLIMATE REPORT
NATIONAL WEATHER SERVICE BURLINGTON VT
125 AM EDT SAT MAY 27 2017


...................................

...THE MONTPELIER VT CLIMATE SUMMARY FOR MAY 26 2017...

CLIMATE NORMAL PERIOD 1981 TO 2010
CLIMATE RECORD PERIOD 1948 TO 2017


WEATHER ITEM   OBSERVED TIME   RECORD YEAR NORMAL DEPARTURE LAST
                VALUE   (LST)  VALUE       VALUE  FROM      YEAR
                                                  NORMAL
..................................................................
TEMPERATURE (F)
 YESTERDAY
  MAXIMUM         55    349 PM  87    2010  69    -14       80
  MINIMUM         48   1159 PM  27    1956  45      3       51
  AVERAGE         52                        57     -5       66

PRECIPITATION (IN)
  YESTERDAY        0.53          3.83        0.12   0.41     0.00
  MONTH TO DATE    4.82                      2.79   2.03     2.18
  SINCE MAR 1     10.63                      7.84   2.79     6.95
  SINCE JAN 1     14.55                     12.33   2.22    12.12

DEGREE DAYS
 HEATING
  YESTERDAY       13                         9      4        0
  MONTH TO DATE  360                       317     43      347
  SINCE MAR 1   2195                      2113     82     2108
  SINCE JUL 1   7416                      8021   -605     7262

 COOLING
  YESTERDAY        0                         1     -1        1
  MONTH TO DATE   14                         2     12        1
  SINCE MAR 1     17                         3     14        1
  SINCE JAN 1     17                         3     14        1
..................................................................


WIND (MPH)
  HIGHEST WIND SPEED    12   HIGHEST WIND DIRECTION    NE (30)
  HIGHEST GUST SPEED    16   HIGHEST GUST DIRECTION    NE (30)
  AVERAGE WIND SPEED     4.7


SKY COVER
  AVERAGE SKY COVER 1.0


WEATHER CONDITIONS
 THE FOLLOWING WEATHER WAS RECORDED YESTERDAY.
  HEAVY RAIN
  RAIN
  LIGHT RAIN
  FOG


RELATIVE HUMIDITY (PERCENT)
 HIGHEST   100          1200 AM
 LOWEST     89          1100 AM
 AVERAGE    95

..........................................................


THE MONTPELIER VT CLIMATE NORMALS FOR TODAY
                         NORMAL    RECORD    YEAR
 MAXIMUM TEMPERATURE (F)   69        88      1960
 MINIMUM TEMPERATURE (F)   45        27      1969


SUNRISE AND SUNSET
MAY 27 2017...........SUNRISE   513 AM EDT   SUNSET   823 PM EDT
MAY 28 2017...........SUNRISE   512 AM EDT   SUNSET   824 PM EDT


-  INDICATES NEGATIVE NUMBERS.
R  INDICATES RECORD WAS SET OR TIED.
MM INDICATES DATA IS MISSING.
T  INDICATES TRACE AMOUNT.




$$
