989
CDUS41 KBTV 070553
CLIMPV


CLIMATE REPORT
NATIONAL WEATHER SERVICE BURLINGTON VT
1250 AM EST WED DEC 7 2016


...................................

...THE MONTPELIER VT CLIMATE SUMMARY FOR DECEMBER 6 2016...

CLIMATE NORMAL PERIOD 1981 TO 2010
CLIMATE RECORD PERIOD 1948 TO 2016


WEATHER ITEM   OBSERVED TIME   RECORD YEAR NORMAL DEPARTURE LAST
                VALUE   (LST)  VALUE       VALUE  FROM      YEAR
                                                  NORMAL
..................................................................
TEMPERATURE (F)
 YESTERDAY
  MAXIMUM         32    124 AM  67    2001  35     -3       34
  MINIMUM         22    712 PM  -4    1954  19      3       23
  AVERAGE         27                        27      0       29

PRECIPITATION (IN)
  YESTERDAY        0.00          0.95        0.10  -0.10     0.00
  MONTH TO DATE    0.62                      0.60   0.02     0.84
  SINCE DEC 1      0.62                      0.60   0.02     0.84
  SINCE JAN 1     32.53                     35.13  -2.60    35.74

DEGREE DAYS
 HEATING
  YESTERDAY       38                        38      0       36
  MONTH TO DATE  208                       222    -14      193
  SINCE DEC 1    208                       222    -14      193
  SINCE JUL 1   1797                      2068   -271     1836

 COOLING
  YESTERDAY        0                         0      0        0
  MONTH TO DATE    0                         0      0        0
  SINCE DEC 1      0                         0      0        0
  SINCE JAN 1    300                       264     36      290
..................................................................


WIND (MPH)
  HIGHEST WIND SPEED    13   HIGHEST WIND DIRECTION    NW (300)
  HIGHEST GUST SPEED    19   HIGHEST GUST DIRECTION    NW (320)
  AVERAGE WIND SPEED     3.1


SKY COVER
  AVERAGE SKY COVER 0.5


WEATHER CONDITIONS
 THE FOLLOWING WEATHER WAS RECORDED YESTERDAY.
  FOG


RELATIVE HUMIDITY (PERCENT)
 HIGHEST   100           800 PM
 LOWEST     78           100 PM
 AVERAGE    89

..........................................................


THE MONTPELIER VT CLIMATE NORMALS FOR TODAY
                         NORMAL    RECORD    YEAR
 MAXIMUM TEMPERATURE (F)   35        67      1998
 MINIMUM TEMPERATURE (F)   18        -6      1964


SUNRISE AND SUNSET
DECEMBER  7 2016......SUNRISE   712 AM EST   SUNSET   411 PM EST
DECEMBER  8 2016......SUNRISE   713 AM EST   SUNSET   411 PM EST


-  INDICATES NEGATIVE NUMBERS.
R  INDICATES RECORD WAS SET OR TIED.
MM INDICATES DATA IS MISSING.
T  INDICATES TRACE AMOUNT.




$$
