000
CDUS41 KBTV 230540
CLIMPV


CLIMATE REPORT
NATIONAL WEATHER SERVICE BURLINGTON VT
1239 AM EST SUN NOV 23 2014


...................................

...THE MONTPELIER VT CLIMATE SUMMARY FOR NOVEMBER 22 2014...

CLIMATE NORMAL PERIOD 1981 TO 2010
CLIMATE RECORD PERIOD 1948 TO 2014


WEATHER ITEM   OBSERVED TIME   RECORD YEAR NORMAL DEPARTURE LAST
                VALUE   (LST)  VALUE       VALUE  FROM      YEAR
                                                  NORMAL
..................................................................
TEMPERATURE (F)
 YESTERDAY
  MAXIMUM         42   1159 PM  67    1953  41      1       41
  MINIMUM         14    154 AM   2    1964  25    -11       25
  AVERAGE         28                        33     -5       33

PRECIPITATION (IN)
  YESTERDAY        0.00          0.74        0.11  -0.11     0.07
  MONTH TO DATE    1.07                      2.35  -1.28     1.52
  SINCE SEP 1      7.00                      8.91  -1.91     8.64
  SINCE JAN 1     32.09                     33.71  -1.62    33.93

DEGREE DAYS
 HEATING
  YESTERDAY       37                        32      5       32
  MONTH TO DATE  687                       618     69      656
  SINCE SEP 1   1456                      1466    -10     1498
  SINCE JUL 1   1569                      1574     -5     1591

 COOLING
  YESTERDAY        0                         0      0        0
  MONTH TO DATE    0                         0      0        0
  SINCE SEP 1     22                        20      2       29
  SINCE JAN 1    188                       264    -76      323
..................................................................


WIND (MPH)
  HIGHEST WIND SPEED    20   HIGHEST WIND DIRECTION    SW (230)
  HIGHEST GUST SPEED    29   HIGHEST GUST DIRECTION    SW (230)
  AVERAGE WIND SPEED     9.3


SKY COVER
  AVERAGE SKY COVER 0.5


WEATHER CONDITIONS
 THE FOLLOWING WEATHER WAS RECORDED YESTERDAY.
  NO SIGNIFICANT WEATHER WAS OBSERVED.


RELATIVE HUMIDITY (PERCENT)
 HIGHEST    74           600 AM
 LOWEST     32           200 PM
 AVERAGE    53

..........................................................


THE MONTPELIER VT CLIMATE NORMALS FOR TODAY
                         NORMAL    RECORD    YEAR
 MAXIMUM TEMPERATURE (F)   41        62      1953
 MINIMUM TEMPERATURE (F)   25        -1      1972


SUNRISE AND SUNSET
NOVEMBER 23 2014......SUNRISE   656 AM EST   SUNSET   417 PM EST
NOVEMBER 24 2014......SUNRISE   657 AM EST   SUNSET   416 PM EST


-  INDICATES NEGATIVE NUMBERS.
R  INDICATES RECORD WAS SET OR TIED.
MM INDICATES DATA IS MISSING.
T  INDICATES TRACE AMOUNT.




$$
