000
CDUS41 KBTV 250556
CLIMPV

CLIMATE REPORT
NATIONAL WEATHER SERVICE BURLINGTON VT
153 AM EDT WED MAY 25 2016

...................................

...THE MONTPELIER VT CLIMATE SUMMARY FOR MAY 24 2016...

CLIMATE NORMAL PERIOD 1981 TO 2010
CLIMATE RECORD PERIOD 1948 TO 2016


WEATHER ITEM   OBSERVED TIME   RECORD YEAR NORMAL DEPARTURE LAST
                VALUE   (LST)  VALUE       VALUE  FROM      YEAR
                                                  NORMAL
..................................................................
TEMPERATURE (F)
 YESTERDAY
  MAXIMUM         69   1054 AM  86    2007  68      1       76
                                      1964
  MINIMUM         45    431 AM  27    1956  45      0       52
  AVERAGE         57                        56      1       64

PRECIPITATION (IN)
  YESTERDAY        0.04          1.34        0.12  -0.08      T
  MONTH TO DATE    2.18                      2.55  -0.37     2.01
  SINCE MAR 1      6.95                      7.60  -0.65     4.91
  SINCE JAN 1     12.12                     12.09   0.03     7.78

DEGREE DAYS
 HEATING
  YESTERDAY        8                         9     -1        1
  MONTH TO DATE  347                       299     48      202
  SINCE MAR 1   2108                      2095     13     2276
  SINCE JUL 1   7262                      8003   -741     8614

 COOLING
  YESTERDAY        0                         0      0        0
  MONTH TO DATE    0                         0      0        9
  SINCE MAR 1      0                         1     -1        9
  SINCE JAN 1      0                         1     -1        9
..................................................................


WIND (MPH)
  HIGHEST WIND SPEED    16   HIGHEST WIND DIRECTION     S (170)
  HIGHEST GUST SPEED    19   HIGHEST GUST DIRECTION     S (160)
  AVERAGE WIND SPEED     3.1


SKY COVER
  AVERAGE SKY COVER 0.7


WEATHER CONDITIONS
 THE FOLLOWING WEATHER WAS RECORDED YESTERDAY.
  THUNDERSTORM
  LIGHT RAIN
  FOG


RELATIVE HUMIDITY (PERCENT)
 HIGHEST   100           900 PM
 LOWEST     48           900 AM
 AVERAGE    74

..........................................................


THE MONTPELIER VT CLIMATE NORMALS FOR TODAY
                         NORMAL    RECORD    YEAR
 MAXIMUM TEMPERATURE (F)   68        87      2007
 MINIMUM TEMPERATURE (F)   45        23      1956


SUNRISE AND SUNSET
MAY 25 2016...........SUNRISE   514 AM EDT   SUNSET   821 PM EDT
MAY 26 2016...........SUNRISE   513 AM EDT   SUNSET   822 PM EDT


-  INDICATES NEGATIVE NUMBERS.
R  INDICATES RECORD WAS SET OR TIED.
MM INDICATES DATA IS MISSING.
T  INDICATES TRACE AMOUNT.

$$
