000
CDUS41 KBTV 030612
CLIMPV


CLIMATE REPORT
NATIONAL WEATHER SERVICE BURLINGTON VT
112 AM EST TUE MAR 3 2015


...................................

...THE MONTPELIER VT CLIMATE SUMMARY FOR MARCH 2 2015...

CLIMATE NORMAL PERIOD 1981 TO 2010
CLIMATE RECORD PERIOD 1948 TO 2015


WEATHER ITEM   OBSERVED TIME   RECORD YEAR NORMAL DEPARTURE LAST
                VALUE   (LST)  VALUE       VALUE  FROM      YEAR
                                                  NORMAL
..................................................................
TEMPERATURE (F)
 YESTERDAY
  MAXIMUM         25    321 PM  61    1991  34     -9       31
  MINIMUM         13   1159 PM -15    1980  13      0        2
  AVERAGE         19                        24     -5       17

PRECIPITATION (IN)
  YESTERDAY        0.01          0.76        0.08  -0.07      T
  MONTH TO DATE    0.02                      0.15  -0.13      T
  SINCE MAR 1      0.02                      0.15  -0.13      T
  SINCE JAN 1      2.89                      4.64  -1.75     4.31

DEGREE DAYS
 HEATING
  YESTERDAY       46                        41      5       48
  MONTH TO DATE  102                        83     19      103
  SINCE MAR 1    102                        83     19      103
  SINCE JUL 1   6440                      5991    449     6268

 COOLING
  YESTERDAY        0                         0      0        0
  MONTH TO DATE    0                         0      0        0
  SINCE MAR 1      0                         0      0        0
  SINCE JAN 1      0                         0      0        0
..................................................................


WIND (MPH)
  HIGHEST WIND SPEED    29   HIGHEST WIND DIRECTION    NW (310)
  HIGHEST GUST SPEED    37   HIGHEST GUST DIRECTION    NW (300)
  AVERAGE WIND SPEED    11.1


SKY COVER
  AVERAGE SKY COVER 0.9


WEATHER CONDITIONS
 THE FOLLOWING WEATHER WAS RECORDED YESTERDAY.
  SNOW
  LIGHT SNOW
  FOG
  HAZE


RELATIVE HUMIDITY (PERCENT)
 HIGHEST    92           500 AM
 LOWEST     55           100 PM
 AVERAGE    74

..........................................................


THE MONTPELIER VT CLIMATE NORMALS FOR TODAY
                         NORMAL    RECORD    YEAR
 MAXIMUM TEMPERATURE (F)   35        52      2002
                                             1964
 MINIMUM TEMPERATURE (F)   14       -17      1950


SUNRISE AND SUNSET
MARCH  3 2015.........SUNRISE   624 AM EST   SUNSET   541 PM EST
MARCH  4 2015.........SUNRISE   623 AM EST   SUNSET   542 PM EST


-  INDICATES NEGATIVE NUMBERS.
R  INDICATES RECORD WAS SET OR TIED.
MM INDICATES DATA IS MISSING.
T  INDICATES TRACE AMOUNT.




$$
