000
CDUS43 KMPX 230720
CLIMPX


CLIMATE REPORT
NATIONAL WEATHER SERVICE CHANHASSEN MN
219 AM CDT TUE SEP 23 2014


...................................

...THE CHANHASSEN MN CLIMATE SUMMARY FOR SEPTEMBER 22 2014...

CLIMATE NORMAL PERIOD 1981 TO 2010
CLIMATE RECORD PERIOD 1995 TO 2014


WEATHER ITEM   OBSERVED NORMAL DEPARTURE LAST
                VALUE   VALUE  FROM      YEAR
                               NORMAL
...............................................
TEMPERATURE (F)
 YESTERDAY
  MAXIMUM         72     68      4       73
  MINIMUM         47     48     -1       45
  AVERAGE         60     58      2       59

PRECIPITATION (IN)
  YESTERDAY        0.00   0.10  -0.10     0.00
  MONTH TO DATE    1.01   2.61  -1.60     1.38
  SINCE SEP 1      1.01   2.61  -1.60     1.38
  SINCE JAN 1     33.52  24.61   8.91    29.59

SNOWFALL (IN)
  YESTERDAY        0.0    0.0    0.0      0.0
  MONTH TO DATE    0.0    0.0    0.0      0.0
  SINCE SEP 1      0.0    0.0    0.0      0.0
  SINCE JUL 1      0.0    0.0    0.0      0.0
  SNOW DEPTH       0

DEGREE DAYS
 HEATING
  YESTERDAY        5      8     -3        6
  MONTH TO DATE  129     98     31       85
  SINCE SEP 1    129     98     31       85
  SINCE JUL 1    145    121     24      106

 COOLING
  YESTERDAY        0      1     -1        0
  MONTH TO DATE   22     43    -21       73
  SINCE SEP 1     22     43    -21       73
  SINCE JAN 1    501    596    -95      652
...............................................







THE CHANHASSEN MN CLIMATE NORMALS FOR TODAY
                         NORMAL
 MAXIMUM TEMPERATURE (F)   68
 MINIMUM TEMPERATURE (F)   47



-  INDICATES NEGATIVE NUMBERS.
R  INDICATES RECORD WAS SET OR TIED.
MM INDICATES DATA IS MISSING.
T  INDICATES TRACE AMOUNT.




$$
