000
CDUS43 KMPX 040635
CLIMPX


CLIMATE REPORT
NATIONAL WEATHER SERVICE CHANHASSEN MN
1235 AM CST WED MAR 4 2015


...................................

...THE CHANHASSEN MN CLIMATE SUMMARY FOR MARCH 3 2015...

CLIMATE NORMAL PERIOD 1981 TO 2010
CLIMATE RECORD PERIOD 1995 TO 2015


WEATHER ITEM   OBSERVED TIME   RECORD YEAR NORMAL DEPARTURE LAST
                VALUE   (LST)  VALUE       VALUE  FROM      YEAR
                                                  NORMAL
..................................................................
TEMPERATURE (F)
 YESTERDAY
  MAXIMUM         27        MM  MM      MM  34     -7        7
  MINIMUM          4        MM  MM      MM  17    -13      -17
  AVERAGE         16                        25     -9       -5

PRECIPITATION (IN)
  YESTERDAY        0.19         MM      MM   0.04   0.15      T
  MONTH TO DATE    0.19                      0.12   0.07      T
  SINCE MAR 1      0.19                      0.12   0.07      T
  SINCE JAN 1      0.95                      1.93  -0.98     2.91

SNOWFALL (IN)
  YESTERDAY        2.4          MM      MM   0.4    2.0      0.1
  MONTH TO DATE    2.4                       1.2    1.2      0.1
  SINCE MAR 1      2.4                       1.2    1.2      0.1
  SINCE JUL 1     26.5                      40.9  -14.4     55.4
  SNOW DEPTH       T

DEGREE DAYS
 HEATING
  YESTERDAY       49                        40      9       70
  MONTH TO DATE  145                       121     24      210
  SINCE MAR 1    145                       121     24      210
  SINCE JUL 1   6403                      6136    267     7093

 COOLING
  YESTERDAY        0                         0      0        0
  MONTH TO DATE    0                         0      0        0
  SINCE MAR 1      0                         0      0        0
  SINCE JAN 1      0                         0      0        0
..................................................................


WIND (MPH)
  HIGHEST WIND SPEED    MM   HIGHEST WIND DIRECTION    MM
  HIGHEST GUST SPEED    MM   HIGHEST GUST DIRECTION    MM
  AVERAGE WIND SPEED    MM


SKY COVER
  POSSIBLE SUNSHINE  MM
  AVERAGE SKY COVER  MM


WEATHER CONDITIONS
 THE FOLLOWING WEATHER WAS RECORDED YESTERDAY.
  NO SIGNIFICANT WEATHER WAS OBSERVED.


RELATIVE HUMIDITY (PERCENT)
 HIGHEST    MM
 LOWEST     MM
 AVERAGE    MM

..........................................................


THE CHANHASSEN MN CLIMATE NORMALS FOR TODAY
                         NORMAL    RECORD    YEAR
 MAXIMUM TEMPERATURE (F)   34        MM        MM
 MINIMUM TEMPERATURE (F)   17        MM        MM


SUNRISE AND SUNSET
MARCH  4 2015.........SUNRISE   647 AM CST   SUNSET   606 PM CST
MARCH  5 2015.........SUNRISE   645 AM CST   SUNSET   607 PM CST


-  INDICATES NEGATIVE NUMBERS.
R  INDICATES RECORD WAS SET OR TIED.
MM INDICATES DATA IS MISSING.
T  INDICATES TRACE AMOUNT.




$$
