000
CDUS43 KMQT 190509
CLIMQT


CLIMATE REPORT
NATIONAL WEATHER SERVICE MARQUETTE MI
1207 AM EST SUN FEB 19 2017


...................................

...THE MARQUETTE MI CLIMATE SUMMARY FOR FEBRUARY 18 2017...

CLIMATE NORMAL PERIOD 1981 TO 2010
CLIMATE RECORD PERIOD 1961 TO 2017


WEATHER ITEM   OBSERVED RECORD YEAR NORMAL DEPARTURE LAST
                VALUE   VALUE       VALUE  FROM      YEAR
                                           NORMAL
...........................................................
TEMPERATURE (F)
 YESTERDAY
  MAXIMUM         54R    52    1997  26     28       31
  MINIMUM         33    -21    1996   6     27        4
  AVERAGE         44                 16     28       18

PRECIPITATION (IN)
  YESTERDAY        0.00   0.81 2009   0.08  -0.08     0.19
  MONTH TO DATE    1.22               1.32  -0.10     1.85
  SINCE DEC 1      5.15               6.30  -1.15     8.68
  SINCE JAN 1      2.96               3.73  -0.77     3.81

SNOWFALL (IN)
  YESTERDAY        0.0    8.4  2009   1.3   -1.3      0.8
  MONTH TO DATE   20.0               22.9   -2.9     27.8
  SINCE DEC 1     92.2              108.9  -16.7     84.2
  SINCE JUL 1    106.4              139.4  -33.0     92.1
  SNOW DEPTH      17

DEGREE DAYS
 HEATING
  YESTERDAY       21                 49    -28       47
  MONTH TO DATE  840                910    -70      907
  SINCE DEC 1   3704               3945   -241     3495
  SINCE JUL 1   5329               6147   -818     5327

 COOLING
  YESTERDAY        0                  0      0        0
  MONTH TO DATE    0                  0      0        0
  SINCE DEC 1      0                  0      0        0
  SINCE JAN 1      0                  0      0        0
...........................................................


WIND (MPH)
  RESULTANT WIND SPEED  MM   RESULTANT WIND DIRECTION  MM
  HIGHEST WIND SPEED    MM   HIGHEST WIND DIRECTION    MM
  HIGHEST GUST SPEED    26   HIGHEST GUST DIRECTION     W (270)
  AVERAGE WIND SPEED    MM


SKY COVER
  POSSIBLE SUNSHINE  MM
  AVERAGE SKY COVER  MM


WEATHER CONDITIONS
 THE FOLLOWING WEATHER WAS RECORDED YESTERDAY.
  NO SIGNIFICANT WEATHER WAS OBSERVED.


RELATIVE HUMIDITY (PERCENT)
 HIGHEST    MM
 LOWEST     MM
 AVERAGE    MM

..........................................................


THE MARQUETTE MI CLIMATE NORMALS FOR TODAY
                         NORMAL    RECORD    YEAR
 MAXIMUM TEMPERATURE (F)   27        46      1988
 MINIMUM TEMPERATURE (F)    6       -25      2015


SUNRISE AND SUNSET
FEBRUARY 19 2017......SUNRISE   747 AM EST   SUNSET   622 PM EST
FEBRUARY 20 2017......SUNRISE   745 AM EST   SUNSET   623 PM EST


-  INDICATES NEGATIVE NUMBERS.
R  INDICATES RECORD WAS SET OR TIED.
MM INDICATES DATA IS MISSING.
T  INDICATES TRACE AMOUNT.


$$

TITUS
