000
CDUS41 KLWX 190523
CLIMRB


CLIMATE REPORT
NATIONAL WEATHER SERVICE BALTIMORE MD/WASHINGTON DC
1222 AM EST FRI JAN 19 2018


...................................

...THE MARTINSBURG WV CLIMATE SUMMARY FOR JANUARY 18 2018...

CLIMATE NORMAL PERIOD 1981 TO 2010
CLIMATE RECORD PERIOD 1926 TO 2018


WEATHER ITEM   OBSERVED TIME   NORMAL DEPARTURE LAST
                VALUE   (LST)  VALUE  FROM      YEAR
                                      NORMAL
......................................................
TEMPERATURE (F)
 YESTERDAY
  MAXIMUM         42    411 PM  39      3       54
  MINIMUM         12    213 AM  22    -10       40
  AVERAGE         27            31     -4       47

PRECIPITATION (IN)
  YESTERDAY        0.00          0.08  -0.08      T
  MONTH TO DATE    1.58          1.37   0.21     1.99
  SINCE DEC 1      2.54          4.08  -1.54     3.78
  SINCE JAN 1      1.58          1.37   0.21     1.99

DEGREE DAYS
 HEATING
  YESTERDAY       38            34      4       18
  MONTH TO DATE  721           612    109      523
  SINCE DEC 1   1668          1568    100     1403
  SINCE JUL 1   2554          2638    -84     2207

 COOLING
  YESTERDAY        0             0      0        0
  MONTH TO DATE    0             0      0        0
  SINCE DEC 1      0             0      0        0
  SINCE JAN 1      0             0      0        0
......................................................


WIND (MPH)
  HIGHEST WIND SPEED    20   HIGHEST WIND DIRECTION     W (280)
  HIGHEST GUST SPEED    24   HIGHEST GUST DIRECTION     W (280)
  AVERAGE WIND SPEED     7.3


SKY COVER
  POSSIBLE SUNSHINE  MM
  AVERAGE SKY COVER 0.0


WEATHER CONDITIONS
 THE FOLLOWING WEATHER WAS RECORDED YESTERDAY.
  NO SIGNIFICANT WEATHER WAS OBSERVED.


RELATIVE HUMIDITY (PERCENT)
 HIGHEST    70           100 AM
 LOWEST     18           400 PM
 AVERAGE    44

..........................................................


THE MARTINSBURG WV CLIMATE NORMALS FOR TODAY
                         NORMAL    RECORD    YEAR
 MAXIMUM TEMPERATURE (F)   39        68      1951
 MINIMUM TEMPERATURE (F)   22       -17      1994


SUNRISE AND SUNSET
JANUARY 19 2018.......SUNRISE   728 AM EST   SUNSET   517 PM EST
JANUARY 20 2018.......SUNRISE   728 AM EST   SUNSET   518 PM EST


-  INDICATES NEGATIVE NUMBERS.
R  INDICATES RECORD WAS SET OR TIED.
MM INDICATES DATA IS MISSING.
T  INDICATES TRACE AMOUNT.




$$
