000
CDUS41 KLWX 282135
CLIMRB


CLIMATE REPORT
NATIONAL WEATHER SERVICE BALTIMORE MD/WASHINGTON DC
535 PM EDT FRI AUG 28 2015


...................................

...THE MARTINSBURG WV CLIMATE SUMMARY FOR AUGUST 28 2015...
VALID TODAY AS OF 0500 PM LOCAL TIME.

CLIMATE NORMAL PERIOD 1981 TO 2010
CLIMATE RECORD PERIOD 1926 TO 2015


WEATHER ITEM   OBSERVED TIME   RECORD YEAR NORMAL DEPARTURE LAST
                VALUE   (LST)  VALUE       VALUE  FROM      YEAR
                                                  NORMAL
..................................................................
TEMPERATURE (F)
 TODAY
  MAXIMUM         83    346 PM  99    1993  83      0       84
  MINIMUM         53    419 AM  45    1968  60     -7       60
  AVERAGE         68                        71     -3       72

PRECIPITATION (IN)
  TODAY            0.00          1.29 2008   0.10  -0.10     0.00
  MONTH TO DATE    1.36                      2.79  -1.43     2.23
  SINCE JUN 1      8.01                     10.22  -2.21     9.60
  SINCE JAN 1     18.95                     25.95  -7.00    24.47

DEGREE DAYS
 HEATING
  TODAY            0                         0      0        0
  MONTH TO DATE    0                         0      0        0
  SINCE JUN 1     15                        25    -10        5
  SINCE JUL 1      0                         1     -1        3

 COOLING
  TODAY            3                         7     -4        7
  MONTH TO DATE  224                       230     -6      188
  SINCE JUN 1    789                       716     73      725
  SINCE JAN 1    937                       773    164      806
..................................................................


WIND (MPH)
  HIGHEST WIND SPEED    10   HIGHEST WIND DIRECTION     S (160)
  HIGHEST GUST SPEED    13   HIGHEST GUST DIRECTION     S (170)
  AVERAGE WIND SPEED     1.5


SKY COVER
  POSSIBLE SUNSHINE  MM
  AVERAGE SKY COVER 0.4


WEATHER CONDITIONS
 THE FOLLOWING WEATHER WAS RECORDED TODAY.
  FOG
  HAZE


RELATIVE HUMIDITY (PERCENT)
 HIGHEST   100           300 AM
 LOWEST     42           300 PM
 AVERAGE    71

..........................................................


THE MARTINSBURG WV CLIMATE NORMALS FOR TOMORROW
                         NORMAL    RECORD    YEAR
 MAXIMUM TEMPERATURE (F)   82        99      1973
 MINIMUM TEMPERATURE (F)   60        40      1982


SUNRISE AND SUNSET
AUGUST 28 2015........SUNRISE   636 AM EDT   SUNSET   749 PM EDT
AUGUST 29 2015........SUNRISE   637 AM EDT   SUNSET   748 PM EDT


-  INDICATES NEGATIVE NUMBERS.
R  INDICATES RECORD WAS SET OR TIED.
MM INDICATES DATA IS MISSING.
T  INDICATES TRACE AMOUNT.




$$
