000
CDUS41 KLWX 070532
CLIMRB


CLIMATE REPORT
NATIONAL WEATHER SERVICE BALTIMORE MD/WASHINGTON DC
1228 AM EST WED DEC 7 2016


...................................

...THE MARTINSBURG WV CLIMATE SUMMARY FOR DECEMBER 6 2016...

CLIMATE NORMAL PERIOD 1981 TO 2010
CLIMATE RECORD PERIOD 1926 TO 2016


WEATHER ITEM   OBSERVED TIME   RECORD YEAR NORMAL DEPARTURE LAST
                VALUE   (LST)  VALUE       VALUE  FROM      YEAR
                                                  NORMAL
..................................................................
TEMPERATURE (F)
 YESTERDAY
  MAXIMUM         38   1122 PM  78    1998  46     -8       50
  MINIMUM         33    351 AM   6    2007  28      5       22
  AVERAGE         36                        37     -1       36

PRECIPITATION (IN)
  YESTERDAY        0.87          2.23 2013   0.10   0.77     0.00
  MONTH TO DATE    1.04                      0.63   0.41     0.61
  SINCE DEC 1      1.04                      0.63   0.41     0.61
  SINCE JAN 1     24.28                     36.62 -12.34    27.35

DEGREE DAYS
 HEATING
  YESTERDAY       29                        28      1       29
  MONTH TO DATE  140                       164    -24      147
  SINCE DEC 1    140                       164    -24      147
  SINCE JUL 1    944                      1234   -290     1005

 COOLING
  YESTERDAY        0                         0      0        0
  MONTH TO DATE    0                         0      0        0
  SINCE DEC 1      0                         0      0        0
  SINCE JAN 1   1296                       895    401     1113
..................................................................


WIND (MPH)
  HIGHEST WIND SPEED     9   HIGHEST WIND DIRECTION     N (350)
  HIGHEST GUST SPEED    17   HIGHEST GUST DIRECTION     N (360)
  AVERAGE WIND SPEED     2.4


SKY COVER
  POSSIBLE SUNSHINE  MM
  AVERAGE SKY COVER 0.6


WEATHER CONDITIONS
 THE FOLLOWING WEATHER WAS RECORDED YESTERDAY.
  RAIN
  LIGHT RAIN
  FOG


RELATIVE HUMIDITY (PERCENT)
 HIGHEST   100          1100 PM
 LOWEST     82          1200 AM
 AVERAGE    91

..........................................................


THE MARTINSBURG WV CLIMATE NORMALS FOR TODAY
                         NORMAL    RECORD    YEAR
 MAXIMUM TEMPERATURE (F)   45        78      1951
 MINIMUM TEMPERATURE (F)   28         2      2002


SUNRISE AND SUNSET
DECEMBER  7 2016......SUNRISE   719 AM EST   SUNSET   448 PM EST
DECEMBER  8 2016......SUNRISE   720 AM EST   SUNSET   448 PM EST


-  INDICATES NEGATIVE NUMBERS.
R  INDICATES RECORD WAS SET OR TIED.
MM INDICATES DATA IS MISSING.
T  INDICATES TRACE AMOUNT.




$$
