000
CDUS41 KLWX 252146
CLIMRB


CLIMATE REPORT
NATIONAL WEATHER SERVICE BALTIMORE MD/WASHINGTON DC
545 PM EDT TUE APR 25 2017


...................................

...THE MARTINSBURG WV CLIMATE SUMMARY FOR APRIL 25 2017...
VALID TODAY AS OF 0500 PM LOCAL TIME.

CLIMATE NORMAL PERIOD 1981 TO 2010
CLIMATE RECORD PERIOD 1926 TO 2017


WEATHER ITEM   OBSERVED TIME   RECORD YEAR NORMAL DEPARTURE LAST
                VALUE   (LST)  VALUE       VALUE  FROM      YEAR
                                                  NORMAL
..................................................................
TEMPERATURE (F)
 TODAY
  MAXIMUM         56    359 PM  92    2009  67    -11       81
  MINIMUM         49    503 AM  25    1956  44      5       38
  AVERAGE         53                        55     -2       60

PRECIPITATION (IN)
  TODAY            0.21          2.13 2010   0.12   0.09     0.00
  MONTH TO DATE    2.34                      2.77  -0.43     0.68
  SINCE MAR 1      5.12                      6.29  -1.17     2.43
  SINCE JAN 1      9.50                     11.07  -1.57     6.52

DEGREE DAYS
 HEATING
  TODAY           12                        10      2        5
  MONTH TO DATE  201                       339   -138      331
  SINCE MAR 1    883                      1053   -170      824
  SINCE JUL 1   3961                      5009  -1048     4239

 COOLING
  TODAY            0                         0      0        0
  MONTH TO DATE   25                         0     25        5
  SINCE MAR 1     28                         1     27        7
  SINCE JAN 1     28                         1     27        7
..................................................................


WIND (MPH)
  HIGHEST WIND SPEED    18   HIGHEST WIND DIRECTION     N (10)
  HIGHEST GUST SPEED    23   HIGHEST GUST DIRECTION     N (20)
  AVERAGE WIND SPEED     9.9


SKY COVER
  POSSIBLE SUNSHINE  MM
  AVERAGE SKY COVER 1.0


WEATHER CONDITIONS
 THE FOLLOWING WEATHER WAS RECORDED TODAY.
  RAIN
  LIGHT RAIN
  FOG


RELATIVE HUMIDITY (PERCENT)
 HIGHEST    93           400 AM
 LOWEST     80           600 AM
 AVERAGE    87

..........................................................


THE MARTINSBURG WV CLIMATE NORMALS FOR TOMORROW
                         NORMAL    RECORD    YEAR
 MAXIMUM TEMPERATURE (F)   68        92      1990
 MINIMUM TEMPERATURE (F)   44        29      2001


SUNRISE AND SUNSET
APRIL 25 2017.........SUNRISE   620 AM EDT   SUNSET   800 PM EDT
APRIL 26 2017.........SUNRISE   619 AM EDT   SUNSET   801 PM EDT


-  INDICATES NEGATIVE NUMBERS.
R  INDICATES RECORD WAS SET OR TIED.
MM INDICATES DATA IS MISSING.
T  INDICATES TRACE AMOUNT.




$$
