000
CDUS41 KLWX 170533
CLIMRB


CLIMATE REPORT
NATIONAL WEATHER SERVICE BALTIMORE MD/WASHINGTON DC
1233 AM EST FRI NOV 17 2017


...................................

...THE MARTINSBURG WV CLIMATE SUMMARY FOR NOVEMBER 16 2017...

CLIMATE NORMAL PERIOD 1981 TO 2010
CLIMATE RECORD PERIOD 1926 TO 2017


WEATHER ITEM   OBSERVED TIME   RECORD YEAR NORMAL DEPARTURE LAST
                VALUE   (LST)  VALUE       VALUE  FROM      YEAR
                                                  NORMAL
..................................................................
TEMPERATURE (F)
 YESTERDAY
  MAXIMUM         59   1207 PM  77    1928  54      5       62
  MINIMUM         38    725 AM  14    1967  34      4       34
  AVERAGE         49                        44      5       48

PRECIPITATION (IN)
  YESTERDAY        T             2.40 1926   0.11  -0.11      T
  MONTH TO DATE    0.98                      1.61  -0.63     0.25
  SINCE SEP 1      7.60                      8.23  -0.63     5.45
  SINCE JAN 1     34.54                     34.47   0.07    22.30

DEGREE DAYS
 HEATING
  YESTERDAY       16                        21     -5       17
  MONTH TO DATE  318                       293     25      240
  SINCE SEP 1    587                       732   -145      499
  SINCE JUL 1    589                       739   -150      499

 COOLING
  YESTERDAY        0                         0      0        0
  MONTH TO DATE    0                         0      0        0
  SINCE SEP 1    178                       103     75      224
  SINCE JAN 1   1074                       895    179     1296
..................................................................


WIND (MPH)
  HIGHEST WIND SPEED    30   HIGHEST WIND DIRECTION     W (290)
  HIGHEST GUST SPEED    41   HIGHEST GUST DIRECTION    NW (320)
  AVERAGE WIND SPEED    11.3


SKY COVER
  POSSIBLE SUNSHINE  MM
  AVERAGE SKY COVER 0.6


WEATHER CONDITIONS
 THE FOLLOWING WEATHER WAS RECORDED YESTERDAY.
  LIGHT RAIN


RELATIVE HUMIDITY (PERCENT)
 HIGHEST    85           700 AM
 LOWEST     41          1100 AM
 AVERAGE    63

..........................................................


THE MARTINSBURG WV CLIMATE NORMALS FOR TODAY
                         NORMAL    RECORD    YEAR
 MAXIMUM TEMPERATURE (F)   54        76      1928
 MINIMUM TEMPERATURE (F)   34        13      1933


SUNRISE AND SUNSET
NOVEMBER 17 2017......SUNRISE   658 AM EST   SUNSET   455 PM EST
NOVEMBER 18 2017......SUNRISE   659 AM EST   SUNSET   455 PM EST


-  INDICATES NEGATIVE NUMBERS.
R  INDICATES RECORD WAS SET OR TIED.
MM INDICATES DATA IS MISSING.
T  INDICATES TRACE AMOUNT.




$$
