000
CDUS41 KLWX 010521
CLIMRB


CLIMATE REPORT
NATIONAL WEATHER SERVICE BALTIMORE MD/WASHINGTON DC
1220 AM EST SUN FEB 1 2015


...................................

...THE MARTINSBURG WV CLIMATE SUMMARY FOR JANUARY 31 2015...

CLIMATE NORMAL PERIOD 1981 TO 2010
CLIMATE RECORD PERIOD 1926 TO 2015


WEATHER ITEM   OBSERVED TIME   RECORD YEAR NORMAL DEPARTURE LAST
                VALUE   (LST)  VALUE       VALUE  FROM      YEAR
                                                  NORMAL
..................................................................
TEMPERATURE (F)
 YESTERDAY
  MAXIMUM         34    509 PM  70    1974  40     -6       43
  MINIMUM         17    750 AM  -5    1948  23     -6       22
  AVERAGE         26                        32     -6       33

PRECIPITATION (IN)
  YESTERDAY        0.00          1.11 1951   0.09  -0.09     0.00
  MONTH TO DATE    2.06                      2.44  -0.38     1.04
  SINCE DEC 1      4.83                      5.15  -0.32     5.94
  SINCE JAN 1      2.06                      2.44  -0.38     1.04

DEGREE DAYS
 HEATING
  YESTERDAY       39                        33      6       32
  MONTH TO DATE 1069                      1053     16     1219
  SINCE DEC 1   1879                      2013   -134     2076
  SINCE JUL 1   2838                      3083   -245     3167

 COOLING
  YESTERDAY        0                         0      0        0
  MONTH TO DATE    0                         0      0        0
  SINCE DEC 1      0                         0      0        0
  SINCE JAN 1      0                         0      0        0
..................................................................


WIND (MPH)
  HIGHEST WIND SPEED    26   HIGHEST WIND DIRECTION    NW (300)
  HIGHEST GUST SPEED    32   HIGHEST GUST DIRECTION     W (290)
  AVERAGE WIND SPEED     9.2


SKY COVER
  POSSIBLE SUNSHINE  MM
  AVERAGE SKY COVER 0.0


WEATHER CONDITIONS
 THE FOLLOWING WEATHER WAS RECORDED YESTERDAY.
  NO SIGNIFICANT WEATHER WAS OBSERVED.


RELATIVE HUMIDITY (PERCENT)
 HIGHEST    57          1000 PM
 LOWEST     35           400 PM
 AVERAGE    46

..........................................................


THE MARTINSBURG WV CLIMATE NORMALS FOR TODAY
                         NORMAL    RECORD    YEAR
 MAXIMUM TEMPERATURE (F)   41        74      1989
 MINIMUM TEMPERATURE (F)   23        -2      1935


SUNRISE AND SUNSET
FEBRUARY  1 2015......SUNRISE   719 AM EST   SUNSET   532 PM EST
FEBRUARY  2 2015......SUNRISE   718 AM EST   SUNSET   533 PM EST


-  INDICATES NEGATIVE NUMBERS.
R  INDICATES RECORD WAS SET OR TIED.
MM INDICATES DATA IS MISSING.
T  INDICATES TRACE AMOUNT.




$$
