000
CDUS41 KLWX 242135
CLIMRB


CLIMATE REPORT
NATIONAL WEATHER SERVICE BALTIMORE MD/WASHINGTON DC
434 PM EST TUE JAN 24 2017


...................................

...THE MARTINSBURG WV CLIMATE SUMMARY FOR JANUARY 24 2017...
VALID TODAY AS OF 0400 PM LOCAL TIME.

CLIMATE NORMAL PERIOD 1981 TO 2010
CLIMATE RECORD PERIOD 1926 TO 2017


WEATHER ITEM   OBSERVED TIME   RECORD YEAR NORMAL DEPARTURE LAST
                VALUE   (LST)  VALUE       VALUE  FROM      YEAR
                                                  NORMAL
..................................................................
TEMPERATURE (F)
 TODAY
  MAXIMUM         47    359 PM  74    1967  40      7       36
  MINIMUM         34   1243 AM  -4    1963  22     12        6
  AVERAGE         41                        31     10       21

PRECIPITATION (IN)
  TODAY            0.04          0.94 1979   0.08  -0.04     0.00
  MONTH TO DATE    3.47                      1.86   1.61     1.36
  SINCE DEC 1      5.26                      4.57   0.69     4.02
  SINCE JAN 1      3.47                      1.86   1.61     1.36

DEGREE DAYS
 HEATING
  TODAY           24                        34    -10       44
  MONTH TO DATE  659                       816   -157      851
  SINCE DEC 1   1539                      1772   -233     1435
  SINCE JUL 1   2343                      2842   -499     2293

 COOLING
  TODAY            0                         0      0        0
  MONTH TO DATE    0                         0      0        0
  SINCE DEC 1      0                         0      0        0
  SINCE JAN 1      0                         0      0        0
..................................................................


WIND (MPH)
  HIGHEST WIND SPEED    21   HIGHEST WIND DIRECTION    NW (310)
  HIGHEST GUST SPEED    30   HIGHEST GUST DIRECTION    NW (320)
  AVERAGE WIND SPEED    10.6


SKY COVER
  POSSIBLE SUNSHINE  MM
  AVERAGE SKY COVER 1.0


WEATHER CONDITIONS
 THE FOLLOWING WEATHER WAS RECORDED TODAY.
  LIGHT RAIN
  FOG


RELATIVE HUMIDITY (PERCENT)
 HIGHEST    92          1200 AM
 LOWEST     65           400 PM
 AVERAGE    79

..........................................................


THE MARTINSBURG WV CLIMATE NORMALS FOR TOMORROW
                         NORMAL    RECORD    YEAR
 MAXIMUM TEMPERATURE (F)   40        76      1950
 MINIMUM TEMPERATURE (F)   22        -4      1936


SUNRISE AND SUNSET
JANUARY 24 2017.......SUNRISE   725 AM EST   SUNSET   523 PM EST
JANUARY 25 2017.......SUNRISE   725 AM EST   SUNSET   524 PM EST


-  INDICATES NEGATIVE NUMBERS.
R  INDICATES RECORD WAS SET OR TIED.
MM INDICATES DATA IS MISSING.
T  INDICATES TRACE AMOUNT.




$$
