000
CDUS44 KHUN 222224
CLIMSL


CLIMATE REPORT
NATIONAL WEATHER SERVICE HUNTSVILLE AL
424 PM CST MON DEC 22 2014


...................................

...THE MUSCLE SHOALS CLIMATE SUMMARY FOR DECEMBER 22 2014...
VALID TODAY AS OF 0400 PM LOCAL TIME.

CLIMATE NORMAL PERIOD 1981 TO 2010
CLIMATE RECORD PERIOD 1893 TO 2014


WEATHER ITEM   OBSERVED TIME   RECORD YEAR NORMAL DEPARTURE LAST
                VALUE   (LST)  VALUE       VALUE  FROM      YEAR
                                                  NORMAL
..................................................................
TEMPERATURE (F)
 TODAY
  MAXIMUM         53    418 PM  71    1998  51      2       64
  MINIMUM         46   1207 AM  -3    1989  33     13       46
  AVERAGE         50                        42      8       55

PRECIPITATION (IN)
  TODAY            0.09          3.20 1990   0.18  -0.09     0.36
  MONTH TO DATE    1.98                      4.28  -2.30     4.16
  SINCE DEC 1      1.98                      4.28  -2.30     4.16
  SINCE JAN 1     49.12                     51.80  -2.68    54.61

SNOWFALL (IN)
  TODAY            0.0
  MONTH TO DATE    0.0
  SINCE DEC 1      0.0
  SINCE JUL 1      T
  SNOW DEPTH       0

DEGREE DAYS
 HEATING
  TODAY           15                        23     -8       10
  MONTH TO DATE  390                       461    -71      407
  SINCE DEC 1    390                       461    -71      407
  SINCE JUL 1   1042                      1023     19     1024

 COOLING
  TODAY            0                         0      0        0
  MONTH TO DATE    0                         0      0        8
  SINCE DEC 1      0                         0      0        8
  SINCE JAN 1   1861                      1871    -10     1903
..................................................................


WIND (MPH)
  HIGHEST WIND SPEED    14   HIGHEST WIND DIRECTION    SE (150)
  HIGHEST GUST SPEED    17   HIGHEST GUST DIRECTION     S (160)
  AVERAGE WIND SPEED     7.1


SKY COVER
  POSSIBLE SUNSHINE  MM
  AVERAGE SKY COVER 1.0


WEATHER CONDITIONS
 THE FOLLOWING WEATHER WAS RECORDED TODAY.
  LIGHT RAIN
  FOG


RELATIVE HUMIDITY (PERCENT)
 HIGHEST    93           300 AM
 LOWEST     80           100 AM
 AVERAGE    87

..........................................................


THE MUSCLE SHOALS CLIMATE NORMALS FOR TOMORROW
                         NORMAL    RECORD    YEAR
 MAXIMUM TEMPERATURE (F)   51        74      1970
 MINIMUM TEMPERATURE (F)   33        -5      1989


SUNRISE AND SUNSET
DECEMBER 22 2014......SUNRISE   654 AM CST   SUNSET   444 PM CST
DECEMBER 23 2014......SUNRISE   655 AM CST   SUNSET   444 PM CST


-  INDICATES NEGATIVE NUMBERS.
R  INDICATES RECORD WAS SET OR TIED.
MM INDICATES DATA IS MISSING.
T  INDICATES TRACE AMOUNT.




$$
