000
CDUS44 KHUN 050728
CLIMSL


CLIMATE REPORT
NATIONAL WEATHER SERVICE HUNTSVILLE AL
227 AM CDT THU MAY 5 2016


...................................

...THE MUSCLE SHOALS CLIMATE SUMMARY FOR MAY 4 2016...

CLIMATE NORMAL PERIOD 1981 TO 2010
CLIMATE RECORD PERIOD 1893 TO 2016


WEATHER ITEM   OBSERVED TIME   RECORD YEAR NORMAL DEPARTURE LAST
                VALUE   (LST)  VALUE       VALUE  FROM      YEAR
                                                  NORMAL
..................................................................
TEMPERATURE (F)
 YESTERDAY
  MAXIMUM         77    215 PM  91    1902  78     -1       84
  MINIMUM         48    534 AM  34    1940  55     -7       53
  AVERAGE         63                        67     -4       69

PRECIPITATION (IN)
  YESTERDAY        0.03          1.48 1944   0.16  -0.13     0.00
  MONTH TO DATE    0.06                      0.62  -0.56     0.00
  SINCE MAR 1      8.25                      9.73  -1.48    11.60
  SINCE JAN 1     15.38                     19.00  -3.62    18.88

SNOWFALL (IN)
  YESTERDAY        0.0
  MONTH TO DATE    0.0
  SINCE MAR 1      0.0
  SINCE JUL 1      T
  SNOW DEPTH       0

DEGREE DAYS
 HEATING
  YESTERDAY        2                         2      0        0
  MONTH TO DATE    4                         8     -4       10
  SINCE MAR 1    337                       546   -209      453
  SINCE JUL 1   2338                      3081   -743     3224

 COOLING
  YESTERDAY        0                         3     -3        4
  MONTH TO DATE    8                        12     -4        4
  SINCE MAR 1     92                        76     16       60
  SINCE JAN 1     92                        77     15       60
..................................................................


WIND (MPH)
  HIGHEST WIND SPEED    29   HIGHEST WIND DIRECTION     W (290)
  HIGHEST GUST SPEED    38   HIGHEST GUST DIRECTION     W (290)
  AVERAGE WIND SPEED     7.5


SKY COVER
  POSSIBLE SUNSHINE  MM
  AVERAGE SKY COVER 0.1


WEATHER CONDITIONS
 THE FOLLOWING WEATHER WAS RECORDED YESTERDAY.
  THUNDERSTORM
  LIGHT RAIN
  FOG


RELATIVE HUMIDITY (PERCENT)
 HIGHEST    93           300 AM
 LOWEST     31           200 PM
 AVERAGE    62

..........................................................


THE MUSCLE SHOALS CLIMATE NORMALS FOR TODAY
                         NORMAL    RECORD    YEAR
 MAXIMUM TEMPERATURE (F)   78        93      1952
                                             1902
 MINIMUM TEMPERATURE (F)   56        39      1973
                                             1903


SUNRISE AND SUNSET
MAY  5 2016...........SUNRISE   556 AM CDT   SUNSET   739 PM CDT
MAY  6 2016...........SUNRISE   555 AM CDT   SUNSET   740 PM CDT


-  INDICATES NEGATIVE NUMBERS.
R  INDICATES RECORD WAS SET OR TIED.
MM INDICATES DATA IS MISSING.
T  INDICATES TRACE AMOUNT.




$$
