000
CDUS44 KHUN 230701
CLIMSL


CLIMATE REPORT
NATIONAL WEATHER SERVICE HUNTSVILLE AL
201 AM CDT WED AUG 23 2017


...................................

...THE MUSCLE SHOALS CLIMATE SUMMARY FOR AUGUST 22 2017...

CLIMATE NORMAL PERIOD 1981 TO 2010
CLIMATE RECORD PERIOD 1893 TO 2017


WEATHER ITEM   OBSERVED TIME   RECORD YEAR NORMAL DEPARTURE LAST
                VALUE   (LST)  VALUE       VALUE  FROM      YEAR
                                                  NORMAL
..................................................................
TEMPERATURE (F)
 YESTERDAY
  MAXIMUM         93    154 PM 103    2007  91      2       85
  MINIMUM         69    521 AM  54    1915  68      1       68
  AVERAGE         81                        80      1       77

PRECIPITATION (IN)
  YESTERDAY        0.43          2.03 1912   0.10   0.33     0.00
  MONTH TO DATE    3.36                      2.26   1.10     4.82
  SINCE JUN 1     10.54                     11.32  -0.78    14.56
  SINCE JAN 1     31.51                     34.82  -3.31    31.04

SNOWFALL (IN)
  YESTERDAY        0.0
  MONTH TO DATE    0.0
  SINCE JUN 1      0.0
  SINCE JUL 1      0.0
  SNOW DEPTH       0

DEGREE DAYS
 HEATING
  YESTERDAY        0                         0      0        0
  MONTH TO DATE    0                         0      0        0
  SINCE JUN 1      0                         1     -1        0
  SINCE JUL 1      0                         0      0        0

 COOLING
  YESTERDAY       16                        15      1       12
  MONTH TO DATE  321                       337    -16      372
  SINCE JUN 1   1205                      1176     29     1380
  SINCE JAN 1   1534                      1420    114     1647
..................................................................


WIND (MPH)
  HIGHEST WIND SPEED    22   HIGHEST WIND DIRECTION    NW (310)
  HIGHEST GUST SPEED    31   HIGHEST GUST DIRECTION     N (350)
  AVERAGE WIND SPEED     6.2


SKY COVER
  POSSIBLE SUNSHINE  MM
  AVERAGE SKY COVER 0.2


WEATHER CONDITIONS
 THE FOLLOWING WEATHER WAS RECORDED YESTERDAY.
  THUNDERSTORM
  HEAVY RAIN
  RAIN


RELATIVE HUMIDITY (PERCENT)
 HIGHEST    90           400 AM
 LOWEST     47           400 PM
 AVERAGE    69

..........................................................


THE MUSCLE SHOALS CLIMATE NORMALS FOR TODAY
                         NORMAL    RECORD    YEAR
 MAXIMUM TEMPERATURE (F)   91       104      2007
 MINIMUM TEMPERATURE (F)   68        55      1956
                                             1950
                                             1931


SUNRISE AND SUNSET
AUGUST 23 2017........SUNRISE   617 AM CDT   SUNSET   728 PM CDT
AUGUST 24 2017........SUNRISE   618 AM CDT   SUNSET   727 PM CDT


-  INDICATES NEGATIVE NUMBERS.
R  INDICATES RECORD WAS SET OR TIED.
MM INDICATES DATA IS MISSING.
T  INDICATES TRACE AMOUNT.




$$
