000
CDUS44 KHUN 312128
CLIMSL


CLIMATE REPORT
NATIONAL WEATHER SERVICE HUNTSVILLE AL
428 PM CDT FRI OCT 31 2014


...................................

...THE MUSCLE SHOALS CLIMATE SUMMARY FOR OCTOBER 31 2014...
VALID TODAY AS OF 0400 PM LOCAL TIME.

CLIMATE NORMAL PERIOD 1981 TO 2010
CLIMATE RECORD PERIOD 1893 TO 2014


WEATHER ITEM   OBSERVED TIME   RECORD YEAR NORMAL DEPARTURE LAST
                VALUE   (LST)  VALUE       VALUE  FROM      YEAR
                                                  NORMAL
..................................................................
TEMPERATURE (F)
 TODAY
  MAXIMUM         61   1203 PM  86    2000  69     -8       71
  MINIMUM         45   1211 AM  23    1917  45      0       64
  AVERAGE         53                        57     -4       68

PRECIPITATION (IN)
  TODAY            0.02          1.47 1942   0.12  -0.10     0.42
  MONTH TO DATE    6.94                      3.43   3.51     1.81
  SINCE SEP 1      9.65                      7.15   2.50     4.27
  SINCE JAN 1     42.85                     42.86  -0.01    47.16

SNOWFALL (IN)
  TODAY            0.0
  MONTH TO DATE    0.0
  SINCE SEP 1      0.0
  SINCE JUL 1      0.0
  SNOW DEPTH       0

DEGREE DAYS
 HEATING
  TODAY           12                         9      3        0
  MONTH TO DATE  107                       155    -48      130
  SINCE SEP 1    107                       168    -61      130
  SINCE JUL 1    107                       168    -61      130

 COOLING
  TODAY            0                         1     -1        3
  MONTH TO DATE  100                        62     38      104
  SINCE SEP 1    407                       321     86      413
  SINCE JAN 1   1860                      1864     -4     1894
..................................................................


WIND (MPH)
  HIGHEST WIND SPEED    21   HIGHEST WIND DIRECTION     N (350)
  HIGHEST GUST SPEED    29   HIGHEST GUST DIRECTION     N (350)
  AVERAGE WIND SPEED     3.6


SKY COVER
  POSSIBLE SUNSHINE  MM
  AVERAGE SKY COVER 0.9


WEATHER CONDITIONS
 THE FOLLOWING WEATHER WAS RECORDED TODAY.
  LIGHT RAIN


RELATIVE HUMIDITY (PERCENT)
 HIGHEST    93           700 AM
 LOWEST     53          1100 AM
 AVERAGE    73

..........................................................


THE MUSCLE SHOALS CLIMATE NORMALS FOR TOMORROW
                         NORMAL    RECORD    YEAR
 MAXIMUM TEMPERATURE (F)   69        86      1915
 MINIMUM TEMPERATURE (F)   45        24      1930
                                             1917


SUNRISE AND SUNSET
OCTOBER 31 2014.......SUNRISE   710 AM CDT   SUNSET   558 PM CDT
NOVEMBER  1 2014......SUNRISE   711 AM CDT   SUNSET   557 PM CDT


-  INDICATES NEGATIVE NUMBERS.
R  INDICATES RECORD WAS SET OR TIED.
MM INDICATES DATA IS MISSING.
T  INDICATES TRACE AMOUNT.


$$
