438
CDUS44 KHUN 170706
CLIMSL


CLIMATE REPORT
NATIONAL WEATHER SERVICE HUNTSVILLE AL
206 AM CDT TUE OCT 17 2017


...................................

...THE MUSCLE SHOALS CLIMATE SUMMARY FOR OCTOBER 16 2017...

CLIMATE NORMAL PERIOD 1981 TO 2010
CLIMATE RECORD PERIOD 1893 TO 2017


WEATHER ITEM   OBSERVED TIME   RECORD YEAR NORMAL DEPARTURE LAST
                VALUE   (LST)  VALUE       VALUE  FROM      YEAR
                                                  NORMAL
..................................................................
TEMPERATURE (F)
 YESTERDAY
  MAXIMUM         69    254 PM  89    1924  74     -5       87
  MINIMUM         49    614 AM  32    1893  50     -1       61
  AVERAGE         59                        62     -3       74

PRECIPITATION (IN)
  YESTERDAY        0.00          3.80 1932   0.10  -0.10     0.00
  MONTH TO DATE    1.88                      1.68   0.20     0.03
  SINCE SEP 1      5.39                      5.40  -0.01     0.53
  SINCE JAN 1     39.21                     41.11  -1.90    32.16

SNOWFALL (IN)
  YESTERDAY        0.0
  MONTH TO DATE    0.0
  SINCE SEP 1      0.0
  SINCE JUL 1      0.0
  SNOW DEPTH       0

DEGREE DAYS
 HEATING
  YESTERDAY        6                         5      1        0
  MONTH TO DATE    7                        53    -46        1
  SINCE SEP 1     19                        68    -49        6
  SINCE JUL 1     19                        68    -49        6

 COOLING
  YESTERDAY        0                         2     -2        9
  MONTH TO DATE   92                        44     48       73
  SINCE SEP 1    319                       303     16      472
  SINCE JAN 1   1944                      1846     98     2275
..................................................................


WIND (MPH)
  HIGHEST WIND SPEED    17   HIGHEST WIND DIRECTION    NE (40)
  HIGHEST GUST SPEED    26   HIGHEST GUST DIRECTION    NE (50)
  AVERAGE WIND SPEED     8.4


SKY COVER
  POSSIBLE SUNSHINE  MM
  AVERAGE SKY COVER 0.0


WEATHER CONDITIONS
 THE FOLLOWING WEATHER WAS RECORDED YESTERDAY.
  NO SIGNIFICANT WEATHER WAS OBSERVED.


RELATIVE HUMIDITY (PERCENT)
 HIGHEST    80           600 AM
 LOWEST     36           300 PM
 AVERAGE    58

..........................................................


THE MUSCLE SHOALS CLIMATE NORMALS FOR TODAY
                         NORMAL    RECORD    YEAR
 MAXIMUM TEMPERATURE (F)   74        90      1915
 MINIMUM TEMPERATURE (F)   49        33      1982
                                             1943


SUNRISE AND SUNSET
OCTOBER 17 2017.......SUNRISE   658 AM CDT   SUNSET   613 PM CDT
OCTOBER 18 2017.......SUNRISE   659 AM CDT   SUNSET   612 PM CDT


-  INDICATES NEGATIVE NUMBERS.
R  INDICATES RECORD WAS SET OR TIED.
MM INDICATES DATA IS MISSING.
T  INDICATES TRACE AMOUNT.




$$
