000
CDUS44 KHUN 240705
CLIMSL


CLIMATE REPORT
NATIONAL WEATHER SERVICE HUNTSVILLE AL
203 AM CDT FRI MAR 24 2017


...................................

...THE MUSCLE SHOALS CLIMATE SUMMARY FOR MARCH 23 2017...

CLIMATE NORMAL PERIOD 1981 TO 2010
CLIMATE RECORD PERIOD 1893 TO 2017


WEATHER ITEM   OBSERVED TIME   RECORD YEAR NORMAL DEPARTURE LAST
                VALUE   (LST)  VALUE       VALUE  FROM      YEAR
                                                  NORMAL
..................................................................
TEMPERATURE (F)
 YESTERDAY
  MAXIMUM         77    418 PM  88    1939  67     10       75
  MINIMUM         39    433 AM  19    1968  44     -5       54
  AVERAGE         58                        55      3       65

PRECIPITATION (IN)
  YESTERDAY        0.00          4.84 1929   0.16  -0.16     0.00
  MONTH TO DATE    3.36                      3.52  -0.16     2.21
  SINCE MAR 1      3.36                      3.52  -0.16     2.21
  SINCE JAN 1     10.60                     12.79  -2.19     9.34

SNOWFALL (IN)
  YESTERDAY        0.0
  MONTH TO DATE    T
  SINCE MAR 1      T
  SINCE JUL 1      T
  SNOW DEPTH       0

DEGREE DAYS
 HEATING
  YESTERDAY        7                        10     -3        0
  MONTH TO DATE  315                       303     12      185
  SINCE MAR 1    315                       303     12      185
  SINCE JUL 1   1995                      2838   -843     2186

 COOLING
  YESTERDAY        0                         0      0        0
  MONTH TO DATE    7                         0      7       21
  SINCE MAR 1      7                         0      7       21
  SINCE JAN 1     15                         1     14       21
..................................................................


WIND (MPH)
  HIGHEST WIND SPEED    21   HIGHEST WIND DIRECTION     S (160)
  HIGHEST GUST SPEED    26   HIGHEST GUST DIRECTION     S (160)
  AVERAGE WIND SPEED     7.5


SKY COVER
  POSSIBLE SUNSHINE  MM
  AVERAGE SKY COVER 0.0


WEATHER CONDITIONS
 THE FOLLOWING WEATHER WAS RECORDED YESTERDAY.
  NO SIGNIFICANT WEATHER WAS OBSERVED.


RELATIVE HUMIDITY (PERCENT)
 HIGHEST    73           600 AM
 LOWEST     36          1200 AM
 AVERAGE    55

..........................................................


THE MUSCLE SHOALS CLIMATE NORMALS FOR TODAY
                         NORMAL    RECORD    YEAR
 MAXIMUM TEMPERATURE (F)   67        90      1910
 MINIMUM TEMPERATURE (F)   44        23      1968


SUNRISE AND SUNSET
MARCH 24 2017.........SUNRISE   648 AM CDT   SUNSET   706 PM CDT
MARCH 25 2017.........SUNRISE   647 AM CDT   SUNSET   706 PM CDT


-  INDICATES NEGATIVE NUMBERS.
R  INDICATES RECORD WAS SET OR TIED.
MM INDICATES DATA IS MISSING.
T  INDICATES TRACE AMOUNT.




$$
