000
CDUS44 KHUN 190705
CLIMSL


CLIMATE REPORT
NATIONAL WEATHER SERVICE HUNTSVILLE AL
204 AM CDT SAT APR 19 2014


...................................

...THE MUSCLE SHOALS CLIMATE SUMMARY FOR APRIL 18 2014...

CLIMATE NORMAL PERIOD 1981 TO 2010
CLIMATE RECORD PERIOD 1893 TO 2014


WEATHER ITEM   OBSERVED TIME   RECORD YEAR NORMAL DEPARTURE LAST
                VALUE   (LST)  VALUE       VALUE  FROM      YEAR
                                                  NORMAL
..................................................................
TEMPERATURE (F)
 YESTERDAY
  MAXIMUM         66    454 PM  93    2006  74     -8       83
  MINIMUM         51   1159 PM  33    1961  50      1       58
                                      1936
                                      1919
  AVERAGE         59                        62     -3       71

PRECIPITATION (IN)
  YESTERDAY        0.00          2.41 1938   0.14  -0.14     0.87
  MONTH TO DATE    3.28                      2.61   0.67     2.83
  SINCE MAR 1      5.90                      7.37  -1.47     7.60
  SINCE JAN 1     11.59                     16.64  -5.05    19.10

SNOWFALL (IN)
  YESTERDAY        0.0
  MONTH TO DATE    0.0
  SINCE MAR 1      T
  SINCE JUL 1      1.4
  SNOW DEPTH       0

DEGREE DAYS
 HEATING
  YESTERDAY        6                         5      1        0
  MONTH TO DATE  121                       119      2       95
  SINCE MAR 1    564                       497     67      615
  SINCE JUL 1   3335                      3032    303     2831

 COOLING
  YESTERDAY        0                         2     -2        6
  MONTH TO DATE   27                        24      3       45
  SINCE MAR 1     27                        36     -9       46
  SINCE JAN 1     27                        37    -10       53
..................................................................


WIND (MPH)
  HIGHEST WIND SPEED    12   HIGHEST WIND DIRECTION     S (160)
  HIGHEST GUST SPEED    15   HIGHEST GUST DIRECTION    SE (130)
  AVERAGE WIND SPEED     3.3


SKY COVER
  POSSIBLE SUNSHINE  MM
  AVERAGE SKY COVER 0.5


WEATHER CONDITIONS
 THE FOLLOWING WEATHER WAS RECORDED YESTERDAY.
  FOG


RELATIVE HUMIDITY (PERCENT)
 HIGHEST    89          1100 PM
 LOWEST     51           900 AM
 AVERAGE    70

..........................................................


THE MUSCLE SHOALS CLIMATE NORMALS FOR TODAY
                         NORMAL    RECORD    YEAR
 MAXIMUM TEMPERATURE (F)   74        91      2006
 MINIMUM TEMPERATURE (F)   50        33      1983
                                             1953
                                             1936


SUNRISE AND SUNSET
APRIL 19 2014.........SUNRISE   614 AM CDT   SUNSET   726 PM CDT
APRIL 20 2014.........SUNRISE   613 AM CDT   SUNSET   727 PM CDT


-  INDICATES NEGATIVE NUMBERS.
R  INDICATES RECORD WAS SET OR TIED.
MM INDICATES DATA IS MISSING.
T  INDICATES TRACE AMOUNT.




$$
