000
CDUS43 KMKX 232142
CLIMSN


CLIMATE REPORT
NATIONAL WEATHER SERVICE IN MILWAUKEE
441 PM CDT WED AUG 23 2017


...................................

...THE MADISON WI CLIMATE SUMMARY FOR AUGUST 23 2017...
VALID TODAY AS OF 0400 PM LOCAL TIME.

CLIMATE NORMAL PERIOD 1981 TO 2010
CLIMATE RECORD PERIOD 1871 TO 2017


WEATHER ITEM   OBSERVED TIME   RECORD YEAR NORMAL DEPARTURE LAST
                VALUE   (LST)  VALUE       VALUE  FROM      YEAR
                                                  NORMAL
..................................................................
TEMPERATURE (F)
 TODAY
  MAXIMUM         74    224 PM  98    1947  79     -5       80
  MINIMUM         55    542 AM  43    1952  58     -3       62
  AVERAGE         65                        68     -3       71

PRECIPITATION (IN)
  TODAY            0.00          3.00 1910   0.13  -0.13     0.00
  MONTH TO DATE    3.34                      3.23   0.11     6.28
  SINCE JUN 1     16.59                     11.95   4.64    16.86
  SINCE JAN 1     32.25                     23.78   8.47    26.65

SNOWFALL (IN)
  TODAY            0.0           0.0    MM   0.0    0.0      0.0
  MONTH TO DATE    0.0                       0.0    0.0      0.0
  SINCE JUN 1      0.0                       0.0    0.0      0.0
  SINCE JUL 1      0.0                       0.0    0.0      0.0
  SNOW DEPTH       0

DEGREE DAYS
 HEATING
  TODAY            0                         1     -1        0
  MONTH TO DATE    6                        20    -14        3
  SINCE JUN 1     36                        90    -54       21
  SINCE JUL 1      6                        30    -24        7

 COOLING
  TODAY            0                         5     -5        6
  MONTH TO DATE   78                       127    -49      187
  SINCE JUN 1    437                       453    -16      591
  SINCE JAN 1    452                       483    -31      643
..................................................................


WIND (MPH)
  HIGHEST WIND SPEED    16   HIGHEST WIND DIRECTION    NW (330)
  HIGHEST GUST SPEED    19   HIGHEST GUST DIRECTION    NW (300)
  AVERAGE WIND SPEED     7.2


SKY COVER
  POSSIBLE SUNSHINE  MM
  AVERAGE SKY COVER 0.2


WEATHER CONDITIONS
 THE FOLLOWING WEATHER WAS RECORDED TODAY.
  NO SIGNIFICANT WEATHER WAS OBSERVED.


RELATIVE HUMIDITY (PERCENT)
 HIGHEST    86           400 AM
 LOWEST     46           300 PM
 AVERAGE    66

..........................................................


THE MADISON WI CLIMATE NORMALS FOR TOMORROW
                         NORMAL    RECORD    YEAR
 MAXIMUM TEMPERATURE (F)   79        98      1948
                                             1947
 MINIMUM TEMPERATURE (F)   58        41      1984
                                             1977


SUNRISE AND SUNSET
AUGUST 23 2017........SUNRISE   612 AM CDT   SUNSET   747 PM CDT
AUGUST 24 2017........SUNRISE   613 AM CDT   SUNSET   745 PM CDT


-  INDICATES NEGATIVE NUMBERS.
R  INDICATES RECORD WAS SET OR TIED.
MM INDICATES DATA IS MISSING.
T  INDICATES TRACE AMOUNT.




$$
