830
CDUS43 KMKX 232142
CLIMSN


CLIMATE REPORT
NATIONAL WEATHER SERVICE IN MILWAUKEE
442 PM CDT SAT JUL 23 2016


...................................

...THE MADISON WI CLIMATE SUMMARY FOR JULY 23 2016...
VALID TODAY AS OF 0400 PM LOCAL TIME.

CLIMATE NORMAL PERIOD 1981 TO 2010
CLIMATE RECORD PERIOD 1871 TO 2016


WEATHER ITEM   OBSERVED TIME   RECORD YEAR NORMAL DEPARTURE LAST
                VALUE   (LST)  VALUE       VALUE  FROM      YEAR
                                                  NORMAL
..................................................................
TEMPERATURE (F)
 TODAY
  MAXIMUM         84   1106 AM 101    1934  81      3       85
  MINIMUM         70    231 PM  46    1985  61      9       58
                                      1970
  AVERAGE         77                        71      6       72

PRECIPITATION (IN)
  TODAY            0.64          2.05 1884   0.13   0.51     0.00
  MONTH TO DATE    4.44                      3.17   1.27     3.60
  SINCE JUN 1      9.79                      7.71   2.08     6.75
  SINCE JAN 1     19.58                     19.54   0.04    17.27

SNOWFALL (IN)
  TODAY            0.0           0.0    MM   0.0    0.0      0.0
  MONTH TO DATE    0.0                       0.0    0.0      0.0
  SINCE JUN 1      0.0                       0.0    0.0      0.0
  SINCE JUL 1      0.0                       0.0    0.0      0.0
  SNOW DEPTH       0

DEGREE DAYS
 HEATING
  TODAY            0                         0      0        0
  MONTH TO DATE    4                         0      4       16
  SINCE JUN 1     18                        60    -42       53
  SINCE JUL 1      4                         0      4       16

 COOLING
  TODAY           12                         7      5        7
  MONTH TO DATE  184                       159     25      120
  SINCE JUN 1    333                       279     54      231
  SINCE JAN 1    385                       309     76      281
..................................................................


WIND (MPH)
  HIGHEST WIND SPEED    22   HIGHEST WIND DIRECTION    NE (60)
  HIGHEST GUST SPEED    27   HIGHEST GUST DIRECTION    SW (210)
  AVERAGE WIND SPEED     1.7


SKY COVER
  POSSIBLE SUNSHINE  MM
  AVERAGE SKY COVER 0.8


WEATHER CONDITIONS
 THE FOLLOWING WEATHER WAS RECORDED TODAY.
  THUNDERSTORM
  HEAVY RAIN
  LIGHT RAIN
  FOG
  FOG W/VISIBILITY <= 1/4 MILE


RELATIVE HUMIDITY (PERCENT)
 HIGHEST   100           500 AM
 LOWEST     79          1100 AM
 AVERAGE    90

..........................................................


THE MADISON WI CLIMATE NORMALS FOR TOMORROW
                         NORMAL    RECORD    YEAR
 MAXIMUM TEMPERATURE (F)   81       101      1934
                                             1901
 MINIMUM TEMPERATURE (F)   61        48      1957


SUNRISE AND SUNSET
JULY 23 2016..........SUNRISE   539 AM CDT   SUNSET   828 PM CDT
JULY 24 2016..........SUNRISE   540 AM CDT   SUNSET   827 PM CDT


-  INDICATES NEGATIVE NUMBERS.
R  INDICATES RECORD WAS SET OR TIED.
MM INDICATES DATA IS MISSING.
T  INDICATES TRACE AMOUNT.




$$
