000
CDUS45 KMSO 180840
CLIMSO


CLIMATE REPORT
NATIONAL WEATHER SERVICE MISSOULA, MT
139 AM MST WED JAN 18 2017


...................................

...THE MISSOULA MT CLIMATE SUMMARY FOR JANUARY 17 2017...

CLIMATE NORMAL PERIOD 1981 TO 2010
CLIMATE RECORD PERIOD 1893 TO 2017


WEATHER ITEM   OBSERVED TIME   RECORD YEAR NORMAL DEPARTURE LAST
                VALUE   (LST)  VALUE       VALUE  FROM      YEAR
                                                  NORMAL
..................................................................
TEMPERATURE (F)
 YESTERDAY
  MAXIMUM         18    331 PM  48    1919  33    -15       32
  MINIMUM         -5    614 AM -22    1950  19    -24       22
                                      1930
                                      1916
  AVERAGE          7                        26    -19       27

PRECIPITATION (IN)
  YESTERDAY        0.00          0.37 1963   0.03  -0.03      T
  MONTH TO DATE    0.80                      0.50   0.30     0.27
  SINCE OCT 1      5.46                      3.43   2.03     3.66
  SINCE JAN 1      0.80                      0.50   0.30     0.27

SNOWFALL (IN)
  YESTERDAY        0.0
  MONTH TO DATE   10.8
  SINCE JAN 1     10.8
  SINCE JUL 1     39.9
  SNOW DEPTH      14

DEGREE DAYS
 HEATING
  YESTERDAY       58                        39     19       38
  MONTH TO DATE 1006                       683    323      771
  SINCE DEC 1   2424                      1959    465     1994
  SINCE JUL 1   4178                      3855    323     3847

 COOLING
  YESTERDAY        0                         0      0        0
  MONTH TO DATE    0                         0      0        0
  SINCE DEC 1      0                         0      0        0
  SINCE JAN 1      0                         0      0        0
..................................................................


WIND (MPH)
  HIGHEST WIND SPEED    10   HIGHEST WIND DIRECTION     E (110)
  HIGHEST GUST SPEED    12   HIGHEST GUST DIRECTION    SE (120)
  AVERAGE WIND SPEED     2.0


SKY COVER
  POSSIBLE SUNSHINE  MM
  AVERAGE SKY COVER 0.3


WEATHER CONDITIONS
 THE FOLLOWING WEATHER WAS RECORDED YESTERDAY.
  FOG
  HAZE


RELATIVE HUMIDITY (PERCENT)
 HIGHEST   100          1100 AM
 LOWEST     67           300 PM
 AVERAGE    84

..........................................................


THE MISSOULA MT CLIMATE NORMALS FOR TODAY
                         NORMAL    RECORD    YEAR
 MAXIMUM TEMPERATURE (F)   34        56      1994
 MINIMUM TEMPERATURE (F)   19       -26      1963


SUNRISE AND SUNSET
JANUARY 18 2017.......SUNRISE   815 AM MST   SUNSET   519 PM MST
JANUARY 19 2017.......SUNRISE   814 AM MST   SUNSET   521 PM MST


-  INDICATES NEGATIVE NUMBERS.
R  INDICATES RECORD WAS SET OR TIED.
MM INDICATES DATA IS MISSING.
T  INDICATES TRACE AMOUNT.




$$
