000
CDUS45 KMSO 220739
CLIMSO


CLIMATE REPORT
NATIONAL WEATHER SERVICE MISSOULA, MT
1238 AM MST MON DEC 22 2014


...................................

...THE MISSOULA MT CLIMATE SUMMARY FOR DECEMBER 21 2014...

CLIMATE NORMAL PERIOD 1981 TO 2010
CLIMATE RECORD PERIOD 1893 TO 2014


WEATHER ITEM   OBSERVED TIME   RECORD YEAR NORMAL DEPARTURE LAST
                VALUE   (LST)  VALUE       VALUE  FROM      YEAR
                                                  NORMAL
..................................................................
TEMPERATURE (F)
 YESTERDAY
  MAXIMUM         43   1100 AM  56    1933  30     13       31
  MINIMUM         31    845 AM -25    1990  16     15       22
  AVERAGE         37                        23     14       27

PRECIPITATION (IN)
  YESTERDAY        0.25          0.63 1964   0.03   0.22     0.02
  MONTH TO DATE    0.73                      0.71   0.02     0.79
  SINCE OCT 1      4.78                      2.60   2.18     1.38
  SINCE JAN 1     15.08                     13.80   1.28     9.11

SNOWFALL (IN)
  YESTERDAY        T
  MONTH TO DATE    2.5
  SINCE JAN 1     64.4
  SINCE JUL 1     12.5
  SNOW DEPTH       0

DEGREE DAYS
 HEATING
  YESTERDAY       28                        42    -14       38
  MONTH TO DATE  751                       856   -105      962
  SINCE DEC 1    751                       856   -105      962
  SINCE JUL 1   2507                      2752   -245     2817

 COOLING
  YESTERDAY        0                         0      0        0
  MONTH TO DATE    0                         0      0        0
  SINCE DEC 1      0                         0      0        0
  SINCE JAN 1    390                       332     58      579
..................................................................


WIND (MPH)
  HIGHEST WIND SPEED    29   HIGHEST WIND DIRECTION     W (290)
  HIGHEST GUST SPEED    39   HIGHEST GUST DIRECTION    NW (320)
  AVERAGE WIND SPEED     9.6


SKY COVER
  POSSIBLE SUNSHINE  MM
  AVERAGE SKY COVER 0.8


WEATHER CONDITIONS
 THE FOLLOWING WEATHER WAS RECORDED YESTERDAY.
  RAIN
  LIGHT RAIN
  LT FREEZING RAIN
  LIGHT SNOW
  SLEET
  FOG
  FOG W/VISIBILITY <= 1/4 MILE


RELATIVE HUMIDITY (PERCENT)
 HIGHEST   100          1200 AM
 LOWEST     64          1000 PM
 AVERAGE    82

..........................................................


THE MISSOULA MT CLIMATE NORMALS FOR TODAY
                         NORMAL    RECORD    YEAR
 MAXIMUM TEMPERATURE (F)   30        54      1936
 MINIMUM TEMPERATURE (F)   16       -28      1990


SUNRISE AND SUNSET
DECEMBER 22 2014......SUNRISE   819 AM MST   SUNSET   451 PM MST
DECEMBER 23 2014......SUNRISE   820 AM MST   SUNSET   451 PM MST


-  INDICATES NEGATIVE NUMBERS.
R  INDICATES RECORD WAS SET OR TIED.
MM INDICATES DATA IS MISSING.
T  INDICATES TRACE AMOUNT.




$$
