000
CDUS45 KMSO 272243
CLIMSO


CLIMATE REPORT
NATIONAL WEATHER SERVICE MISSOULA, MT
442 PM MDT THU AUG 27 2015


...................................

...THE MISSOULA MT CLIMATE SUMMARY FOR AUGUST 27 2015...
VALID TODAY AS OF 0400 PM LOCAL TIME.

CLIMATE NORMAL PERIOD 1981 TO 2010
CLIMATE RECORD PERIOD 1893 TO 2015


WEATHER ITEM   OBSERVED TIME   RECORD YEAR NORMAL DEPARTURE LAST
                VALUE   (LST)  VALUE       VALUE  FROM      YEAR
                                                  NORMAL
..................................................................
TEMPERATURE (F)
 TODAY
  MAXIMUM         84    251 PM  99    1971  82      2       85
                                      1924
  MINIMUM         54    656 AM  33    1976  48      6       47
  AVERAGE         69                        65      4       66

PRECIPITATION (IN)
  TODAY            0.00          0.44 1989   0.04  -0.04     0.00
                                      1968
  MONTH TO DATE    0.17                      1.02  -0.85     0.91
  SINCE OCT 1     11.43                     12.79  -1.36    11.70
  SINCE JAN 1      6.12                      9.86  -3.74     9.99

SNOWFALL (IN)
  TODAY            0.0
  MONTH TO DATE    0.0
  SINCE JAN 1     13.3
  SINCE JUL 1      0.0
  SNOW DEPTH       0

DEGREE DAYS
 HEATING
  TODAY            0                         2     -2        0
  MONTH TO DATE   24                        35    -11       32
  SINCE JUN 1     92                       233   -141      215
  SINCE JUL 1     45                        73    -28       38

 COOLING
  TODAY            4                         2      2        1
  MONTH TO DATE  112                       116     -4      128
  SINCE JUN 1    395                       304     91      368
  SINCE JAN 1    395                       310     85      368
..................................................................


WIND (MPH)
  HIGHEST WIND SPEED    10   HIGHEST WIND DIRECTION     E (110)
  HIGHEST GUST SPEED    12   HIGHEST GUST DIRECTION     E (110)
  AVERAGE WIND SPEED     2.9


SKY COVER
  POSSIBLE SUNSHINE  MM
  AVERAGE SKY COVER 1.0


WEATHER CONDITIONS
 THE FOLLOWING WEATHER WAS RECORDED TODAY.
  HAZE


RELATIVE HUMIDITY (PERCENT)
 HIGHEST    55           200 AM
 LOWEST     22           300 PM
 AVERAGE    39

..........................................................


THE MISSOULA MT CLIMATE NORMALS FOR TOMORROW
                         NORMAL    RECORD    YEAR
 MAXIMUM TEMPERATURE (F)   81        97      1986
 MINIMUM TEMPERATURE (F)   48        32      1960


SUNRISE AND SUNSET
AUGUST 27 2015........SUNRISE   649 AM MDT   SUNSET   826 PM MDT
AUGUST 28 2015........SUNRISE   650 AM MDT   SUNSET   824 PM MDT


-  INDICATES NEGATIVE NUMBERS.
R  INDICATES RECORD WAS SET OR TIED.
MM INDICATES DATA IS MISSING.
T  INDICATES TRACE AMOUNT.




$$
