000
CDUS45 KMSO 200738
CLIMSO


CLIMATE REPORT
NATIONAL WEATHER SERVICE MISSOULA, MT
138 AM MDT WED AUG 20 2014


...................................

...THE MISSOULA MT CLIMATE SUMMARY FOR AUGUST 19 2014...

CLIMATE NORMAL PERIOD 1981 TO 2010
CLIMATE RECORD PERIOD 1893 TO 2014


WEATHER ITEM   OBSERVED TIME   RECORD YEAR NORMAL DEPARTURE LAST
                VALUE   (LST)  VALUE       VALUE  FROM      YEAR
                                                  NORMAL
..................................................................
TEMPERATURE (F)
 YESTERDAY
  MAXIMUM         90    426 PM 100    1961  84      6       92
  MINIMUM         51    540 AM  25    1901  50      1       50
  AVERAGE         71                        67      4       71

PRECIPITATION (IN)
  YESTERDAY        0.00          0.42 1906   0.04  -0.04     0.00
  MONTH TO DATE    0.47                      0.69  -0.22     0.32
  SINCE OCT 1     11.26                     12.46  -1.20    11.01
  SINCE JAN 1      9.55                      9.53   0.02     6.22

SNOWFALL (IN)
  YESTERDAY        0.0
  MONTH TO DATE    0.0
  SINCE JAN 1     51.9
  SINCE JUL 1      0.0
  SNOW DEPTH       0

DEGREE DAYS
 HEATING
  YESTERDAY        0                         1     -1        0
  MONTH TO DATE    2                        19    -17        8
  SINCE JUN 1    185                       217    -32      149
  SINCE JUL 1      8                        57    -49        8

 COOLING
  YESTERDAY        6                         4      2        6
  MONTH TO DATE  127                        95     32      124
  SINCE JUN 1    367                       283     84      421
  SINCE JAN 1    367                       289     78      425
..................................................................


WIND (MPH)
  HIGHEST WIND SPEED    33   HIGHEST WIND DIRECTION    NW (320)
  HIGHEST GUST SPEED    45   HIGHEST GUST DIRECTION    NW (320)
  AVERAGE WIND SPEED     5.3


SKY COVER
  POSSIBLE SUNSHINE  MM
  AVERAGE SKY COVER 0.1


WEATHER CONDITIONS
 THE FOLLOWING WEATHER WAS RECORDED YESTERDAY.
  NO SIGNIFICANT WEATHER WAS OBSERVED.


RELATIVE HUMIDITY (PERCENT)
 HIGHEST    77           600 AM
 LOWEST     12           300 PM
 AVERAGE    45

..........................................................


THE MISSOULA MT CLIMATE NORMALS FOR TODAY
                         NORMAL    RECORD    YEAR
 MAXIMUM TEMPERATURE (F)   84        99      1940
 MINIMUM TEMPERATURE (F)   50        36      1916


SUNRISE AND SUNSET
AUGUST 20 2014........SUNRISE   640 AM MDT   SUNSET   838 PM MDT
AUGUST 21 2014........SUNRISE   642 AM MDT   SUNSET   836 PM MDT


-  INDICATES NEGATIVE NUMBERS.
R  INDICATES RECORD WAS SET OR TIED.
MM INDICATES DATA IS MISSING.
T  INDICATES TRACE AMOUNT.




$$
