000
CDUS45 KMSO 210740
CLIMSO


CLIMATE REPORT
NATIONAL WEATHER SERVICE MISSOULA, MT
139 AM MDT MON APR 21 2014


...................................

...THE MISSOULA MT CLIMATE SUMMARY FOR APRIL 20 2014...

CLIMATE NORMAL PERIOD 1981 TO 2010
CLIMATE RECORD PERIOD 1893 TO 2014


WEATHER ITEM   OBSERVED TIME   RECORD YEAR NORMAL DEPARTURE LAST
                VALUE   (LST)  VALUE       VALUE  FROM      YEAR
                                                  NORMAL
..................................................................
TEMPERATURE (F)
 YESTERDAY
  MAXIMUM         59    516 PM  84    1980  60     -1       57
  MINIMUM         36   1154 PM  16    1927  33      3       39
  AVERAGE         48                        46      2       48

PRECIPITATION (IN)
  YESTERDAY        0.00          0.60 1984   0.05  -0.05     0.03
  MONTH TO DATE    0.27                      0.81  -0.54     0.30
  SINCE OCT 1      7.09                      6.29   0.80     7.15
  SINCE JAN 1      5.38                      3.36   2.02     2.36

SNOWFALL (IN)
  YESTERDAY        0.0
  MONTH TO DATE    T
  SINCE JAN 1     51.8
  SINCE JUL 1     65.7
  SNOW DEPTH       0

DEGREE DAYS
 HEATING
  YESTERDAY       17                        19     -2       17
  MONTH TO DATE  419                       409     10      452
  SINCE MAR 1   1287                      1223     64     1277
  SINCE JUL 1   6797                      6592    205     6268

 COOLING
  YESTERDAY        0                         0      0        0
  MONTH TO DATE    0                         0      0        0
  SINCE MAR 1      0                         0      0        0
  SINCE JAN 1      0                         0      0        0
..................................................................


WIND (MPH)
  HIGHEST WIND SPEED    22   HIGHEST WIND DIRECTION     W (290)
  HIGHEST GUST SPEED    26   HIGHEST GUST DIRECTION     W (250)
  AVERAGE WIND SPEED     8.8


SKY COVER
  POSSIBLE SUNSHINE  MM
  AVERAGE SKY COVER 0.3


WEATHER CONDITIONS
 THE FOLLOWING WEATHER WAS RECORDED YESTERDAY.
  NO SIGNIFICANT WEATHER WAS OBSERVED.


RELATIVE HUMIDITY (PERCENT)
 HIGHEST    70           200 AM
 LOWEST     19           500 PM
 AVERAGE    45

..........................................................


THE MISSOULA MT CLIMATE NORMALS FOR TODAY
                         NORMAL    RECORD    YEAR
 MAXIMUM TEMPERATURE (F)   60        82      1934
 MINIMUM TEMPERATURE (F)   33        15      1951


SUNRISE AND SUNSET
APRIL 21 2014.........SUNRISE   638 AM MDT   SUNSET   833 PM MDT
APRIL 22 2014.........SUNRISE   636 AM MDT   SUNSET   835 PM MDT


-  INDICATES NEGATIVE NUMBERS.
R  INDICATES RECORD WAS SET OR TIED.
MM INDICATES DATA IS MISSING.
T  INDICATES TRACE AMOUNT.




$$
