000
CDUS45 KMSO 270738
CLIMSO


CLIMATE REPORT
NATIONAL WEATHER SERVICE MISSOULA, MT
137 AM MDT WED JUL 27 2016


...................................

...THE MISSOULA MT CLIMATE SUMMARY FOR JULY 26 2016...

CLIMATE NORMAL PERIOD 1981 TO 2010
CLIMATE RECORD PERIOD 1893 TO 2016


WEATHER ITEM   OBSERVED TIME   RECORD YEAR NORMAL DEPARTURE LAST
                VALUE   (LST)  VALUE       VALUE  FROM      YEAR
                                                  NORMAL
..................................................................
TEMPERATURE (F)
 YESTERDAY
  MAXIMUM         94    258 PM 101    1994  88      6       75
                                      1933
  MINIMUM         54    512 AM  38    1963  53      1       55
  AVERAGE         74                        70      4       65

PRECIPITATION (IN)
  YESTERDAY        0.00          0.60 2009   0.03  -0.03     0.19
  MONTH TO DATE    2.06                      0.85   1.21     1.09
  SINCE OCT 1     11.31                     11.63  -0.32    10.83
  SINCE JAN 1      7.92                      8.70  -0.78     5.52

SNOWFALL (IN)
  YESTERDAY        0.0
  MONTH TO DATE    0.0
  SINCE JAN 1     13.1
  SINCE JUL 1      0.0
  SNOW DEPTH       0

DEGREE DAYS
 HEATING
  YESTERDAY        0                         1     -1        0
  MONTH TO DATE   57                        37     20        8
  SINCE JUN 1    176                       197    -21       55
  SINCE JUL 1     57                        37     20        8

 COOLING
  YESTERDAY        9                         6      3        0
  MONTH TO DATE   74                       122    -48      130
  SINCE JUN 1    145                       159    -14      272
  SINCE JAN 1    145                       165    -20      272
..................................................................


WIND (MPH)
  HIGHEST WIND SPEED    28   HIGHEST WIND DIRECTION     N (10)
  HIGHEST GUST SPEED    37   HIGHEST GUST DIRECTION     N (20)
  AVERAGE WIND SPEED     5.4


SKY COVER
  POSSIBLE SUNSHINE  MM
  AVERAGE SKY COVER 0.0


WEATHER CONDITIONS
 THE FOLLOWING WEATHER WAS RECORDED YESTERDAY.
  NO SIGNIFICANT WEATHER WAS OBSERVED.


RELATIVE HUMIDITY (PERCENT)
 HIGHEST    72           400 AM
 LOWEST     19           300 PM
 AVERAGE    46

..........................................................


THE MISSOULA MT CLIMATE NORMALS FOR TODAY
                         NORMAL    RECORD    YEAR
 MAXIMUM TEMPERATURE (F)   88       103      1939
 MINIMUM TEMPERATURE (F)   53        43      1983
                                             1969
                                             1964


SUNRISE AND SUNSET
JULY 27 2016..........SUNRISE   611 AM MDT   SUNSET   914 PM MDT
JULY 28 2016..........SUNRISE   612 AM MDT   SUNSET   913 PM MDT


-  INDICATES NEGATIVE NUMBERS.
R  INDICATES RECORD WAS SET OR TIED.
MM INDICATES DATA IS MISSING.
T  INDICATES TRACE AMOUNT.




$$
