000
CDUS43 KMPX 282127
CLIMSP


CLIMATE REPORT
NATIONAL WEATHER SERVICE CHANHASSEN MN
426 PM CDT TUE MAR 28 2017


...................................

...THE TWIN CITIES MN CLIMATE SUMMARY FOR MARCH 28 2017...
VALID TODAY AS OF 0400 PM LOCAL TIME.

CLIMATE NORMAL PERIOD 1981 TO 2010
CLIMATE RECORD PERIOD 1871 TO 2017


WEATHER ITEM   OBSERVED TIME   RECORD YEAR NORMAL DEPARTURE LAST
                VALUE   (LST)  VALUE       VALUE  FROM      YEAR
                                                  NORMAL
..................................................................
TEMPERATURE (F)
 TODAY
  MAXIMUM         64    253 PM  78    1946  48     16       59
  MINIMUM         35    608 AM  -1    1923  29      6       28
  AVERAGE         50                        38     12       44

PRECIPITATION (IN)
  TODAY            0.00          1.08 1896   0.06  -0.06     0.00
  MONTH TO DATE    0.66                      1.67  -1.01     1.54
  SINCE MAR 1      0.66                      1.67  -1.01     1.54
  SINCE JAN 1      2.28                      3.34  -1.06     2.94

SNOWFALL (IN)
  TODAY            0.0           6.5  1894   0.3   -0.3      0.0
  MONTH TO DATE    4.7                       9.8   -5.1      5.4
  SINCE MAR 1      4.7                       9.8   -5.1      5.4
  SINCE JUL 1     31.5                      51.5  -20.0     36.2
  SNOW DEPTH       0

DEGREE DAYS
 HEATING
  TODAY           15                        27    -12       21
  MONTH TO DATE  896                       922    -26      678
  SINCE MAR 1    896                       922    -26      678
  SINCE JUL 1   5597                      6712  -1115     5543

 COOLING
  TODAY            0                         0      0        0
  MONTH TO DATE    0                         0      0        0
  SINCE MAR 1      0                         0      0        0
  SINCE JAN 1      0                         0      0        0
..................................................................


WIND (MPH)
  HIGHEST WIND SPEED     8   HIGHEST WIND DIRECTION     E (80)
  HIGHEST GUST SPEED    13   HIGHEST GUST DIRECTION    NE (40)
  AVERAGE WIND SPEED     1.7


SKY COVER
  POSSIBLE SUNSHINE  MM
  AVERAGE SKY COVER 0.3


WEATHER CONDITIONS
 THE FOLLOWING WEATHER WAS RECORDED TODAY.
  FOG


RELATIVE HUMIDITY (PERCENT)
 HIGHEST    92           500 AM
 LOWEST     26           300 PM
 AVERAGE    59

..........................................................


THE TWIN CITIES MN CLIMATE NORMALS FOR TOMORROW
                         NORMAL    RECORD    YEAR
 MAXIMUM TEMPERATURE (F)   48        83      1986
 MINIMUM TEMPERATURE (F)   29        -5      1969


SUNRISE AND SUNSET
MARCH 28 2017.........SUNRISE   700 AM CDT   SUNSET   736 PM CDT
MARCH 29 2017.........SUNRISE   659 AM CDT   SUNSET   737 PM CDT


-  INDICATES NEGATIVE NUMBERS.
R  INDICATES RECORD WAS SET OR TIED.
MM INDICATES DATA IS MISSING.
T  INDICATES TRACE AMOUNT.




$$
