000
CDUS43 KMPX 310827
CLIMSP


CLIMATE REPORT
NATIONAL WEATHER SERVICE CHANHASSEN MN
326 AM CDT FRI OCT 31 2014


...................................

...THE TWIN CITIES MN CLIMATE SUMMARY FOR OCTOBER 30 2014...

CLIMATE NORMAL PERIOD 1981 TO 2010
CLIMATE RECORD PERIOD 1871 TO 2014


WEATHER ITEM   OBSERVED TIME   RECORD YEAR NORMAL DEPARTURE LAST
                VALUE   (LST)  VALUE       VALUE  FROM      YEAR
                                                  NORMAL
..................................................................
TEMPERATURE (F)
 YESTERDAY
  MAXIMUM         49    241 PM  83    1950  51     -2       50
  MINIMUM         31   1159 PM  10    1925  35     -4       40
  AVERAGE         40                        43     -3       45

PRECIPITATION (IN)
  YESTERDAY        0.00          1.26 1971   0.06  -0.06     0.13
  MONTH TO DATE    1.75                      2.37  -0.62     3.00
  SINCE SEP 1      2.67                      5.45  -2.78     4.35
  SINCE JAN 1     33.67                     27.62   6.05    30.79

SNOWFALL (IN)
  YESTERDAY        0.0           0.8  1951   0.0    0.0      0.0
  MONTH TO DATE    0.0                       0.5   -0.5       T
  SINCE SEP 1      0.0                       0.5   -0.5       T
  SINCE JUL 1      0.0                       0.5   -0.5       T
  SNOW DEPTH       0

DEGREE DAYS
 HEATING
  YESTERDAY       25                        22      3       20
  MONTH TO DATE  451                       483    -32      467
  SINCE SEP 1    575                       637    -62      525
  SINCE JUL 1    582                       656    -74      533

 COOLING
  YESTERDAY        0                         0      0        0
  MONTH TO DATE    0                         3     -3        2
  SINCE SEP 1     63                        69     -6      134
  SINCE JAN 1    759                       750      9      983
..................................................................


WIND (MPH)
  HIGHEST WIND SPEED    30   HIGHEST WIND DIRECTION     N (350)
  HIGHEST GUST SPEED    38   HIGHEST GUST DIRECTION    NW (320)
  AVERAGE WIND SPEED     9.6


SKY COVER
  POSSIBLE SUNSHINE  MM
  AVERAGE SKY COVER 0.9


WEATHER CONDITIONS
 THE FOLLOWING WEATHER WAS RECORDED YESTERDAY.
  NO SIGNIFICANT WEATHER WAS OBSERVED.


RELATIVE HUMIDITY (PERCENT)
 HIGHEST    82          1200 AM
 LOWEST     37           900 PM
 AVERAGE    60

..........................................................


THE TWIN CITIES MN CLIMATE NORMALS FOR TODAY
                         NORMAL    RECORD    YEAR
 MAXIMUM TEMPERATURE (F)   51        83      1950
 MINIMUM TEMPERATURE (F)   34        15      1878


SUNRISE AND SUNSET
OCTOBER 31 2014.......SUNRISE   750 AM CDT   SUNSET   603 PM CDT
NOVEMBER  1 2014......SUNRISE   751 AM CDT   SUNSET   601 PM CDT


-  INDICATES NEGATIVE NUMBERS.
R  INDICATES RECORD WAS SET OR TIED.
MM INDICATES DATA IS MISSING.
T  INDICATES TRACE AMOUNT.




$$
