000
CDUS43 KMPX 200711
CLIMSP


CLIMATE REPORT
NATIONAL WEATHER SERVICE CHANHASSEN MN
110 AM CST SAT JAN 20 2018


...................................

...THE TWIN CITIES MN CLIMATE SUMMARY FOR JANUARY 19 2018...

CLIMATE NORMAL PERIOD 1981 TO 2010
CLIMATE RECORD PERIOD 1871 TO 2018


WEATHER ITEM   OBSERVED TIME   RECORD YEAR NORMAL DEPARTURE LAST
                VALUE   (LST)  VALUE       VALUE  FROM      YEAR
                                                  NORMAL
..................................................................
TEMPERATURE (F)
 YESTERDAY
  MAXIMUM         44    347 PM  49    1921  24     20       37
  MINIMUM         27    650 AM -34    1970   7     20       29
  AVERAGE         36                        15     21       33

PRECIPITATION (IN)
  YESTERDAY        0.00          0.57 1988   0.03  -0.03     0.00
  MONTH TO DATE    0.38                      0.58  -0.20     0.67
  SINCE DEC 1      1.17                      1.74  -0.57     2.81
  SINCE JAN 1      0.38                      0.58  -0.20     0.67

SNOWFALL (IN)
  YESTERDAY        0.0           7.5  1988   0.4   -0.4      0.0
  MONTH TO DATE    5.8                       7.6   -1.8      5.6
  SINCE DEC 1     12.2                      19.5   -7.3     21.4
  SINCE JUL 1     12.9                      29.4  -16.5     23.7
  SNOW DEPTH       3

DEGREE DAYS
 HEATING
  YESTERDAY       29                        50    -21       32
  MONTH TO DATE 1006                       943     63      952
  SINCE DEC 1   2429                      2347     82     2310
  SINCE JUL 1   3839                      3966   -127     3354

 COOLING
  YESTERDAY        0                         0      0        0
  MONTH TO DATE    0                         0      0        0
  SINCE DEC 1      0                         0      0        0
  SINCE JAN 1      0                         0      0        0
..................................................................


WIND (MPH)
  HIGHEST WIND SPEED    18   HIGHEST WIND DIRECTION    SW (230)
  HIGHEST GUST SPEED    23   HIGHEST GUST DIRECTION    SW (240)
  AVERAGE WIND SPEED     5.8


SKY COVER
  POSSIBLE SUNSHINE  MM
  AVERAGE SKY COVER 0.9


WEATHER CONDITIONS
 THE FOLLOWING WEATHER WAS RECORDED YESTERDAY.
  NO SIGNIFICANT WEATHER WAS OBSERVED.


RELATIVE HUMIDITY (PERCENT)
 HIGHEST    92          1200 AM
 LOWEST     60           200 PM
 AVERAGE    76

..........................................................


THE TWIN CITIES MN CLIMATE NORMALS FOR TODAY
                         NORMAL    RECORD    YEAR
 MAXIMUM TEMPERATURE (F)   24        52      1908
 MINIMUM TEMPERATURE (F)    7       -32      1888


SUNRISE AND SUNSET
JANUARY 20 2018.......SUNRISE   744 AM CST   SUNSET   505 PM CST
JANUARY 21 2018.......SUNRISE   743 AM CST   SUNSET   506 PM CST


-  INDICATES NEGATIVE NUMBERS.
R  INDICATES RECORD WAS SET OR TIED.
MM INDICATES DATA IS MISSING.
T  INDICATES TRACE AMOUNT.




$$
