000
CDUS43 KMPX 060916
CLIMSP


CLIMATE REPORT
NATIONAL WEATHER SERVICE CHANHASSEN MN
416 AM CDT MON JUL 6 2015


...................................

...THE TWIN CITIES MN CLIMATE SUMMARY FOR JULY 5 2015...

CLIMATE NORMAL PERIOD 1981 TO 2010
CLIMATE RECORD PERIOD 1871 TO 2015


WEATHER ITEM   OBSERVED TIME   RECORD YEAR NORMAL DEPARTURE LAST
                VALUE   (LST)  VALUE       VALUE  FROM      YEAR
                                                  NORMAL
..................................................................
TEMPERATURE (F)
 YESTERDAY
  MAXIMUM         88    453 PM 100    1982  83      5       84
  MINIMUM         66    546 AM  45    1972  64      2       65
                                      1967
  AVERAGE         77                        74      3       75

PRECIPITATION (IN)
  YESTERDAY        0.04          1.62 1994   0.13  -0.09     0.00
  MONTH TO DATE    0.04                      0.64  -0.60     0.16
  SINCE JUN 1      4.44                      4.89  -0.45    11.52
  SINCE JAN 1     11.77                     14.47  -2.70    25.99

SNOWFALL (IN)
  YESTERDAY        0.0           0.0    MM   0.0    0.0      0.0
  MONTH TO DATE    0.0                       0.0    0.0      0.0
  SINCE JUN 1      0.0                       0.0    0.0      0.0
  SINCE JUL 1      0.0                       0.0    0.0      0.0
  SNOW DEPTH       0

DEGREE DAYS
 HEATING
  YESTERDAY        0                         0      0        0
  MONTH TO DATE    0                         0      0        1
  SINCE JUN 1      7                        44    -37       22
  SINCE JUL 1      0                         0      0        1

 COOLING
  YESTERDAY       12                         9      3       10
  MONTH TO DATE   30                        43    -13       17
  SINCE JUN 1    186                       201    -15      179
  SINCE JAN 1    213                       243    -30      231
..................................................................


WIND (MPH)
  HIGHEST WIND SPEED    23   HIGHEST WIND DIRECTION     S (170)
  HIGHEST GUST SPEED    29   HIGHEST GUST DIRECTION     S (180)
  AVERAGE WIND SPEED    12.4


SKY COVER
  POSSIBLE SUNSHINE  MM
  AVERAGE SKY COVER 0.7


WEATHER CONDITIONS
 THE FOLLOWING WEATHER WAS RECORDED YESTERDAY.
  THUNDERSTORM
  RAIN
  LIGHT RAIN
  FOG
  HAZE


RELATIVE HUMIDITY (PERCENT)
 HIGHEST    78           400 AM
 LOWEST     53           400 PM
 AVERAGE    66

..........................................................


THE TWIN CITIES MN CLIMATE NORMALS FOR TODAY
                         NORMAL    RECORD    YEAR
 MAXIMUM TEMPERATURE (F)   84       104      1936
 MINIMUM TEMPERATURE (F)   64        49      1942
                                             1875


SUNRISE AND SUNSET
JULY  6 2015..........SUNRISE   533 AM CDT   SUNSET   901 PM CDT
JULY  7 2015..........SUNRISE   534 AM CDT   SUNSET   901 PM CDT


-  INDICATES NEGATIVE NUMBERS.
R  INDICATES RECORD WAS SET OR TIED.
MM INDICATES DATA IS MISSING.
T  INDICATES TRACE AMOUNT.




$$
