000
CDUS41 KBTV 260547
CLIMSS


CLIMATE REPORT
NATIONAL WEATHER SERVICE BURLINGTON VT
1244 AM EST THU FEB 26 2015


...................................

...THE MASSENA NY CLIMATE SUMMARY FOR FEBRUARY 25 2015...

CLIMATE NORMAL PERIOD 1981 TO 2010
CLIMATE RECORD PERIOD 1948 TO 2015


WEATHER ITEM   OBSERVED TIME   RECORD YEAR NORMAL DEPARTURE LAST
                VALUE   (LST)  VALUE       VALUE  FROM      YEAR
                                                  NORMAL
..................................................................
TEMPERATURE (F)
 YESTERDAY
  MAXIMUM         22   1036 AM  50    1956  31     -9       17
  MINIMUM         -9   1159 PM -21    1972  10    -19        5
  AVERAGE          7                        20    -13       11

PRECIPITATION (IN)
  YESTERDAY        T             0.53        0.08  -0.08      T
  MONTH TO DATE    0.14                      1.56  -1.42     1.28
  SINCE DEC 1      2.40                      6.17  -3.77     4.37
  SINCE JAN 1      1.42                      3.74  -2.32     2.74

DEGREE DAYS
 HEATING
  YESTERDAY       58                        45     13       54
  MONTH TO DATE 1558                      1193    365     1214
  SINCE DEC 1   4417                      4087    330     4245
  SINCE JUL 1   5978                      5856    122     5996

 COOLING
  YESTERDAY        0                         0      0        0
  MONTH TO DATE    0                         0      0        0
  SINCE DEC 1      0                         0      0        0
  SINCE JAN 1      0                         0      0        0
..................................................................


WIND (MPH)
  HIGHEST WIND SPEED    26   HIGHEST WIND DIRECTION    SW (220)
  HIGHEST GUST SPEED    31   HIGHEST GUST DIRECTION    SW (220)
  AVERAGE WIND SPEED    11.4


SKY COVER
  AVERAGE SKY COVER 0.9


WEATHER CONDITIONS
 THE FOLLOWING WEATHER WAS RECORDED YESTERDAY.
  LIGHT SNOW
  FOG
  HAZE


RELATIVE HUMIDITY (PERCENT)
 HIGHEST    80           500 PM
 LOWEST     41           900 PM
 AVERAGE    61

..........................................................


THE MASSENA NY CLIMATE NORMALS FOR TODAY
                         NORMAL    RECORD    YEAR
 MAXIMUM TEMPERATURE (F)   31        55      2002
 MINIMUM TEMPERATURE (F)   10       -24      2003


SUNRISE AND SUNSET
FEBRUARY 26 2015......SUNRISE   643 AM EST   SUNSET   542 PM EST
FEBRUARY 27 2015......SUNRISE   641 AM EST   SUNSET   544 PM EST


-  INDICATES NEGATIVE NUMBERS.
R  INDICATES RECORD WAS SET OR TIED.
MM INDICATES DATA IS MISSING.
T  INDICATES TRACE AMOUNT.




$$
