000
CDUS41 KBTV 060551
CLIMSS


CLIMATE REPORT
NATIONAL WEATHER SERVICE BURLINGTON VT
149 AM EDT FRI MAY 6 2016


...................................

...THE MASSENA NY CLIMATE SUMMARY FOR MAY 5 2016...

CLIMATE NORMAL PERIOD 1981 TO 2010
CLIMATE RECORD PERIOD 1948 TO 2016


WEATHER ITEM   OBSERVED TIME   RECORD YEAR NORMAL DEPARTURE LAST
                VALUE   (LST)  VALUE       VALUE  FROM      YEAR
                                                  NORMAL
..................................................................
TEMPERATURE (F)
 YESTERDAY
  MAXIMUM         63        MM  80    2013  63      0       68
                                      1981
  MINIMUM         42        MM  20    1974  40      2       44
  AVERAGE         53                        52      1       56

PRECIPITATION (IN)
  YESTERDAY        0.00          0.77        0.10  -0.10     0.00
  MONTH TO DATE    0.28                      0.48  -0.20     0.19
  SINCE MAR 1      4.17                      5.39  -1.22     3.21
  SINCE JAN 1      8.83                      9.34  -0.51     4.63

DEGREE DAYS
 HEATING
  YESTERDAY       12                        13     -1        9
  MONTH TO DATE   87                        71     16       29
  SINCE MAR 1   1853                      1866    -13     1964
  SINCE JUL 1   6899                      7853   -954     8130

 COOLING
  YESTERDAY        0                         0      0        0
  MONTH TO DATE    0                         0      0        5
  SINCE MAR 1      0                         1     -1        5
  SINCE JAN 1      0                         1     -1        5
..................................................................


WIND (MPH)
  HIGHEST WIND SPEED    21   HIGHEST WIND DIRECTION    NE (60)
  HIGHEST GUST SPEED    30   HIGHEST GUST DIRECTION    NE (60)
  AVERAGE WIND SPEED    11.6


SKY COVER
  AVERAGE SKY COVER 0.3


WEATHER CONDITIONS
 THE FOLLOWING WEATHER WAS RECORDED YESTERDAY.
  NO SIGNIFICANT WEATHER WAS OBSERVED.


RELATIVE HUMIDITY (PERCENT)
 HIGHEST    86           100 AM
 LOWEST     43           200 PM
 AVERAGE    65

..........................................................


THE MASSENA NY CLIMATE NORMALS FOR TODAY
                         NORMAL    RECORD    YEAR
 MAXIMUM TEMPERATURE (F)   64        82      1999
 MINIMUM TEMPERATURE (F)   40        24      1968


SUNRISE AND SUNSET
MAY  6 2016...........SUNRISE   541 AM EDT   SUNSET   812 PM EDT
MAY  7 2016...........SUNRISE   540 AM EDT   SUNSET   813 PM EDT


-  INDICATES NEGATIVE NUMBERS.
R  INDICATES RECORD WAS SET OR TIED.
MM INDICATES DATA IS MISSING.
T  INDICATES TRACE AMOUNT.




$$
