000
CDUS41 KBTV 260713
CLIMSS


CLIMATE REPORT
NATIONAL WEATHER SERVICE BURLINGTON VT
308 AM EDT SUN MAR 26 2017


...................................

...THE MASSENA NY CLIMATE SUMMARY FOR MARCH 25 2017...

CLIMATE NORMAL PERIOD 1981 TO 2010
CLIMATE RECORD PERIOD 1948 TO 2017


WEATHER ITEM   OBSERVED TIME   RECORD YEAR NORMAL DEPARTURE LAST
                VALUE   (LST)  VALUE       VALUE  FROM      YEAR
                                                  NORMAL
..................................................................
TEMPERATURE (F)
 YESTERDAY
  MAXIMUM         37    529 PM  73    1996  42     -5       36
  MINIMUM         18   1132 PM  -2    2014  23     -5       21
  AVERAGE         28                        32     -4       29

PRECIPITATION (IN)
  YESTERDAY        0.00          0.60        0.07  -0.07     0.03
  MONTH TO DATE    1.65                      1.65   0.00     1.30
  SINCE MAR 1      1.65                      1.65   0.00     1.30
  SINCE JAN 1      5.08                      5.60  -0.52     5.96

DEGREE DAYS
 HEATING
  YESTERDAY       37                        33      4       36
  MONTH TO DATE 1071                       959    112      859
  SINCE MAR 1   1071                       959    112      859
  SINCE JUL 1   5997                      6946   -949     5905

 COOLING
  YESTERDAY        0                         0      0        0
  MONTH TO DATE    0                         0      0        0
  SINCE MAR 1      0                         0      0        0
  SINCE JAN 1      0                         0      0        0
..................................................................


WIND (MPH)
  HIGHEST WIND SPEED    16   HIGHEST WIND DIRECTION    NE (40)
  HIGHEST GUST SPEED    18   HIGHEST GUST DIRECTION    NE (30)
  AVERAGE WIND SPEED     3.0


SKY COVER
  AVERAGE SKY COVER 0.7


WEATHER CONDITIONS
 THE FOLLOWING WEATHER WAS RECORDED YESTERDAY.
  FOG
  FOG W/VISIBILITY <= 1/4 MILE


RELATIVE HUMIDITY (PERCENT)
 HIGHEST   100           100 AM
 LOWEST     70           300 PM
 AVERAGE    85

..........................................................


THE MASSENA NY CLIMATE NORMALS FOR TODAY
                         NORMAL    RECORD    YEAR
 MAXIMUM TEMPERATURE (F)   42        73      1986
 MINIMUM TEMPERATURE (F)   23         0      1971


SUNRISE AND SUNSET
MARCH 26 2017.........SUNRISE   651 AM EDT   SUNSET   720 PM EDT
MARCH 27 2017.........SUNRISE   649 AM EDT   SUNSET   721 PM EDT


-  INDICATES NEGATIVE NUMBERS.
R  INDICATES RECORD WAS SET OR TIED.
MM INDICATES DATA IS MISSING.
T  INDICATES TRACE AMOUNT.




$$
