484
CDUS41 KBTV 250540
CLIMSS


CLIMATE REPORT
NATIONAL WEATHER SERVICE BURLINGTON VT
137 AM EDT MON JUL 25 2016


...................................

...THE MASSENA NY CLIMATE SUMMARY FOR JULY 24 2016...

CLIMATE NORMAL PERIOD 1981 TO 2010
CLIMATE RECORD PERIOD 1948 TO 2016


WEATHER ITEM   OBSERVED TIME   RECORD YEAR NORMAL DEPARTURE LAST
                VALUE   (LST)  VALUE       VALUE  FROM      YEAR
                                                  NORMAL
..................................................................
TEMPERATURE (F)
 YESTERDAY
  MAXIMUM         80    522 PM  92    1989  80      0       78
  MINIMUM         52    419 AM  46    2002  58     -6       58
                                      1981
  AVERAGE         66                        69     -3       68

PRECIPITATION (IN)
  YESTERDAY        T             1.95        0.12  -0.12      T
  MONTH TO DATE    2.09                      2.74  -0.65     3.02
  SINCE JUN 1      6.78                      6.26   0.52     8.14
  SINCE JAN 1     16.12                     18.19  -2.07    14.13

DEGREE DAYS
 HEATING
  YESTERDAY        0                         1     -1        0
  MONTH TO DATE    9                        24    -15       22
  SINCE JUN 1     74                       120    -46      123
  SINCE JUL 1      9                        24    -15       22

 COOLING
  YESTERDAY        1                         5     -4        3
  MONTH TO DATE  122                       117      5       96
  SINCE JUN 1    189                       192     -3      143
  SINCE JAN 1    235                       206     29      188
..................................................................


WIND (MPH)
  HIGHEST WIND SPEED     9   HIGHEST WIND DIRECTION     N (10)
  HIGHEST GUST SPEED    12   HIGHEST GUST DIRECTION     N (340)
  AVERAGE WIND SPEED     2.2


SKY COVER
  AVERAGE SKY COVER 0.0


WEATHER CONDITIONS
 THE FOLLOWING WEATHER WAS RECORDED YESTERDAY.
  FOG


RELATIVE HUMIDITY (PERCENT)
 HIGHEST    93           300 AM
 LOWEST     42           200 PM
 AVERAGE    68

..........................................................


THE MASSENA NY CLIMATE NORMALS FOR TODAY
                         NORMAL    RECORD    YEAR
 MAXIMUM TEMPERATURE (F)   80        92      1989
 MINIMUM TEMPERATURE (F)   58        43      1953


SUNRISE AND SUNSET
JULY 25 2016..........SUNRISE   538 AM EDT   SUNSET   833 PM EDT
JULY 26 2016..........SUNRISE   539 AM EDT   SUNSET   832 PM EDT


-  INDICATES NEGATIVE NUMBERS.
R  INDICATES RECORD WAS SET OR TIED.
MM INDICATES DATA IS MISSING.
T  INDICATES TRACE AMOUNT.




$$
