000
CDUS41 KBTV 030525
CLIMSS


CLIMATE REPORT
NATIONAL WEATHER SERVICE BURLINGTON VT
123 AM EDT FRI JUL 3 2015


...................................

...THE MASSENA NY CLIMATE SUMMARY FOR JULY 2 2015...

CLIMATE NORMAL PERIOD 1981 TO 2010
CLIMATE RECORD PERIOD 1948 TO 2015


WEATHER ITEM   OBSERVED TIME   RECORD YEAR NORMAL DEPARTURE LAST
                VALUE   (LST)  VALUE       VALUE  FROM      YEAR
                                                  NORMAL
..................................................................
TEMPERATURE (F)
 YESTERDAY
  MAXIMUM         72    440 PM  93    1963  79     -7       85
  MINIMUM         51    441 AM  38    1978  57     -6       68
  AVERAGE         62                        68     -6       77

PRECIPITATION (IN)
  YESTERDAY        0.00          0.59        0.11  -0.11      T
  MONTH TO DATE    0.39                      0.23   0.16      T
  SINCE JUN 1      5.51                      3.75   1.76     4.93
  SINCE JAN 1     11.50                     15.68  -4.18    14.86

DEGREE DAYS
 HEATING
  YESTERDAY        3                         1      2        0
  MONTH TO DATE    3                         2      1        0
  SINCE JUN 1    104                        98      6       38
  SINCE JUL 1      3                         2      1        0

 COOLING
  YESTERDAY        0                         4     -4       12
  MONTH TO DATE    1                         8     -7       26
  SINCE JUN 1     48                        83    -35      110
  SINCE JAN 1     93                        97     -4      125
..................................................................


WIND (MPH)
  HIGHEST WIND SPEED    17   HIGHEST WIND DIRECTION     W (260)
  HIGHEST GUST SPEED    22   HIGHEST GUST DIRECTION     W (280)
  AVERAGE WIND SPEED     9.0


SKY COVER
  AVERAGE SKY COVER 0.1


WEATHER CONDITIONS
 THE FOLLOWING WEATHER WAS RECORDED YESTERDAY.
  NO SIGNIFICANT WEATHER WAS OBSERVED.


RELATIVE HUMIDITY (PERCENT)
 HIGHEST    89           300 AM
 LOWEST     38           400 PM
 AVERAGE    64

..........................................................


THE MASSENA NY CLIMATE NORMALS FOR TODAY
                         NORMAL    RECORD    YEAR
 MAXIMUM TEMPERATURE (F)   80        95      1949
 MINIMUM TEMPERATURE (F)   57        41      1962


SUNRISE AND SUNSET
JULY  3 2015..........SUNRISE   518 AM EDT   SUNSET   849 PM EDT
JULY  4 2015..........SUNRISE   518 AM EDT   SUNSET   849 PM EDT


-  INDICATES NEGATIVE NUMBERS.
R  INDICATES RECORD WAS SET OR TIED.
MM INDICATES DATA IS MISSING.
T  INDICATES TRACE AMOUNT.




$$
