000
CDUS42 KKEY 300552 RRA
CLIMTH

CLIMATE REPORT
NATIONAL WEATHER SERVICE KEY WEST, FL
150 AM EDT TUE JUN 30 2015


...................................

...THE MARATHON CLIMATE SUMMARY FOR JUNE 29 2015...

CLIMATE NORMAL PERIOD 1981 TO 2010


WEATHER ITEM   OBSERVED TIME   NORMAL DEPARTURE LAST
                VALUE   (LST)  VALUE  FROM      YEAR
                                      NORMAL
......................................................
TEMPERATURE (F)
 YESTERDAY
  MAXIMUM         93    141 PM  91      2       92
  MINIMUM         82    546 AM  79      3       77
  AVERAGE         88            85      3       85

PRECIPITATION (IN)
  YESTERDAY        0.00          0.19  -0.19     0.01
  MONTH TO DATE    2.51          5.41  -2.90     3.81
  SINCE JUN 1      2.51          5.41  -2.90     3.81
  SINCE JAN 1      9.47         17.35  -7.88    10.39

SNOWFALL (IN)
  YESTERDAY        0.0
  MONTH TO DATE    0.0
  SINCE JUN 1      0.0
  SINCE JUL 1      0.0
  SNOW DEPTH       0

DEGREE DAYS
 HEATING
  YESTERDAY        0             0      0        0
  MONTH TO DATE    0             0      0        0
  SINCE JUN 1      0             0      0        0
  SINCE JUL 1     50            81    -31       35

 COOLING
  YESTERDAY       23            20      3       20
  MONTH TO DATE  571           575     -4      543
  SINCE JUN 1    571           575     -4      543
  SINCE JAN 1   2427          2118    309     2328
......................................................


WIND (MPH)
  HIGHEST WIND SPEED     9   HIGHEST WIND DIRECTION     S (160)
  HIGHEST GUST SPEED    14   HIGHEST GUST DIRECTION     N (350)
  AVERAGE WIND SPEED     4.4


SKY COVER
  POSSIBLE SUNSHINE  MM
  AVERAGE SKY COVER 0.0


WEATHER CONDITIONS
 THE FOLLOWING WEATHER WAS RECORDED YESTERDAY.
  NO SIGNIFICANT WEATHER WAS OBSERVED.


RELATIVE HUMIDITY (PERCENT)
 HIGHEST    80
 LOWEST     60
 AVERAGE    70

..........................................................


THE MARATHON CLIMATE NORMALS FOR TODAY
                         NORMAL
 MAXIMUM TEMPERATURE (F)   91
 MINIMUM TEMPERATURE (F)   79


SUNRISE AND SUNSET
JUNE 30 2015..........SUNRISE   638 AM EDT   SUNSET   817 PM EDT
JULY  1 2015..........SUNRISE   639 AM EDT   SUNSET   818 PM EDT


-  INDICATES NEGATIVE NUMBERS.
R  INDICATES RECORD WAS SET OR TIED.
MM INDICATES DATA IS MISSING.
T  INDICATES TRACE AMOUNT.


$$
