000
CDUS42 KKEY 250550
CLIMTH

CLIMATE REPORT
NATIONAL WEATHER SERVICE KEY WEST, FL
1248 AM EST THU DEC 25 2014

...................................

...THE MARATHON CLIMATE SUMMARY FOR DECEMBER 24 2014...

CLIMATE NORMAL PERIOD 1981 TO 2010

WEATHER ITEM   OBSERVED TIME   NORMAL DEPARTURE LAST
                VALUE   (LST)  VALUE  FROM      YEAR
                                      NORMAL
......................................................
TEMPERATURE (F)
 YESTERDAY
  MAXIMUM         84   1234 PM  76      8       81
  MINIMUM         73   1159 PM  65      8       69
  AVERAGE         79            70      9       75

PRECIPITATION (IN)
  YESTERDAY        0.15          0.06   0.09     0.00
  MONTH TO DATE    0.37          1.62  -1.25     2.17
  SINCE DEC 1      0.37          1.62  -1.25     2.17
  SINCE JAN 1     35.24         45.77 -10.53    51.74

SNOWFALL (IN)
  YESTERDAY        0.0
  MONTH TO DATE    0.0
  SINCE DEC 1      0.0
  SINCE JUL 1      0.0
  SNOW DEPTH       0

DEGREE DAYS
 HEATING
  YESTERDAY        0             1     -1        0
  MONTH TO DATE   15            17     -2        0
  SINCE DEC 1     15            17     -2        0
  SINCE JUL 1     21            18      3        1

 COOLING
  YESTERDAY       14             6      8       10
  MONTH TO DATE  164           187    -23      292
  SINCE DEC 1    164           187    -23      292
  SINCE JAN 1   5150          4951    199     5548
......................................................


WIND (MPH)
  HIGHEST WIND SPEED    17   HIGHEST WIND DIRECTION     W (270)
  HIGHEST GUST SPEED    27   HIGHEST GUST DIRECTION     W (270)
  AVERAGE WIND SPEED     7.2


SKY COVER
  POSSIBLE SUNSHINE  MM
  AVERAGE SKY COVER 0.4


WEATHER CONDITIONS
 THE FOLLOWING WEATHER WAS RECORDED YESTERDAY.
  THUNDERSTORM
  HEAVY RAIN
  LIGHT RAIN


RELATIVE HUMIDITY (PERCENT)
 HIGHEST    97
 LOWEST     79
 AVERAGE    88

..........................................................


THE MARATHON CLIMATE NORMALS FOR TODAY
                         NORMAL
 MAXIMUM TEMPERATURE (F)   76
 MINIMUM TEMPERATURE (F)   65


SUNRISE AND SUNSET
DECEMBER 25 2014......SUNRISE   706 AM EST   SUNSET   543 PM EST
DECEMBER 26 2014......SUNRISE   707 AM EST   SUNSET   543 PM EST


-  INDICATES NEGATIVE NUMBERS.
R  INDICATES RECORD WAS SET OR TIED.
MM INDICATES DATA IS MISSING.
T  INDICATES TRACE AMOUNT.


$$
