000
CDUS42 KKEY 262018 CCA
CLIMTH

CLIMATE REPORT
NATIONAL WEATHER SERVICE KEY WEST, FL
415 PM EDT MON JUN 26 2017
...................................

...THE MARATHON CLIMATE SUMMARY FOR JUNE 26 2017...
VALID TODAY AS OF 0400 PM LOCAL TIME.

CLIMATE NORMAL PERIOD 1981 TO 2010


WEATHER ITEM   OBSERVED TIME   NORMAL DEPARTURE LAST
                VALUE   (LST)  VALUE  FROM      YEAR
                                      NORMAL
......................................................
TEMPERATURE (F)
 TODAY
  MAXIMUM         91    215 PM  91      0       91
  MINIMUM         82    603 AM  79      3       82
  AVERAGE         87            85      2       87

PRECIPITATION (IN)
  TODAY            T             0.22  -0.22     0.00
  MONTH TO DATE    6.67          4.82   1.85     2.37
  SINCE JUN 1      6.67          4.82   1.85     2.37
  SINCE JAN 1     12.83         16.76  -3.93    15.17

SNOWFALL (IN)
  TODAY            0.0
  MONTH TO DATE    0.0
  SINCE JUN 1      0.0
  SINCE JUL 1      0.0
  SNOW DEPTH       0

DEGREE DAYS
 HEATING
  TODAY            0             0      0        0
  MONTH TO DATE    0             0      0        0
  SINCE JUN 1      0             0      0        0
  SINCE JUL 1      3            81    -78       49

 COOLING
  TODAY           22            20      2       22
  MONTH TO DATE  511           515     -4      512
  SINCE JUN 1    511           515     -4      512
  SINCE JAN 1   2507          2058    449     2127
......................................................


WIND (MPH)
  HIGHEST WIND SPEED    10   HIGHEST WIND DIRECTION    SE (120)
  HIGHEST GUST SPEED    18   HIGHEST GUST DIRECTION    SE (140)
  AVERAGE WIND SPEED     7.5


SKY COVER
  POSSIBLE SUNSHINE  MM
  AVERAGE SKY COVER 0.2


WEATHER CONDITIONS
 THE FOLLOWING WEATHER WAS RECORDED TODAY.
  NO SIGNIFICANT WEATHER WAS OBSERVED.


RELATIVE HUMIDITY (PERCENT)
 HIGHEST    85
 LOWEST     70
 AVERAGE    78

..........................................................


THE MARATHON CLIMATE NORMALS FOR TOMORROW
                         NORMAL
 MAXIMUM TEMPERATURE (F)   91
 MINIMUM TEMPERATURE (F)   79


SUNRISE AND SUNSET
JUNE 26 2017..........SUNRISE   637 AM EDT   SUNSET   817 PM EDT
JUNE 27 2017..........SUNRISE   638 AM EDT   SUNSET   817 PM EDT


-  INDICATES NEGATIVE NUMBERS.
R  INDICATES RECORD WAS SET OR TIED.
MM INDICATES DATA IS MISSING.
T  INDICATES TRACE AMOUNT.




$$
