287
CDUS45 KGJT 260727
CLIMTJ


CLIMATE REPORT
NATIONAL WEATHER SERVICE GRAND JUNCTION CO
124 AM MDT TUE SEP 26 2017


...................................

...THE MONTROSE CO CLIMATE SUMMARY FOR SEPTEMBER 25 2017...

CLIMATE NORMAL PERIOD 1981 TO 2010
CLIMATE RECORD PERIOD 9999 TO 9999


WEATHER ITEM   OBSERVED TIME   RECORD YEAR NORMAL DEPARTURE LAST
                VALUE   (LST)  VALUE       VALUE  FROM      YEAR
                                                  NORMAL
..................................................................
TEMPERATURE (F)
 YESTERDAY
  MAXIMUM         61    445 PM  MM      MM  74    -13       65
  MINIMUM         32    628 AM  MM      MM  43    -11       38
  AVERAGE         47                        59    -12       52

PRECIPITATION (IN)
  YESTERDAY        0.00         MM      MM   0.05  -0.05     0.00
  MONTH TO DATE    1.02                      1.09  -0.07     0.87
  SINCE SEP 1      1.02                      1.09  -0.07     0.87
  SINCE JAN 1      7.41                      8.42  -1.01     6.62

SNOWFALL (IN)
  YESTERDAY       MM            MM      MM  MM     MM       MM
  MONTH TO DATE   MM                        MM     MM       MM
  SINCE SEP 1     MM                        MM     MM       MM
  SINCE JUL 1     MM                        MM     MM       MM
  SNOW DEPTH      MM

DEGREE DAYS
 HEATING
  YESTERDAY       18                         7     11       13
  MONTH TO DATE   61                        82    -21       58
  SINCE SEP 1     61                        82    -21       58
  SINCE JUL 1     61                        87    -26       68

 COOLING
  YESTERDAY        0                         0      0        0
  MONTH TO DATE   89                        37     52       40
  SINCE SEP 1     89                        37     52       40
  SINCE JAN 1    807                       642    165      721
..................................................................


WIND (MPH)
  HIGHEST WIND SPEED    13   HIGHEST WIND DIRECTION     W (260)
  HIGHEST GUST SPEED    24   HIGHEST GUST DIRECTION    NW (330)
  AVERAGE WIND SPEED     6.3


SKY COVER
  POSSIBLE SUNSHINE  MM
  AVERAGE SKY COVER 0.0


WEATHER CONDITIONS
 THE FOLLOWING WEATHER WAS RECORDED YESTERDAY.
  NO SIGNIFICANT WEATHER WAS OBSERVED.


RELATIVE HUMIDITY (PERCENT)
 HIGHEST    78           500 AM
 LOWEST     25           300 PM
 AVERAGE    52

..........................................................


THE MONTROSE CO CLIMATE NORMALS FOR TODAY
                         NORMAL    RECORD    YEAR
 MAXIMUM TEMPERATURE (F)   73        MM        MM
 MINIMUM TEMPERATURE (F)   43        MM        MM


SUNRISE AND SUNSET
SEPTEMBER 26 2017.....SUNRISE   703 AM MDT   SUNSET   702 PM MDT
SEPTEMBER 27 2017.....SUNRISE   704 AM MDT   SUNSET   700 PM MDT


-  INDICATES NEGATIVE NUMBERS.
R  INDICATES RECORD WAS SET OR TIED.
MM INDICATES DATA IS MISSING.
T  INDICATES TRACE AMOUNT.




$$
