000
CDUS43 KILX 200638
CLIMTO


CLIMATE REPORT
NATIONAL WEATHER SERVICE LINCOLN IL
138 AM CDT SAT SEP 20 2014


...................................

...THE MATTOON IL AIRPORT CLIMATE SUMMARY FOR SEPTEMBER 19 2014...

CLIMATE NORMAL PERIOD 1981 TO 2010
CLIMATE RECORD PERIOD 9999 TO 9999


WEATHER ITEM   OBSERVED TIME   RECORD YEAR NORMAL DEPARTURE LAST
                VALUE   (LST)  VALUE       VALUE  FROM      YEAR
                                                  NORMAL
..................................................................
TEMPERATURE (F)
 YESTERDAY
  MAXIMUM         75    244 PM  MM      MM  77     -2       89
  MINIMUM         50    309 AM  MM      MM  54     -4       71
  AVERAGE         63                        66     -3       80

PRECIPITATION (IN)
  YESTERDAY        0.00         MM      MM   0.08  -0.08      T
  MONTH TO DATE    3.28                      1.97   1.31     0.13
  SINCE SEP 1      3.28                      1.97   1.31     0.13
  SINCE JAN 1     24.72                     27.87  -3.15    38.38

DEGREE DAYS
 HEATING
  YESTERDAY        2                         2      0        0
  MONTH TO DATE   75                        18     57       21
  SINCE SEP 1     75                        18     57       21
  SINCE JUL 1     80                        23     57       31

 COOLING
  YESTERDAY        0                         3     -3       15
  MONTH TO DATE   62                        94    -32      153
  SINCE SEP 1     62                        94    -32      153
  SINCE JAN 1    896                      1014   -118      957
..................................................................


WIND (MPH)
  HIGHEST WIND SPEED    15   HIGHEST WIND DIRECTION    SE (150)
  HIGHEST GUST SPEED    19   HIGHEST GUST DIRECTION    SE (130)
  AVERAGE WIND SPEED     5.8


SKY COVER
  POSSIBLE SUNSHINE  MM
  AVERAGE SKY COVER 0.0


WEATHER CONDITIONS
 THE FOLLOWING WEATHER WAS RECORDED YESTERDAY.
  NO SIGNIFICANT WEATHER WAS OBSERVED.


RELATIVE HUMIDITY (PERCENT)
 HIGHEST    89           200 AM
 LOWEST     41           100 PM
 AVERAGE    65

..........................................................


THE MATTOON IL AIRPORT CLIMATE NORMALS FOR TODAY
                         NORMAL    RECORD    YEAR
 MAXIMUM TEMPERATURE (F)   77        MM        MM
 MINIMUM TEMPERATURE (F)   54        MM        MM


SUNRISE AND SUNSET
SEPTEMBER 20 2014.....SUNRISE   639 AM CDT   SUNSET   653 PM CDT
SEPTEMBER 21 2014.....SUNRISE   640 AM CDT   SUNSET   652 PM CDT


-  INDICATES NEGATIVE NUMBERS.
R  INDICATES RECORD WAS SET OR TIED.
MM INDICATES DATA IS MISSING.
T  INDICATES TRACE AMOUNT.




$$
