000
CDUS43 KILX 180632
CLIMTO


CLIMATE REPORT
NATIONAL WEATHER SERVICE LINCOLN IL
131 AM CDT FRI AUG 18 2017


...................................

...THE MATTOON IL AIRPORT CLIMATE SUMMARY FOR AUGUST 17 2017...

CLIMATE NORMAL PERIOD 1981 TO 2010
CLIMATE RECORD PERIOD 9999 TO 9999


WEATHER ITEM   OBSERVED TIME   RECORD YEAR NORMAL DEPARTURE LAST
                VALUE   (LST)  VALUE       VALUE  FROM      YEAR
                                                  NORMAL
..................................................................
TEMPERATURE (F)
 YESTERDAY
  MAXIMUM         85    316 PM  MM      MM  85      0       81
  MINIMUM         69   1157 PM  MM      MM  63      6       70
  AVERAGE         77                        74      3       76

PRECIPITATION (IN)
  YESTERDAY        0.03         MM      MM   0.09  -0.06     0.00
  MONTH TO DATE    1.60                      1.62  -0.02     3.61
  SINCE JUN 1      9.21                     10.11  -0.90    10.83
  SINCE JAN 1     25.59                     24.46   1.13    22.57

DEGREE DAYS
 HEATING
  YESTERDAY        0                         0      0        0
  MONTH TO DATE    1                         0      1        0
  SINCE JUN 1      2                        18    -16        5
  SINCE JUL 1      1                         1      0        5

 COOLING
  YESTERDAY       12                         9      3       11
  MONTH TO DATE  102                       165    -63      201
  SINCE JUN 1    736                       718     18      847
  SINCE JAN 1    842                       806     36      922
..................................................................


WIND (MPH)
  HIGHEST WIND SPEED    16   HIGHEST WIND DIRECTION     S (200)
  HIGHEST GUST SPEED    25   HIGHEST GUST DIRECTION    SW (210)
  AVERAGE WIND SPEED     7.8


SKY COVER
  POSSIBLE SUNSHINE  MM
  AVERAGE SKY COVER 0.3


WEATHER CONDITIONS
 THE FOLLOWING WEATHER WAS RECORDED YESTERDAY.
  LIGHT RAIN
  FOG


RELATIVE HUMIDITY (PERCENT)
 HIGHEST   100          1200 AM
 LOWEST     61           400 PM
 AVERAGE    81

..........................................................


THE MATTOON IL AIRPORT CLIMATE NORMALS FOR TODAY
                         NORMAL    RECORD    YEAR
 MAXIMUM TEMPERATURE (F)   85        MM        MM
 MINIMUM TEMPERATURE (F)   63        MM        MM


SUNRISE AND SUNSET
AUGUST 18 2017........SUNRISE   609 AM CDT   SUNSET   744 PM CDT
AUGUST 19 2017........SUNRISE   610 AM CDT   SUNSET   743 PM CDT


-  INDICATES NEGATIVE NUMBERS.
R  INDICATES RECORD WAS SET OR TIED.
MM INDICATES DATA IS MISSING.
T  INDICATES TRACE AMOUNT.




$$
