000
CDUS43 KILX 252159
CLIMTO


CLIMATE REPORT
NATIONAL WEATHER SERVICE LINCOLN IL
458 PM CDT SAT OCT 25 2014


...................................

...THE MATTOON IL AIRPORT CLIMATE SUMMARY FOR OCTOBER 25 2014...
VALID TODAY AS OF 0400 PM LOCAL TIME.

CLIMATE NORMAL PERIOD 1981 TO 2010
CLIMATE RECORD PERIOD 9999 TO 9999


WEATHER ITEM   OBSERVED TIME   RECORD YEAR NORMAL DEPARTURE LAST
                VALUE   (LST)  VALUE       VALUE  FROM      YEAR
                                                  NORMAL
..................................................................
TEMPERATURE (F)
 TODAY
  MAXIMUM         78    209 PM  MM      MM  62     16       51
  MINIMUM         55    658 AM  MM      MM  42     13       26
  AVERAGE         67                        52     15       39

PRECIPITATION (IN)
  TODAY            0.00         MM      MM   0.09  -0.09     0.00
  MONTH TO DATE    4.18                      2.30   1.88     1.11
  SINCE SEP 1      7.95                      5.37   2.58     1.59
  SINCE JAN 1     29.39                     31.27  -1.88    39.84

DEGREE DAYS
 HEATING
  TODAY            0                        13    -13       26
  MONTH TO DATE  241                       247     -6      221
  SINCE SEP 1    337                       313     24      251
  SINCE JUL 1    342                       318     24      261

 COOLING
  TODAY            2                         0      2        0
  MONTH TO DATE   12                        15     -3       31
  SINCE SEP 1     96                       133    -37      203
  SINCE JAN 1    930                      1053   -123     1007
..................................................................


WIND (MPH)
  HIGHEST WIND SPEED    14   HIGHEST WIND DIRECTION     W (290)
  HIGHEST GUST SPEED    18   HIGHEST GUST DIRECTION    NW (300)
  AVERAGE WIND SPEED     8.6


SKY COVER
  POSSIBLE SUNSHINE  MM
  AVERAGE SKY COVER 0.2


WEATHER CONDITIONS
 THE FOLLOWING WEATHER WAS RECORDED TODAY.
  NO SIGNIFICANT WEATHER WAS OBSERVED.


RELATIVE HUMIDITY (PERCENT)
 HIGHEST    93           600 AM
 LOWEST     39           200 PM
 AVERAGE    66

..........................................................


THE MATTOON IL AIRPORT CLIMATE NORMALS FOR TOMORROW
                         NORMAL    RECORD    YEAR
 MAXIMUM TEMPERATURE (F)   62        MM        MM
 MINIMUM TEMPERATURE (F)   41        MM        MM


SUNRISE AND SUNSET
OCTOBER 25 2014.......SUNRISE   714 AM CDT   SUNSET   600 PM CDT
OCTOBER 26 2014.......SUNRISE   715 AM CDT   SUNSET   559 PM CDT


-  INDICATES NEGATIVE NUMBERS.
R  INDICATES RECORD WAS SET OR TIED.
MM INDICATES DATA IS MISSING.
T  INDICATES TRACE AMOUNT.




$$
