000
CDUS43 KILX 240700
CLIMTO


CLIMATE REPORT
NATIONAL WEATHER SERVICE LINCOLN IL
157 AM CDT FRI MAR 24 2017


...................................

...THE MATTOON IL AIRPORT CLIMATE SUMMARY FOR MARCH 23 2017...

CLIMATE NORMAL PERIOD 1981 TO 2010
CLIMATE RECORD PERIOD 9999 TO 9999


WEATHER ITEM   OBSERVED TIME   RECORD YEAR NORMAL DEPARTURE LAST
                VALUE   (LST)  VALUE       VALUE  FROM      YEAR
                                                  NORMAL
..................................................................
TEMPERATURE (F)
 YESTERDAY
  MAXIMUM         49   1159 PM  MM      MM  55     -6       64
  MINIMUM         33    639 AM  MM      MM  35     -2       54
  AVERAGE         41                        45     -4       59

PRECIPITATION (IN)
  YESTERDAY        T            MM      MM   0.10  -0.10      T
  MONTH TO DATE    0.87                      1.72  -0.85     1.96
  SINCE MAR 1      0.87                      1.72  -0.85     1.96
  SINCE JAN 1      2.70                      5.70  -3.00     2.69

DEGREE DAYS
 HEATING
  YESTERDAY       24                        20      4        6
  MONTH TO DATE  564                       551     13      382
  SINCE MAR 1    564                       551     13      382
  SINCE JUL 1   3945                      4755   -810     3904

 COOLING
  YESTERDAY        0                         0      0        0
  MONTH TO DATE    0                         0      0        0
  SINCE MAR 1      0                         0      0        0
  SINCE JAN 1      0                         0      0        0
..................................................................


WIND (MPH)
  HIGHEST WIND SPEED    21   HIGHEST WIND DIRECTION    SE (150)
  HIGHEST GUST SPEED    27   HIGHEST GUST DIRECTION    SE (150)
  AVERAGE WIND SPEED    13.2


SKY COVER
  POSSIBLE SUNSHINE  MM
  AVERAGE SKY COVER 0.5


WEATHER CONDITIONS
 THE FOLLOWING WEATHER WAS RECORDED YESTERDAY.
  LIGHT RAIN


RELATIVE HUMIDITY (PERCENT)
 HIGHEST    77          1100 PM
 LOWEST     52           800 AM
 AVERAGE    65

..........................................................


THE MATTOON IL AIRPORT CLIMATE NORMALS FOR TODAY
                         NORMAL    RECORD    YEAR
 MAXIMUM TEMPERATURE (F)   56        MM        MM
 MINIMUM TEMPERATURE (F)   35        MM        MM


SUNRISE AND SUNSET
MARCH 24 2017.........SUNRISE   650 AM CDT   SUNSET   709 PM CDT
MARCH 25 2017.........SUNRISE   648 AM CDT   SUNSET   710 PM CDT


-  INDICATES NEGATIVE NUMBERS.
R  INDICATES RECORD WAS SET OR TIED.
MM INDICATES DATA IS MISSING.
T  INDICATES TRACE AMOUNT.




$$
