822
CDUS43 KILX 280646
CLIMTO


CLIMATE REPORT
NATIONAL WEATHER SERVICE LINCOLN IL
143 AM CDT FRI APR 28 2017


...................................

...THE MATTOON IL AIRPORT CLIMATE SUMMARY FOR APRIL 27 2017...

CLIMATE NORMAL PERIOD 1981 TO 2010
CLIMATE RECORD PERIOD 9999 TO 9999


WEATHER ITEM   OBSERVED TIME   RECORD YEAR NORMAL DEPARTURE LAST
                VALUE   (LST)  VALUE       VALUE  FROM      YEAR
                                                  NORMAL
..................................................................
TEMPERATURE (F)
 YESTERDAY
  MAXIMUM         59    238 AM  MM      MM  68     -9       64
  MINIMUM         44   1159 PM  MM      MM  48     -4       52
  AVERAGE         52                        58     -6       58

PRECIPITATION (IN)
  YESTERDAY        0.17         MM      MM   0.14   0.03     0.16
  MONTH TO DATE    2.59                      2.94  -0.35     3.46
  SINCE MAR 1      4.00                      5.51  -1.51     7.27
  SINCE JAN 1      5.83                      9.49  -3.66     8.00

DEGREE DAYS
 HEATING
  YESTERDAY       13                         8      5        7
  MONTH TO DATE  219                       338   -119      329
  SINCE MAR 1    867                      1037   -170      837
  SINCE JUL 1   4248                      5241   -993     4359

 COOLING
  YESTERDAY        0                         1     -1        0
  MONTH TO DATE   21                         8     13        7
  SINCE MAR 1     21                         9     12        7
  SINCE JAN 1     21                         9     12        7
..................................................................


WIND (MPH)
  HIGHEST WIND SPEED    22   HIGHEST WIND DIRECTION     W (250)
  HIGHEST GUST SPEED    30   HIGHEST GUST DIRECTION     W (250)
  AVERAGE WIND SPEED     8.7


SKY COVER
  POSSIBLE SUNSHINE  MM
  AVERAGE SKY COVER 0.8


WEATHER CONDITIONS
 THE FOLLOWING WEATHER WAS RECORDED YESTERDAY.
  RAIN
  LIGHT RAIN
  FOG
  HAZE


RELATIVE HUMIDITY (PERCENT)
 HIGHEST   100          1200 AM
 LOWEST     66           500 PM
 AVERAGE    83

..........................................................


THE MATTOON IL AIRPORT CLIMATE NORMALS FOR TODAY
                         NORMAL    RECORD    YEAR
 MAXIMUM TEMPERATURE (F)   68        MM        MM
 MINIMUM TEMPERATURE (F)   48        MM        MM


SUNRISE AND SUNSET
APRIL 28 2017.........SUNRISE   558 AM CDT   SUNSET   744 PM CDT
APRIL 29 2017.........SUNRISE   556 AM CDT   SUNSET   745 PM CDT


-  INDICATES NEGATIVE NUMBERS.
R  INDICATES RECORD WAS SET OR TIED.
MM INDICATES DATA IS MISSING.
T  INDICATES TRACE AMOUNT.




$$
