000
CDUS43 KILX 300639
CLIMTO


CLIMATE REPORT
NATIONAL WEATHER SERVICE LINCOLN IL
138 AM CDT MON MAR 30 2015


...................................

...THE MATTOON IL AIRPORT CLIMATE SUMMARY FOR MARCH 29 2015...

CLIMATE NORMAL PERIOD 1981 TO 2010
CLIMATE RECORD PERIOD 9999 TO 9999


WEATHER ITEM   OBSERVED TIME   RECORD YEAR NORMAL DEPARTURE LAST
                VALUE   (LST)  VALUE       VALUE  FROM      YEAR
                                                  NORMAL
..................................................................
TEMPERATURE (F)
 YESTERDAY
  MAXIMUM         50    231 PM  MM      MM  58     -8       42
  MINIMUM         29    548 AM  MM      MM  37     -8       30
  AVERAGE         40                        47     -7       36

PRECIPITATION (IN)
  YESTERDAY        0.03         MM      MM   0.12  -0.09      T
  MONTH TO DATE    2.51                      2.35   0.16     1.00
  SINCE MAR 1      2.51                      2.35   0.16     1.00
  SINCE JAN 1      3.86                      6.33  -2.47     2.93

DEGREE DAYS
 HEATING
  YESTERDAY       25                        18      7       29
  MONTH TO DATE  784                       664    120      854
  SINCE MAR 1    784                       664    120      854
  SINCE JUL 1   5477                      4868    609     5701

 COOLING
  YESTERDAY        0                         0      0        0
  MONTH TO DATE    0                         0      0        0
  SINCE MAR 1      0                         0      0        0
  SINCE JAN 1      0                         0      0        0
..................................................................


WIND (MPH)
  HIGHEST WIND SPEED    31   HIGHEST WIND DIRECTION     S (170)
  HIGHEST GUST SPEED    40   HIGHEST GUST DIRECTION     S (180)
  AVERAGE WIND SPEED    12.8


SKY COVER
  POSSIBLE SUNSHINE  MM
  AVERAGE SKY COVER 0.3


WEATHER CONDITIONS
 THE FOLLOWING WEATHER WAS RECORDED YESTERDAY.
  LIGHT RAIN


RELATIVE HUMIDITY (PERCENT)
 HIGHEST    82           900 PM
 LOWEST     42          1200 PM
 AVERAGE    62

..........................................................


THE MATTOON IL AIRPORT CLIMATE NORMALS FOR TODAY
                         NORMAL    RECORD    YEAR
 MAXIMUM TEMPERATURE (F)   58        MM        MM
 MINIMUM TEMPERATURE (F)   37        MM        MM


SUNRISE AND SUNSET
MARCH 30 2015.........SUNRISE   641 AM CDT   SUNSET   715 PM CDT
MARCH 31 2015.........SUNRISE   639 AM CDT   SUNSET   716 PM CDT


-  INDICATES NEGATIVE NUMBERS.
R  INDICATES RECORD WAS SET OR TIED.
MM INDICATES DATA IS MISSING.
T  INDICATES TRACE AMOUNT.




$$
