860
CDUS43 KILX 262138
CLIMTO


CLIMATE REPORT
NATIONAL WEATHER SERVICE LINCOLN IL
437 PM CDT MON SEP 26 2016


...................................

...THE MATTOON IL AIRPORT CLIMATE SUMMARY FOR SEPTEMBER 26 2016...
VALID TODAY AS OF 0400 PM LOCAL TIME.

CLIMATE NORMAL PERIOD 1981 TO 2010
CLIMATE RECORD PERIOD 9999 TO 9999


WEATHER ITEM   OBSERVED TIME   RECORD YEAR NORMAL DEPARTURE LAST
                VALUE   (LST)  VALUE       VALUE  FROM      YEAR
                                                  NORMAL
..................................................................
TEMPERATURE (F)
 TODAY
  MAXIMUM         73    259 PM  MM      MM  74     -1       75
  MINIMUM         57    448 AM  MM      MM  51      6       55
  AVERAGE         65                        62      3       65

PRECIPITATION (IN)
  TODAY            0.13         MM      MM   0.09   0.04     0.00
  MONTH TO DATE    1.72                      2.59  -0.87     2.74
  SINCE SEP 1      1.72                      2.59  -0.87     2.74
  SINCE JAN 1     25.19                     28.49  -3.30    26.89

DEGREE DAYS
 HEATING
  TODAY            0                         5     -5        0
  MONTH TO DATE    0                        44    -44       22
  SINCE SEP 1      0                        44    -44       22
  SINCE JUL 1      5                        49    -44       22

 COOLING
  TODAY            0                         2     -2        0
  MONTH TO DATE  193                       110     83      174
  SINCE SEP 1    193                       110     83      174
  SINCE JAN 1   1256                      1030    226     1078
..................................................................


WIND (MPH)
  HIGHEST WIND SPEED    23   HIGHEST WIND DIRECTION    NW (310)
  HIGHEST GUST SPEED    31   HIGHEST GUST DIRECTION    NW (300)
  AVERAGE WIND SPEED    11.2


SKY COVER
  POSSIBLE SUNSHINE  MM
  AVERAGE SKY COVER 0.1


WEATHER CONDITIONS
 THE FOLLOWING WEATHER WAS RECORDED TODAY.
  RAIN
  LIGHT RAIN
  FOG
  HAZE


RELATIVE HUMIDITY (PERCENT)
 HIGHEST    93           400 AM
 LOWEST     23           300 PM
 AVERAGE    58

..........................................................


THE MATTOON IL AIRPORT CLIMATE NORMALS FOR TOMORROW
                         NORMAL    RECORD    YEAR
 MAXIMUM TEMPERATURE (F)   74        MM        MM
 MINIMUM TEMPERATURE (F)   51        MM        MM


SUNRISE AND SUNSET
SEPTEMBER 26 2016.....SUNRISE   645 AM CDT   SUNSET   643 PM CDT
SEPTEMBER 27 2016.....SUNRISE   646 AM CDT   SUNSET   641 PM CDT


-  INDICATES NEGATIVE NUMBERS.
R  INDICATES RECORD WAS SET OR TIED.
MM INDICATES DATA IS MISSING.
T  INDICATES TRACE AMOUNT.




$$
