000
CDUS43 KILX 250635
CLIMTO


CLIMATE REPORT
NATIONAL WEATHER SERVICE LINCOLN IL
134 AM CDT WED MAY 25 2016


...................................

...THE MATTOON IL AIRPORT CLIMATE SUMMARY FOR MAY 24 2016...

CLIMATE NORMAL PERIOD 1981 TO 2010
CLIMATE RECORD PERIOD 9999 TO 9999


WEATHER ITEM   OBSERVED TIME   RECORD YEAR NORMAL DEPARTURE LAST
                VALUE   (LST)  VALUE       VALUE  FROM      YEAR
                                                  NORMAL
..................................................................
TEMPERATURE (F)
 YESTERDAY
  MAXIMUM         81    329 PM  MM      MM  76      5       83
  MINIMUM         58    440 AM  MM      MM  55      3       61
  AVERAGE         70                        66      4       72

PRECIPITATION (IN)
  YESTERDAY        0.00         MM      MM   0.13  -0.13     0.23
  MONTH TO DATE    1.57                      3.58  -2.01     1.58
  SINCE MAR 1     10.05                      9.58   0.47     7.89
  SINCE JAN 1     10.78                     13.56  -2.78     9.24

DEGREE DAYS
 HEATING
  YESTERDAY        0                         3     -3        0
  MONTH TO DATE  156                       114     42       80
  SINCE MAR 1   1012                      1172   -160     1200
  SINCE JUL 1   4534                      5376   -842     5893

 COOLING
  YESTERDAY        5                         3      2        7
  MONTH TO DATE   13                        48    -35       87
  SINCE MAR 1     20                        62    -42       89
  SINCE JAN 1     20                        62    -42       89
..................................................................


WIND (MPH)
  HIGHEST WIND SPEED    21   HIGHEST WIND DIRECTION     S (160)
  HIGHEST GUST SPEED    27   HIGHEST GUST DIRECTION     S (170)
  AVERAGE WIND SPEED     8.3


SKY COVER
  POSSIBLE SUNSHINE  MM
  AVERAGE SKY COVER 0.1


WEATHER CONDITIONS
 THE FOLLOWING WEATHER WAS RECORDED YESTERDAY.
  NO SIGNIFICANT WEATHER WAS OBSERVED.


RELATIVE HUMIDITY (PERCENT)
 HIGHEST    70           900 PM
 LOWEST     39          1200 PM
 AVERAGE    55

..........................................................


THE MATTOON IL AIRPORT CLIMATE NORMALS FOR TODAY
                         NORMAL    RECORD    YEAR
 MAXIMUM TEMPERATURE (F)   76        MM        MM
 MINIMUM TEMPERATURE (F)   56        MM        MM


SUNRISE AND SUNSET
MAY 25 2016...........SUNRISE   531 AM CDT   SUNSET   809 PM CDT
MAY 26 2016...........SUNRISE   531 AM CDT   SUNSET   810 PM CDT


-  INDICATES NEGATIVE NUMBERS.
R  INDICATES RECORD WAS SET OR TIED.
MM INDICATES DATA IS MISSING.
T  INDICATES TRACE AMOUNT.




$$
