000
CDUS43 KILX 220640
CLIMTO


CLIMATE REPORT
NATIONAL WEATHER SERVICE LINCOLN IL
139 AM CDT TUE JUL 22 2014


...................................

...THE MATTOON IL AIRPORT CLIMATE SUMMARY FOR JULY 21 2014...

CLIMATE NORMAL PERIOD 1981 TO 2010
CLIMATE RECORD PERIOD 9999 TO 9999


WEATHER ITEM   OBSERVED TIME   RECORD YEAR NORMAL DEPARTURE LAST
                VALUE   (LST)  VALUE       VALUE  FROM      YEAR
                                                  NORMAL
..................................................................
TEMPERATURE (F)
 YESTERDAY
  MAXIMUM         83    345 PM  MM      MM  86     -3       79
  MINIMUM         60    516 AM  MM      MM  66     -6       68
  AVERAGE         72                        76     -4       74

PRECIPITATION (IN)
  YESTERDAY        0.00         MM      MM   0.16  -0.16     2.60
  MONTH TO DATE    2.25                      3.06  -0.81     5.83
  SINCE JUN 1      7.69                      7.30   0.39    14.20
  SINCE JAN 1     17.86                     21.65  -3.79    36.85

DEGREE DAYS
 HEATING
  YESTERDAY        0                         0      0        0
  MONTH TO DATE    3                         0      3        0
  SINCE JUN 1      6                        17    -11       11
  SINCE JUL 1      3                         0      3        0

 COOLING
  YESTERDAY        7                        11     -4        9
  MONTH TO DATE  119                       229   -110      208
  SINCE JUN 1    383                       452    -69      424
  SINCE JAN 1    513                       540    -27      533
..................................................................


WIND (MPH)
  HIGHEST WIND SPEED     8   HIGHEST WIND DIRECTION    SE (130)
  HIGHEST GUST SPEED    10   HIGHEST GUST DIRECTION     S (160)
  AVERAGE WIND SPEED     1.6


SKY COVER
  POSSIBLE SUNSHINE  MM
  AVERAGE SKY COVER 0.1


WEATHER CONDITIONS
 THE FOLLOWING WEATHER WAS RECORDED YESTERDAY.
  FOG


RELATIVE HUMIDITY (PERCENT)
 HIGHEST   100          1200 AM
 LOWEST     54           200 PM
 AVERAGE    77

..........................................................


THE MATTOON IL AIRPORT CLIMATE NORMALS FOR TODAY
                         NORMAL    RECORD    YEAR
 MAXIMUM TEMPERATURE (F)   86        MM        MM
 MINIMUM TEMPERATURE (F)   66        MM        MM


SUNRISE AND SUNSET
JULY 22 2014..........SUNRISE   544 AM CDT   SUNSET   815 PM CDT
JULY 23 2014..........SUNRISE   545 AM CDT   SUNSET   814 PM CDT


-  INDICATES NEGATIVE NUMBERS.
R  INDICATES RECORD WAS SET OR TIED.
MM INDICATES DATA IS MISSING.
T  INDICATES TRACE AMOUNT.




$$
